000
CDCA42 TJSJ 280439
CLISJU


CLIMATE REPORT
NATIONAL WEATHER SERVICE SAN JUAN, PR
1231 AM AST TUE JUL 28 2015


...................................

...THE SAN JUAN AREA/PR CLIMATE SUMMARY FOR JULY 27 2015...

CLIMATE NORMAL PERIOD 1981 TO 2010
CLIMATE RECORD PERIOD 1898 TO 2015


WEATHER ITEM   OBSERVED TIME   RECORD YEAR NORMAL DEPARTURE LAST
                VALUE   (LST)  VALUE       VALUE  FROM      YEAR
                                                  NORMAL
..................................................................
TEMPERATURE (F)
 YESTERDAY
  MAXIMUM         90   1236 PM  93    1965  89      1       90
  MINIMUM         79    626 AM  70    1899  78      1       79
  AVERAGE         85                        83      2       85

PRECIPITATION (IN)
  YESTERDAY        T             2.19 1899   0.16  -0.16     0.00
  MONTH TO DATE    1.59                      4.45  -2.86     3.17
  SINCE JUN 1      3.70                      8.86  -5.16     3.94
  SINCE JAN 1     17.09                     27.54 -10.45    22.53

SNOWFALL (IN)
  YESTERDAY        0.0                       0.0    0.0      0.0
  MONTH TO DATE    0.0                       0.0    0.0      0.0
  SINCE JUN 1      0.0                       0.0    0.0      0.0
  SINCE JUL 1      0.0                       0.0    0.0      0.0

DEGREE DAYS
 HEATING
  YESTERDAY        0                         0      0        0
  MONTH TO DATE    0                         0      0        0
  SINCE JUN 1      0                         0      0        0
  SINCE JUL 1      0                         0      0        0

 COOLING
  YESTERDAY       20                        18      2       20
  MONTH TO DATE  508                       486     22      549
  SINCE JUN 1   1082                      1035     47     1159
  SINCE JAN 1   3423                      3200    223     3565
..................................................................


WIND (MPH)
  HIGHEST WIND SPEED    24   HIGHEST WIND DIRECTION     E (80)
  HIGHEST GUST SPEED    30   HIGHEST GUST DIRECTION     E (80)
  AVERAGE WIND SPEED    13.3


SKY COVER
  AVERAGE SKY COVER 0.3


WEATHER CONDITIONS
 THE FOLLOWING WEATHER WAS RECORDED YESTERDAY.
  LIGHT RAIN


RELATIVE HUMIDITY (PERCENT)
 HIGHEST    85
 LOWEST     63
 AVERAGE    74

..........................................................


THE SAN JUAN AREA/PR CLIMATE NORMALS FOR TODAY
                         NORMAL    RECORD    YEAR
 MAXIMUM TEMPERATURE (F)   89        92      1981
 MINIMUM TEMPERATURE (F)   78        70      1899


SUNRISE AND SUNSET
JULY 28 2015..........SUNRISE   600 AM AST   SUNSET   700 PM AST
JULY 29 2015..........SUNRISE   601 AM AST   SUNSET   700 PM AST


-  INDICATES NEGATIVE NUMBERS.
R  INDICATES RECORD WAS SET OR TIED.
MM INDICATES DATA IS MISSING.
T  INDICATES TRACE AMOUNT.




$$
