000
CDCA42 TJSJ 240442
CLISJU


CLIMATE REPORT
NATIONAL WEATHER SERVICE SAN JUAN, PR
1242 AM AST WED AUG 24 2016


...................................

...THE SAN JUAN AREA/PR CLIMATE SUMMARY FOR AUGUST 23 2016...

CLIMATE NORMAL PERIOD 1981 TO 2010
CLIMATE RECORD PERIOD 1898 TO 2016


WEATHER ITEM   OBSERVED TIME   RECORD YEAR NORMAL DEPARTURE LAST
                VALUE   (LST)  VALUE       VALUE  FROM      YEAR
                                                  NORMAL
..................................................................
TEMPERATURE (F)
 YESTERDAY
  MAXIMUM         89    224 PM  96    1974  89      0       87
  MINIMUM         77   1016 AM  71    2000  78     -1       77
  AVERAGE         83                        84     -1       82

PRECIPITATION (IN)
  YESTERDAY        0.31          4.63 2000   0.19   0.12     0.02
  MONTH TO DATE    3.60                      3.83  -0.23     4.65
  SINCE JUN 1     11.44                     13.31  -1.87     8.37
  SINCE JAN 1     36.32                     31.99   4.33    21.76

SNOWFALL (IN)
  YESTERDAY        0.0                       0.0    0.0      0.0
  MONTH TO DATE    0.0                       0.0    0.0      0.0
  SINCE JUN 1      0.0                       0.0    0.0      0.0
  SINCE JUL 1      0.0                       0.0    0.0      0.0

DEGREE DAYS
 HEATING
  YESTERDAY        0                         0      0        0
  MONTH TO DATE    0                         0      0        0
  SINCE JUN 1      0                         0      0        0
  SINCE JUL 1      0                         0      0        0

 COOLING
  YESTERDAY       18                        19     -1       17
  MONTH TO DATE  430                       437     -7      429
  SINCE JUN 1   1575                      1556     19     1592
  SINCE JAN 1   3851                      3721    130     3933
..................................................................


WIND (MPH)
  HIGHEST WIND SPEED    16   HIGHEST WIND DIRECTION    NE (40)
  HIGHEST GUST SPEED    22   HIGHEST GUST DIRECTION    NE (40)
  AVERAGE WIND SPEED     6.6


SKY COVER
  AVERAGE SKY COVER 0.4


WEATHER CONDITIONS
 THE FOLLOWING WEATHER WAS RECORDED YESTERDAY.
  RAIN
  HAZE


RELATIVE HUMIDITY (PERCENT)
 HIGHEST    91
 LOWEST     63
 AVERAGE    77

..........................................................


THE SAN JUAN AREA/PR CLIMATE NORMALS FOR TODAY
                         NORMAL    RECORD    YEAR
 MAXIMUM TEMPERATURE (F)   89        94      1976
 MINIMUM TEMPERATURE (F)   78        70      1956


SUNRISE AND SUNSET
AUGUST 24 2016........SUNRISE   608 AM AST   SUNSET   644 PM AST
AUGUST 25 2016........SUNRISE   608 AM AST   SUNSET   643 PM AST


-  INDICATES NEGATIVE NUMBERS.
R  INDICATES RECORD WAS SET OR TIED.
MM INDICATES DATA IS MISSING.
T  INDICATES TRACE AMOUNT.




$$
