000
CDUS45 KSLC 231227
CLISLC


CLIMATE REPORT
NATIONAL WEATHER SERVICE SALT LAKE CITY UT
526 AM MST SUN NOV 23 2014


...................................

...THE SALT LAKE CITY UT CLIMATE SUMMARY FOR NOVEMBER 22 2014...

CLIMATE NORMAL PERIOD 1981 TO 2010
CLIMATE RECORD PERIOD 1874 TO 2014


WEATHER ITEM   OBSERVED TIME   RECORD YEAR NORMAL DEPARTURE LAST
                VALUE   (LST)  VALUE       VALUE  FROM      YEAR
                                                  NORMAL
..................................................................
TEMPERATURE (F)
 YESTERDAY
  MAXIMUM         50    949 AM  66    1926  46      4       42
  MINIMUM         35    720 PM   3    1930  28      7       30
  AVERAGE         43                        37      6       36

PRECIPITATION (IN)
  YESTERDAY        0.41          1.27 2001   0.05   0.36     0.00
  MONTH TO DATE    0.55                      1.08  -0.53     0.62
  SINCE OCT 1      0.56                      2.60  -2.04     1.36
  SINCE JAN 1     13.01                     14.32  -1.31     9.97

SNOWFALL (IN)
  YESTERDAY        0.0           3.6  1992   0.3   -0.3      0.0
  MONTH TO DATE    0.3                       4.7   -4.4      3.5
  SINCE OCT 1      0.3                       6.1   -5.8      3.5
  SINCE JUL 1      0.3                       6.1   -5.8      3.5
  SNOW DEPTH       0

DEGREE DAYS
 HEATING
  YESTERDAY       22                        28     -6       29
  MONTH TO DATE  550                       510     40      411
  SINCE SEP 1    816                       973   -157      849
  SINCE JUL 1    817                       978   -161      849

 COOLING
  YESTERDAY        0                         0      0        0
  MONTH TO DATE    0                         0      0        0
  SINCE SEP 1    191                       124     67      222
  SINCE JAN 1   1244                      1160     84     1768
..................................................................


WIND (MPH)
  RESULTANT WIND SPEED   8   RESULTANT WIND DIRECTION   S (170)
  HIGHEST WIND SPEED    36   HIGHEST WIND DIRECTION     S (180)
  HIGHEST GUST SPEED    44   HIGHEST GUST DIRECTION     S (180)
  AVERAGE WIND SPEED    13.8


SKY COVER
  POSSIBLE SUNSHINE  MM
  AVERAGE SKY COVER 0.8


WEATHER CONDITIONS
 THE FOLLOWING WEATHER WAS RECORDED YESTERDAY.
  HEAVY RAIN
  RAIN
  LIGHT RAIN
  FOG
  HAZE


RELATIVE HUMIDITY (PERCENT)
 HIGHEST   100          1000 PM
 LOWEST     36          1000 AM
 AVERAGE    68

..........................................................


THE SALT LAKE CITY UT CLIMATE NORMALS FOR TODAY
                         NORMAL    RECORD    YEAR
 MAXIMUM TEMPERATURE (F)   45        67      1897
 MINIMUM TEMPERATURE (F)   28         5      1940


SUNRISE AND SUNSET
NOVEMBER 23 2014......SUNRISE   724 AM MST   SUNSET   504 PM MST
NOVEMBER 24 2014......SUNRISE   725 AM MST   SUNSET   504 PM MST


-  INDICATES NEGATIVE NUMBERS.
R  INDICATES RECORD WAS SET OR TIED.
MM INDICATES DATA IS MISSING.
T  INDICATES TRACE AMOUNT.




$$
