000
CDUS45 KSLC 280027
CLISLC


CLIMATE REPORT
NATIONAL WEATHER SERVICE SALT LAKE CITY UT
527 PM MST SAT DEC 27 2014


...................................

...THE SALT LAKE CITY UT CLIMATE SUMMARY FOR DECEMBER 27 2014...
VALID TODAY AS OF 0500 PM LOCAL TIME.

CLIMATE NORMAL PERIOD 1981 TO 2010
CLIMATE RECORD PERIOD 1874 TO 2014


WEATHER ITEM   OBSERVED TIME   RECORD YEAR NORMAL DEPARTURE LAST
                VALUE   (LST)  VALUE       VALUE  FROM      YEAR
                                                  NORMAL
..................................................................
TEMPERATURE (F)
 TODAY
  MAXIMUM         28    232 PM  57    1933  37     -9       32
  MINIMUM         17    821 AM  -4    1930  22     -5       13
  AVERAGE         23                        29     -6       23

PRECIPITATION (IN)
  TODAY            0.00          0.58 1948   0.05  -0.05     0.00
  MONTH TO DATE    1.27                      1.24   0.03     1.65
  SINCE OCT 1      1.88                      4.21  -2.33     3.01
  SINCE JAN 1     14.33                     15.93  -1.60    11.62

SNOWFALL (IN)
  TODAY            0.0           8.1  1948   0.5   -0.5      0.0
  MONTH TO DATE    2.9                      11.4   -8.5     19.2
  SINCE OCT 1      3.7                      20.4  -16.7     22.7
  SINCE JUL 1      3.7                      20.4  -16.7     22.7
  SNOW DEPTH       1

DEGREE DAYS
 HEATING
  TODAY           42                        36      6       42
  MONTH TO DATE  665                       934   -269     1083
  SINCE DEC 1    665                       934   -269     1083
  SINCE JUL 1   1635                      2152   -517     2130

 COOLING
  TODAY            0                         0      0        0
  MONTH TO DATE    0                         0      0        0
  SINCE DEC 1      0                         0      0        0
  SINCE JAN 1   1244                      1160     84     1768
..................................................................


WIND (MPH)
  RESULTANT WIND SPEED   6   RESULTANT WIND DIRECTION   S (160)
  HIGHEST WIND SPEED    14   HIGHEST WIND DIRECTION     S (160)
  HIGHEST GUST SPEED    17   HIGHEST GUST DIRECTION     S (160)
  AVERAGE WIND SPEED     7.2


SKY COVER
  POSSIBLE SUNSHINE  MM
  AVERAGE SKY COVER 0.4


WEATHER CONDITIONS
 THE FOLLOWING WEATHER WAS RECORDED TODAY.
  NO SIGNIFICANT WEATHER WAS OBSERVED.


RELATIVE HUMIDITY (PERCENT)
 HIGHEST    84           100 AM
 LOWEST     57           400 PM
 AVERAGE    71

..........................................................


THE SALT LAKE CITY UT CLIMATE NORMALS FOR TOMORROW
                         NORMAL    RECORD    YEAR
 MAXIMUM TEMPERATURE (F)   37        58      2005
 MINIMUM TEMPERATURE (F)   22        -9      1932


SUNRISE AND SUNSET
DECEMBER 27 2014......SUNRISE   751 AM MST   SUNSET   507 PM MST
DECEMBER 28 2014......SUNRISE   751 AM MST   SUNSET   508 PM MST


-  INDICATES NEGATIVE NUMBERS.
R  INDICATES RECORD WAS SET OR TIED.
MM INDICATES DATA IS MISSING.
T  INDICATES TRACE AMOUNT.




$$
