000
CDUS45 KSLC 290034
CLISLC


CLIMATE REPORT
NATIONAL WEATHER SERVICE SALT LAKE CITY UT
634 PM MDT WED SEP 28 2016


...................................

...THE SALT LAKE CITY UT CLIMATE SUMMARY FOR SEPTEMBER 28 2016...
VALID TODAY AS OF 0500 PM LOCAL TIME.

CLIMATE NORMAL PERIOD 1981 TO 2010
CLIMATE RECORD PERIOD 1874 TO 2016


WEATHER ITEM   OBSERVED TIME   RECORD YEAR NORMAL DEPARTURE LAST
                VALUE   (LST)  VALUE       VALUE  FROM      YEAR
                                                  NORMAL
..................................................................
TEMPERATURE (F)
 TODAY
  MAXIMUM         81    338 PM  91    1994  73      8       84
  MINIMUM         54    651 AM  31    1936  48      6       63
  AVERAGE         68                        60      8       74

PRECIPITATION (IN)
  TODAY            0.00          0.96 1982   0.04  -0.04     0.00
  MONTH TO DATE    1.88                      1.11   0.77     1.74
  SINCE OCT 1     13.45                     16.00  -2.55    14.90
  SINCE JAN 1     10.20                     11.62  -1.42    12.89

SNOWFALL (IN)
  TODAY            0.0          MM      MM   0.0    0.0      0.0
  MONTH TO DATE    0.0                       0.0    0.0      0.0
  SINCE OCT 1     34.3                      56.2  -21.9     15.4
  SINCE JUL 1      0.0                       0.0    0.0      0.0
  SNOW DEPTH       0

DEGREE DAYS
 HEATING
  TODAY            0                         6     -6        0
  MONTH TO DATE   51                        72    -21       33
  SINCE SEP 1     51                        72    -21       33
  SINCE JUL 1     52                        77    -25       33

 COOLING
  TODAY            3                         1      2        9
  MONTH TO DATE  117                       114      3      195
  SINCE SEP 1    117                       114      3      195
  SINCE JAN 1   1594                      1150    444     1400
..................................................................


WIND (MPH)
  RESULTANT WIND SPEED   2   RESULTANT WIND DIRECTION   E (110)
  HIGHEST WIND SPEED    13   HIGHEST WIND DIRECTION    NW (310)
  HIGHEST GUST SPEED    14   HIGHEST GUST DIRECTION    NW (310)
  AVERAGE WIND SPEED     6.0


SKY COVER
  POSSIBLE SUNSHINE  MM
  AVERAGE SKY COVER 0.1


WEATHER CONDITIONS
 THE FOLLOWING WEATHER WAS RECORDED TODAY.
  NO SIGNIFICANT WEATHER WAS OBSERVED.


RELATIVE HUMIDITY (PERCENT)
 HIGHEST    77           100 AM
 LOWEST     30          1200 PM
 AVERAGE    54

..........................................................


THE SALT LAKE CITY UT CLIMATE NORMALS FOR TOMORROW
                         NORMAL    RECORD    YEAR
 MAXIMUM TEMPERATURE (F)   73        91      1969
                                             1957
 MINIMUM TEMPERATURE (F)   47        33      1986
                                             1950
                                             1945


SUNRISE AND SUNSET
SEPTEMBER 28 2016.....SUNRISE   722 AM MDT   SUNSET   714 PM MDT
SEPTEMBER 29 2016.....SUNRISE   723 AM MDT   SUNSET   712 PM MDT


-  INDICATES NEGATIVE NUMBERS.
R  INDICATES RECORD WAS SET OR TIED.
MM INDICATES DATA IS MISSING.
T  INDICATES TRACE AMOUNT.




$$
