000
CDUS45 KSLC 161226
CLISLC


CLIMATE REPORT
NATIONAL WEATHER SERVICE SALT LAKE CITY UT
625 AM MDT WED APR 16 2014


...................................

...THE SALT LAKE CITY UT CLIMATE SUMMARY FOR APRIL 15 2014...

CLIMATE NORMAL PERIOD 1981 TO 2010
CLIMATE RECORD PERIOD 1874 TO 2014


WEATHER ITEM   OBSERVED TIME   RECORD YEAR NORMAL DEPARTURE LAST
                VALUE   (LST)  VALUE       VALUE  FROM      YEAR
                                                  NORMAL
..................................................................
TEMPERATURE (F)
 YESTERDAY
  MAXIMUM         69    315 PM  85    1985  61      8       50
  MINIMUM         40    407 AM  25    1945  39      1       34
  AVERAGE         55                        50      5       42

PRECIPITATION (IN)
  YESTERDAY        0.00          0.65 2006   0.07  -0.07     0.12
  MONTH TO DATE    0.25                      0.99  -0.74     1.70
  SINCE OCT 1      7.14                      9.66  -2.52     9.18
  SINCE JAN 1      4.13                      5.28  -1.15     4.61

SNOWFALL (IN)
  YESTERDAY        0.0           2.4  1998   0.1   -0.1      0.1
  MONTH TO DATE    T                         2.6   -2.6      0.1
  SINCE OCT 1     35.5                      54.5  -19.0     69.9
  SINCE JUL 1     35.5                      54.5  -19.0     69.9
  SNOW DEPTH       0

DEGREE DAYS
 HEATING
  YESTERDAY       10                        15     -5       23
  MONTH TO DATE  185                       246    -61      236
  SINCE MAR 1    672                       908   -236      862
  SINCE JUL 1   4659                      5164   -505     5094

 COOLING
  YESTERDAY        0                         0      0        0
  MONTH TO DATE    0                         0      0        0
  SINCE MAR 1      0                         0      0        0
  SINCE JAN 1      0                         0      0        0
..................................................................


WIND (MPH)
  RESULTANT WIND SPEED   2   RESULTANT WIND DIRECTION   S (170)
  HIGHEST WIND SPEED    26   HIGHEST WIND DIRECTION     N (340)
  HIGHEST GUST SPEED    33   HIGHEST GUST DIRECTION     N (340)
  AVERAGE WIND SPEED    11.2


SKY COVER
  POSSIBLE SUNSHINE  MM
  AVERAGE SKY COVER 0.1


WEATHER CONDITIONS
 THE FOLLOWING WEATHER WAS RECORDED YESTERDAY.
  NO SIGNIFICANT WEATHER WAS OBSERVED.


RELATIVE HUMIDITY (PERCENT)
 HIGHEST    49           300 AM
 LOWEST     11           400 PM
 AVERAGE    30

..........................................................


THE SALT LAKE CITY UT CLIMATE NORMALS FOR TODAY
                         NORMAL    RECORD    YEAR
 MAXIMUM TEMPERATURE (F)   62        84      1936
 MINIMUM TEMPERATURE (F)   39        25      1922


SUNRISE AND SUNSET
APRIL 16 2014.........SUNRISE   647 AM MDT   SUNSET   808 PM MDT
APRIL 17 2014.........SUNRISE   646 AM MDT   SUNSET   810 PM MDT


-  INDICATES NEGATIVE NUMBERS.
R  INDICATES RECORD WAS SET OR TIED.
MM INDICATES DATA IS MISSING.
T  INDICATES TRACE AMOUNT.




$$
