000
CDUS45 KSLC 221256
CLISLC


CLIMATE REPORT
NATIONAL WEATHER SERVICE SALT LAKE CITY UT
546 AM MST WED FEB 22 2017


...................................

...THE SALT LAKE CITY UT CLIMATE SUMMARY FOR FEBRUARY 21 2017...

CLIMATE NORMAL PERIOD 1981 TO 2010
CLIMATE RECORD PERIOD 1874 TO 2017


WEATHER ITEM   OBSERVED TIME   RECORD YEAR NORMAL DEPARTURE LAST
                VALUE   (LST)  VALUE       VALUE  FROM      YEAR
                                                  NORMAL
..................................................................
TEMPERATURE (F)
 YESTERDAY
  MAXIMUM         64    335 PM  66    1982  45     19       50
  MINIMUM         33    933 PM   6    1984  27      6       31
                                      1955
  AVERAGE         49                        36     13       41

PRECIPITATION (IN)
  YESTERDAY        0.36          0.60 1906   0.05   0.31     0.00
  MONTH TO DATE    1.29                      0.91   0.38     0.51
  SINCE OCT 1      7.90                      6.54   1.36     5.70
  SINCE JAN 1      3.26                      2.16   1.10     2.45

SNOWFALL (IN)
  YESTERDAY       MM             6.6  1919   0.4   MM        0.0
  MONTH TO DATE    T                         8.3   -8.3      3.8
  SINCE OCT 1     40.0                      43.0   -3.0     31.6
  SINCE JUL 1     40.0                      43.0   -3.0     31.6
  SNOW DEPTH       0

DEGREE DAYS
 HEATING
  YESTERDAY       16                        29    -13       24
  MONTH TO DATE  457                       671   -214      630
  SINCE DEC 1   2717                      2847   -130     2730
  SINCE JUL 1   3516                      4065   -549     3672

 COOLING
  YESTERDAY        0                         0      0        0
  MONTH TO DATE    0                         0      0        0
  SINCE DEC 1      0                         0      0        0
  SINCE JAN 1      0                         0      0        0
..................................................................


WIND (MPH)
  RESULTANT WIND SPEED  17   RESULTANT WIND DIRECTION   S (170)
  HIGHEST WIND SPEED    37   HIGHEST WIND DIRECTION     S (190)
  HIGHEST GUST SPEED    46   HIGHEST GUST DIRECTION     S (170)
  AVERAGE WIND SPEED    22.3


SKY COVER
  POSSIBLE SUNSHINE  MM
  AVERAGE SKY COVER 0.4


WEATHER CONDITIONS
 THE FOLLOWING WEATHER WAS RECORDED YESTERDAY.
  HEAVY RAIN
  RAIN
  LIGHT RAIN
  LIGHT SNOW
  FOG


RELATIVE HUMIDITY (PERCENT)
 HIGHEST   100           900 PM
 LOWEST     31           300 PM
 AVERAGE    66

..........................................................


THE SALT LAKE CITY UT CLIMATE NORMALS FOR TODAY
                         NORMAL    RECORD    YEAR
 MAXIMUM TEMPERATURE (F)   46        65      1958
 MINIMUM TEMPERATURE (F)   27         6      1975


SUNRISE AND SUNSET
FEBRUARY 22 2017......SUNRISE   712 AM MST   SUNSET   611 PM MST
FEBRUARY 23 2017......SUNRISE   710 AM MST   SUNSET   613 PM MST


-  INDICATES NEGATIVE NUMBERS.
R  INDICATES RECORD WAS SET OR TIED.
MM INDICATES DATA IS MISSING.
T  INDICATES TRACE AMOUNT.




$$
