000
CDUS45 KSLC 291238
CLISLC


CLIMATE REPORT
NATIONAL WEATHER SERVICE SALT LAKE CITY UT
538 AM MST THU JAN 29 2015


...................................

...THE SALT LAKE CITY UT CLIMATE SUMMARY FOR JANUARY 28 2015...

CLIMATE NORMAL PERIOD 1981 TO 2010
CLIMATE RECORD PERIOD 1874 TO 2015


WEATHER ITEM   OBSERVED TIME   RECORD YEAR NORMAL DEPARTURE LAST
                VALUE   (LST)  VALUE       VALUE  FROM      YEAR
                                                  NORMAL
..................................................................
TEMPERATURE (F)
 YESTERDAY
  MAXIMUM         50    301 PM  57    1938  38     12       41
  MINIMUM         33   1159 PM  -8    1949  22     11       22
  AVERAGE         42                        30     12       32

PRECIPITATION (IN)
  YESTERDAY        T             0.58 1903   0.04  -0.04     0.00
  MONTH TO DATE    0.86                      1.13  -0.27     0.57
  SINCE OCT 1      2.87                      5.51  -2.64     3.58
  SINCE JAN 1      0.86                      1.13  -0.27     0.57

SNOWFALL (IN)
  YESTERDAY        0.0           5.8  1933   0.4   -0.4      0.0
  MONTH TO DATE    0.3                      11.4  -11.1      8.3
  SINCE OCT 1      6.8                      33.6  -26.8     31.0
  SINCE JUL 1      6.8                      33.6  -26.8     31.0
  SNOW DEPTH       0

DEGREE DAYS
 HEATING
  YESTERDAY       23                        35    -12       33
  MONTH TO DATE  864                       999   -135      978
  SINCE DEC 1   1714                      2075   -361     2222
  SINCE JUL 1   2684                      3293   -609     3269

 COOLING
  YESTERDAY        0                         0      0        0
  MONTH TO DATE    0                         0      0        0
  SINCE DEC 1      0                         0      0        0
  SINCE JAN 1      0                         0      0        0
..................................................................


WIND (MPH)
  RESULTANT WIND SPEED   2   RESULTANT WIND DIRECTION   N (350)
  HIGHEST WIND SPEED    13   HIGHEST WIND DIRECTION     N (340)
  HIGHEST GUST SPEED    16   HIGHEST GUST DIRECTION     S (180)
  AVERAGE WIND SPEED     5.1


SKY COVER
  POSSIBLE SUNSHINE  MM
  AVERAGE SKY COVER 0.7


WEATHER CONDITIONS
 THE FOLLOWING WEATHER WAS RECORDED YESTERDAY.
  LIGHT RAIN
  FOG
  HAZE


RELATIVE HUMIDITY (PERCENT)
 HIGHEST    92           600 AM
 LOWEST     56           200 AM
 AVERAGE    74

..........................................................


THE SALT LAKE CITY UT CLIMATE NORMALS FOR TODAY
                         NORMAL    RECORD    YEAR
 MAXIMUM TEMPERATURE (F)   39        55      1911
 MINIMUM TEMPERATURE (F)   22       -12      1949


SUNRISE AND SUNSET
JANUARY 29 2015.......SUNRISE   741 AM MST   SUNSET   542 PM MST
JANUARY 30 2015.......SUNRISE   740 AM MST   SUNSET   543 PM MST


-  INDICATES NEGATIVE NUMBERS.
R  INDICATES RECORD WAS SET OR TIED.
MM INDICATES DATA IS MISSING.
T  INDICATES TRACE AMOUNT.




$$
