000
CDUS45 KSLC 260053
CLISLC

CLIMATE REPORT
NATIONAL WEATHER SERVICE SALT LAKE CITY UT
652 PM MDT SUN JUN 25 2017


...................................

...THE SALT LAKE CITY UT CLIMATE SUMMARY FOR JUNE 25 2017...
VALID TODAY AS OF 0500 PM LOCAL TIME.

CLIMATE NORMAL PERIOD 1981 TO 2010
CLIMATE RECORD PERIOD 1874 TO 2017


WEATHER ITEM   OBSERVED TIME   RECORD YEAR NORMAL DEPARTURE LAST
                VALUE   (LST)  VALUE       VALUE  FROM      YEAR
                                                  NORMAL
..................................................................
TEMPERATURE (F)
 TODAY
  MAXIMUM         94      MM   102    1994  87      7       81
  MINIMUM         63      MM    40    1953  60      3       58
  AVERAGE         79                        73      6       70

PRECIPITATION (IN)
  TODAY            0.00          0.83 1913   0.02  -0.02     0.00
  MONTH TO DATE    0.25                      0.90  -0.65     0.51
  SINCE OCT 1     15.89                     13.51   2.38    11.41
  SINCE JAN 1     11.25                      9.13   2.12     8.16

SNOWFALL (IN)
  TODAY            0.0                       0.0    0.0      0.0
  MONTH TO DATE    0.0                       0.0    0.0      0.0
  SINCE OCT 1     51.4                      56.2   -4.8     34.3
  SINCE JUL 1     51.4                      56.2   -4.8     34.3
  SNOW DEPTH       0

DEGREE DAYS
 HEATING
  TODAY            0                         1     -1        0
  MONTH TO DATE    4                        45    -41        0
  SINCE JUN 1      4                        45    -41        0
  SINCE JUL 1   4785                      5606   -821     4822

 COOLING
  TODAY           14                         8      6        5
  MONTH TO DATE  273                       138    135      290
  SINCE JUN 1    273                       138    135      290
  SINCE JAN 1    348                       188    160      337
..................................................................


WIND (MPH)
  RESULTANT WIND SPEED   M   RESULTANT WIND DIRECTION   M
  HIGHEST WIND SPEED     M   HIGHEST WIND DIRECTION     M
  HIGHEST GUST SPEED     M   HIGHEST GUST DIRECTION     M
  AVERAGE WIND SPEED     M


SKY COVER
  POSSIBLE SUNSHINE  MM
  AVERAGE SKY COVER 0.0


WEATHER CONDITIONS
 THE FOLLOWING WEATHER WAS RECORDED YESTERDAY.
  NO SIGNIFICANT WEATHER WAS OBSERVED.


RELATIVE HUMIDITY (PERCENT)
 HIGHEST    MM
 LOWEST     MM
 AVERAGE    MM

..........................................................


THE SALT LAKE CITY UT CLIMATE NORMALS FOR TOMORROW
                         NORMAL    RECORD    YEAR
 MAXIMUM TEMPERATURE (F)   87       103      1970
 MINIMUM TEMPERATURE (F)   60        42      1978



SUNRISE AND SUNSET
JUNE 25 2017..........SUNRISE   558 AM MDT   SUNSET   903 PM MDT
JUNE 26 2017..........SUNRISE   558 AM MDT   SUNSET   903 PM MDT


-  INDICATES NEGATIVE NUMBERS.
R  INDICATES RECORD WAS SET OR TIED.
MM INDICATES DATA IS MISSING.
T  INDICATES TRACE AMOUNT.




$$
