000
CDUS45 KSLC 251227
CLISLC


CLIMATE REPORT
NATIONAL WEATHER SERVICE SALT LAKE CITY UT
626 AM MDT WED MAY 25 2016


...................................

...THE SALT LAKE CITY UT CLIMATE SUMMARY FOR MAY 24 2016...

CLIMATE NORMAL PERIOD 1981 TO 2010
CLIMATE RECORD PERIOD 1874 TO 2016


WEATHER ITEM   OBSERVED TIME   RECORD YEAR NORMAL DEPARTURE LAST
                VALUE   (LST)  VALUE       VALUE  FROM      YEAR
                                                  NORMAL
..................................................................
TEMPERATURE (F)
 YESTERDAY
  MAXIMUM         72   1105 AM  93    2003  75     -3       66
  MINIMUM         51    144 AM  33    2010  50      1       47
  AVERAGE         62                        62      0       57

PRECIPITATION (IN)
  YESTERDAY        0.01          1.11 1907   0.06  -0.05     0.15
  MONTH TO DATE    1.56                      1.57  -0.01     3.87
  SINCE OCT 1     10.88                     12.23  -1.35    10.08
  SINCE JAN 1      7.63                      7.85  -0.22     8.07

SNOWFALL (IN)
  YESTERDAY        0.0           T    1980   0.0    0.0      0.0
  MONTH TO DATE    0.0                       0.3   -0.3      0.0
  SINCE OCT 1     34.3                      56.2  -21.9     15.4
  SINCE JUL 1     34.3                      56.2  -21.9     15.4
  SNOW DEPTH       0

DEGREE DAYS
 HEATING
  YESTERDAY        3                         5     -2        8
  MONTH TO DATE  121                       178    -57      161
  SINCE MAR 1    965                      1278   -313      998
  SINCE JUL 1   4810                      5534   -724     4345

 COOLING
  YESTERDAY        0                         2     -2        0
  MONTH TO DATE   30                        30      0       14
  SINCE MAR 1     40                        34      6       14
  SINCE JAN 1     40                        34      6       14
..................................................................


WIND (MPH)
  RESULTANT WIND SPEED   2   RESULTANT WIND DIRECTION   S (170)
  HIGHEST WIND SPEED    28   HIGHEST WIND DIRECTION     N (360)
  HIGHEST GUST SPEED    33   HIGHEST GUST DIRECTION     W (280)
  AVERAGE WIND SPEED    10.2


SKY COVER
  POSSIBLE SUNSHINE  MM
  AVERAGE SKY COVER 0.5


WEATHER CONDITIONS
 THE FOLLOWING WEATHER WAS RECORDED YESTERDAY.
  THUNDERSTORM
  LIGHT RAIN


RELATIVE HUMIDITY (PERCENT)
 HIGHEST    71           200 AM
 LOWEST     22          1100 AM
 AVERAGE    47

..........................................................


THE SALT LAKE CITY UT CLIMATE NORMALS FOR TODAY
                         NORMAL    RECORD    YEAR
 MAXIMUM TEMPERATURE (F)   75        92      2001
                                             1961
                                             1886
 MINIMUM TEMPERATURE (F)   50        32      1975


SUNRISE AND SUNSET
MAY 25 2016...........SUNRISE   602 AM MDT   SUNSET   848 PM MDT
MAY 26 2016...........SUNRISE   602 AM MDT   SUNSET   849 PM MDT


-  INDICATES NEGATIVE NUMBERS.
R  INDICATES RECORD WAS SET OR TIED.
MM INDICATES DATA IS MISSING.
T  INDICATES TRACE AMOUNT.




$$
