000
CDUS46 KPQR 211141
CLISLE


CLIMATE REPORT
NATIONAL WEATHER SERVICE PORTLAND OREGON
441 AM PDT THU SEP 21 2017


...................................

...THE SALEM OR CLIMATE SUMMARY FOR SEPTEMBER 20 2017...

CLIMATE NORMAL PERIOD 1981 TO 2010
CLIMATE RECORD PERIOD 1892 TO 2017


WEATHER ITEM   OBSERVED TIME   RECORD YEAR NORMAL DEPARTURE LAST
                VALUE   (LST)  VALUE       VALUE  FROM      YEAR
                                                  NORMAL
..................................................................
TEMPERATURE (F)
 YESTERDAY
  MAXIMUM         59    427 PM  98    1974  76    -17       72
  MINIMUM         44   1143 PM  36    1983  48     -4       48
  AVERAGE         52                        62    -10       60

PRECIPITATION (IN)
  YESTERDAY        0.66          0.67 1945   0.04   0.62     0.00
  MONTH TO DATE    2.28                      0.73   1.55     1.07
  SINCE OCT 1     59.03                     39.12  19.91    46.79
  SINCE JAN 1     35.73                     22.73  13.00    23.24

DEGREE DAYS
 HEATING
  YESTERDAY       13                         4      9        5
  MONTH TO DATE   35                        54    -19       44
  SINCE SEP 1     35                        54    -19       44
  SINCE JUL 1     37                       110    -73       59

 COOLING
  YESTERDAY        0                         1     -1        0
  MONTH TO DATE  116                        31     85       11
  SINCE SEP 1    116                        31     85       11
  SINCE JAN 1    636                       283    353      457
..................................................................


WIND (MPH)
  HIGHEST WIND SPEED    17   HIGHEST WIND DIRECTION     S (200)
  HIGHEST GUST SPEED    21   HIGHEST GUST DIRECTION     S (190)
  AVERAGE WIND SPEED     7.1


SKY COVER
  POSSIBLE SUNSHINE  MM
  AVERAGE SKY COVER 0.6


WEATHER CONDITIONS
 THE FOLLOWING WEATHER WAS RECORDED YESTERDAY.
  HEAVY RAIN
  RAIN
  LIGHT RAIN
  FOG
  HAZE


RELATIVE HUMIDITY (PERCENT)
 HIGHEST    93          1000 PM
 LOWEST     67           400 PM
 AVERAGE    80

..........................................................


THE SALEM OR CLIMATE NORMALS FOR TODAY
                         NORMAL    RECORD    YEAR
 MAXIMUM TEMPERATURE (F)   76        97      1974
 MINIMUM TEMPERATURE (F)   47        33      1932


SUNRISE AND SUNSET
SEPTEMBER 21 2017.....SUNRISE   658 AM PDT   SUNSET   711 PM PDT
SEPTEMBER 22 2017.....SUNRISE   659 AM PDT   SUNSET   709 PM PDT


-  INDICATES NEGATIVE NUMBERS.
R  INDICATES RECORD WAS SET OR TIED.
MM INDICATES DATA IS MISSING.
T  INDICATES TRACE AMOUNT.




$$
