027
CDUS46 KPQR 291146
CLISLE


CLIMATE REPORT
NATIONAL WEATHER SERVICE PORTLAND OREGON
446 AM PDT WED MAR 29 2017


...................................

...THE SALEM OR CLIMATE SUMMARY FOR MARCH 28 2017...

CLIMATE NORMAL PERIOD 1981 TO 2010
CLIMATE RECORD PERIOD 1892 TO 2017


WEATHER ITEM   OBSERVED TIME   RECORD YEAR NORMAL DEPARTURE LAST
                VALUE   (LST)  VALUE       VALUE  FROM      YEAR
                                                  NORMAL
..................................................................
TEMPERATURE (F)
 YESTERDAY
  MAXIMUM         61    414 PM  78    1930  58      3       57
  MINIMUM         46    443 AM  23    1975  38      8       37
  AVERAGE         54                        48      6       47

PRECIPITATION (IN)
  YESTERDAY        0.05          1.90 1934   0.11  -0.06      T
  MONTH TO DATE    7.46                      3.63   3.83     6.36
  SINCE OCT 1     49.57                     30.54  19.03    40.64
  SINCE JAN 1     26.27                     14.15  12.12    17.09

DEGREE DAYS
 HEATING
  YESTERDAY       11                        17     -6       18
  MONTH TO DATE  469                       513    -44      444
  SINCE MAR 1    469                       513    -44      444
  SINCE JUL 1   3627                      3753   -126     3100

 COOLING
  YESTERDAY        0                         0      0        0
  MONTH TO DATE    0                         0      0        0
  SINCE MAR 1      0                         0      0        0
  SINCE JAN 1      0                         0      0        0
..................................................................


WIND (MPH)
  HIGHEST WIND SPEED    24   HIGHEST WIND DIRECTION     S (170)
  HIGHEST GUST SPEED    30   HIGHEST GUST DIRECTION     S (170)
  AVERAGE WIND SPEED    12.0


SKY COVER
  POSSIBLE SUNSHINE  MM
  AVERAGE SKY COVER 0.9


WEATHER CONDITIONS
 THE FOLLOWING WEATHER WAS RECORDED YESTERDAY.
  LIGHT RAIN


RELATIVE HUMIDITY (PERCENT)
 HIGHEST    86          1000 PM
 LOWEST     46           500 PM
 AVERAGE    66

..........................................................


THE SALEM OR CLIMATE NORMALS FOR TODAY
                         NORMAL    RECORD    YEAR
 MAXIMUM TEMPERATURE (F)   58        80      1923
 MINIMUM TEMPERATURE (F)   38        26      1936


SUNRISE AND SUNSET
MARCH 29 2017.........SUNRISE   658 AM PDT   SUNSET   736 PM PDT
MARCH 30 2017.........SUNRISE   656 AM PDT   SUNSET   738 PM PDT


-  INDICATES NEGATIVE NUMBERS.
R  INDICATES RECORD WAS SET OR TIED.
MM INDICATES DATA IS MISSING.
T  INDICATES TRACE AMOUNT.




$$
