000
CDUS46 KPQR 251244
CLISLE


CLIMATE REPORT
NATIONAL WEATHER SERVICE PORTLAND OREGON
444 AM PST TUE NOV 25 2014


...................................

...THE SALEM OR CLIMATE SUMMARY FOR NOVEMBER 24 2014...

CLIMATE NORMAL PERIOD 1981 TO 2010
CLIMATE RECORD PERIOD 1892 TO 2014


WEATHER ITEM   OBSERVED TIME   RECORD YEAR NORMAL DEPARTURE LAST
                VALUE   (LST)  VALUE       VALUE  FROM      YEAR
                                                  NORMAL
..................................................................
TEMPERATURE (F)
 YESTERDAY
  MAXIMUM         55   1159 PM  67    1949  50      5       51
                                      1936
  MINIMUM         43    709 AM  11    1985  37      6       24
  AVERAGE         49                        44      5       38

PRECIPITATION (IN)
  YESTERDAY        T             2.57 1960   0.23  -0.23     0.00
  MONTH TO DATE    3.51                      5.02  -1.51     2.68
  SINCE OCT 1      9.31                      8.05   1.26     3.31
  SINCE JAN 1     33.33                     31.33   2.00    22.31

DEGREE DAYS
 HEATING
  YESTERDAY       16                        21     -5       27
  MONTH TO DATE  464                       450     14      422
  SINCE SEP 1    669                       926   -257      887
  SINCE JUL 1    673                       982   -309      892

 COOLING
  YESTERDAY        0                         0      0        0
  MONTH TO DATE    0                         0      0        0
  SINCE SEP 1     87                        38     49       75
  SINCE JAN 1    605                       290    315      502
..................................................................


WIND (MPH)
  HIGHEST WIND SPEED    17   HIGHEST WIND DIRECTION     S (180)
  HIGHEST GUST SPEED    21   HIGHEST GUST DIRECTION     S (170)
  AVERAGE WIND SPEED     8.2


SKY COVER
  POSSIBLE SUNSHINE  MM
  AVERAGE SKY COVER 0.7


WEATHER CONDITIONS
 THE FOLLOWING WEATHER WAS RECORDED YESTERDAY.
  LIGHT RAIN


RELATIVE HUMIDITY (PERCENT)
 HIGHEST    93          1200 AM
 LOWEST     64           600 PM
 AVERAGE    79

..........................................................


THE SALEM OR CLIMATE NORMALS FOR TODAY
                         NORMAL    RECORD    YEAR
 MAXIMUM TEMPERATURE (F)   50        66      1947
 MINIMUM TEMPERATURE (F)   37        12      1985


SUNRISE AND SUNSET
NOVEMBER 25 2014......SUNRISE   723 AM PST   SUNSET   435 PM PST
NOVEMBER 26 2014......SUNRISE   724 AM PST   SUNSET   435 PM PST


-  INDICATES NEGATIVE NUMBERS.
R  INDICATES RECORD WAS SET OR TIED.
MM INDICATES DATA IS MISSING.
T  INDICATES TRACE AMOUNT.




$$
