000
CDUS46 KPQR 230221
CLISLE


CLIMATE REPORT
NATIONAL WEATHER SERVICE PORTLAND OREGON
721 PM PDT WED OCT 22 2014


...................................

...THE SALEM OR CLIMATE SUMMARY FOR OCTOBER 22 2014...
VALID TODAY AS OF 0700 PM LOCAL TIME.

CLIMATE NORMAL PERIOD 1981 TO 2010
CLIMATE RECORD PERIOD 1892 TO 2014


WEATHER ITEM   OBSERVED TIME   RECORD YEAR NORMAL DEPARTURE LAST
                VALUE   (LST)  VALUE       VALUE  FROM      YEAR
                                                  NORMAL
..................................................................
TEMPERATURE (F)
 TODAY
  MAXIMUM         60    307 PM  83    1929  61     -1       74
  MINIMUM         55    718 AM  28    1981  41     14       40
                                      1980
                                      1928
  AVERAGE         58                        51      7       57

PRECIPITATION (IN)
  TODAY            1.08          1.55 1931   0.12   0.96     0.00
  MONTH TO DATE    2.90                      1.80   1.10     0.57
  SINCE OCT 1      2.90                      1.80   1.10     0.57
  SINCE JAN 1     26.92                     25.08   1.84    19.57

DEGREE DAYS
 HEATING
  TODAY            7                        14     -7        8
  MONTH TO DATE   90                       231   -141      277
  SINCE SEP 1    118                       340   -222      329
  SINCE JUL 1    122                       396   -274      334

 COOLING
  TODAY            0                         0      0        0
  MONTH TO DATE   14                         0     14        0
  SINCE SEP 1     87                        37     50       75
  SINCE JAN 1    605                       289    316      502
..................................................................


WIND (MPH)
  HIGHEST WIND SPEED    21   HIGHEST WIND DIRECTION     S (180)
  HIGHEST GUST SPEED    26   HIGHEST GUST DIRECTION     S (180)
  AVERAGE WIND SPEED    10.4


SKY COVER
  POSSIBLE SUNSHINE  MM
  AVERAGE SKY COVER 0.9


WEATHER CONDITIONS
 THE FOLLOWING WEATHER WAS RECORDED TODAY.
  RAIN
  LIGHT RAIN
  FOG


RELATIVE HUMIDITY (PERCENT)
 HIGHEST    93          1100 AM
 LOWEST     77           200 AM
 AVERAGE    85

..........................................................


THE SALEM OR CLIMATE NORMALS FOR TOMORROW
                         NORMAL    RECORD    YEAR
 MAXIMUM TEMPERATURE (F)   61        82      1929
 MINIMUM TEMPERATURE (F)   41        28      1935


SUNRISE AND SUNSET
OCTOBER 22 2014.......SUNRISE   737 AM PDT   SUNSET   615 PM PDT
OCTOBER 23 2014.......SUNRISE   738 AM PDT   SUNSET   614 PM PDT


-  INDICATES NEGATIVE NUMBERS.
R  INDICATES RECORD WAS SET OR TIED.
MM INDICATES DATA IS MISSING.
T  INDICATES TRACE AMOUNT.




$$
