000
CDUS46 KPQR 090244
CLISLE


CLIMATE REPORT
NATIONAL WEATHER SERVICE PORTLAND OREGON
644 PM PST MON FEB 8 2016


...................................

...THE SALEM OR CLIMATE SUMMARY FOR FEBRUARY 8 2016...
VALID TODAY AS OF 0600 PM LOCAL TIME.

CLIMATE NORMAL PERIOD 1981 TO 2010
CLIMATE RECORD PERIOD 1892 TO 2016


WEATHER ITEM   OBSERVED TIME   RECORD YEAR NORMAL DEPARTURE LAST
                VALUE   (LST)  VALUE       VALUE  FROM      YEAR
                                                  NORMAL
..................................................................
TEMPERATURE (F)
 TODAY
  MAXIMUM         65R   314 PM  62    1996  51     14       54
                                      1995
                                      1970
  MINIMUM         36    736 AM  12    1989  34      2       44
  AVERAGE         51                        42      9       49

PRECIPITATION (IN)
  TODAY            0.00          1.57 1996   0.17  -0.17     0.27
  MONTH TO DATE    0.44                      1.36  -0.92     3.35
  SINCE OCT 1     31.81                     23.71   8.10    24.10
  SINCE JAN 1      8.26                      7.32   0.94     6.56

DEGREE DAYS
 HEATING
  TODAY           14                        22     -8       16
  MONTH TO DATE  146                       183    -37      119
  SINCE DEC 1   1448                      1693   -245     1374
  SINCE JUL 1   2328                      2810   -482     2140

 COOLING
  TODAY            0                         0      0        0
  MONTH TO DATE    0                         0      0        0
  SINCE DEC 1      0                         0      0        0
  SINCE JAN 1      0                         0      0        0
..................................................................


WIND (MPH)
  HIGHEST WIND SPEED    14   HIGHEST WIND DIRECTION     N (360)
  HIGHEST GUST SPEED    18   HIGHEST GUST DIRECTION     N (360)
  AVERAGE WIND SPEED     4.7


SKY COVER
  POSSIBLE SUNSHINE  MM
  AVERAGE SKY COVER 0.0


WEATHER CONDITIONS
 THE FOLLOWING WEATHER WAS RECORDED TODAY.
  FOG


RELATIVE HUMIDITY (PERCENT)
 HIGHEST    93           100 AM
 LOWEST     43           300 PM
 AVERAGE    68

..........................................................


THE SALEM OR CLIMATE NORMALS FOR TOMORROW
                         NORMAL    RECORD    YEAR
 MAXIMUM TEMPERATURE (F)   51        66      1963
                                             1951
 MINIMUM TEMPERATURE (F)   34        13      1933
                                             1929


SUNRISE AND SUNSET
FEBRUARY  8 2016......SUNRISE   723 AM PST   SUNSET   530 PM PST
FEBRUARY  9 2016......SUNRISE   722 AM PST   SUNSET   531 PM PST


-  INDICATES NEGATIVE NUMBERS.
R  INDICATES RECORD WAS SET OR TIED.
MM INDICATES DATA IS MISSING.
T  INDICATES TRACE AMOUNT.




$$
