000
CDUS46 KPQR 271146
CLISLE


CLIMATE REPORT
NATIONAL WEATHER SERVICE PORTLAND OREGON
346 AM PST FRI FEB 27 2015


...................................

...THE SALEM OR CLIMATE SUMMARY FOR FEBRUARY 26 2015...

CLIMATE NORMAL PERIOD 1981 TO 2010
CLIMATE RECORD PERIOD 1892 TO 2015


WEATHER ITEM   OBSERVED TIME   RECORD YEAR NORMAL DEPARTURE LAST
                VALUE   (LST)  VALUE       VALUE  FROM      YEAR
                                                  NORMAL
..................................................................
TEMPERATURE (F)
 YESTERDAY
  MAXIMUM         53    406 PM  70    1968  53      0       53
  MINIMUM         47    701 AM  10    1962  35     12       39
  AVERAGE         50                        44      6       46

PRECIPITATION (IN)
  YESTERDAY        0.04          1.01 2000   0.15  -0.11     0.00
  MONTH TO DATE    4.21                      4.25  -0.04     6.84
  SINCE OCT 1     24.96                     26.60  -1.64    13.68
  SINCE JAN 1      7.42                     10.21  -2.79     9.10

DEGREE DAYS
 HEATING
  YESTERDAY       15                        21     -6       19
  MONTH TO DATE  414                       573   -159      595
  SINCE DEC 1   1669                      2083   -414     2210
  SINCE JUL 1   2435                      3200   -765     3253

 COOLING
  YESTERDAY        0                         0      0        0
  MONTH TO DATE    0                         0      0        0
  SINCE DEC 1      0                         0      0        0
  SINCE JAN 1      0                         0      0        0
..................................................................


WIND (MPH)
  HIGHEST WIND SPEED    17   HIGHEST WIND DIRECTION     S (180)
  HIGHEST GUST SPEED    21   HIGHEST GUST DIRECTION     S (190)
  AVERAGE WIND SPEED     9.0


SKY COVER
  POSSIBLE SUNSHINE  MM
  AVERAGE SKY COVER 1.0


WEATHER CONDITIONS
 THE FOLLOWING WEATHER WAS RECORDED YESTERDAY.
  LIGHT RAIN
  FOG
  HAZE


RELATIVE HUMIDITY (PERCENT)
 HIGHEST    93          1200 AM
 LOWEST     83          1200 PM
 AVERAGE    88

..........................................................


THE SALEM OR CLIMATE NORMALS FOR TODAY
                         NORMAL    RECORD    YEAR
 MAXIMUM TEMPERATURE (F)   54        70      1986
                                             1968
 MINIMUM TEMPERATURE (F)   35        16      1960


SUNRISE AND SUNSET
FEBRUARY 27 2015......SUNRISE   653 AM PST   SUNSET   557 PM PST
FEBRUARY 28 2015......SUNRISE   652 AM PST   SUNSET   558 PM PST


-  INDICATES NEGATIVE NUMBERS.
R  INDICATES RECORD WAS SET OR TIED.
MM INDICATES DATA IS MISSING.
T  INDICATES TRACE AMOUNT.




$$
