000
CDUS46 KPQR 100226
CLISLE


CLIMATE REPORT
NATIONAL WEATHER SERVICE PORTLAND OREGON
625 PM PST FRI DEC 9 2016


...................................

...THE SALEM OR CLIMATE SUMMARY FOR DECEMBER 9 2016...
VALID TODAY AS OF 0600 PM LOCAL TIME.

CLIMATE NORMAL PERIOD 1981 TO 2010
CLIMATE RECORD PERIOD 1892 TO 2016


WEATHER ITEM   OBSERVED TIME   RECORD YEAR NORMAL DEPARTURE LAST
                VALUE   (LST)  VALUE       VALUE  FROM      YEAR
                                                  NORMAL
..................................................................
TEMPERATURE (F)
 TODAY
  MAXIMUM         49    303 PM  72    1929  47      2       60
  MINIMUM         33    549 AM  -5    1972  34     -1       46
  AVERAGE         41                        40      1       53

PRECIPITATION (IN)
  TODAY            0.23          1.63 1987   0.22   0.01     0.45
  MONTH TO DATE    1.69                      2.15  -0.46     6.85
  SINCE OCT 1     19.84                     11.68   8.16    15.16
  SINCE JAN 1     43.54                     34.96   8.58    32.28

DEGREE DAYS
 HEATING
  TODAY           24                        25     -1       12
  MONTH TO DATE  229                       214     15      141
  SINCE DEC 1    229                       214     15      141
  SINCE JUL 1   1033                      1331   -298     1021

 COOLING
  TODAY            0                         0      0        0
  MONTH TO DATE    0                         0      0        0
  SINCE DEC 1      0                         0      0        0
  SINCE JAN 1    465                       290    175      682
..................................................................


WIND (MPH)
  HIGHEST WIND SPEED    17   HIGHEST WIND DIRECTION     S (190)
  HIGHEST GUST SPEED    24   HIGHEST GUST DIRECTION     S (190)
  AVERAGE WIND SPEED     3.4


SKY COVER
  POSSIBLE SUNSHINE  MM
  AVERAGE SKY COVER 1.0


WEATHER CONDITIONS
 THE FOLLOWING WEATHER WAS RECORDED TODAY.
  RAIN
  LIGHT RAIN
  FOG


RELATIVE HUMIDITY (PERCENT)
 HIGHEST    96           800 AM
 LOWEST     86          1200 PM
 AVERAGE    91

..........................................................


THE SALEM OR CLIMATE NORMALS FOR TOMORROW
                         NORMAL    RECORD    YEAR
 MAXIMUM TEMPERATURE (F)   47        70      1929
 MINIMUM TEMPERATURE (F)   34        -2      1972


SUNRISE AND SUNSET
DECEMBER  9 2016......SUNRISE   739 AM PST   SUNSET   431 PM PST
DECEMBER 10 2016......SUNRISE   739 AM PST   SUNSET   431 PM PST


-  INDICATES NEGATIVE NUMBERS.
R  INDICATES RECORD WAS SET OR TIED.
MM INDICATES DATA IS MISSING.
T  INDICATES TRACE AMOUNT.




$$
