000
CDUS46 KPQR 241143
CLISLE


CLIMATE REPORT
NATIONAL WEATHER SERVICE PORTLAND OREGON
343 AM PST FRI NOV 24 2017


...................................

...THE SALEM OR CLIMATE SUMMARY FOR NOVEMBER 23 2017...

CLIMATE NORMAL PERIOD 1981 TO 2010
CLIMATE RECORD PERIOD 1892 TO 2017


WEATHER ITEM   OBSERVED TIME   RECORD YEAR NORMAL DEPARTURE LAST
                VALUE   (LST)  VALUE       VALUE  FROM      YEAR
                                                  NORMAL
..................................................................
TEMPERATURE (F)
 YESTERDAY
  MAXIMUM         62   1233 PM  66    1959  50     12       50
  MINIMUM         44    846 PM  16    1985  37      7       44
  AVERAGE         53                        44      9       47

PRECIPITATION (IN)
  YESTERDAY        0.38          1.96 1942   0.24   0.14     0.32
  MONTH TO DATE    5.75                      4.79   0.96     3.78
  SINCE OCT 1     11.20                      7.82   3.38    15.03
  SINCE JAN 1     47.01                     31.10  15.91    38.74

DEGREE DAYS
 HEATING
  YESTERDAY       12                        21     -9       18
  MONTH TO DATE  374                       429    -55      285
  SINCE SEP 1    791                       905   -114      664
  SINCE JUL 1    793                       961   -168      679

 COOLING
  YESTERDAY        0                         0      0        0
  MONTH TO DATE    0                         0      0        0
  SINCE SEP 1    127                        38     89       19
  SINCE JAN 1    647                       290    357      465
..................................................................


WIND (MPH)
  HIGHEST WIND SPEED    21   HIGHEST WIND DIRECTION     S (190)
  HIGHEST GUST SPEED    27   HIGHEST GUST DIRECTION     S (200)
  AVERAGE WIND SPEED     9.1


SKY COVER
  POSSIBLE SUNSHINE  MM
  AVERAGE SKY COVER 0.7


WEATHER CONDITIONS
 THE FOLLOWING WEATHER WAS RECORDED YESTERDAY.
  HEAVY RAIN
  RAIN
  LIGHT RAIN
  FOG


RELATIVE HUMIDITY (PERCENT)
 HIGHEST    92           700 PM
 LOWEST     71           500 PM
 AVERAGE    82

..........................................................


THE SALEM OR CLIMATE NORMALS FOR TODAY
                         NORMAL    RECORD    YEAR
 MAXIMUM TEMPERATURE (F)   50        67      1949
                                             1936
 MINIMUM TEMPERATURE (F)   37        11      1985


SUNRISE AND SUNSET
NOVEMBER 24 2017......SUNRISE   722 AM PST   SUNSET   436 PM PST
NOVEMBER 25 2017......SUNRISE   723 AM PST   SUNSET   435 PM PST


-  INDICATES NEGATIVE NUMBERS.
R  INDICATES RECORD WAS SET OR TIED.
MM INDICATES DATA IS MISSING.
T  INDICATES TRACE AMOUNT.




$$
