000
CDUS46 KPQR 251141
CLISLE


CLIMATE REPORT
NATIONAL WEATHER SERVICE PORTLAND OREGON
440 AM PDT THU AUG 25 2016


...................................

...THE SALEM OR CLIMATE SUMMARY FOR AUGUST 24 2016...

CLIMATE NORMAL PERIOD 1981 TO 2010
CLIMATE RECORD PERIOD 1892 TO 2016


WEATHER ITEM   OBSERVED TIME   RECORD YEAR NORMAL DEPARTURE LAST
                VALUE   (LST)  VALUE       VALUE  FROM      YEAR
                                                  NORMAL
..................................................................
TEMPERATURE (F)
 YESTERDAY
  MAXIMUM         94    400 PM  99    1958  82     12       84
  MINIMUM         55    608 AM  39    1929  52      3       53
  AVERAGE         75                        67      8       69

PRECIPITATION (IN)
  YESTERDAY        0.00          1.07 1968   0.02  -0.02     0.00
  MONTH TO DATE    0.24                      0.29  -0.05     0.00
  SINCE OCT 1     45.54                     38.23   7.31    32.82
  SINCE JAN 1     21.99                     21.84   0.15    15.28

DEGREE DAYS
 HEATING
  YESTERDAY        0                         1     -1        0
  MONTH TO DATE    7                        21    -14        0
  SINCE JUN 1     90                       181    -91       24
  SINCE JUL 1     12                        51    -39        2

 COOLING
  YESTERDAY       10                         3      7        4
  MONTH TO DATE  167                        87     80      175
  SINCE JUN 1    379                       224    155      596
  SINCE JAN 1    400                       233    167      609
..................................................................


WIND (MPH)
  HIGHEST WIND SPEED    18   HIGHEST WIND DIRECTION     N (360)
  HIGHEST GUST SPEED    23   HIGHEST GUST DIRECTION     N (10)
  AVERAGE WIND SPEED     7.1


SKY COVER
  POSSIBLE SUNSHINE  MM
  AVERAGE SKY COVER 0.0


WEATHER CONDITIONS
 THE FOLLOWING WEATHER WAS RECORDED YESTERDAY.
  NO SIGNIFICANT WEATHER WAS OBSERVED.


RELATIVE HUMIDITY (PERCENT)
 HIGHEST    77           400 AM
 LOWEST     15           300 PM
 AVERAGE    46

..........................................................


THE SALEM OR CLIMATE NORMALS FOR TODAY
                         NORMAL    RECORD    YEAR
 MAXIMUM TEMPERATURE (F)   81        97      1967
 MINIMUM TEMPERATURE (F)   52        41      1980


SUNRISE AND SUNSET
AUGUST 25 2016........SUNRISE   627 AM PDT   SUNSET   800 PM PDT
AUGUST 26 2016........SUNRISE   628 AM PDT   SUNSET   759 PM PDT


-  INDICATES NEGATIVE NUMBERS.
R  INDICATES RECORD WAS SET OR TIED.
MM INDICATES DATA IS MISSING.
T  INDICATES TRACE AMOUNT.




$$
