000
CDUS46 KPQR 201141
CLISLE


CLIMATE REPORT
NATIONAL WEATHER SERVICE PORTLAND OREGON
440 AM PDT WED AUG 20 2014


...................................

...THE SALEM OR CLIMATE SUMMARY FOR AUGUST 19 2014...

CLIMATE NORMAL PERIOD 1981 TO 2010
CLIMATE RECORD PERIOD 1892 TO 2014


WEATHER ITEM   OBSERVED TIME   RECORD YEAR NORMAL DEPARTURE LAST
                VALUE   (LST)  VALUE       VALUE  FROM      YEAR
                                                  NORMAL
..................................................................
TEMPERATURE (F)
 YESTERDAY
  MAXIMUM         89    230 PM  99    2009  82      7       87
  MINIMUM         63   1159 PM  40    1973  53     10       60
                                      1935
  AVERAGE         76                        67      9       74

PRECIPITATION (IN)
  YESTERDAY        0.00          0.43 2007   0.01  -0.01     0.00
  MONTH TO DATE    0.28                      0.20   0.08     0.02
  SINCE OCT 1     27.33                     38.14 -10.81    33.89
  SINCE JAN 1     22.75                     21.75   1.00    11.63

DEGREE DAYS
 HEATING
  YESTERDAY        0                         1     -1        0
  MONTH TO DATE    0                        16    -16        2
  SINCE JUN 1     69                       176   -107       83
  SINCE JUL 1      3                        46    -43        4

 COOLING
  YESTERDAY       11                         3      8        9
  MONTH TO DATE  173                        72    101      117
  SINCE JUN 1    434                       209    225      346
  SINCE JAN 1    450                       218    232      356
..................................................................


WIND (MPH)
  HIGHEST WIND SPEED    18   HIGHEST WIND DIRECTION     W (290)
  HIGHEST GUST SPEED    22   HIGHEST GUST DIRECTION     W (280)
  AVERAGE WIND SPEED     5.9


SKY COVER
  POSSIBLE SUNSHINE  MM
  AVERAGE SKY COVER 0.1


WEATHER CONDITIONS
 THE FOLLOWING WEATHER WAS RECORDED YESTERDAY.
  NO SIGNIFICANT WEATHER WAS OBSERVED.


RELATIVE HUMIDITY (PERCENT)
 HIGHEST    78           600 AM
 LOWEST     31           300 PM
 AVERAGE    55

..........................................................


THE SALEM OR CLIMATE NORMALS FOR TODAY
                         NORMAL    RECORD    YEAR
 MAXIMUM TEMPERATURE (F)   82        98      1951
 MINIMUM TEMPERATURE (F)   53        41      1973


SUNRISE AND SUNSET
AUGUST 20 2014........SUNRISE   620 AM PDT   SUNSET   810 PM PDT
AUGUST 21 2014........SUNRISE   621 AM PDT   SUNSET   808 PM PDT


-  INDICATES NEGATIVE NUMBERS.
R  INDICATES RECORD WAS SET OR TIED.
MM INDICATES DATA IS MISSING.
T  INDICATES TRACE AMOUNT.




$$
