000
CDUS41 KBTV 270601
CLISLK


CLIMATE REPORT
NATIONAL WEATHER SERVICE BURLINGTON VT
100 AM EST TUE JAN 27 2015


...................................

...THE SARANAC LAKE NY CLIMATE SUMMARY FOR JANUARY 26 2015...

CLIMATE NORMAL PERIOD 1981 TO 2010
CLIMATE RECORD PERIOD 9999 TO 9999


WEATHER ITEM   OBSERVED TIME   NORMAL DEPARTURE LAST
                VALUE   (LST)  VALUE  FROM      YEAR
                                      NORMAL
......................................................
TEMPERATURE (F)
 YESTERDAY
  MAXIMUM         11    140 PM  25    -14       13
  MINIMUM        -25    554 AM   1    -26      -11
  AVERAGE         -7            13    -20        1

PRECIPITATION (IN)
  YESTERDAY        0.00          0.08  -0.08      T
  MONTH TO DATE    0.60          1.76  -1.16     1.55
  SINCE DEC 1      2.54          4.05  -1.51     3.92
  SINCE JAN 1      0.60          1.76  -1.16     1.55

DEGREE DAYS
 HEATING
  YESTERDAY       72            52     20       64
  MONTH TO DATE 1288          1343    -55     1392
  SINCE DEC 1   2537          2767   -230     2844
  SINCE JUL 1   4701          5042   -341     5230

 COOLING
  YESTERDAY        0             0      0        0
  MONTH TO DATE    0             0      0        0
  SINCE DEC 1      0             0      0        0
  SINCE JAN 1      0             0      0        0
......................................................


WIND (MPH)
  HIGHEST WIND SPEED    17   HIGHEST WIND DIRECTION    NE (60)
  HIGHEST GUST SPEED    19   HIGHEST GUST DIRECTION    NE (60)
  AVERAGE WIND SPEED     6.1


SKY COVER
  AVERAGE SKY COVER 0.3


WEATHER CONDITIONS
 THE FOLLOWING WEATHER WAS RECORDED YESTERDAY.
  NO SIGNIFICANT WEATHER WAS OBSERVED.


RELATIVE HUMIDITY (PERCENT)
 HIGHEST    82          1000 AM
 LOWEST     50           200 PM
 AVERAGE    66

..........................................................


THE SARANAC LAKE NY CLIMATE NORMALS FOR TODAY
                         NORMAL    RECORD    YEAR
 MAXIMUM TEMPERATURE (F)   25        MM        MM
 MINIMUM TEMPERATURE (F)    1        MM        MM


SUNRISE AND SUNSET
JANUARY 27 2015.......SUNRISE   721 AM EST   SUNSET   459 PM EST
JANUARY 28 2015.......SUNRISE   720 AM EST   SUNSET   500 PM EST


-  INDICATES NEGATIVE NUMBERS.
R  INDICATES RECORD WAS SET OR TIED.
MM INDICATES DATA IS MISSING.
T  INDICATES TRACE AMOUNT.




$$
