000
CDUS41 KBTV 290523
CLISLK


CLIMATE REPORT
NATIONAL WEATHER SERVICE BURLINGTON VT
121 AM EDT THU SEP 29 2016


...................................

...THE SARANAC LAKE NY CLIMATE SUMMARY FOR SEPTEMBER 28 2016...

CLIMATE NORMAL PERIOD 1981 TO 2010
CLIMATE RECORD PERIOD 9999 TO 9999


WEATHER ITEM   OBSERVED TIME   NORMAL DEPARTURE LAST
                VALUE   (LST)  VALUE  FROM      YEAR
                                      NORMAL
......................................................
TEMPERATURE (F)
 YESTERDAY
  MAXIMUM         68    130 PM  61      7       69
  MINIMUM         33    626 AM  37     -4       55
  AVERAGE         51            49      2       62

PRECIPITATION (IN)
  YESTERDAY        0.00          0.10  -0.10     0.01
  MONTH TO DATE    2.26          3.11  -0.85     1.39
  SINCE SEP 1      2.26          3.11  -0.85     1.39
  SINCE JAN 1     24.18         27.65  -3.47    25.44

DEGREE DAYS
 HEATING
  YESTERDAY       14            16     -2        3
  MONTH TO DATE  238           312    -74      165
  SINCE SEP 1    238           312    -74      165
  SINCE JUL 1    359           552   -193      358

 COOLING
  YESTERDAY        0             0      0        0
  MONTH TO DATE   15             7      8       27
  SINCE SEP 1     15             7      8       27
  SINCE JAN 1    166           114     52      130
......................................................


WIND (MPH)
  HIGHEST WIND SPEED    15   HIGHEST WIND DIRECTION     E (90)
  HIGHEST GUST SPEED    20   HIGHEST GUST DIRECTION     E (90)
  AVERAGE WIND SPEED     3.5


SKY COVER
  AVERAGE SKY COVER 0.2


WEATHER CONDITIONS
 THE FOLLOWING WEATHER WAS RECORDED YESTERDAY.
  FOG
  HAZE


RELATIVE HUMIDITY (PERCENT)
 HIGHEST    96           200 AM
 LOWEST     44           400 PM
 AVERAGE    70

..........................................................


THE SARANAC LAKE NY CLIMATE NORMALS FOR TODAY
                         NORMAL    RECORD    YEAR
 MAXIMUM TEMPERATURE (F)   60        76      2014
 MINIMUM TEMPERATURE (F)   36        20      2000


SUNRISE AND SUNSET
SEPTEMBER 29 2016.....SUNRISE   653 AM EDT   SUNSET   640 PM EDT
SEPTEMBER 30 2016.....SUNRISE   654 AM EDT   SUNSET   638 PM EDT


-  INDICATES NEGATIVE NUMBERS.
R  INDICATES RECORD WAS SET OR TIED.
MM INDICATES DATA IS MISSING.
T  INDICATES TRACE AMOUNT.




$$
