000
CDUS41 KBTV 260535
CLISLK


CLIMATE REPORT
NATIONAL WEATHER SERVICE BURLINGTON VT
135 AM EDT WED APR 26 2017


...................................

...THE SARANAC LAKE NY CLIMATE SUMMARY FOR APRIL 25 2017...

CLIMATE NORMAL PERIOD 1981 TO 2010
CLIMATE RECORD PERIOD 9999 TO 9999


WEATHER ITEM   OBSERVED TIME   NORMAL DEPARTURE LAST
                VALUE   (LST)  VALUE  FROM      YEAR
                                      NORMAL
......................................................
TEMPERATURE (F)
 YESTERDAY
  MAXIMUM         60    918 AM  55      5       50
  MINIMUM         27    519 AM  29     -2       16
  AVERAGE         44            42      2       33

PRECIPITATION (IN)
  YESTERDAY        0.28          0.10   0.18      T
  MONTH TO DATE    2.69          2.36   0.33     2.54
  SINCE MAR 1      4.81          4.64   0.17     5.36
  SINCE JAN 1      9.35          8.38   0.97     9.24

DEGREE DAYS
 HEATING
  YESTERDAY       21            23     -2       32
  MONTH TO DATE  574           702   -128      753
  SINCE MAR 1   1968          1959      9     1784
  SINCE JUL 1   7664          8664  -1000     7379

 COOLING
  YESTERDAY        0             0      0        0
  MONTH TO DATE    0             0      0        0
  SINCE MAR 1      0             0      0        0
  SINCE JAN 1      0             0      0        0
......................................................


WIND (MPH)
  HIGHEST WIND SPEED    16   HIGHEST WIND DIRECTION    SE (120)
  HIGHEST GUST SPEED    24   HIGHEST GUST DIRECTION    SE (130)
  AVERAGE WIND SPEED     4.1


SKY COVER
  AVERAGE SKY COVER 0.6


WEATHER CONDITIONS
 THE FOLLOWING WEATHER WAS RECORDED YESTERDAY.
  LIGHT RAIN
  FOG


RELATIVE HUMIDITY (PERCENT)
 HIGHEST   100          1100 PM
 LOWEST     31           900 AM
 AVERAGE    66

..........................................................


THE SARANAC LAKE NY CLIMATE NORMALS FOR TODAY
                         NORMAL    RECORD    YEAR
 MAXIMUM TEMPERATURE (F)   56        65      2010
 MINIMUM TEMPERATURE (F)   30        19      2006


SUNRISE AND SUNSET
APRIL 26 2017.........SUNRISE   555 AM EDT   SUNSET   755 PM EDT
APRIL 27 2017.........SUNRISE   553 AM EDT   SUNSET   756 PM EDT


-  INDICATES NEGATIVE NUMBERS.
R  INDICATES RECORD WAS SET OR TIED.
MM INDICATES DATA IS MISSING.
T  INDICATES TRACE AMOUNT.




$$
