000
CDUS41 KBTV 020529
CLISLK


CLIMATE REPORT
NATIONAL WEATHER SERVICE BURLINGTON VT
127 AM EDT WED SEP 2 2015


...................................

...THE SARANAC LAKE NY CLIMATE SUMMARY FOR SEPTEMBER 1 2015...

CLIMATE NORMAL PERIOD 1981 TO 2010
CLIMATE RECORD PERIOD 9999 TO 9999


WEATHER ITEM   OBSERVED TIME   NORMAL DEPARTURE LAST
                VALUE   (LST)  VALUE  FROM      YEAR
                                      NORMAL
......................................................
TEMPERATURE (F)
 YESTERDAY
  MAXIMUM         82    251 PM  72     10       80
  MINIMUM         51    239 AM  46      5       57
  AVERAGE         67            59      8       69

PRECIPITATION (IN)
  YESTERDAY        0.00          0.11  -0.11     0.19
  MONTH TO DATE    0.00          0.11  -0.11     0.19
  SINCE SEP 1      0.00          0.11  -0.11     0.19
  SINCE JAN 1     24.05         24.65  -0.60    26.15

DEGREE DAYS
 HEATING
  YESTERDAY        0             7     -7        0
  MONTH TO DATE    0             7     -7        0
  SINCE SEP 1      0             7     -7        0
  SINCE JUL 1    193           247    -54      279

 COOLING
  YESTERDAY        2             1      1        4
  MONTH TO DATE    2             1      1        4
  SINCE SEP 1      2             1      1        4
  SINCE JAN 1    105           108     -3       72
......................................................


WIND (MPH)
  HIGHEST WIND SPEED    10   HIGHEST WIND DIRECTION    SW (220)
  HIGHEST GUST SPEED    14   HIGHEST GUST DIRECTION    SW (230)
  AVERAGE WIND SPEED     3.0


SKY COVER
  AVERAGE SKY COVER 0.5


WEATHER CONDITIONS
 THE FOLLOWING WEATHER WAS RECORDED YESTERDAY.
  FOG
  FOG W/VISIBILITY <= 1/4 MILE


RELATIVE HUMIDITY (PERCENT)
 HIGHEST   100           100 AM
 LOWEST     39           100 PM
 AVERAGE    70

..........................................................


THE SARANAC LAKE NY CLIMATE NORMALS FOR TODAY
                         NORMAL    RECORD    YEAR
 MAXIMUM TEMPERATURE (F)   72        88      2010
 MINIMUM TEMPERATURE (F)   46        32      2001


SUNRISE AND SUNSET
SEPTEMBER  2 2015.....SUNRISE   620 AM EDT   SUNSET   732 PM EDT
SEPTEMBER  3 2015.....SUNRISE   622 AM EDT   SUNSET   730 PM EDT


-  INDICATES NEGATIVE NUMBERS.
R  INDICATES RECORD WAS SET OR TIED.
MM INDICATES DATA IS MISSING.
T  INDICATES TRACE AMOUNT.




$$
