000
CDUS41 KBTV 290520
CLISLK


CLIMATE REPORT
NATIONAL WEATHER SERVICE BURLINGTON VT
119 AM EDT WED JUL 29 2015


...................................

...THE SARANAC LAKE NY CLIMATE SUMMARY FOR JULY 28 2015...

CLIMATE NORMAL PERIOD 1981 TO 2010
CLIMATE RECORD PERIOD 9999 TO 9999


WEATHER ITEM   OBSERVED TIME   NORMAL DEPARTURE LAST
                VALUE   (LST)  VALUE  FROM      YEAR
                                      NORMAL
......................................................
TEMPERATURE (F)
 YESTERDAY
  MAXIMUM         86        MM  75     11       62
  MINIMUM         55        MM  51      4       50
  AVERAGE         71            63      8       56

PRECIPITATION (IN)
  YESTERDAY        0.00          0.13  -0.13     1.08
  MONTH TO DATE    2.92          3.78  -0.86     3.63
  SINCE JUN 1     12.69          7.63   5.06    10.41
  SINCE JAN 1     20.48         19.98   0.50    22.57

DEGREE DAYS
 HEATING
  YESTERDAY        0             3     -3        9
  MONTH TO DATE   95            84     11      103
  SINCE JUN 1    291           268     23      270
  SINCE JUL 1     95            84     11      103

 COOLING
  YESTERDAY        6             1      5        0
  MONTH TO DATE   42            43     -1       38
  SINCE JUN 1     48            69    -21       59
  SINCE JAN 1     64            72     -8       60
......................................................


WIND (MPH)
  HIGHEST WIND SPEED     8   HIGHEST WIND DIRECTION    SW (240)
  HIGHEST GUST SPEED    MM   HIGHEST GUST DIRECTION    MM
  AVERAGE WIND SPEED     2.7


SKY COVER
  AVERAGE SKY COVER 0.1


WEATHER CONDITIONS
 THE FOLLOWING WEATHER WAS RECORDED YESTERDAY.
  THUNDERSTORM
  FOG


RELATIVE HUMIDITY (PERCENT)
 HIGHEST   100           400 AM
 LOWEST     35           300 PM
 AVERAGE    68

..........................................................


THE SARANAC LAKE NY CLIMATE NORMALS FOR TODAY
                         NORMAL    RECORD    YEAR
 MAXIMUM TEMPERATURE (F)   75        83      2009
 MINIMUM TEMPERATURE (F)   51        41      2003


SUNRISE AND SUNSET
JULY 29 2015..........SUNRISE   540 AM EDT   SUNSET   826 PM EDT
JULY 30 2015..........SUNRISE   541 AM EDT   SUNSET   824 PM EDT


-  INDICATES NEGATIVE NUMBERS.
R  INDICATES RECORD WAS SET OR TIED.
MM INDICATES DATA IS MISSING.
T  INDICATES TRACE AMOUNT.




$$
