000
CDUS41 KBTV 060608
CLISLK


CLIMATE REPORT
NATIONAL WEATHER SERVICE BURLINGTON VT
108 AM EST FRI MAR 6 2015


...................................

...THE SARANAC LAKE NY CLIMATE SUMMARY FOR MARCH 5 2015...

CLIMATE NORMAL PERIOD 1981 TO 2010
CLIMATE RECORD PERIOD 9999 TO 9999


WEATHER ITEM   OBSERVED TIME   NORMAL DEPARTURE LAST
                VALUE   (LST)  VALUE  FROM      YEAR
                                      NORMAL
......................................................
TEMPERATURE (F)
 YESTERDAY
  MAXIMUM         19   1201 AM  33    -14       15
  MINIMUM        -21   1159 PM   7    -28      -19
  AVERAGE         -1            20    -21       -2

PRECIPITATION (IN)
  YESTERDAY        T             0.05  -0.05     0.01
  MONTH TO DATE    0.06          0.25  -0.19     0.02
  SINCE MAR 1      0.06          0.25  -0.19     0.02
  SINCE JAN 1      0.93          3.99  -3.06     2.64

DEGREE DAYS
 HEATING
  YESTERDAY       66            45     21       67
  MONTH TO DATE  284           230     54      317
  SINCE MAR 1    284           230     54      317
  SINCE JUL 1   7067          6935    132     7301

 COOLING
  YESTERDAY        0             0      0        0
  MONTH TO DATE    0             0      0        0
  SINCE MAR 1      0             0      0        0
  SINCE JAN 1      0             0      0        0
......................................................


WIND (MPH)
  HIGHEST WIND SPEED    20   HIGHEST WIND DIRECTION     W (260)
  HIGHEST GUST SPEED    26   HIGHEST GUST DIRECTION    SW (230)
  AVERAGE WIND SPEED     4.8


SKY COVER
  AVERAGE SKY COVER 0.4


WEATHER CONDITIONS
 THE FOLLOWING WEATHER WAS RECORDED YESTERDAY.
  LIGHT SNOW
  HAZE


RELATIVE HUMIDITY (PERCENT)
 HIGHEST    81          1000 PM
 LOWEST     38           400 PM
 AVERAGE    60

..........................................................


THE SARANAC LAKE NY CLIMATE NORMALS FOR TODAY
                         NORMAL    RECORD    YEAR
 MAXIMUM TEMPERATURE (F)   33        49      2009
 MINIMUM TEMPERATURE (F)    7       -28      2014


SUNRISE AND SUNSET
MARCH  6 2015.........SUNRISE   626 AM EST   SUNSET   551 PM EST
MARCH  7 2015.........SUNRISE   624 AM EST   SUNSET   552 PM EST


-  INDICATES NEGATIVE NUMBERS.
R  INDICATES RECORD WAS SET OR TIED.
MM INDICATES DATA IS MISSING.
T  INDICATES TRACE AMOUNT.




$$
