000
CDUS41 KBTV 221245
CLISLK


CLIMATE REPORT
NATIONAL WEATHER SERVICE BURLINGTON VT
845 AM EDT WED OCT 22 2014


...................................

...THE SARANAC LAKE NY CLIMATE SUMMARY FOR OCTOBER 21 2014...

CLIMATE NORMAL PERIOD 1981 TO 2010
CLIMATE RECORD PERIOD 9999 TO 9999


WEATHER ITEM   OBSERVED TIME   NORMAL DEPARTURE LAST
                VALUE   (LST)  VALUE  FROM      YEAR
                                      NORMAL
......................................................
TEMPERATURE (F)
 YESTERDAY
  MAXIMUM         44    237 PM  52     -8       60
  MINIMUM         40    653 AM  30     10       27
  AVERAGE         42            40      2       44

PRECIPITATION (IN)
  YESTERDAY        0.26          0.14   0.12      T
  MONTH TO DATE    2.19          2.71  -0.52     1.87
  SINCE SEP 1      4.19          6.00  -1.81     5.44
  SINCE JAN 1     30.15         30.54  -0.39    34.32

DEGREE DAYS
 HEATING
  YESTERDAY       23            24     -1       21
  MONTH TO DATE  350           447    -97      326
  SINCE SEP 1    685           792   -107      711
  SINCE JUL 1    964          1032    -68      924

 COOLING
  YESTERDAY        0             0      0        0
  MONTH TO DATE    2             0      2        0
  SINCE SEP 1     15             7      8       16
  SINCE JAN 1     83           114    -31      187
......................................................


WIND (MPH)
  HIGHEST WIND SPEED    14   HIGHEST WIND DIRECTION    NE (60)
  HIGHEST GUST SPEED    18   HIGHEST GUST DIRECTION    NE (50)
  AVERAGE WIND SPEED     7.0


SKY COVER
  AVERAGE SKY COVER 1.0


WEATHER CONDITIONS
 THE FOLLOWING WEATHER WAS RECORDED YESTERDAY.
  LIGHT RAIN
  FOG


RELATIVE HUMIDITY (PERCENT)
 HIGHEST   100           500 AM
 LOWEST     86           200 AM
 AVERAGE    93

..........................................................


THE SARANAC LAKE NY CLIMATE NORMALS FOR TODAY
                         NORMAL    RECORD    YEAR
 MAXIMUM TEMPERATURE (F)   51        MM        MM
 MINIMUM TEMPERATURE (F)   29        MM        MM


SUNRISE AND SUNSET
OCTOBER 22 2014.......SUNRISE   721 AM EDT   SUNSET   601 PM EDT
OCTOBER 23 2014.......SUNRISE   722 AM EDT   SUNSET   600 PM EDT


-  INDICATES NEGATIVE NUMBERS.
R  INDICATES RECORD WAS SET OR TIED.
MM INDICATES DATA IS MISSING.
T  INDICATES TRACE AMOUNT.




$$
