000
CDUS41 KBTV 300554
CLISLK


CLIMATE REPORT
NATIONAL WEATHER SERVICE BURLINGTON VT
152 AM EDT THU OCT 30 2014


...................................

...THE SARANAC LAKE NY CLIMATE SUMMARY FOR OCTOBER 29 2014...

CLIMATE NORMAL PERIOD 1981 TO 2010
CLIMATE RECORD PERIOD 9999 TO 9999


WEATHER ITEM   OBSERVED TIME   NORMAL DEPARTURE LAST
                VALUE   (LST)  VALUE  FROM      YEAR
                                      NORMAL
......................................................
TEMPERATURE (F)
 YESTERDAY
  MAXIMUM         56    216 AM  49      7       39
  MINIMUM         37    716 PM  28      9       11
  AVERAGE         47            38      9       25

PRECIPITATION (IN)
  YESTERDAY        0.12          0.14  -0.02     0.00
  MONTH TO DATE    3.14          3.81  -0.67     2.07
  SINCE SEP 1      5.14          7.10  -1.96     5.64
  SINCE JAN 1     31.10         31.64  -0.54    34.52

DEGREE DAYS
 HEATING
  YESTERDAY       18            27     -9       40
  MONTH TO DATE  532           653   -121      592
  SINCE SEP 1    867           998   -131      977
  SINCE JUL 1   1146          1238    -92     1190

 COOLING
  YESTERDAY        0             0      0        0
  MONTH TO DATE    2             0      2        0
  SINCE SEP 1     15             7      8       16
  SINCE JAN 1     83           114    -31      187
......................................................


WIND (MPH)
  HIGHEST WIND SPEED    17   HIGHEST WIND DIRECTION     W (250)
  HIGHEST GUST SPEED    24   HIGHEST GUST DIRECTION     W (250)
  AVERAGE WIND SPEED     6.2


SKY COVER
  AVERAGE SKY COVER 0.7


WEATHER CONDITIONS
 THE FOLLOWING WEATHER WAS RECORDED YESTERDAY.
  RAIN
  LIGHT RAIN
  FOG
  FOG W/VISIBILITY <= 1/4 MILE


RELATIVE HUMIDITY (PERCENT)
 HIGHEST   100           300 AM
 LOWEST     70           200 PM
 AVERAGE    85

..........................................................


THE SARANAC LAKE NY CLIMATE NORMALS FOR TODAY
                         NORMAL    RECORD    YEAR
 MAXIMUM TEMPERATURE (F)   49        MM        MM
 MINIMUM TEMPERATURE (F)   28        MM        MM


SUNRISE AND SUNSET
OCTOBER 30 2014.......SUNRISE   731 AM EDT   SUNSET   549 PM EDT
OCTOBER 31 2014.......SUNRISE   733 AM EDT   SUNSET   548 PM EDT


-  INDICATES NEGATIVE NUMBERS.
R  INDICATES RECORD WAS SET OR TIED.
MM INDICATES DATA IS MISSING.
T  INDICATES TRACE AMOUNT.




$$
