000
CDUS41 KBTV 260532
CLISLK


CLIMATE REPORT
NATIONAL WEATHER SERVICE BURLINGTON VT
131 AM EDT TUE MAY 26 2015


...................................

...THE SARANAC LAKE NY CLIMATE SUMMARY FOR MAY 25 2015...

CLIMATE NORMAL PERIOD 1981 TO 2010
CLIMATE RECORD PERIOD 9999 TO 9999


WEATHER ITEM   OBSERVED TIME   NORMAL DEPARTURE LAST
                VALUE   (LST)  VALUE  FROM      YEAR
                                      NORMAL
......................................................
TEMPERATURE (F)
 YESTERDAY
  MAXIMUM         78    303 PM  67     11       75
  MINIMUM         48    146 AM  40      8       39
  AVERAGE         63            53     10       57

PRECIPITATION (IN)
  YESTERDAY        0.16          0.12   0.04     0.00
  MONTH TO DATE    1.64          2.69  -1.05     3.79
  SINCE MAR 1      4.97          7.86  -2.89     9.48
  SINCE JAN 1      5.84         11.60  -5.76    12.10

DEGREE DAYS
 HEATING
  YESTERDAY        2            12    -10        8
  MONTH TO DATE  283           398   -115      360
  SINCE MAR 1   2504          2464     40     2719
  SINCE JUL 1   9287          9169    118     9703

 COOLING
  YESTERDAY        0             0      0        0
  MONTH TO DATE    5             0      5        1
  SINCE MAR 1      5             0      5        1
  SINCE JAN 1      5             0      5        1
......................................................


WIND (MPH)
  HIGHEST WIND SPEED    18   HIGHEST WIND DIRECTION    SW (210)
  HIGHEST GUST SPEED    23   HIGHEST GUST DIRECTION     S (200)
  AVERAGE WIND SPEED     5.6


SKY COVER
  AVERAGE SKY COVER 0.8


WEATHER CONDITIONS
 THE FOLLOWING WEATHER WAS RECORDED YESTERDAY.
  LIGHT RAIN
  FOG


RELATIVE HUMIDITY (PERCENT)
 HIGHEST    77           600 AM
 LOWEST     41           400 PM
 AVERAGE    59

..........................................................


THE SARANAC LAKE NY CLIMATE NORMALS FOR TODAY
                         NORMAL    RECORD    YEAR
 MAXIMUM TEMPERATURE (F)   67        90      2010
 MINIMUM TEMPERATURE (F)   41        26      2009


SUNRISE AND SUNSET
MAY 26 2015...........SUNRISE   520 AM EDT   SUNSET   829 PM EDT
MAY 27 2015...........SUNRISE   519 AM EDT   SUNSET   829 PM EDT


-  INDICATES NEGATIVE NUMBERS.
R  INDICATES RECORD WAS SET OR TIED.
MM INDICATES DATA IS MISSING.
T  INDICATES TRACE AMOUNT.




$$
