000
CDUS43 KICT 130635
CLISLN


CLIMATE REPORT
NATIONAL WEATHER SERVICE WICHITA KS
1234 AM CST SAT FEB 13 2016


...................................

...THE SALINA KS CLIMATE SUMMARY FOR FEBRUARY 12 2016...

CLIMATE NORMAL PERIOD 1981 TO 2010
CLIMATE RECORD PERIOD 1894 TO 2016


WEATHER ITEM   OBSERVED TIME   RECORD YEAR NORMAL DEPARTURE LAST
                VALUE   (LST)  VALUE       VALUE  FROM      YEAR
                                                  NORMAL
..................................................................
TEMPERATURE (F)
 YESTERDAY
  MAXIMUM         39    347 PM  73    1976  46     -7       31
  MINIMUM         28   1159 PM -27    1899  24      4       16
  AVERAGE         34                        34      0       24

PRECIPITATION (IN)
  YESTERDAY        0.00          0.80 1978   0.04  -0.04     0.00
  MONTH TO DATE    0.48                      0.45   0.03     0.09
  SINCE DEC 1      4.86                      2.02   2.84     3.19
  SINCE JAN 1      1.20                      1.08   0.12     1.29

DEGREE DAYS
 HEATING
  YESTERDAY       31                        30      1       41
  MONTH TO DATE  332                       380    -48      346
  SINCE DEC 1   2039                      2444   -405     2241
  SINCE JUL 1   2671                      3396   -725     3238

 COOLING
  YESTERDAY        0                         0      0        0
  MONTH TO DATE    0                         0      0        0
  SINCE DEC 1      0                         0      0        0
  SINCE JAN 1      0                         0      0        0
..................................................................


WIND (MPH)
  HIGHEST WIND SPEED    17   HIGHEST WIND DIRECTION     N (360)
  HIGHEST GUST SPEED    22   HIGHEST GUST DIRECTION     N (360)
  AVERAGE WIND SPEED    11.3


SKY COVER
  POSSIBLE SUNSHINE  MM
  AVERAGE SKY COVER 0.6


WEATHER CONDITIONS
 THE FOLLOWING WEATHER WAS RECORDED YESTERDAY.
  NO SIGNIFICANT WEATHER WAS OBSERVED.


RELATIVE HUMIDITY (PERCENT)
 HIGHEST    85           600 AM
 LOWEST     50          1100 PM
 AVERAGE    68

..........................................................


THE SALINA KS CLIMATE NORMALS FOR TODAY
                         NORMAL    RECORD    YEAR
 MAXIMUM TEMPERATURE (F)   46        78      1921
 MINIMUM TEMPERATURE (F)   24       -31      1905


SUNRISE AND SUNSET
FEBRUARY 13 2016......SUNRISE   725 AM CST   SUNSET   605 PM CST
FEBRUARY 14 2016......SUNRISE   723 AM CST   SUNSET   607 PM CST


-  INDICATES NEGATIVE NUMBERS.
R  INDICATES RECORD WAS SET OR TIED.
MM INDICATES DATA IS MISSING.
T  INDICATES TRACE AMOUNT.




$$
