000
CDUS43 KICT 190631
CLISLN


CLIMATE REPORT
NATIONAL WEATHER SERVICE WICHITA KS
1230 AM CST MON FEB 19 2018


...................................

...THE SALINA KS CLIMATE SUMMARY FOR FEBRUARY 18 2018...

CLIMATE NORMAL PERIOD 1981 TO 2010
CLIMATE RECORD PERIOD 1894 TO 2018


WEATHER ITEM   OBSERVED TIME   RECORD YEAR NORMAL DEPARTURE LAST
                VALUE   (LST)  VALUE       VALUE  FROM      YEAR
                                                  NORMAL
..................................................................
TEMPERATURE (F)
 YESTERDAY
  MAXIMUM         65    321 PM  79    2016  47     18       76
  MINIMUM         30   1201 AM -10    1979  25      5       35
  AVERAGE         48                        36     12       56

PRECIPITATION (IN)
  YESTERDAY        0.00          0.98 1926   0.05  -0.05     0.00
  MONTH TO DATE    T                         0.70  -0.70     0.02
  SINCE DEC 1      0.39                      2.27  -1.88     2.89
  SINCE JAN 1      0.34                      1.33  -0.99     2.04

DEGREE DAYS
 HEATING
  YESTERDAY       17                        29    -12        9
  MONTH TO DATE  570                       557     13      405
  SINCE DEC 1   2531                      2621    -90     1968
  SINCE JUL 1   3287                      3573   -286     2511

 COOLING
  YESTERDAY        0                         0      0        0
  MONTH TO DATE    0                         0      0        0
  SINCE DEC 1      0                         0      0        0
  SINCE JAN 1      0                         0      0        0
..................................................................


WIND (MPH)
  HIGHEST WIND SPEED    37   HIGHEST WIND DIRECTION     S (190)
  HIGHEST GUST SPEED    49   HIGHEST GUST DIRECTION     S (170)
  AVERAGE WIND SPEED    22.6


SKY COVER
  POSSIBLE SUNSHINE  MM
  AVERAGE SKY COVER 0.0


WEATHER CONDITIONS
 THE FOLLOWING WEATHER WAS RECORDED YESTERDAY.
  NO SIGNIFICANT WEATHER WAS OBSERVED.


RELATIVE HUMIDITY (PERCENT)
 HIGHEST    86          1100 PM
 LOWEST     34           300 AM
 AVERAGE    60

..........................................................


THE SALINA KS CLIMATE NORMALS FOR TODAY
                         NORMAL    RECORD    YEAR
 MAXIMUM TEMPERATURE (F)   48        79      1930
 MINIMUM TEMPERATURE (F)   26        -3      1978


SUNRISE AND SUNSET
FEBRUARY 19 2018......SUNRISE   717 AM CST   SUNSET   613 PM CST
FEBRUARY 20 2018......SUNRISE   715 AM CST   SUNSET   614 PM CST


-  INDICATES NEGATIVE NUMBERS.
R  INDICATES RECORD WAS SET OR TIED.
MM INDICATES DATA IS MISSING.
T  INDICATES TRACE AMOUNT.




$$
