000
CDUS43 KICT 200633
CLISLN

CLIMATE REPORT
NATIONAL WEATHER SERVICE WICHITA KS
133 AM CDT SAT SEP 20 2014


...................................

...THE SALINA KS CLIMATE SUMMARY FOR SEPTEMBER 19 2014...

CLIMATE NORMAL PERIOD 1981 TO 2010
CLIMATE RECORD PERIOD 1894 TO 2014


WEATHER ITEM   OBSERVED TIME   RECORD YEAR NORMAL DEPARTURE LAST
                VALUE   (LST)  VALUE       VALUE  FROM      YEAR
                                                  NORMAL
..................................................................
TEMPERATURE (F)
 YESTERDAY
  MAXIMUM         90    353 PM  99    1931  80     10       90
  MINIMUM         63    621 AM  39    1991  57      6       65
  AVERAGE         77                        69      8       78

PRECIPITATION (IN)
  YESTERDAY        0.00          2.28 1967   0.09  -0.09      T
  MONTH TO DATE    1.21                      1.73  -0.52     1.21
  SINCE SEP 1      1.21                      1.73  -0.52     1.21
  SINCE JAN 1     22.49                     26.07  -3.58    27.45

DEGREE DAYS
 HEATING
  YESTERDAY        0                         2     -2        0
  MONTH TO DATE   38                        15     23        3
  SINCE SEP 1     38                        15     23        3
  SINCE JUL 1     38                        16     22        6

 COOLING
  YESTERDAY       12                         6      6       13
  MONTH TO DATE  131                       160    -29      249
  SINCE SEP 1    131                       160    -29      249
  SINCE JAN 1   1689                      1567    122     1643
..................................................................


WIND (MPH)
  HIGHEST WIND SPEED    20   HIGHEST WIND DIRECTION     S (190)
  HIGHEST GUST SPEED    29   HIGHEST GUST DIRECTION     S (160)
  AVERAGE WIND SPEED     9.9


SKY COVER
  POSSIBLE SUNSHINE  MM
  AVERAGE SKY COVER 0.0


WEATHER CONDITIONS
 THE FOLLOWING WEATHER WAS RECORDED YESTERDAY.
  NO SIGNIFICANT WEATHER WAS OBSERVED.


RELATIVE HUMIDITY (PERCENT)
 HIGHEST    93           300 AM
 LOWEST     47           200 PM
 AVERAGE    70

..........................................................


THE SALINA KS CLIMATE NORMALS FOR TODAY
                         NORMAL    RECORD    YEAR
 MAXIMUM TEMPERATURE (F)   80        97      1935
 MINIMUM TEMPERATURE (F)   56        28      1918


SUNRISE AND SUNSET
SEPTEMBER 20 2014.....SUNRISE   716 AM CDT   SUNSET   731 PM CDT
SEPTEMBER 21 2014.....SUNRISE   717 AM CDT   SUNSET   729 PM CDT


-  INDICATES NEGATIVE NUMBERS.
R  INDICATES RECORD WAS SET OR TIED.
MM INDICATES DATA IS MISSING.
T  INDICATES TRACE AMOUNT.




$$
