000
CDUS43 KICT 290626
CLISLN


CLIMATE REPORT
NATIONAL WEATHER SERVICE WICHITA KS
126 AM CDT FRI MAY 29 2015


...................................

...THE SALINA KS CLIMATE SUMMARY FOR MAY 28 2015...

CLIMATE NORMAL PERIOD 1981 TO 2010
CLIMATE RECORD PERIOD 1894 TO 2015


WEATHER ITEM   OBSERVED TIME   RECORD YEAR NORMAL DEPARTURE LAST
                VALUE   (LST)  VALUE       VALUE  FROM      YEAR
                                                  NORMAL
..................................................................
TEMPERATURE (F)
 YESTERDAY
  MAXIMUM         78    535 PM  99    1928  80     -2       89
  MINIMUM         63    348 AM  40    1992  58      5       62
  AVERAGE         71                        69      2       76

PRECIPITATION (IN)
  YESTERDAY        0.62          5.25 1903   0.18   0.44     0.00
  MONTH TO DATE    8.26                      4.23   4.03     3.95
  SINCE MAR 1     10.14                      9.67   0.47     5.58
  SINCE JAN 1     11.58                     11.47   0.11     7.39

DEGREE DAYS
 HEATING
  YESTERDAY        0                         1     -1        0
  MONTH TO DATE   92                        93     -1       99
  SINCE MAR 1    824                      1020   -196     1147
  SINCE JUL 1   4653                      4861   -208     5397

 COOLING
  YESTERDAY        6                         5      1       11
  MONTH TO DATE   73                        85    -12      159
  SINCE MAR 1     85                       110    -25      195
  SINCE JAN 1     85                       110    -25      195
..................................................................


WIND (MPH)
  HIGHEST WIND SPEED    22   HIGHEST WIND DIRECTION     W (270)
  HIGHEST GUST SPEED    32   HIGHEST GUST DIRECTION     W (260)
  AVERAGE WIND SPEED    10.7


SKY COVER
  POSSIBLE SUNSHINE  MM
  AVERAGE SKY COVER 0.5


WEATHER CONDITIONS
 THE FOLLOWING WEATHER WAS RECORDED YESTERDAY.
  THUNDERSTORM
  HEAVY RAIN
  RAIN
  LIGHT RAIN
  FOG


RELATIVE HUMIDITY (PERCENT)
 HIGHEST    93           700 AM
 LOWEST     58           500 PM
 AVERAGE    76

..........................................................


THE SALINA KS CLIMATE NORMALS FOR TODAY
                         NORMAL    RECORD    YEAR
 MAXIMUM TEMPERATURE (F)   81       104      1913
 MINIMUM TEMPERATURE (F)   59        33      1947


SUNRISE AND SUNSET
MAY 29 2015...........SUNRISE   609 AM CDT   SUNSET   848 PM CDT
MAY 30 2015...........SUNRISE   608 AM CDT   SUNSET   848 PM CDT


-  INDICATES NEGATIVE NUMBERS.
R  INDICATES RECORD WAS SET OR TIED.
MM INDICATES DATA IS MISSING.
T  INDICATES TRACE AMOUNT.




$$
