000
CDUS46 KLOX 010915
CLISMX


CLIMATE REPORT
NATIONAL WEATHER SERVICE LOS ANGELES/OXNARD CA
115 AM PST WED MAR 1 2017


...................................

...THE SANTA MARIA AIRPORT CA CLIMATE SUMMARY FOR FEBRUARY 28 2017...

CLIMATE NORMAL PERIOD 1981 TO 2010
CLIMATE RECORD PERIOD 1906 TO 2017


WEATHER ITEM   OBSERVED TIME   RECORD YEAR NORMAL DEPARTURE LAST
                VALUE   (LST)  VALUE       VALUE  FROM      YEAR
                                                  NORMAL
..................................................................
TEMPERATURE (F)
 YESTERDAY
  MAXIMUM         58    200 PM  86    1926  64     -6       82
  MINIMUM         37    441 AM  26    1971  43     -6       52
  AVERAGE         48                        54     -6       67

PRECIPITATION (IN)
  YESTERDAY        0.00          2.16 1970   0.10  -0.10     0.00
  MONTH TO DATE    5.44                      2.99   2.45     0.35
  SINCE OCT 1     16.08                      9.79   6.29     5.16
  SINCE JAN 1     11.28                      5.74   5.54     3.28

SNOWFALL (IN)
  YESTERDAY        0.0
  MONTH TO DATE    0.0
  SINCE DEC 1      0.0
  SINCE JUL 1      0.0

DEGREE DAYS
 HEATING
  YESTERDAY       17                        11      6
  MONTH TO DATE  317                       343    -26
  SINCE DEC 1   1173                      1187    -14
  SINCE JUL 1   1724                      1833   -109

 COOLING
  YESTERDAY        0                         0      0
  MONTH TO DATE    0                         1     -1
  SINCE DEC 1      0                         1     -1
  SINCE JAN 1      0                         1     -1
..................................................................


WIND (MPH)
  HIGHEST WIND SPEED    23   HIGHEST WIND DIRECTION     W (290)
  HIGHEST GUST SPEED    27   HIGHEST GUST DIRECTION    NW (300)
  AVERAGE WIND SPEED     9.5


SKY COVER
  POSSIBLE SUNSHINE  MM
  AVERAGE SKY COVER 0.1


WEATHER CONDITIONS
 THE FOLLOWING WEATHER WAS RECORDED YESTERDAY.
  NO SIGNIFICANT WEATHER WAS OBSERVED.


RELATIVE HUMIDITY (PERCENT)
 HIGHEST   100           300 AM
 LOWEST     47          1100 AM
 AVERAGE    74

..........................................................


THE SANTA MARIA AIRPORT CA CLIMATE NORMALS FOR TODAY
                         NORMAL    RECORD    YEAR
 MAXIMUM TEMPERATURE (F)   64        84      1910
 MINIMUM TEMPERATURE (F)   43        30      1964
                                             1939


SUNRISE AND SUNSET
MARCH  1 2017.........SUNRISE   631 AM PST   SUNSET   558 PM PST
MARCH  2 2017.........SUNRISE   629 AM PST   SUNSET   559 PM PST


-  INDICATES NEGATIVE NUMBERS.
R  INDICATES RECORD WAS SET OR TIED.
MM INDICATES DATA IS MISSING.
T  INDICATES TRACE AMOUNT.




$$
