000
CDUS46 KLOX 260902
CLISMX


CLIMATE REPORT
NATIONAL WEATHER SERVICE LOS ANGELES/OXNARD CA
201 AM PDT TUE SEP 26 2017


...................................

...THE SANTA MARIA AIRPORT CA CLIMATE SUMMARY FOR SEPTEMBER 25 2017...

CLIMATE NORMAL PERIOD 1981 TO 2010
CLIMATE RECORD PERIOD 1906 TO 2017


WEATHER ITEM   OBSERVED TIME   RECORD YEAR NORMAL DEPARTURE LAST
                VALUE   (LST)  VALUE       VALUE  FROM      YEAR
                                                  NORMAL
..................................................................
TEMPERATURE (F)
 YESTERDAY
  MAXIMUM         84   1120 AM  99    1968  74     10       97
  MINIMUM         47    533 AM  38    1948  52     -5       53
  AVERAGE         66                        63      3       75

PRECIPITATION (IN)
  YESTERDAY        0.00          0.29 1939   0.00   0.00     0.00
  MONTH TO DATE    0.47                      0.10   0.37     0.00
  SINCE OCT 1     18.91                     13.91   5.00     9.00
  SINCE JAN 1     14.11                      9.86   4.25     7.12

SNOWFALL (IN)
  YESTERDAY        0.0
  MONTH TO DATE    0.0
  SINCE SEP 1      0.0
  SINCE JUL 1      0.0

DEGREE DAYS
 HEATING
  YESTERDAY        0                         3     -3
  MONTH TO DATE   22                        65    -43
  SINCE SEP 1     22                        65    -43
  SINCE JUL 1     63                       201   -138

 COOLING
  YESTERDAY        1                         1      0
  MONTH TO DATE  114                        25     89
  SINCE SEP 1    114                        25     89
  SINCE JAN 1    214                        80    134
..................................................................


WIND (MPH)
  HIGHEST WIND SPEED    22   HIGHEST WIND DIRECTION    NW (310)
  HIGHEST GUST SPEED    26   HIGHEST GUST DIRECTION    NW (310)
  AVERAGE WIND SPEED     6.1


SKY COVER
  POSSIBLE SUNSHINE  MM
  AVERAGE SKY COVER 0.0


WEATHER CONDITIONS
 THE FOLLOWING WEATHER WAS RECORDED YESTERDAY.
  NO SIGNIFICANT WEATHER WAS OBSERVED.


RELATIVE HUMIDITY (PERCENT)
 HIGHEST    71           400 AM
 LOWEST     18          1100 AM
 AVERAGE    45

..........................................................


THE SANTA MARIA AIRPORT CA CLIMATE NORMALS FOR TODAY
                         NORMAL    RECORD    YEAR
 MAXIMUM TEMPERATURE (F)   74       101      2016
 MINIMUM TEMPERATURE (F)   52        36      1948


SUNRISE AND SUNSET
SEPTEMBER 26 2017.....SUNRISE   653 AM PDT   SUNSET   652 PM PDT
SEPTEMBER 27 2017.....SUNRISE   654 AM PDT   SUNSET   651 PM PDT


-  INDICATES NEGATIVE NUMBERS.
R  INDICATES RECORD WAS SET OR TIED.
MM INDICATES DATA IS MISSING.
T  INDICATES TRACE AMOUNT.




$$
