000
CDUS46 KLOX 210858
CLISMX


CLIMATE REPORT
NATIONAL WEATHER SERVICE LOS ANGELES/OXNARD CA
1258 AM PST TUE NOV 21 2017


...................................

...THE SANTA MARIA AIRPORT CA CLIMATE SUMMARY FOR NOVEMBER 20 2017...

CLIMATE NORMAL PERIOD 1981 TO 2010
CLIMATE RECORD PERIOD 1906 TO 2017


WEATHER ITEM   OBSERVED TIME   RECORD YEAR NORMAL DEPARTURE LAST
                VALUE   (LST)  VALUE       VALUE  FROM      YEAR
                                                  NORMAL
..................................................................
TEMPERATURE (F)
 YESTERDAY
  MAXIMUM         74    335 PM  88    1989  68      6       67
  MINIMUM         45    443 AM  28    1964  42      3       43
                                      1921
  AVERAGE         60                        55      5       55

PRECIPITATION (IN)
  YESTERDAY        0.00          1.39 1946   0.05  -0.05     0.69
  MONTH TO DATE    0.02                      0.84  -0.82     0.69
  SINCE OCT 1      0.05                      1.44  -1.39     1.97
  SINCE JAN 1     14.16                     11.34   2.82     9.09

SNOWFALL (IN)
  YESTERDAY        0.0
  MONTH TO DATE    0.0
  SINCE SEP 1      0.0
  SINCE JUL 1      0.0

DEGREE DAYS
 HEATING
  YESTERDAY        5                        10     -5
  MONTH TO DATE   99                       168    -69
  SINCE SEP 1    195                       396   -201
  SINCE JUL 1    236                       532   -296

 COOLING
  YESTERDAY        0                         0      0
  MONTH TO DATE    0                         0      0
  SINCE SEP 1    213                        45    168
  SINCE JAN 1    313                       100    213
..................................................................


WIND (MPH)
  HIGHEST WIND SPEED    17   HIGHEST WIND DIRECTION    NW (300)
  HIGHEST GUST SPEED    MM   HIGHEST GUST DIRECTION    MM
  AVERAGE WIND SPEED     4.8


SKY COVER
  POSSIBLE SUNSHINE  MM
  AVERAGE SKY COVER 0.2


WEATHER CONDITIONS
 THE FOLLOWING WEATHER WAS RECORDED YESTERDAY.
  NO SIGNIFICANT WEATHER WAS OBSERVED.


RELATIVE HUMIDITY (PERCENT)
 HIGHEST    93          1200 AM
 LOWEST     38           300 PM
 AVERAGE    66

..........................................................


THE SANTA MARIA AIRPORT CA CLIMATE NORMALS FOR TODAY
                         NORMAL    RECORD    YEAR
 MAXIMUM TEMPERATURE (F)   67        87      1917
 MINIMUM TEMPERATURE (F)   42        25      1931


SUNRISE AND SUNSET
NOVEMBER 21 2017......SUNRISE   642 AM PST   SUNSET   453 PM PST
NOVEMBER 22 2017......SUNRISE   643 AM PST   SUNSET   453 PM PST


-  INDICATES NEGATIVE NUMBERS.
R  INDICATES RECORD WAS SET OR TIED.
MM INDICATES DATA IS MISSING.
T  INDICATES TRACE AMOUNT.




$$
