000
CDUS46 KLOX 240920
CLISMX


CLIMATE REPORT
NATIONAL WEATHER SERVICE LOS ANGELES/OXNARD CA
220 AM PDT MON JUL 24 2017


...................................

...THE SANTA MARIA AIRPORT CA CLIMATE SUMMARY FOR JULY 23 2017...

CLIMATE NORMAL PERIOD 1981 TO 2010
CLIMATE RECORD PERIOD 1906 TO 2017


WEATHER ITEM   OBSERVED TIME   RECORD YEAR NORMAL DEPARTURE LAST
                VALUE   (LST)  VALUE       VALUE  FROM      YEAR
                                                  NORMAL
..................................................................
TEMPERATURE (F)
 YESTERDAY
  MAXIMUM         79   1233 PM  90    2006  73      6       74
  MINIMUM         53    551 AM  44    1926  54     -1       51
                                      1919
  AVERAGE         66                        64      2       63

PRECIPITATION (IN)
  YESTERDAY        0.00          T    1984   0.00   0.00     0.00
                                      1981
                                      1979
  MONTH TO DATE    0.00                      0.02  -0.02      T
  SINCE OCT 1     18.44                     13.78   4.66     9.00
  SINCE JAN 1     13.64                      9.73   3.91     7.12

SNOWFALL (IN)
  YESTERDAY        0.0
  MONTH TO DATE    0.0
  SINCE JUN 1      0.0
  SINCE JUL 1      0.0

DEGREE DAYS
 HEATING
  YESTERDAY        0                         2     -2
  MONTH TO DATE   28                        57    -29
  SINCE JUN 1    135                       198    -63
  SINCE JUL 1     28                        57    -29

 COOLING
  YESTERDAY        1                         1      0
  MONTH TO DATE   25                        18      7
  SINCE JUN 1     33                        24      9
  SINCE JAN 1     47                        34     13
..................................................................


WIND (MPH)
  HIGHEST WIND SPEED    15   HIGHEST WIND DIRECTION     W (280)
  HIGHEST GUST SPEED    25   HIGHEST GUST DIRECTION    NW (300)
  AVERAGE WIND SPEED     5.4


SKY COVER
  POSSIBLE SUNSHINE  MM
  AVERAGE SKY COVER 0.5


WEATHER CONDITIONS
 THE FOLLOWING WEATHER WAS RECORDED YESTERDAY.
  FOG
  FOG W/VISIBILITY <= 1/4 MILE
  HAZE


RELATIVE HUMIDITY (PERCENT)
 HIGHEST   100          1200 AM
 LOWEST     50          1200 PM
 AVERAGE    75

..........................................................


THE SANTA MARIA AIRPORT CA CLIMATE NORMALS FOR TODAY
                         NORMAL    RECORD    YEAR
 MAXIMUM TEMPERATURE (F)   73        84      2006
 MINIMUM TEMPERATURE (F)   54        43      1923
                                             1922


SUNRISE AND SUNSET
JULY 24 2017..........SUNRISE   606 AM PDT   SUNSET   810 PM PDT
JULY 25 2017..........SUNRISE   607 AM PDT   SUNSET   810 PM PDT


-  INDICATES NEGATIVE NUMBERS.
R  INDICATES RECORD WAS SET OR TIED.
MM INDICATES DATA IS MISSING.
T  INDICATES TRACE AMOUNT.




$$
