000
CDUS46 KLOX 241215
CLISMX


CLIMATE REPORT
NATIONAL WEATHER SERVICE LOS ANGELES/OXNARD CA
515 AM PDT FRI OCT 24 2014


...................................

...THE SANTA MARIA AIRPORT CA CLIMATE SUMMARY FOR OCTOBER 23 2014...

CLIMATE NORMAL PERIOD 1981 TO 2010
CLIMATE RECORD PERIOD 1906 TO 2014


WEATHER ITEM   OBSERVED TIME   RECORD YEAR NORMAL DEPARTURE LAST
                VALUE   (LST)  VALUE       VALUE  FROM      YEAR
                                                  NORMAL
..................................................................
TEMPERATURE (F)
 YESTERDAY
  MAXIMUM         80   1152 AM  98    1965  73      7       66
  MINIMUM         52    558 AM  36    1961  48      4       52
  AVERAGE         66                        60      6       59

PRECIPITATION (IN)
  YESTERDAY        0.00          0.19 1973   0.03  -0.03     0.00
  MONTH TO DATE    T                         0.35  -0.35     0.01
  SINCE JUL 1      T                         0.54  -0.54     0.02
  SINCE JAN 1      4.01                     10.25  -6.24     2.51

SNOWFALL (IN)
  YESTERDAY        0.0
  MONTH TO DATE    0.0
  SINCE SEP 1      0.0
  SINCE JUL 1      0.0

DEGREE DAYS
 HEATING
  YESTERDAY        0                         5     -5
  MONTH TO DATE    2                       100    -98
  SINCE SEP 1      3                       181   -178
  SINCE JUL 1      3                       317   -314

 COOLING
  YESTERDAY        1                         0      1
  MONTH TO DATE  110                        21     89
  SINCE SEP 1    202                        48    154
  SINCE JAN 1    547                       103    444
..................................................................


WIND (MPH)
  HIGHEST WIND SPEED    14   HIGHEST WIND DIRECTION    NW (300)
  HIGHEST GUST SPEED    16   HIGHEST GUST DIRECTION    NW (320)
  AVERAGE WIND SPEED     4.8


SKY COVER
  POSSIBLE SUNSHINE  MM
  AVERAGE SKY COVER 0.0


WEATHER CONDITIONS
 THE FOLLOWING WEATHER WAS RECORDED YESTERDAY.
  FOG
  FOG W/VISIBILITY <= 1/4 MILE
  HAZE


RELATIVE HUMIDITY (PERCENT)
 HIGHEST    83           500 AM
 LOWEST     28          1100 AM
 AVERAGE    56

..........................................................


THE SANTA MARIA AIRPORT CA CLIMATE NORMALS FOR TODAY
                         NORMAL    RECORD    YEAR
 MAXIMUM TEMPERATURE (F)   73        97      1965
 MINIMUM TEMPERATURE (F)   47        36      1949


SUNRISE AND SUNSET
OCTOBER 24 2014.......SUNRISE   715 AM PDT   SUNSET   616 PM PDT
OCTOBER 25 2014.......SUNRISE   716 AM PDT   SUNSET   615 PM PDT


-  INDICATES NEGATIVE NUMBERS.
R  INDICATES RECORD WAS SET OR TIED.
MM INDICATES DATA IS MISSING.
T  INDICATES TRACE AMOUNT.




$$
