000
CDUS46 KSGX 311417
CLISNA


CLIMATE REPORT
NATIONAL WEATHER SERVICE SAN DIEGO, CA
716 AM PDT MON AUG 31 2015


...................................

...THE JOHN WAYNE AIRPORT CA CLIMATE SUMMARY FOR AUGUST 30 2015...

CLIMATE NORMAL PERIOD 1981 TO 2010
CLIMATE RECORD PERIOD 1999 TO 2015


WEATHER ITEM   OBSERVED TIME   RECORD YEAR NORMAL DEPARTURE LAST
                VALUE   (LST)  VALUE       VALUE  FROM      YEAR
                                                  NORMAL
..................................................................
TEMPERATURE (F)
 YESTERDAY
  MAXIMUM         83    105 PM  98    2013  81      2       86
  MINIMUM         69   1122 PM  62    2010  65      4       69
                                      2002
                                      1999
  AVERAGE         76                        73      3       78

PRECIPITATION (IN)
  YESTERDAY        0.00          T    2005   0.00   0.00     0.00
  MONTH TO DATE    T                         0.03  -0.03     0.03
  SINCE OCT 1      7.29                     13.11  -5.82     3.55
  SINCE JAN 1      3.49                      9.03  -5.54     2.62

DEGREE DAYS
 HEATING
  YESTERDAY        0                         0      0        0
  MONTH TO DATE    0                         0      0        0
  SINCE JUN 1      0                         7     -7        0
  SINCE JUL 1      0                         0      0        0

 COOLING
  YESTERDAY       11                         8      3       13
  MONTH TO DATE  314                       231     83      356
  SINCE JUN 1    700                       498    202      895
  SINCE JAN 1    941                       565    376     1232
..................................................................


WIND (MPH)
  RESULTANT WIND SPEED   5   RESULTANT WIND DIRECTION  SW (220)
  HIGHEST WIND SPEED    15   HIGHEST WIND DIRECTION     S (190)
  HIGHEST GUST SPEED    20   HIGHEST GUST DIRECTION    SW (230)
  AVERAGE WIND SPEED     5.7


SKY COVER
  POSSIBLE SUNSHINE  MM
  AVERAGE SKY COVER 0.2


WEATHER CONDITIONS
 THE FOLLOWING WEATHER WAS RECORDED YESTERDAY.
  NO SIGNIFICANT WEATHER WAS OBSERVED.


RELATIVE HUMIDITY (PERCENT)
 HIGHEST    93           300 AM
 LOWEST     58           100 PM
 AVERAGE    76

..........................................................


THE JOHN WAYNE AIRPORT CA CLIMATE NORMALS FOR TODAY
                         NORMAL    RECORD    YEAR
 MAXIMUM TEMPERATURE (F)   81        92      2013
                                             2007
 MINIMUM TEMPERATURE (F)   65        62      2010


SUNRISE AND SUNSET
AUGUST 31 2015........SUNRISE   625 AM PDT   SUNSET   719 PM PDT
SEPTEMBER  1 2015.....SUNRISE   625 AM PDT   SUNSET   717 PM PDT


-  INDICATES NEGATIVE NUMBERS.
R  INDICATES RECORD WAS SET OR TIED.
MM INDICATES DATA IS MISSING.
T  INDICATES TRACE AMOUNT.




$$
