000
CDUS46 KSGX 220120
CLISNA


CLIMATE REPORT
NATIONAL WEATHER SERVICE SAN DIEGO, CA
520 PM PST SUN DEC 21 2014


...................................

...THE JOHN WAYNE AIRPORT CA CLIMATE SUMMARY FOR DECEMBER 21 2014...
VALID TODAY AS OF 0500 PM LOCAL TIME.

CLIMATE NORMAL PERIOD 1981 TO 2010
CLIMATE RECORD PERIOD 1999 TO 2014


WEATHER ITEM   OBSERVED TIME   RECORD YEAR NORMAL DEPARTURE LAST
                VALUE   (LST)  VALUE       VALUE  FROM      YEAR
                                                  NORMAL
..................................................................
TEMPERATURE (F)
 TODAY
  MAXIMUM         70    215 PM  77    2005  65      5       64
  MINIMUM         54    654 AM  40    2012  46      8       46
  AVERAGE         62                        56      6       55

PRECIPITATION (IN)
  TODAY            0.00          1.31 2010   0.07  -0.07     0.00
  MONTH TO DATE    3.46                      1.00   2.46     0.29
  SINCE JUL 1      3.70                      3.29   0.41     1.05
  SINCE JAN 1      6.29                     12.25  -5.96     3.02

SNOWFALL (IN)
  TODAY            0.0
  MONTH TO DATE    0.0
  SINCE JAN 1      0.0
  SINCE JUL 1      0.0
  SNOW DEPTH       0

DEGREE DAYS
 HEATING
  TODAY            3                        10     -7       10
  MONTH TO DATE   50                       185   -135      159
  SINCE DEC 1     50                       185   -135      159
  SINCE JUL 1     54                       338   -284      232

 COOLING
  TODAY            0                         0      0        0
  MONTH TO DATE   15                         0     15        0
  SINCE DEC 1     15                         0     15        0
  SINCE JAN 1   2055                       876   1179     1157
..................................................................


WIND (MPH)
  RESULTANT WIND SPEED   1   RESULTANT WIND DIRECTION  NE (60)
  HIGHEST WIND SPEED     8   HIGHEST WIND DIRECTION    SW (230)
  HIGHEST GUST SPEED    10   HIGHEST GUST DIRECTION    SW (220)
  AVERAGE WIND SPEED     1.6


SKY COVER
  POSSIBLE SUNSHINE  MM
  AVERAGE SKY COVER 0.7


WEATHER CONDITIONS
 THE FOLLOWING WEATHER WAS RECORDED TODAY.
  NO SIGNIFICANT WEATHER WAS OBSERVED.


RELATIVE HUMIDITY (PERCENT)
 HIGHEST    83           700 AM
 LOWEST     55           100 PM
 AVERAGE    69

..........................................................


THE JOHN WAYNE AIRPORT CA CLIMATE NORMALS FOR TOMORROW
                         NORMAL    RECORD    YEAR
 MAXIMUM TEMPERATURE (F)   65        74      2003
                                             1999
 MINIMUM TEMPERATURE (F)   46        41      2007


SUNRISE AND SUNSET
DECEMBER 21 2014......SUNRISE   652 AM PST   SUNSET   447 PM PST
DECEMBER 22 2014......SUNRISE   653 AM PST   SUNSET   448 PM PST


-  INDICATES NEGATIVE NUMBERS.
R  INDICATES RECORD WAS SET OR TIED.
MM INDICATES DATA IS MISSING.
T  INDICATES TRACE AMOUNT.




$$
