256
CDUS46 KSGX 281138
CLISNA


CLIMATE REPORT
NATIONAL WEATHER SERVICE SAN DIEGO, CA
438 AM PDT FRI APR 28 2017


...................................

...THE JOHN WAYNE AIRPORT CA CLIMATE SUMMARY FOR APRIL 27 2017...

CLIMATE NORMAL PERIOD 1981 TO 2010
CLIMATE RECORD PERIOD 1999 TO 2017


WEATHER ITEM   OBSERVED TIME   RECORD YEAR NORMAL DEPARTURE LAST
                VALUE   (LST)  VALUE       VALUE  FROM      YEAR
                                                  NORMAL
..................................................................
TEMPERATURE (F)
 YESTERDAY
  MAXIMUM         73    126 PM  99    2008  70      3       68
  MINIMUM         60    542 AM  53    2003  55      5       55
  AVERAGE         67                        63      4       62

PRECIPITATION (IN)
  YESTERDAY        0.00          0.01 2010   0.03  -0.03     0.00
  MONTH TO DATE    0.04                      0.81  -0.77     0.18
  SINCE OCT 1     15.80                     12.65   3.15     4.87
  SINCE JAN 1      9.61                      8.57   1.04     3.65

DEGREE DAYS
 HEATING
  YESTERDAY        0                         3     -3        3
  MONTH TO DATE   30                       112    -82       40
  SINCE MAR 1    114                       293   -179      160
  SINCE JUL 1    855                      1199   -344      932

 COOLING
  YESTERDAY        2                         1      1        0
  MONTH TO DATE   33                         9     24       44
  SINCE MAR 1     41                        16     25       47
  SINCE JAN 1     41                        24     17       85
..................................................................


WIND (MPH)
  RESULTANT WIND SPEED   8   RESULTANT WIND DIRECTION   S (200)
  HIGHEST WIND SPEED    18   HIGHEST WIND DIRECTION     S (200)
  HIGHEST GUST SPEED    22   HIGHEST GUST DIRECTION    SW (220)
  AVERAGE WIND SPEED     8.4


SKY COVER
  POSSIBLE SUNSHINE  MM
  AVERAGE SKY COVER 0.7


WEATHER CONDITIONS
 THE FOLLOWING WEATHER WAS RECORDED YESTERDAY.
  NO SIGNIFICANT WEATHER WAS OBSERVED.


RELATIVE HUMIDITY (PERCENT)
 HIGHEST    90           400 AM
 LOWEST     49           100 PM
 AVERAGE    70

..........................................................


THE JOHN WAYNE AIRPORT CA CLIMATE NORMALS FOR TODAY
                         NORMAL    RECORD    YEAR
 MAXIMUM TEMPERATURE (F)   70        93      2008
 MINIMUM TEMPERATURE (F)   56        50      2002


SUNRISE AND SUNSET
APRIL 28 2017.........SUNRISE   606 AM PDT   SUNSET   733 PM PDT
APRIL 29 2017.........SUNRISE   605 AM PDT   SUNSET   733 PM PDT


-  INDICATES NEGATIVE NUMBERS.
R  INDICATES RECORD WAS SET OR TIED.
MM INDICATES DATA IS MISSING.
T  INDICATES TRACE AMOUNT.




$$
