621
CDUS46 KSGX 101522
CLISNA


CLIMATE REPORT
NATIONAL WEATHER SERVICE SAN DIEGO, CA
722 AM PST SAT DEC 10 2016


...................................

...THE JOHN WAYNE AIRPORT CA CLIMATE SUMMARY FOR DECEMBER 9 2016...

CLIMATE NORMAL PERIOD 1981 TO 2010
CLIMATE RECORD PERIOD 1999 TO 2016


WEATHER ITEM   OBSERVED TIME   RECORD YEAR NORMAL DEPARTURE LAST
                VALUE   (LST)  VALUE       VALUE  FROM      YEAR
                                                  NORMAL
..................................................................
TEMPERATURE (F)
 YESTERDAY
  MAXIMUM         64    318 PM  76    2014  66     -2       74
  MINIMUM         51    621 AM  41    2013  47      4       53
  AVERAGE         58                        56      2       64

PRECIPITATION (IN)
  YESTERDAY        0.00          0.20 2006   0.04  -0.04     0.00
  MONTH TO DATE    0.00                      0.35  -0.35     0.00
  SINCE OCT 1      2.24                      2.35  -0.11     0.19
  SINCE JAN 1      6.00                     11.60  -5.60     5.47

DEGREE DAYS
 HEATING
  YESTERDAY        7                         9     -2        1
  MONTH TO DATE   65                        72     -7       38
  SINCE DEC 1     65                        72     -7       38
  SINCE JUL 1    143                       225    -82      168

 COOLING
  YESTERDAY        0                         0      0        0
  MONTH TO DATE    0                         0      0        0
  SINCE DEC 1      0                         0      0        0
  SINCE JAN 1   1226                       876    350     1612
..................................................................


WIND (MPH)
  RESULTANT WIND SPEED   0   RESULTANT WIND DIRECTION   W (290)
  HIGHEST WIND SPEED     8   HIGHEST WIND DIRECTION    SW (230)
  HIGHEST GUST SPEED    11   HIGHEST GUST DIRECTION     E (110)
  AVERAGE WIND SPEED     2.2


SKY COVER
  POSSIBLE SUNSHINE  MM
  AVERAGE SKY COVER 0.7


WEATHER CONDITIONS
 THE FOLLOWING WEATHER WAS RECORDED YESTERDAY.
  FOG


RELATIVE HUMIDITY (PERCENT)
 HIGHEST    97          1000 PM
 LOWEST     67          1100 AM
 AVERAGE    82

..........................................................


THE JOHN WAYNE AIRPORT CA CLIMATE NORMALS FOR TODAY
                         NORMAL    RECORD    YEAR
 MAXIMUM TEMPERATURE (F)   66        77      2012
 MINIMUM TEMPERATURE (F)   46        39      2013


SUNRISE AND SUNSET
DECEMBER 10 2016......SUNRISE   646 AM PST   SUNSET   444 PM PST
DECEMBER 11 2016......SUNRISE   646 AM PST   SUNSET   444 PM PST


-  INDICATES NEGATIVE NUMBERS.
R  INDICATES RECORD WAS SET OR TIED.
MM INDICATES DATA IS MISSING.
T  INDICATES TRACE AMOUNT.




$$
