175
CDAK48 PAFC 110114
CLISNP


CLIMATE REPORT
NATIONAL WEATHER SERVICE ANCHORAGE, AK
413 PM AKST SUN DEC 10 2017


...................................

...THE SAINT PAUL ISLAND CLIMATE SUMMARY FOR DECEMBER 10 2017...
VALID TODAY AS OF 0400 PM LOCAL TIME.

CLIMATE NORMAL PERIOD 1981 TO 2010
CLIMATE RECORD PERIOD 1892 TO 2017


WEATHER ITEM   OBSERVED TIME   RECORD YEAR NORMAL DEPARTURE LAST
                VALUE   (LST)  VALUE       VALUE  FROM      YEAR
                                                  NORMAL
..................................................................
TEMPERATURE (F)
 TODAY
  MAXIMUM         33        MM  42    1986  34     -1       31
  MINIMUM         31    400 PM   7    2005  25      6       27
                                      1987
  AVERAGE         32                        30      2       29

PRECIPITATION (IN)
  TODAY            0.01          0.69 1962   0.08  -0.07      T
  MONTH TO DATE    0.45                      0.79  -0.34     0.53
  SINCE SEP 1     13.32                      9.78   3.54    13.86
  SINCE JAN 1     25.99                     22.21   3.78    24.60

SNOWFALL (IN)
  TODAY           MM             6.9  1962   0.4   MM         T
  MONTH TO DATE    2.1                       3.7   -1.6      1.9
  SINCE SEP 1      4.7                      14.0   -9.3      8.5
  SINCE JUL 1      4.7                      14.0   -9.3      8.5
  SNOW DEPTH      MM

DEGREE DAYS
 HEATING
  TODAY           33                        35     -2       36
  MONTH TO DATE  335                       348    -13      352
  SINCE DEC 1    335                       348    -13      352
  SINCE JUL 1   3413                      3769   -356     2921

 COOLING
  TODAY            0                         0      0        0
  MONTH TO DATE    0                         0      0        0
  SINCE DEC 1      0                         0      0        0
  SINCE JAN 1      0                         0      0        0
..................................................................


WIND (MPH)
  RESULTANT WIND SPEED  22   RESULTANT WIND DIRECTION  NE (30)
  HIGHEST WIND SPEED    28   HIGHEST WIND DIRECTION     N (20)
  HIGHEST GUST SPEED    38   HIGHEST GUST DIRECTION     N (20)
  AVERAGE WIND SPEED    22.2



WEATHER CONDITIONS
 THE FOLLOWING WEATHER WAS RECORDED TODAY.
  LIGHT SNOW
  FOG


..........................................................


THE SAINT PAUL ISLAND CLIMATE NORMALS FOR TOMORROW
                         NORMAL    RECORD    YEAR
 MAXIMUM TEMPERATURE (F)   34        41      1986
                                             1950
 MINIMUM TEMPERATURE (F)   25         1      1987


SUNRISE AND SUNSET
DECEMBER 10 2017......SUNRISE  1049 AM AKST  SUNSET   538 PM AKST
DECEMBER 11 2017......SUNRISE  1051 AM AKST  SUNSET   538 PM AKST


-  INDICATES NEGATIVE NUMBERS.
R  INDICATES RECORD WAS SET OR TIED.
MM INDICATES DATA IS MISSING.
T  INDICATES TRACE AMOUNT.




$$
