000
CDAK48 PASN 252333
CLISNP

CLIMATE REPORT
NATIONAL WEATHER SERVICE ST PAUL, AK
233 PM AKST THU DEC 25 2014

...................................
...THE ST PAUL AIRPORT CLIMATE SUMMARY FOR DECEMBER 25 2014...
VALID TODAY AS OF 2:00 PM LOCAL TIME

CLIMATE NORMAL PERIOD  1981 TO  2010
CLIMATE RECORD PERIOD  1892 TO  2014

WEATHER ITEM   OBSERVED TIME    RECORD YEAR NORMAL DEPARTURE LAST
               VALUE    (LST)   VALUE       VALUE  FROM      YEAR
                                                   NORMAL
...................................................................
TEMPERATURE
TODAY
 MAXIMUM            37  0733 AM    40  2003     32       5     38
 MINIMUM            31  0159 PM     7  2006     24       7     35
 AVERAGE            34                          28       6     37

PRECIPITATION
(INCHES)
 TODAY            0.03           0.25  1966   0.07   -0.04   0.02
 MONTH TO DATE    2.18                        1.86    0.32   3.08
 SINCE DEC 1      2.18                        1.86    0.32   3.08
 SINCE JAN 1     22.96                       23.28   -0.32  27.37

SNOWFALL
(INCHES)
 TODAY               T            2.1  2007    0.4    -0.4      T
 MONTH TO DATE     2.7                         9.6    -6.9    5.4
 SINCE DEC 1       2.7                         9.6    -6.9    5.4
 SINCE JUL 1       3.4                        19.9   -16.5    8.1
 SNOW DEPTH (IN)     0                                          0

DEGREE DAYS
 HEATING
  TODAY             31                          37      -6     28
  MONTH TO DATE    785                         894    -109    792
  SINCE DEC 1      785                         894    -109    792
  SINCE JUL 1     3690                        4314    -624   4074

 COOLING
  TODAY              0                           0       0      0
  MONTH TO DATE      0                           0       0      0
  SINCE DEC 1        0                           0       0      0
  SINCE JAN 1        0                           0       0      0
...................................................................

WIND (MPH)
 HIGHEST WIND SPEED    31     HIGHEST WIND DIRECTION    240
 HIGHEST GUST SPEED    38     HIGHEST GUST DIRECTION    250
 AVERAGE WIND SPEED    MM

SKY COVER
  POSSIBLE SUNSHINE  MM            AVERAGE SKY COVER MM

WEATHER CONDITIONS
 THE FOLLOWING WEATHER WAS RECORDED TODAY.
FOG
RAIN
SNOW


RELATIVE HUMIDITY
 HIGHEST RH     MM PERCENT       MM
 LOWEST  RH     MM PERCENT       MM
 AVERAGE RH     MM PERCENT       MM
...................................................................

THE ST PAUL CLIMATE NORMALS FOR TOMORROW
                        NORMAL    RECORD   YEAR
 MAXIMUM TEMPERATURE      32        41     1951
 MINIMUM TEMPERATURE      24         7     1961

SUNRISE AND SUNSET
 DEC 25 2014..........SUNRISE 11:01 AM      SUNSET  5:43 PM
 DEC 26 2014..........SUNRISE 11:01 AM      SUNSET  5:43 PM

-  INDICATES NEGATIVE NUMBERS.
R  INDICATES RECORD HAS BEEN SET OR TIED.
MM INDICATES DATA IS MISSING.
T  INDICATES TRACE OF PRECIPITATION.

&&
-------------------------------------------------------------------

AMOUNT OF DAYLIGHT TODAY  (HOUR:MIN)........6 HOURS 42 MINUTES
GAIN/LOSS SINCE YESTERDAY (HOUR:MIN:SEC)....+0:00:31

$$
WIW DEC 14
