000
CDAK48 PASN 271304
CLISNP


CLIMATE REPORT
NATIONAL WEATHER SERVICE ANCHORAGE, AK
503 AM AKDT THU APR 27 2017


...................................

...THE SAINT PAUL ISLAND CLIMATE SUMMARY FOR APRIL 26 2017...

CLIMATE NORMAL PERIOD 1981 TO 2010
CLIMATE RECORD PERIOD 1892 TO 2017


WEATHER ITEM   OBSERVED TIME   RECORD YEAR NORMAL DEPARTURE LAST
                VALUE   (LST)  VALUE       VALUE  FROM      YEAR
                                                  NORMAL
..................................................................
TEMPERATURE (F)
 YESTERDAY
  MAXIMUM         41    534 PM  43    2004  36      5       45
  MINIMUM         33    405 AM  -2    1976  28      5       35
  AVERAGE         37                        32      5       40

PRECIPITATION (IN)
  YESTERDAY        T             0.44 1998   0.04  -0.04     0.01
  MONTH TO DATE    0.96                      0.94   0.02     1.10
  SINCE MAR 1      1.06                      2.01  -0.95     2.12
  SINCE JAN 1      4.15                      4.89  -0.74     4.88

SNOWFALL (IN)
  YESTERDAY        0.0          MM      MM   0.1   -0.1     MM
  MONTH TO DATE    0.2                       5.2   -5.0      0.0
  SINCE MAR 1      0.6                      13.2  -12.6      0.0
  SINCE JUL 1     48.8                      58.2   -9.4     23.7
  SNOW DEPTH       0

DEGREE DAYS
 HEATING
  YESTERDAY       28                        33     -5       25
  MONTH TO DATE  864                       941    -77      619
  SINCE MAR 1   2073                      2186   -113     1571
  SINCE JUL 1   7948                      9103  -1155     6756

 COOLING
  YESTERDAY        0                         0      0        0
  MONTH TO DATE    0                         0      0        0
  SINCE MAR 1      0                         0      0        0
  SINCE JAN 1      0                         0      0        0
..................................................................


WIND (MPH)
  RESULTANT WIND SPEED   9   RESULTANT WIND DIRECTION   E (80)
  HIGHEST WIND SPEED    14   HIGHEST WIND DIRECTION     E (90)
  HIGHEST GUST SPEED    16   HIGHEST GUST DIRECTION     E (100)
  AVERAGE WIND SPEED     9.0



WEATHER CONDITIONS
 THE FOLLOWING WEATHER WAS RECORDED YESTERDAY.
  LIGHT RAIN
  FOG
  FOG W/VISIBILITY <= 1/4 MILE
  HAZE


..........................................................


THE SAINT PAUL ISLAND CLIMATE NORMALS FOR TODAY
                         NORMAL    RECORD    YEAR
 MAXIMUM TEMPERATURE (F)   36        43      2004
                                             2003
 MINIMUM TEMPERATURE (F)   28        -2      1976


SUNRISE AND SUNSET
APRIL 27 2017.........SUNRISE   740 AM AKDT  SUNSET  1058 PM AKDT
APRIL 28 2017.........SUNRISE   738 AM AKDT  SUNSET  1100 PM AKDT


-  INDICATES NEGATIVE NUMBERS.
R  INDICATES RECORD WAS SET OR TIED.
MM INDICATES DATA IS MISSING.
T  INDICATES TRACE AMOUNT.




$$
