000
CDAK48 PAFC 190050
CLISNP


CLIMATE REPORT
NATIONAL WEATHER SERVICE ANCHORAGE, AK
449 PM AKDT WED OCT 18 2017


...................................

...THE SAINT PAUL ISLAND CLIMATE SUMMARY FOR OCTOBER 18 2017...
VALID TODAY AS OF 0400 PM LOCAL TIME.

CLIMATE NORMAL PERIOD 1981 TO 2010
CLIMATE RECORD PERIOD 1892 TO 2017


WEATHER ITEM   OBSERVED TIME   RECORD YEAR NORMAL DEPARTURE LAST
                VALUE   (LST)  VALUE       VALUE  FROM      YEAR
                                                  NORMAL
..................................................................
TEMPERATURE (F)
 TODAY
  MAXIMUM         43        MM  49    2004  42      1       42
                                      1996
  MINIMUM         MM        MM  24    1968  34     MM       34
                                      1893
  AVERAGE         MM                        38     MM       38

PRECIPITATION (IN)
  TODAY           MM             1.05 2004   0.10  MM        0.06
  MONTH TO DATE    1.36                      1.80  -0.44     2.28
  SINCE SEP 1      3.07                      4.79  -1.72     6.73
  SINCE JAN 1     15.74                     17.22  -1.48    17.47

SNOWFALL (IN)
  TODAY            0.0           1.2  1954   0.0    0.0       T
  MONTH TO DATE    T                         0.6   -0.6       T
  SINCE SEP 1      T                         0.6   -0.6       T
  SINCE JUL 1      T                         0.6   -0.6       T
  SNOW DEPTH       0

DEGREE DAYS
 HEATING
  TODAY           MM                        27     MM       27
  MONTH TO DATE  357                       451    -94      331
  SINCE SEP 1    925                      1041   -116      749
  SINCE JUL 1   1916                      2094   -178     1362

 COOLING
  TODAY           MM                         0     MM        0
  MONTH TO DATE    0                         0      0        0
  SINCE SEP 1      0                         0      0        0
  SINCE JAN 1      0                         0      0        0
..................................................................


WIND (MPH)
  RESULTANT WIND SPEED  13   RESULTANT WIND DIRECTION  NW (310)
  HIGHEST WIND SPEED    18   HIGHEST WIND DIRECTION    NW (320)
  HIGHEST GUST SPEED    36   HIGHEST GUST DIRECTION     W (290)
  AVERAGE WIND SPEED    13.6



WEATHER CONDITIONS
 THE FOLLOWING WEATHER WAS RECORDED TODAY.
  LIGHT RAIN
  LIGHT SNOW
  FOG


..........................................................


THE SAINT PAUL ISLAND CLIMATE NORMALS FOR TOMORROW
                         NORMAL    RECORD    YEAR
 MAXIMUM TEMPERATURE (F)   42        48      1996
                                             1979
 MINIMUM TEMPERATURE (F)   34        22      1980


SUNRISE AND SUNSET
OCTOBER 18 2017.......SUNRISE  1002 AM AKDT  SUNSET   809 PM AKDT
OCTOBER 19 2017.......SUNRISE  1004 AM AKDT  SUNSET   806 PM AKDT


-  INDICATES NEGATIVE NUMBERS.
R  INDICATES RECORD WAS SET OR TIED.
MM INDICATES DATA IS MISSING.
T  INDICATES TRACE AMOUNT.




$$
