000
CDAK48 PAFC 230933
CLISNP


CLIMATE REPORT
NATIONAL WEATHER SERVICE ANCHORAGE, AK
133 AM AKDT WED AUG 23 2017


...................................

...THE SAINT PAUL ISLAND CLIMATE SUMMARY FOR AUGUST 22 2017...

CLIMATE NORMAL PERIOD 1981 TO 2010
CLIMATE RECORD PERIOD 1892 TO 2017


WEATHER ITEM   OBSERVED TIME   RECORD YEAR NORMAL DEPARTURE LAST
                VALUE   (LST)  VALUE       VALUE  FROM      YEAR
                                                  NORMAL
..................................................................
TEMPERATURE (F)
 YESTERDAY
  MAXIMUM         51        MM  59    1969  52     -1       MM
  MINIMUM         46        MM  35    1968  46      0       MM
  AVERAGE         49                        49      0       MM

PRECIPITATION (IN)
  YESTERDAY        0.27          0.96 1959   0.10   0.17     0.03
  MONTH TO DATE    1.58                      2.11  -0.53     2.35
  SINCE JUN 1      6.34                      5.31   1.03     4.48
  SINCE JAN 1     12.15                     11.47   0.68    10.17

SNOWFALL (IN)
  YESTERDAY        0.0          MM      MM   0.0    0.0      0.0
  MONTH TO DATE    0.0                       0.0    0.0      0.0
  SINCE JUN 1      0.0                       T      0.0      0.0
  SINCE JUL 1      0.0                       0.0    0.0      0.0
  SNOW DEPTH       0

DEGREE DAYS
 HEATING
  YESTERDAY       16                        16      0       MM
  MONTH TO DATE  314                       353    -39      222
  SINCE JUN 1   1394                      1583   -189      975
  SINCE JUL 1    840                       905    -65      513

 COOLING
  YESTERDAY        0                         0      0       MM
  MONTH TO DATE    0                         0      0        0
  SINCE JUN 1      0                         0      0        0
  SINCE JAN 1      0                         0      0        0
..................................................................


WIND (MPH)
  RESULTANT WIND SPEED   7   RESULTANT WIND DIRECTION   S (160)
  HIGHEST WIND SPEED    27   HIGHEST WIND DIRECTION     E (110)
  HIGHEST GUST SPEED    35   HIGHEST GUST DIRECTION     E (110)
  AVERAGE WIND SPEED    11.7



WEATHER CONDITIONS
 THE FOLLOWING WEATHER WAS RECORDED YESTERDAY.
  RAIN
  LIGHT RAIN
  FOG


..........................................................


THE SAINT PAUL ISLAND CLIMATE NORMALS FOR TODAY
                         NORMAL    RECORD    YEAR
 MAXIMUM TEMPERATURE (F)   52        59      1977
 MINIMUM TEMPERATURE (F)   46        33      1988
                                             1987
                                             1963


SUNRISE AND SUNSET
AUGUST 23 2017........SUNRISE   805 AM AKDT  SUNSET  1040 PM AKDT
AUGUST 24 2017........SUNRISE   807 AM AKDT  SUNSET  1037 PM AKDT


-  INDICATES NEGATIVE NUMBERS.
R  INDICATES RECORD WAS SET OR TIED.
MM INDICATES DATA IS MISSING.
T  INDICATES TRACE AMOUNT.




$$
