648
CDAK48 PAFC 200053
CLISNP


CLIMATE REPORT
NATIONAL WEATHER SERVICE ANCHORAGE, AK
353 PM AKST MON FEB 19 2018


...................................

...THE SAINT PAUL ISLAND CLIMATE SUMMARY FOR FEBRUARY 19 2018...
VALID TODAY AS OF 0300 PM LOCAL TIME.

CLIMATE NORMAL PERIOD 1981 TO 2010
CLIMATE RECORD PERIOD 1892 TO 2018


WEATHER ITEM   OBSERVED TIME   RECORD YEAR NORMAL DEPARTURE LAST
                VALUE   (LST)  VALUE       VALUE  FROM      YEAR
                                                  NORMAL
..................................................................
TEMPERATURE (F)
 TODAY
  MAXIMUM         41R   259 PM  37    2016  29     12       22
                                      2003
                                      1993
  MINIMUM         39    218 PM -14    1984  20     19       -3
  AVERAGE         40                        24     16       10

PRECIPITATION (IN)
  TODAY            0.02          0.36 1973   0.05  -0.03     0.00
  MONTH TO DATE    1.07                      0.93   0.14     0.25
  SINCE SEP 1     16.89                     13.75   3.14    18.29
  SINCE JAN 1      2.03                      2.51  -0.48     1.76

SNOWFALL (IN)
  TODAY            0.0          MM      MM   0.3   -0.3      0.0
  MONTH TO DATE    1.3                       7.1   -5.8      6.4
  SINCE SEP 1      8.4                      42.1  -33.7     44.5
  SINCE JUL 1      8.4                      42.1  -33.7     44.5
  SNOW DEPTH       0

DEGREE DAYS
 HEATING
  TODAY           25                        41    -16       55
  MONTH TO DATE  567                       779   -212      816
  SINCE DEC 1   2646                      3137   -491     2991
  SINCE JUL 1   5724                      6558   -834     5560

 COOLING
  TODAY            0                         0      0        0
  MONTH TO DATE    0                         0      0        0
  SINCE DEC 1      0                         0      0        0
  SINCE JAN 1      0                         0      0        0
..................................................................


WIND (MPH)
  RESULTANT WIND SPEED  30   RESULTANT WIND DIRECTION   S (180)
  HIGHEST WIND SPEED    46   HIGHEST WIND DIRECTION     S (160)
  HIGHEST GUST SPEED    60   HIGHEST GUST DIRECTION    SE (150)
  AVERAGE WIND SPEED    33.3



WEATHER CONDITIONS
 THE FOLLOWING WEATHER WAS RECORDED TODAY.
  LIGHT RAIN
  FOG
  HAZE


..........................................................


THE SAINT PAUL ISLAND CLIMATE NORMALS FOR TOMORROW
                         NORMAL    RECORD    YEAR
 MAXIMUM TEMPERATURE (F)   29        40      1994
 MINIMUM TEMPERATURE (F)   20       -10      1988
                                             1964


SUNRISE AND SUNSET
FEBRUARY 19 2018......SUNRISE   939 AM AKST  SUNSET   731 PM AKST
FEBRUARY 20 2018......SUNRISE   936 AM AKST  SUNSET   734 PM AKST


-  INDICATES NEGATIVE NUMBERS.
R  INDICATES RECORD WAS SET OR TIED.
MM INDICATES DATA IS MISSING.
T  INDICATES TRACE AMOUNT.




$$
