000
CDAK48 PASN 301202
CLISNP

CLIMATE REPORT
NATIONAL WEATHER SERVICE ST PAUL, AK
403 AM AKDT THU JUL 30 2015

...................................
...THE ST PAUL AIRPORT CLIMATE SUMMARY FOR JULY 29 2015...

CLIMATE NORMAL PERIOD  1981 TO  2010
CLIMATE RECORD PERIOD  1892 TO  2015

WEATHER ITEM   OBSERVED TIME    RECORD YEAR NORMAL DEPARTURE LAST
               VALUE    (LST)   VALUE       VALUE  FROM      YEAR
                                                   NORMAL
...................................................................
TEMPERATURE
YESTERDAY
 MAXIMUM            53  0620 PM    59  1992     52       1     54
 MINIMUM            46  0156 AM    38  2002     45       1     39
 AVERAGE            50                          48       2     47

PRECIPITATION
(INCHES)
 YESTERDAY           T           0.78  1962   0.07   -0.07   0.00
 MONTH TO DATE    1.83                        1.70    0.13   1.07
 SINCE JUN 1      2.75                        3.05   -0.30   2.09
 SINCE JAN 1      9.03                        9.21   -0.18   9.23

SNOWFALL
(INCHES)
 YESTERDAY         0.0            0.0  2015    0.0     0.0    0.0
 MONTH TO DATE     0.0                         0.0     0.0    0.0
 SINCE JUN 1       0.0                         0.0     0.0    0.0
 SINCE JUL 1       0.0                         0.0     0.0    0.0
 SNOW DEPTH (IN)     0                                          0

DEGREE DAYS
 HEATING
  YESTERDAY         15                          17      -2     18
  MONTH TO DATE    453                         519     -66    423
  SINCE JUN 1     1073                        1198    -125   1051
  SINCE JUL 1      453                         519     -66    423

 COOLING
  YESTERDAY          0                           0       0      0
  MONTH TO DATE      0                           0       0      0
  SINCE JUN 1        0                           0       0      0
  SINCE JAN 1        0                           0       0      0
...................................................................

WIND (MPH)
 HIGHEST WIND SPEED     7     HIGHEST WIND DIRECTION    360
 HIGHEST GUST SPEED    10     HIGHEST GUST DIRECTION     40
 AVERAGE WIND SPEED   4.2

SKY COVER
  POSSIBLE SUNSHINE    MM          AVERAGE SKY COVER     MM

WEATHER CONDITIONS
 THE FOLLOWING WEATHER WAS RECORDED YESTERDAY.
FOG
DENSE FOG
DRIZZLE


RELATIVE HUMIDITY
 HIGHEST RH     MM PERCENT       MM
 LOWEST  RH     MM PERCENT       MM
 AVERAGE RH     MM PERCENT       MM
...................................................................

THE ST PAUL CLIMATE NORMALS FOR TODAY
                           NORMAL    RECORD   YEAR
 MAXIMUM TEMPERATURE (F)     52        60     1958
 MINIMUM TEMPERATURE (F)     45        34     1996

SUNRISE AND SUNSET
 JUL 30 2015..........SUNRISE  7:15 AM      SUNSET 11:39 PM
 JUL 31 2015..........SUNRISE  7:17 AM      SUNSET 11:37 PM

-  INDICATES NEGATIVE NUMBERS.
R  INDICATES RECORD HAS BEEN SET OR TIED.
MM INDICATES DATA IS MISSING.
T  INDICATES TRACE OF PRECIPITATION.

&&
-------------------------------------------------------------------

AMOUNT OF DAYLIGHT TODAY  (HOUR:MIN)........16 HOURS 24 MINUTES
GAIN/LOSS SINCE YESTERDAY (HOUR:MIN:SEC)....-0:04:00

$$
WIW JUL 15
