000
CDUS46 KMTR 250035
CLISNS


CLIMATE REPORT
NATIONAL WEATHER SERVICE SAN FRANCISCO BAY AREA
535 PM PDT THU APR 24 2014


...................................

...THE SALINAS AIRPORT CLIMATE SUMMARY FOR APRIL 24 2014...
VALID TODAY AS OF 0500 PM LOCAL TIME.

CLIMATE NORMAL PERIOD 1981 TO 2010
CLIMATE RECORD PERIOD 1930 TO 2014


WEATHER ITEM   OBSERVED TIME   RECORD YEAR NORMAL DEPARTURE LAST
                VALUE   (LST)  VALUE       VALUE  FROM      YEAR
                                                  NORMAL
..................................................................
TEMPERATURE (F)
 TODAY
  MAXIMUM         69    116 PM  84    1992  68      1       63
  MINIMUM         47    514 AM  34    1937  47      0       50
  AVERAGE         58                        58      0       57

PRECIPITATION (IN)
  TODAY            0.00          0.22 1989   0.02  -0.02     0.00
  MONTH TO DATE    0.37                      0.81  -0.44     0.27
  SINCE JUL 1      5.66                     12.27  -6.61     8.92
  SINCE JAN 1      4.72                      8.16  -3.44     2.28

DEGREE DAYS
 HEATING
  TODAY            7                         8     -1        8
  MONTH TO DATE  150                       210    -60      175
  SINCE MAR 1    348                       530   -182      455
  SINCE JUL 1   1780                      2344   -564     2210

 COOLING
  TODAY            0                         0      0        0
  MONTH TO DATE    3                         0      3        1
  SINCE MAR 1      4                         1      3        1
  SINCE JAN 1      6                         1      5        1
..................................................................


WIND (MPH)
  RESULTANT WIND SPEED   5   RESULTANT WIND DIRECTION   W (270)
  HIGHEST WIND SPEED    20   HIGHEST WIND DIRECTION     W (260)
  HIGHEST GUST SPEED    25   HIGHEST GUST DIRECTION     W (260)
  AVERAGE WIND SPEED     6.5


SKY COVER
  POSSIBLE SUNSHINE  MM
  AVERAGE SKY COVER 0.1


WEATHER CONDITIONS
 THE FOLLOWING WEATHER WAS RECORDED TODAY.
  HAZE


RELATIVE HUMIDITY (PERCENT)
 HIGHEST    83           700 AM
 LOWEST     42          1100 AM
 AVERAGE    63

..........................................................


THE SALINAS AIRPORT CLIMATE NORMALS FOR TOMORROW
                         NORMAL    RECORD    YEAR
 MAXIMUM TEMPERATURE (F)   68        91      2004
 MINIMUM TEMPERATURE (F)   47        34      1944


SUNRISE AND SUNSET
APRIL 24 2014.........SUNRISE   521 AM PST   SUNSET   649 PM PST
APRIL 25 2014.........SUNRISE   520 AM PST   SUNSET   650 PM PST


-  INDICATES NEGATIVE NUMBERS.
R  INDICATES RECORD WAS SET OR TIED.
MM INDICATES DATA IS MISSING.
T  INDICATES TRACE AMOUNT.




$$
