317
CDUS46 KMTR 210908
CLISNS


CLIMATE REPORT
NATIONAL WEATHER SERVICE SAN FRANCISCO BAY AREA
208 AM PDT FRI JUL 21 2017


...................................

...THE SALINAS AIRPORT CLIMATE SUMMARY FOR JULY 20 2017...

CLIMATE NORMAL PERIOD 1981 TO 2010
CLIMATE RECORD PERIOD 1930 TO 2017


WEATHER ITEM   OBSERVED TIME   RECORD YEAR NORMAL DEPARTURE LAST
                VALUE   (LST)  VALUE       VALUE  FROM      YEAR
                                                  NORMAL
..................................................................
TEMPERATURE (F)
 YESTERDAY
  MAXIMUM         67    144 PM  89    2015  71     -4       74
  MINIMUM         57   1159 PM  43    1939  55      2       54
  AVERAGE         62                        63     -1       64

PRECIPITATION (IN)
  YESTERDAY        0.00          0.03 1985   0.00   0.00     0.00
  MONTH TO DATE    0.00                      0.00   0.00      T
  SINCE OCT 1     16.45                     12.63   3.82    13.47
  SINCE JAN 1     12.45                      8.72   3.73     8.57

DEGREE DAYS
 HEATING
  YESTERDAY        3                         3      0        1
  MONTH TO DATE   50                        60    -10       66
  SINCE JUN 1    120                       173    -53      142
  SINCE JUL 1     50                        60    -10       66

 COOLING
  YESTERDAY        0                         1     -1        0
  MONTH TO DATE    9                        20    -11        0
  SINCE JUN 1     18                        32    -14        8
  SINCE JAN 1     36                        48    -12       31
..................................................................


WIND (MPH)
  RESULTANT WIND SPEED  10   RESULTANT WIND DIRECTION   W (280)
  HIGHEST WIND SPEED    18   HIGHEST WIND DIRECTION     W (280)
  HIGHEST GUST SPEED    23   HIGHEST GUST DIRECTION     W (250)
  AVERAGE WIND SPEED    11.0


SKY COVER
  POSSIBLE SUNSHINE  MM
  AVERAGE SKY COVER 0.4


WEATHER CONDITIONS
 THE FOLLOWING WEATHER WAS RECORDED YESTERDAY.
  NO SIGNIFICANT WEATHER WAS OBSERVED.


RELATIVE HUMIDITY (PERCENT)
 HIGHEST    86          1200 AM
 LOWEST     63           400 PM
 AVERAGE    75

..........................................................


THE SALINAS AIRPORT CLIMATE NORMALS FOR TODAY
                         NORMAL    RECORD    YEAR
 MAXIMUM TEMPERATURE (F)   71        82      2006
 MINIMUM TEMPERATURE (F)   55        45      1943


SUNRISE AND SUNSET
JULY 21 2017..........SUNRISE   604 AM PDT   SUNSET   821 PM PDT
JULY 22 2017..........SUNRISE   605 AM PDT   SUNSET   821 PM PDT


-  INDICATES NEGATIVE NUMBERS.
R  INDICATES RECORD WAS SET OR TIED.
MM INDICATES DATA IS MISSING.
T  INDICATES TRACE AMOUNT.




$$
