000
CDUS46 KMTR 170829
CLISNS


CLIMATE REPORT
NATIONAL WEATHER SERVICE SAN FRANCISCO BAY AREA
1229 AM PST TUE JAN 17 2017


...................................

...THE SALINAS AIRPORT CLIMATE SUMMARY FOR JANUARY 16 2017...

CLIMATE NORMAL PERIOD 1981 TO 2010
CLIMATE RECORD PERIOD 1930 TO 2017


WEATHER ITEM   OBSERVED TIME   RECORD YEAR NORMAL DEPARTURE LAST
                VALUE   (LST)  VALUE       VALUE  FROM      YEAR
                                                  NORMAL
..................................................................
TEMPERATURE (F)
 YESTERDAY
  MAXIMUM         57    329 PM  84    2014  61     -4       60
  MINIMUM         37    745 AM  25    2007  41     -4       51
  AVERAGE         47                        51     -4       56

PRECIPITATION (IN)
  YESTERDAY        0.00          0.88 1970   0.08  -0.08     0.06
  MONTH TO DATE    3.60                      1.32   2.28     1.18
  SINCE OCT 1      7.60                      5.23   2.37     6.08
  SINCE JAN 1      3.60                      1.32   2.28     1.18

DEGREE DAYS
 HEATING
  YESTERDAY       18                        14      4        9
  MONTH TO DATE  232                       224      8      211
  SINCE DEC 1    677                       659     18      694
  SINCE JUL 1   1247                      1277    -30     1054

 COOLING
  YESTERDAY        0                         0      0        0
  MONTH TO DATE    0                         0      0        0
  SINCE DEC 1      0                         0      0        0
  SINCE JAN 1      0                         0      0        0
..................................................................


WIND (MPH)
  RESULTANT WIND SPEED   7   RESULTANT WIND DIRECTION   E (100)
  HIGHEST WIND SPEED    17   HIGHEST WIND DIRECTION     E (100)
  HIGHEST GUST SPEED    20   HIGHEST GUST DIRECTION     E (100)
  AVERAGE WIND SPEED     8.4


SKY COVER
  POSSIBLE SUNSHINE  MM
  AVERAGE SKY COVER 0.0


WEATHER CONDITIONS
 THE FOLLOWING WEATHER WAS RECORDED YESTERDAY.
  NO SIGNIFICANT WEATHER WAS OBSERVED.


RELATIVE HUMIDITY (PERCENT)
 HIGHEST    92           500 AM
 LOWEST     51           300 PM
 AVERAGE    72

..........................................................


THE SALINAS AIRPORT CLIMATE NORMALS FOR TODAY
                         NORMAL    RECORD    YEAR
 MAXIMUM TEMPERATURE (F)   61        86      2014
 MINIMUM TEMPERATURE (F)   41        27      2012
                                             1987


SUNRISE AND SUNSET
JANUARY 17 2017.......SUNRISE   717 AM PST   SUNSET   517 PM PST
JANUARY 18 2017.......SUNRISE   717 AM PST   SUNSET   518 PM PST


-  INDICATES NEGATIVE NUMBERS.
R  INDICATES RECORD WAS SET OR TIED.
MM INDICATES DATA IS MISSING.
T  INDICATES TRACE AMOUNT.




$$
