000
CDUS46 KMTR 120826
CLISNS


CLIMATE REPORT
NATIONAL WEATHER SERVICE SAN FRANCISCO BAY AREA
1225 AM PST FRI FEB 12 2016


...................................

...THE SALINAS AIRPORT CLIMATE SUMMARY FOR FEBRUARY 11 2016...

CLIMATE NORMAL PERIOD 1981 TO 2010
CLIMATE RECORD PERIOD 1930 TO 2016


WEATHER ITEM   OBSERVED TIME   RECORD YEAR NORMAL DEPARTURE LAST
                VALUE   (LST)  VALUE       VALUE  FROM      YEAR
                                                  NORMAL
..................................................................
TEMPERATURE (F)
 YESTERDAY
  MAXIMUM         76    110 PM  81    1971  63     13       74
  MINIMUM         51   1159 PM  30    1966  43      8       42
  AVERAGE         64                        53     11       58

PRECIPITATION (IN)
  YESTERDAY        0.00          1.19 1938   0.08  -0.08     0.00
  MONTH TO DATE    0.01                      0.99  -0.98     0.55
  SINCE OCT 1      8.95                      7.50   1.45     8.55
  SINCE JAN 1      4.05                      3.59   0.46     0.56

DEGREE DAYS
 HEATING
  YESTERDAY        1                        12    -11        7
  MONTH TO DATE   87                       138    -51       49
  SINCE DEC 1    927                       998    -71      535
  SINCE JUL 1   1287                      1616   -329      749

 COOLING
  YESTERDAY        0                         0      0        0
  MONTH TO DATE    1                         0      1        1
  SINCE DEC 1      1                         0      1        3
  SINCE JAN 1      1                         0      1        2
..................................................................


WIND (MPH)
  RESULTANT WIND SPEED   5   RESULTANT WIND DIRECTION   E (100)
  HIGHEST WIND SPEED    20   HIGHEST WIND DIRECTION     E (110)
  HIGHEST GUST SPEED    24   HIGHEST GUST DIRECTION     E (100)
  AVERAGE WIND SPEED    10.6


SKY COVER
  POSSIBLE SUNSHINE  MM
  AVERAGE SKY COVER 0.1


WEATHER CONDITIONS
 THE FOLLOWING WEATHER WAS RECORDED YESTERDAY.
  FOG
  FOG W/VISIBILITY <= 1/4 MILE


RELATIVE HUMIDITY (PERCENT)
 HIGHEST   100          1100 PM
 LOWEST     38           100 PM
 AVERAGE    69

..........................................................


THE SALINAS AIRPORT CLIMATE NORMALS FOR TODAY
                         NORMAL    RECORD    YEAR
 MAXIMUM TEMPERATURE (F)   63        82      2015
                                             1971
 MINIMUM TEMPERATURE (F)   43        28      1946


SUNRISE AND SUNSET
FEBRUARY 12 2016......SUNRISE   658 AM PST   SUNSET   543 PM PST
FEBRUARY 13 2016......SUNRISE   657 AM PST   SUNSET   545 PM PST


-  INDICATES NEGATIVE NUMBERS.
R  INDICATES RECORD WAS SET OR TIED.
MM INDICATES DATA IS MISSING.
T  INDICATES TRACE AMOUNT.




$$
