000
CDUS46 KMTR 280831
CLISNS


CLIMATE REPORT
NATIONAL WEATHER SERVICE SAN FRANCISCO BAY AREA
131 AM PDT THU MAY 28 2015


...................................

...THE SALINAS AIRPORT CLIMATE SUMMARY FOR MAY 27 2015...

CLIMATE NORMAL PERIOD 1981 TO 2010
CLIMATE RECORD PERIOD 1930 TO 2015


WEATHER ITEM   OBSERVED TIME   RECORD YEAR NORMAL DEPARTURE LAST
                VALUE   (LST)  VALUE       VALUE  FROM      YEAR
                                                  NORMAL
..................................................................
TEMPERATURE (F)
 YESTERDAY
  MAXIMUM         65    134 PM  99    1984  69     -4       67
  MINIMUM         55   1159 PM  40    1933  52      3       51
  AVERAGE         60                        60      0       59

PRECIPITATION (IN)
  YESTERDAY        0.00          0.42 1990   0.01  -0.01     0.00
  MONTH TO DATE    0.20                      0.32  -0.12      T
  SINCE OCT 1      9.66                     12.51  -2.85     5.78
  SINCE JAN 1      1.67                      8.60  -6.93     4.95

DEGREE DAYS
 HEATING
  YESTERDAY        5                         5      0        6
  MONTH TO DATE  146                       163    -17      109
  SINCE MAR 1    436                       738   -302      491
  SINCE JUL 1   1285                      2552  -1267     1923

 COOLING
  YESTERDAY        0                         0      0        0
  MONTH TO DATE    0                         0      0       34
  SINCE MAR 1     23                         7     16       48
  SINCE JAN 1     31                         7     24       50
..................................................................


WIND (MPH)
  RESULTANT WIND SPEED   8   RESULTANT WIND DIRECTION   W (270)
  HIGHEST WIND SPEED    17   HIGHEST WIND DIRECTION     W (290)
  HIGHEST GUST SPEED    24   HIGHEST GUST DIRECTION     W (290)
  AVERAGE WIND SPEED     8.6


SKY COVER
  POSSIBLE SUNSHINE  MM
  AVERAGE SKY COVER 0.8


WEATHER CONDITIONS
 THE FOLLOWING WEATHER WAS RECORDED YESTERDAY.
  NO SIGNIFICANT WEATHER WAS OBSERVED.


RELATIVE HUMIDITY (PERCENT)
 HIGHEST    83          1100 PM
 LOWEST     56          1200 PM
 AVERAGE    70

..........................................................


THE SALINAS AIRPORT CLIMATE NORMALS FOR TODAY
                         NORMAL    RECORD    YEAR
 MAXIMUM TEMPERATURE (F)   69        90      2003
 MINIMUM TEMPERATURE (F)   52        40      1982


SUNRISE AND SUNSET
MAY 28 2015...........SUNRISE   451 AM PST   SUNSET   717 PM PST
MAY 29 2015...........SUNRISE   450 AM PST   SUNSET   717 PM PST


-  INDICATES NEGATIVE NUMBERS.
R  INDICATES RECORD WAS SET OR TIED.
MM INDICATES DATA IS MISSING.
T  INDICATES TRACE AMOUNT.




$$
