000
CDUS46 KMTR 220025
CLISNS


CLIMATE REPORT
NATIONAL WEATHER SERVICE SAN FRANCISCO BAY AREA
425 PM PST TUE NOV 21 2017


...................................

...THE SALINAS AIRPORT CLIMATE SUMMARY FOR NOVEMBER 21 2017...
VALID TODAY AS OF 0400 PM LOCAL TIME.

CLIMATE NORMAL PERIOD 1981 TO 2010
CLIMATE RECORD PERIOD 1930 TO 2017


WEATHER ITEM   OBSERVED TIME   RECORD YEAR NORMAL DEPARTURE LAST
                VALUE   (LST)  VALUE       VALUE  FROM      YEAR
                                                  NORMAL
..................................................................
TEMPERATURE (F)
 TODAY
  MAXIMUM         82R   340 PM  80    1933  65     17       62
  MINIMUM         51    540 AM  28    1941  44      7       48
  AVERAGE         67                        54     13       55

PRECIPITATION (IN)
  TODAY            0.00          0.74 1978   0.06  -0.06     0.00
  MONTH TO DATE    0.27                      0.90  -0.63     0.30
  SINCE OCT 1      0.40                      1.48  -1.08     1.91
  SINCE JAN 1     12.89                     10.40   2.49    10.48

DEGREE DAYS
 HEATING
  TODAY            0                        11    -11       10
  MONTH TO DATE  143                       179    -36      108
  SINCE SEP 1    293                       378    -85      297
  SINCE JUL 1    384                       513   -129      445

 COOLING
  TODAY            2                         0      2        0
  MONTH TO DATE    2                         0      2       11
  SINCE SEP 1    207                        58    149       80
  SINCE JAN 1    275                       127    148      113
..................................................................


WIND (MPH)
  RESULTANT WIND SPEED   7   RESULTANT WIND DIRECTION   E (90)
  HIGHEST WIND SPEED    22   HIGHEST WIND DIRECTION     E (100)
  HIGHEST GUST SPEED    26   HIGHEST GUST DIRECTION     E (100)
  AVERAGE WIND SPEED     7.3


SKY COVER
  POSSIBLE SUNSHINE  MM
  AVERAGE SKY COVER 0.0


WEATHER CONDITIONS
 THE FOLLOWING WEATHER WAS RECORDED TODAY.
  LIGHT RAIN


RELATIVE HUMIDITY (PERCENT)
 HIGHEST    86          1200 AM
 LOWEST     34           300 PM
 AVERAGE    60

..........................................................


THE SALINAS AIRPORT CLIMATE NORMALS FOR TOMORROW
                         NORMAL    RECORD    YEAR
 MAXIMUM TEMPERATURE (F)   65        86      1933
 MINIMUM TEMPERATURE (F)   43        25      1931


SUNRISE AND SUNSET
NOVEMBER 21 2017......SUNRISE   651 AM PST   SUNSET   454 PM PST
NOVEMBER 22 2017......SUNRISE   652 AM PST   SUNSET   453 PM PST


-  INDICATES NEGATIVE NUMBERS.
R  INDICATES RECORD WAS SET OR TIED.
MM INDICATES DATA IS MISSING.
T  INDICATES TRACE AMOUNT.




$$
