000
CDUS46 KMTR 260028
CLISNS


CLIMATE REPORT
NATIONAL WEATHER SERVICE SAN FRANCISCO BAY AREA
528 PM PDT MON JUL 25 2016


...................................

...THE SALINAS AIRPORT CLIMATE SUMMARY FOR JULY 25 2016...
VALID TODAY AS OF 0500 PM LOCAL TIME.

CLIMATE NORMAL PERIOD 1981 TO 2010
CLIMATE RECORD PERIOD 1930 TO 2016


WEATHER ITEM   OBSERVED TIME   RECORD YEAR NORMAL DEPARTURE LAST
                VALUE   (LST)  VALUE       VALUE  FROM      YEAR
                                                  NORMAL
..................................................................
TEMPERATURE (F)
 TODAY
  MAXIMUM         65    112 PM  87    1973  71     -6       74
  MINIMUM         53    327 AM  42    1936  56     -3       57
  AVERAGE         59                        63     -4       66

PRECIPITATION (IN)
  TODAY            0.00          0.00 2006   0.00   0.00     0.00
  MONTH TO DATE    T                         0.00   0.00     0.01
  SINCE OCT 1     13.47                     12.63   0.84     9.82
  SINCE JAN 1      8.57                      8.72  -0.15     1.83

DEGREE DAYS
 HEATING
  TODAY            6                         2      4        0
  MONTH TO DATE   79                        70      9        2
  SINCE JUN 1    155                       183    -28       83
  SINCE JUL 1     79                        70      9        2

 COOLING
  TODAY            0                         1     -1        1
  MONTH TO DATE    0                        25    -25       46
  SINCE JUN 1      8                        37    -29       58
  SINCE JAN 1     31                        53    -22       89
..................................................................


WIND (MPH)
  RESULTANT WIND SPEED   5   RESULTANT WIND DIRECTION   W (270)
  HIGHEST WIND SPEED    15   HIGHEST WIND DIRECTION     W (290)
  HIGHEST GUST SPEED    19   HIGHEST GUST DIRECTION    NW (310)
  AVERAGE WIND SPEED     6.9


SKY COVER
  POSSIBLE SUNSHINE  MM
  AVERAGE SKY COVER 0.7


WEATHER CONDITIONS
 THE FOLLOWING WEATHER WAS RECORDED TODAY.
  FOG
  HAZE


RELATIVE HUMIDITY (PERCENT)
 HIGHEST    93           500 AM
 LOWEST     63           100 PM
 AVERAGE    78

..........................................................


THE SALINAS AIRPORT CLIMATE NORMALS FOR TOMORROW
                         NORMAL    RECORD    YEAR
 MAXIMUM TEMPERATURE (F)   71        92      1963
 MINIMUM TEMPERATURE (F)   56        44      1967


SUNRISE AND SUNSET
JULY 25 2016..........SUNRISE   507 AM PST   SUNSET   718 PM PST
JULY 26 2016..........SUNRISE   508 AM PST   SUNSET   717 PM PST


-  INDICATES NEGATIVE NUMBERS.
R  INDICATES RECORD WAS SET OR TIED.
MM INDICATES DATA IS MISSING.
T  INDICATES TRACE AMOUNT.




$$
