000
CDUS46 KMTR 300826
CLISNS


CLIMATE REPORT
NATIONAL WEATHER SERVICE SAN FRANCISCO BAY AREA
125 AM PDT WED JUL 30 2014


...................................

...THE SALINAS AIRPORT CLIMATE SUMMARY FOR JULY 29 2014...

CLIMATE NORMAL PERIOD 1981 TO 2010
CLIMATE RECORD PERIOD 1930 TO 2014


WEATHER ITEM   OBSERVED TIME   RECORD YEAR NORMAL DEPARTURE LAST
                VALUE   (LST)  VALUE       VALUE  FROM      YEAR
                                                  NORMAL
..................................................................
TEMPERATURE (F)
 YESTERDAY
  MAXIMUM         75    121 PM  92    1977  71      4       70
  MINIMUM         61   1159 PM  44    1932  56      5       57
  AVERAGE         68                        63      5       64

PRECIPITATION (IN)
  YESTERDAY        0.00          T    2009   0.00   0.00     0.00
  MONTH TO DATE    0.01                      0.00   0.01      T
  SINCE JUL 1      0.01                      0.00   0.01      T
  SINCE JAN 1      4.98                      8.72  -3.74     2.33

DEGREE DAYS
 HEATING
  YESTERDAY        0                         2     -2        1
  MONTH TO DATE   38                        78    -40       66
  SINCE JUN 1    152                       191    -39      164
  SINCE JUL 1     38                        78    -40       66

 COOLING
  YESTERDAY        3                         0      3        0
  MONTH TO DATE   38                        26     12       13
  SINCE JUN 1     38                        38      0       37
  SINCE JAN 1     88                        54     34       47
..................................................................


WIND (MPH)
  RESULTANT WIND SPEED   6   RESULTANT WIND DIRECTION   W (290)
  HIGHEST WIND SPEED    16   HIGHEST WIND DIRECTION    NW (300)
  HIGHEST GUST SPEED    21   HIGHEST GUST DIRECTION     W (280)
  AVERAGE WIND SPEED     7.3


SKY COVER
  POSSIBLE SUNSHINE  MM
  AVERAGE SKY COVER 0.4


WEATHER CONDITIONS
 THE FOLLOWING WEATHER WAS RECORDED YESTERDAY.
  FOG
  HAZE


RELATIVE HUMIDITY (PERCENT)
 HIGHEST    90           700 AM
 LOWEST     57           200 PM
 AVERAGE    74

..........................................................


THE SALINAS AIRPORT CLIMATE NORMALS FOR TODAY
                         NORMAL    RECORD    YEAR
 MAXIMUM TEMPERATURE (F)   71        84      1977
 MINIMUM TEMPERATURE (F)   56        46      1930


SUNRISE AND SUNSET
JULY 30 2014..........SUNRISE   511 AM PST   SUNSET   714 PM PST
JULY 31 2014..........SUNRISE   512 AM PST   SUNSET   713 PM PST


-  INDICATES NEGATIVE NUMBERS.
R  INDICATES RECORD WAS SET OR TIED.
MM INDICATES DATA IS MISSING.
T  INDICATES TRACE AMOUNT.




$$
