000
CDUS46 KMTR 280828
CLISNS


CLIMATE REPORT
NATIONAL WEATHER SERVICE SAN FRANCISCO BAY AREA
127 AM PDT SAT MAY 28 2016


...................................

...THE SALINAS AIRPORT CLIMATE SUMMARY FOR MAY 27 2016...

CLIMATE NORMAL PERIOD 1981 TO 2010
CLIMATE RECORD PERIOD 1930 TO 2016


WEATHER ITEM   OBSERVED TIME   RECORD YEAR NORMAL DEPARTURE LAST
                VALUE   (LST)  VALUE       VALUE  FROM      YEAR
                                                  NORMAL
..................................................................
TEMPERATURE (F)
 YESTERDAY
  MAXIMUM         69    209 PM  99    1984  69      0       65
  MINIMUM         52    621 AM  40    1933  52      0       55
  AVERAGE         61                        60      1       60

PRECIPITATION (IN)
  YESTERDAY        0.00          0.42 1990   0.01  -0.01     0.00
  MONTH TO DATE    0.10                      0.32  -0.22     0.20
  SINCE OCT 1     13.44                     12.51   0.93     9.66
  SINCE JAN 1      8.54                      8.60  -0.06     1.67

DEGREE DAYS
 HEATING
  YESTERDAY        4                         5     -1        5
  MONTH TO DATE  138                       163    -25      146
  SINCE MAR 1    542                       738   -196      436
  SINCE JUL 1   1933                      2552   -619     1285

 COOLING
  YESTERDAY        0                         0      0        0
  MONTH TO DATE    2                         0      2        0
  SINCE MAR 1     20                         7     13       23
  SINCE JAN 1     23                         7     16       31
..................................................................


WIND (MPH)
  RESULTANT WIND SPEED   6   RESULTANT WIND DIRECTION   W (280)
  HIGHEST WIND SPEED    17   HIGHEST WIND DIRECTION     W (290)
  HIGHEST GUST SPEED    20   HIGHEST GUST DIRECTION     W (280)
  AVERAGE WIND SPEED     8.0


SKY COVER
  POSSIBLE SUNSHINE  MM
  AVERAGE SKY COVER 0.4


WEATHER CONDITIONS
 THE FOLLOWING WEATHER WAS RECORDED YESTERDAY.
  HAZE


RELATIVE HUMIDITY (PERCENT)
 HIGHEST    83          1200 AM
 LOWEST     49          1100 AM
 AVERAGE    66

..........................................................


THE SALINAS AIRPORT CLIMATE NORMALS FOR TODAY
                         NORMAL    RECORD    YEAR
 MAXIMUM TEMPERATURE (F)   69        90      2003
 MINIMUM TEMPERATURE (F)   52        40      1982


SUNRISE AND SUNSET
MAY 28 2016...........SUNRISE   451 AM PST   SUNSET   717 PM PST
MAY 29 2016...........SUNRISE   450 AM PST   SUNSET   718 PM PST


-  INDICATES NEGATIVE NUMBERS.
R  INDICATES RECORD WAS SET OR TIED.
MM INDICATES DATA IS MISSING.
T  INDICATES TRACE AMOUNT.




$$
