000
CDUS45 KPIH 100732
CLISNT


CLIMATE REPORT
NATIONAL WEATHER SERVICE POCATELLO ID
1231 AM MST WED FEB 10 2016


...................................

...THE STANLEY ID CLIMATE SUMMARY FOR FEBRUARY 9 2016...

CLIMATE NORMAL PERIOD 1981 TO 2010
CLIMATE RECORD PERIOD 1916 TO 2016


WEATHER ITEM   OBSERVED TIME   RECORD YEAR NORMAL DEPARTURE LAST
                VALUE   (LST)  VALUE       VALUE  FROM      YEAR
                                                  NORMAL
..................................................................
TEMPERATURE (F)
 YESTERDAY
  MAXIMUM         42    400 PM  46    1996  31     11       40
  MINIMUM          9   1143 PM -43    1923   2      7       35
  AVERAGE         26                        17      9       38

PRECIPITATION (IN)
  YESTERDAY        0.00          0.41 2015   0.08  -0.08     0.41
  MONTH TO DATE    0.03                      0.70  -0.67     1.80
  SINCE OCT 1     10.05                      7.07   2.98     9.95
  SINCE JAN 1      2.48                      2.22   0.26     3.24

SNOWFALL (IN)
  YESTERDAY       MM
  MONTH TO DATE   MM
  SINCE DEC 1     MM
  SINCE JUL 1     MM
  SNOW DEPTH      MM

DEGREE DAYS
 HEATING
  YESTERDAY       39                        48     -9       27
  MONTH TO DATE  440                       441     -1      276
  SINCE DEC 1   3433                      3573   -140     3056
  SINCE JUL 1   6205                      6670   -465     5649

 COOLING
  YESTERDAY        0                         0      0        0
  MONTH TO DATE    0                         0      0        0
  SINCE DEC 1      0                         0      0        0
  SINCE JAN 1      0                         0      0        0
..................................................................


WIND (MPH)
  HIGHEST WIND SPEED     8   HIGHEST WIND DIRECTION     S (160)
  HIGHEST GUST SPEED    10   HIGHEST GUST DIRECTION     S (160)
  AVERAGE WIND SPEED     1.8


SKY COVER
  POSSIBLE SUNSHINE  MM
  AVERAGE SKY COVER 0.0


WEATHER CONDITIONS
 THE FOLLOWING WEATHER WAS RECORDED YESTERDAY.
  NO SIGNIFICANT WEATHER WAS OBSERVED.


RELATIVE HUMIDITY (PERCENT)
 HIGHEST    88           100 AM
 LOWEST     50           400 PM
 AVERAGE    69

..........................................................


THE STANLEY ID CLIMATE NORMALS FOR TODAY
                         NORMAL    RECORD    YEAR
 MAXIMUM TEMPERATURE (F)   32        50      1964
 MINIMUM TEMPERATURE (F)    2       -37      1982


SUNRISE AND SUNSET
FEBRUARY 10 2016......SUNRISE   747 AM MST   SUNSET   602 PM MST
FEBRUARY 11 2016......SUNRISE   745 AM MST   SUNSET   603 PM MST


-  INDICATES NEGATIVE NUMBERS.
R  INDICATES RECORD WAS SET OR TIED.
MM INDICATES DATA IS MISSING.
T  INDICATES TRACE AMOUNT.




$$
