000
CDUS45 KPIH 220732
CLISNT


CLIMATE REPORT
NATIONAL WEATHER SERVICE POCATELLO ID
129 AM MDT THU JUN 22 2017


...................................

...THE STANLEY ID CLIMATE SUMMARY FOR JUNE 21 2017...

CLIMATE NORMAL PERIOD 1981 TO 2010
CLIMATE RECORD PERIOD 1916 TO 2017


WEATHER ITEM   OBSERVED TIME   RECORD YEAR NORMAL DEPARTURE LAST
                VALUE   (LST)  VALUE       VALUE  FROM      YEAR
                                                  NORMAL
..................................................................
TEMPERATURE (F)
 YESTERDAY
  MAXIMUM         79    243 PM  89    1994  69     10       74
  MINIMUM         44   1159 PM  24    1991  33     11       37
  AVERAGE         62                        51     11       56

PRECIPITATION (IN)
  YESTERDAY        0.00          0.43 1918   0.04  -0.04     0.00
  MONTH TO DATE    0.82                      1.02  -0.20     0.38
  SINCE OCT 1     27.51                     14.40  13.11    16.97
  SINCE JAN 1     16.18                      9.55   6.63     9.40

SNOWFALL (IN)
  YESTERDAY       MM
  MONTH TO DATE   MM
  SINCE JUN 1     MM
  SINCE JUL 1     MM
  SNOW DEPTH      MM

DEGREE DAYS
 HEATING
  YESTERDAY        3                        14    -11        9
  MONTH TO DATE  265                       341    -76      234
  SINCE JUN 1    265                       341    -76      234
  SINCE JUL 1  10068                     10683   -615     9611

 COOLING
  YESTERDAY        0                         0      0        0
  MONTH TO DATE    2                         0      2        0
  SINCE JUN 1      2                         0      2        0
  SINCE JAN 1      2                         0      2        0
..................................................................


WIND (MPH)
  HIGHEST WIND SPEED    16   HIGHEST WIND DIRECTION    NW (320)
  HIGHEST GUST SPEED    22   HIGHEST GUST DIRECTION    NW (330)
  AVERAGE WIND SPEED     5.0


SKY COVER
  POSSIBLE SUNSHINE  MM
  AVERAGE SKY COVER 0.0


WEATHER CONDITIONS
 THE FOLLOWING WEATHER WAS RECORDED YESTERDAY.
  NO SIGNIFICANT WEATHER WAS OBSERVED.


RELATIVE HUMIDITY (PERCENT)
 HIGHEST    92           500 AM
 LOWEST     16           100 PM
 AVERAGE    54

..........................................................


THE STANLEY ID CLIMATE NORMALS FOR TODAY
                         NORMAL    RECORD    YEAR
 MAXIMUM TEMPERATURE (F)   69        89      1973
 MINIMUM TEMPERATURE (F)   33        26      1983


SUNRISE AND SUNSET
JUNE 22 2017..........SUNRISE   557 AM MDT   SUNSET   927 PM MDT
JUNE 23 2017..........SUNRISE   557 AM MDT   SUNSET   927 PM MDT


-  INDICATES NEGATIVE NUMBERS.
R  INDICATES RECORD WAS SET OR TIED.
MM INDICATES DATA IS MISSING.
T  INDICATES TRACE AMOUNT.




$$
