000
CDUS45 KPIH 080800
CLISNT


CLIMATE REPORT
NATIONAL WEATHER SERVICE POCATELLO ID
1258 AM MST THU DEC 8 2016


...................................

...THE STANLEY ID CLIMATE SUMMARY FOR DECEMBER 7 2016...

CLIMATE NORMAL PERIOD 1981 TO 2010
CLIMATE RECORD PERIOD 1916 TO 2016


WEATHER ITEM   OBSERVED TIME   RECORD YEAR NORMAL DEPARTURE LAST
                VALUE   (LST)  VALUE       VALUE  FROM      YEAR
                                                  NORMAL
..................................................................
TEMPERATURE (F)
 YESTERDAY
  MAXIMUM         11    351 PM  52    1918  25    -14       42
                                      1987
  MINIMUM        -16   1152 PM -29    1978   5    -21       34
  AVERAGE         -2                        15    -17       38

PRECIPITATION (IN)
  YESTERDAY        0.00          1.14 2015   0.04  -0.04     1.14
  MONTH TO DATE    0.53                      0.25   0.28     1.47
  SINCE OCT 1      5.99                      3.83   2.16     4.08
  SINCE JAN 1     16.98                     16.04   0.94    16.69

SNOWFALL (IN)
  YESTERDAY       MM
  MONTH TO DATE   MM
  SINCE DEC 1     MM
  SINCE JUL 1     MM
  SNOW DEPTH      MM

DEGREE DAYS
 HEATING
  YESTERDAY       67                        50     17       27
  MONTH TO DATE  372                       343     29      299
  SINCE DEC 1    372                       343     29      299
  SINCE JUL 1   2989                      3440   -451     3071

 COOLING
  YESTERDAY        0                         0      0        0
  MONTH TO DATE    0                         0      0        0
  SINCE DEC 1      0                         0      0        0
  SINCE JAN 1      4                         3      1       25
..................................................................


WIND (MPH)
  HIGHEST WIND SPEED     6   HIGHEST WIND DIRECTION     S (170)
  HIGHEST GUST SPEED     7   HIGHEST GUST DIRECTION     S (170)
  AVERAGE WIND SPEED     0.7


SKY COVER
  POSSIBLE SUNSHINE  MM
  AVERAGE SKY COVER 0.0


WEATHER CONDITIONS
 THE FOLLOWING WEATHER WAS RECORDED YESTERDAY.
  NO SIGNIFICANT WEATHER WAS OBSERVED.


RELATIVE HUMIDITY (PERCENT)
 HIGHEST    83           200 AM
 LOWEST     66           400 PM
 AVERAGE    75

..........................................................


THE STANLEY ID CLIMATE NORMALS FOR TODAY
                         NORMAL    RECORD    YEAR
 MAXIMUM TEMPERATURE (F)   25        43      2015
                                             1979
 MINIMUM TEMPERATURE (F)    5       -34      1919


SUNRISE AND SUNSET
DECEMBER  8 2016......SUNRISE   803 AM MST   SUNSET   501 PM MST
DECEMBER  9 2016......SUNRISE   804 AM MST   SUNSET   501 PM MST


-  INDICATES NEGATIVE NUMBERS.
R  INDICATES RECORD WAS SET OR TIED.
MM INDICATES DATA IS MISSING.
T  INDICATES TRACE AMOUNT.




$$
