000
CDUS45 KPIH 180735
CLISNT


CLIMATE REPORT
NATIONAL WEATHER SERVICE POCATELLO ID
135 AM MDT THU SEP 18 2014


...................................

...THE STANLEY ID CLIMATE SUMMARY FOR SEPTEMBER 17 2014...

CLIMATE NORMAL PERIOD 1981 TO 2010
CLIMATE RECORD PERIOD 1916 TO 2014


WEATHER ITEM   OBSERVED TIME   RECORD YEAR NORMAL DEPARTURE LAST
                VALUE   (LST)  VALUE       VALUE  FROM      YEAR
                                                  NORMAL
..................................................................
TEMPERATURE (F)
 YESTERDAY
  MAXIMUM         80    454 PM  85    1981  67     13       68
  MINIMUM         36    646 AM  10    1965  28      8       36
  AVERAGE         58                        47     11       52

PRECIPITATION (IN)
  YESTERDAY        0.00          0.45 1976   0.04  -0.04     0.00
  MONTH TO DATE    0.01                      0.59  -0.58     0.50
  SINCE OCT 1     18.33                     16.73   1.60    15.14
  SINCE JAN 1     14.72                     11.88   2.84     6.95

SNOWFALL (IN)
  YESTERDAY       MM
  MONTH TO DATE   MM
  SINCE SEP 1     MM
  SINCE JUL 1     MM
  SNOW DEPTH      MM

DEGREE DAYS
 HEATING
  YESTERDAY        7                        18    -11       13
  MONTH TO DATE  258                       266     -8      126
  SINCE SEP 1    258                       266     -8      126
  SINCE JUL 1    597                       786   -189      453

 COOLING
  YESTERDAY        0                         0      0        0
  MONTH TO DATE    0                         0      0        0
  SINCE SEP 1      0                         0      0        0
  SINCE JAN 1     16                         3     13       19
..................................................................


WIND (MPH)
  HIGHEST WIND SPEED    10   HIGHEST WIND DIRECTION     N (350)
  HIGHEST GUST SPEED    14   HIGHEST GUST DIRECTION     N (340)
  AVERAGE WIND SPEED     2.8


SKY COVER
  POSSIBLE SUNSHINE  MM
  AVERAGE SKY COVER 0.0


WEATHER CONDITIONS
 THE FOLLOWING WEATHER WAS RECORDED YESTERDAY.
  NO SIGNIFICANT WEATHER WAS OBSERVED.


RELATIVE HUMIDITY (PERCENT)
 HIGHEST    76           300 AM
 LOWEST     20           500 PM
 AVERAGE    48

..........................................................


THE STANLEY ID CLIMATE NORMALS FOR TODAY
                         NORMAL    RECORD    YEAR
 MAXIMUM TEMPERATURE (F)   66        86      1981
 MINIMUM TEMPERATURE (F)   28        11      1971


SUNRISE AND SUNSET
SEPTEMBER 18 2014.....SUNRISE   722 AM MDT   SUNSET   744 PM MDT
SEPTEMBER 19 2014.....SUNRISE   723 AM MDT   SUNSET   743 PM MDT


-  INDICATES NEGATIVE NUMBERS.
R  INDICATES RECORD WAS SET OR TIED.
MM INDICATES DATA IS MISSING.
T  INDICATES TRACE AMOUNT.




$$
