000
CDUS45 KPIH 040733
CLISNT


CLIMATE REPORT
NATIONAL WEATHER SERVICE POCATELLO ID
1231 AM MST WED MAR 4 2015


...................................

...THE STANLEY ID CLIMATE SUMMARY FOR MARCH 3 2015...

CLIMATE NORMAL PERIOD 1981 TO 2010
CLIMATE RECORD PERIOD 1916 TO 2015


WEATHER ITEM   OBSERVED TIME   RECORD YEAR NORMAL DEPARTURE LAST
                VALUE   (LST)  VALUE       VALUE  FROM      YEAR
                                                  NORMAL
..................................................................
TEMPERATURE (F)
 YESTERDAY
  MAXIMUM         32    303 PM  54    1986  39     -7       38
  MINIMUM         10   1159 PM -29    1917   8      2       30
  AVERAGE         21                        23     -2       34

PRECIPITATION (IN)
  YESTERDAY        0.00          0.32 1991   0.04  -0.04     0.32
                                      1991
                                      2014
  MONTH TO DATE    0.00                      0.12  -0.12     0.61
  SINCE OCT 1      9.98                      8.28   1.70    10.76
  SINCE JAN 1      3.27                      3.43  -0.16     7.15

SNOWFALL (IN)
  YESTERDAY       MM
  MONTH TO DATE   MM
  SINCE MAR 1     MM
  SINCE JUL 1     MM
  SNOW DEPTH      MM

DEGREE DAYS
 HEATING
  YESTERDAY       44                        42      2       31
  MONTH TO DATE  136                       126     10       99
  SINCE MAR 1    136                       126     10       99
  SINCE JUL 1   6514                      7660  -1146     7267

 COOLING
  YESTERDAY        0                         0      0        0
  MONTH TO DATE    0                         0      0        0
  SINCE MAR 1      0                         0      0        0
  SINCE JAN 1      0                         0      0        0
..................................................................


WIND (MPH)
  HIGHEST WIND SPEED    14   HIGHEST WIND DIRECTION     N (340)
  HIGHEST GUST SPEED    18   HIGHEST GUST DIRECTION     N (340)
  AVERAGE WIND SPEED     5.1


SKY COVER
  POSSIBLE SUNSHINE  MM
  AVERAGE SKY COVER 0.0


WEATHER CONDITIONS
 THE FOLLOWING WEATHER WAS RECORDED YESTERDAY.
  NO SIGNIFICANT WEATHER WAS OBSERVED.


RELATIVE HUMIDITY (PERCENT)
 HIGHEST    74           100 AM
 LOWEST     31           200 PM
 AVERAGE    53

..........................................................


THE STANLEY ID CLIMATE NORMALS FOR TODAY
                         NORMAL    RECORD    YEAR
 MAXIMUM TEMPERATURE (F)   39        53      1994
 MINIMUM TEMPERATURE (F)    9       -31      1966


SUNRISE AND SUNSET
MARCH  4 2015.........SUNRISE   712 AM MST   SUNSET   632 PM MST
MARCH  5 2015.........SUNRISE   710 AM MST   SUNSET   633 PM MST


-  INDICATES NEGATIVE NUMBERS.
R  INDICATES RECORD WAS SET OR TIED.
MM INDICATES DATA IS MISSING.
T  INDICATES TRACE AMOUNT.




$$
