000
CDUS45 KPIH 210730
CLISNT


CLIMATE REPORT
NATIONAL WEATHER SERVICE POCATELLO ID
1229 AM MST TUE FEB 21 2017


...................................

...THE STANLEY ID CLIMATE SUMMARY FOR FEBRUARY 20 2017...

CLIMATE NORMAL PERIOD 1981 TO 2010
CLIMATE RECORD PERIOD 1916 TO 2017


WEATHER ITEM   OBSERVED TIME   RECORD YEAR NORMAL DEPARTURE LAST
                VALUE   (LST)  VALUE       VALUE  FROM      YEAR
                                                  NORMAL
..................................................................
TEMPERATURE (F)
 YESTERDAY
  MAXIMUM         36    315 PM  60    1923  35      1       33
  MINIMUM         29   1229 AM -27    1990   5     24       11
  AVERAGE         33                        20     13       22

PRECIPITATION (IN)
  YESTERDAY        0.62R         0.49 1992   0.06   0.56     0.00
  MONTH TO DATE    6.02                      1.29   4.73     1.03
  SINCE OCT 1     17.61                      7.66   9.95    11.05
  SINCE JAN 1      6.28                      2.81   3.47     3.48

SNOWFALL (IN)
  YESTERDAY       MM
  MONTH TO DATE   MM
  SINCE DEC 1     MM
  SINCE JUL 1     MM
  SNOW DEPTH      MM

DEGREE DAYS
 HEATING
  YESTERDAY       32                        45    -13       43
  MONTH TO DATE  745                       955   -210      807
  SINCE DEC 1   4271                      4087    184     3800
  SINCE JUL 1   6888                      7184   -296     6572

 COOLING
  YESTERDAY        0                         0      0        0
  MONTH TO DATE    0                         0      0        0
  SINCE DEC 1      0                         0      0        0
  SINCE JAN 1      0                         0      0        0
..................................................................


WIND (MPH)
  HIGHEST WIND SPEED    21   HIGHEST WIND DIRECTION    SE (150)
  HIGHEST GUST SPEED    34   HIGHEST GUST DIRECTION     S (160)
  AVERAGE WIND SPEED     8.8


SKY COVER
  POSSIBLE SUNSHINE  MM
  AVERAGE SKY COVER 0.0


WEATHER CONDITIONS
 THE FOLLOWING WEATHER WAS RECORDED YESTERDAY.
  NO SIGNIFICANT WEATHER WAS OBSERVED.


RELATIVE HUMIDITY (PERCENT)
 HIGHEST   100           600 PM
 LOWEST     82           800 AM
 AVERAGE    91

..........................................................


THE STANLEY ID CLIMATE NORMALS FOR TODAY
                         NORMAL    RECORD    YEAR
 MAXIMUM TEMPERATURE (F)   35        56      1977
 MINIMUM TEMPERATURE (F)    5       -24      1975


SUNRISE AND SUNSET
FEBRUARY 21 2017......SUNRISE   729 AM MST   SUNSET   618 PM MST
FEBRUARY 22 2017......SUNRISE   728 AM MST   SUNSET   619 PM MST


-  INDICATES NEGATIVE NUMBERS.
R  INDICATES RECORD WAS SET OR TIED.
MM INDICATES DATA IS MISSING.
T  INDICATES TRACE AMOUNT.




$$
