000
CDUS45 KPIH 210735
CLISNT


CLIMATE REPORT
NATIONAL WEATHER SERVICE POCATELLO ID
131 AM MDT MON AUG 21 2017


...................................

...THE STANLEY ID CLIMATE SUMMARY FOR AUGUST 20 2017...

CLIMATE NORMAL PERIOD 1981 TO 2010
CLIMATE RECORD PERIOD 1916 TO 2017


WEATHER ITEM   OBSERVED TIME   RECORD YEAR NORMAL DEPARTURE LAST
                VALUE   (LST)  VALUE       VALUE  FROM      YEAR
                                                  NORMAL
..................................................................
TEMPERATURE (F)
 YESTERDAY
  MAXIMUM         80    357 PM  88    2009  77      3       84
                                      1992
  MINIMUM         31    554 AM  19    1928  34     -3       33
  AVERAGE         56                        55      1       59

PRECIPITATION (IN)
  YESTERDAY        0.00          0.55 1983   0.02  -0.02     0.00
  MONTH TO DATE    0.43                      0.38   0.05     0.02
  SINCE OCT 1     28.98                     15.84  13.14    17.15
  SINCE JAN 1     17.65                     10.99   6.66     9.58

SNOWFALL (IN)
  YESTERDAY       MM
  MONTH TO DATE   MM
  SINCE JUN 1     MM
  SINCE JUL 1     MM
  SNOW DEPTH      MM

DEGREE DAYS
 HEATING
  YESTERDAY        9                        10     -1        6
  MONTH TO DATE  100                       152    -52      137
  SINCE JUN 1    517                       847   -330      677
  SINCE JUL 1    173                       393   -220      373

 COOLING
  YESTERDAY        0                         0      0        0
  MONTH TO DATE    0                         0      0        0
  SINCE JUN 1     21                         3     18        3
  SINCE JAN 1     21                         3     18        3
..................................................................


WIND (MPH)
  HIGHEST WIND SPEED    17   HIGHEST WIND DIRECTION    NW (310)
  HIGHEST GUST SPEED    24   HIGHEST GUST DIRECTION    NW (330)
  AVERAGE WIND SPEED     4.6


SKY COVER
  POSSIBLE SUNSHINE  MM
  AVERAGE SKY COVER 0.0


WEATHER CONDITIONS
 THE FOLLOWING WEATHER WAS RECORDED YESTERDAY.
  NO SIGNIFICANT WEATHER WAS OBSERVED.


RELATIVE HUMIDITY (PERCENT)
 HIGHEST    78           600 AM
 LOWEST     12           200 PM
 AVERAGE    45

..........................................................


THE STANLEY ID CLIMATE NORMALS FOR TODAY
                         NORMAL    RECORD    YEAR
 MAXIMUM TEMPERATURE (F)   76        90      2009
                                             1969
 MINIMUM TEMPERATURE (F)   34        22      1928


SUNRISE AND SUNSET
AUGUST 21 2017........SUNRISE   650 AM MDT   SUNSET   834 PM MDT
AUGUST 22 2017........SUNRISE   652 AM MDT   SUNSET   832 PM MDT


-  INDICATES NEGATIVE NUMBERS.
R  INDICATES RECORD WAS SET OR TIED.
MM INDICATES DATA IS MISSING.
T  INDICATES TRACE AMOUNT.




$$
