000
CDUS45 KPIH 140728
CLISNT


CLIMATE REPORT
NATIONAL WEATHER SERVICE POCATELLO ID
128 AM MDT MON JUL 14 2014


...................................

...THE STANLEY ID CLIMATE SUMMARY FOR JULY 13 2014...

CLIMATE NORMAL PERIOD 1981 TO 2010
CLIMATE RECORD PERIOD 1916 TO 2014


WEATHER ITEM   OBSERVED TIME   RECORD YEAR NORMAL DEPARTURE LAST
                VALUE   (LST)  VALUE       VALUE  FROM      YEAR
                                                  NORMAL
..................................................................
TEMPERATURE (F)
 YESTERDAY
  MAXIMUM         89    416 PM  95    2002  78     11       78
  MINIMUM         41    544 AM  26    1976  37      4       34
  AVERAGE         65                        57      8       56

PRECIPITATION (IN)
  YESTERDAY        0.00          0.24 2012   0.01  -0.01     0.00
  MONTH TO DATE    0.00                      0.32  -0.32     0.27
  SINCE OCT 1     16.87                     15.09   1.78    14.39
  SINCE JAN 1     13.26                     10.24   3.02     6.20

SNOWFALL (IN)
  YESTERDAY       MM
  MONTH TO DATE   MM
  SINCE JUN 1     MM
  SINCE JUL 1     MM
  SNOW DEPTH      MM

DEGREE DAYS
 HEATING
  YESTERDAY        0                         8     -8        9
  MONTH TO DATE   36                       123    -87       58
  SINCE JUN 1    506                       577    -71      427
  SINCE JUL 1     36                       123    -87       58

 COOLING
  YESTERDAY        0                         0      0        0
  MONTH TO DATE    4                         0      4       13
  SINCE JUN 1      4                         0      4       16
  SINCE JAN 1      4                         0      4       16
..................................................................


WIND (MPH)
  HIGHEST WIND SPEED    10   HIGHEST WIND DIRECTION     N (360)
  HIGHEST GUST SPEED    16   HIGHEST GUST DIRECTION     N (340)
  AVERAGE WIND SPEED     2.9


SKY COVER
  POSSIBLE SUNSHINE  MM
  AVERAGE SKY COVER 0.0


WEATHER CONDITIONS
 THE FOLLOWING WEATHER WAS RECORDED YESTERDAY.
  NO SIGNIFICANT WEATHER WAS OBSERVED.


RELATIVE HUMIDITY (PERCENT)
 HIGHEST    76           400 AM
 LOWEST     13           300 PM
 AVERAGE    45

..........................................................


THE STANLEY ID CLIMATE NORMALS FOR TODAY
                         NORMAL    RECORD    YEAR
 MAXIMUM TEMPERATURE (F)   78        92      2007
 MINIMUM TEMPERATURE (F)   37        25      2010
                                             1981


SUNRISE AND SUNSET
JULY 14 2014..........SUNRISE   609 AM MDT   SUNSET   921 PM MDT
JULY 15 2014..........SUNRISE   610 AM MDT   SUNSET   921 PM MDT


-  INDICATES NEGATIVE NUMBERS.
R  INDICATES RECORD WAS SET OR TIED.
MM INDICATES DATA IS MISSING.
T  INDICATES TRACE AMOUNT.




$$
