000
CDUS45 KCYS 140727
CLISNY


CLIMATE REPORT
NATIONAL WEATHER SERVICE CHEYENNE WY
1226 AM MST SUN FEB 14 2016


...................................

...THE SIDNEY NE AIRPORT CLIMATE SUMMARY FOR FEBRUARY 13 2016...

CLIMATE NORMAL PERIOD 1981 TO 2010
CLIMATE RECORD PERIOD 1948 TO 2016


WEATHER ITEM   OBSERVED TIME   RECORD YEAR NORMAL DEPARTURE LAST
                VALUE   (LST)  VALUE       VALUE  FROM      YEAR
                                                  NORMAL
..................................................................
TEMPERATURE (F)
 YESTERDAY
  MAXIMUM         48    244 PM  68    1954  44      4       61
  MINIMUM         29    839 AM -12    1948  18     11       28
  AVERAGE         39                        31      8       45

PRECIPITATION (IN)
  YESTERDAY        0.00          0.27 1978   0.01  -0.01     0.00
  MONTH TO DATE    0.11                      0.11   0.00     0.22
  SINCE JAN 1      0.17                      0.31  -0.14     0.59

DEGREE DAYS
 HEATING
  YESTERDAY       26                        34     -8       20
  MONTH TO DATE  470                       450     20      319
  SINCE DEC 1   2827                      2685    142     2638
  SINCE JUL 1   4177                      4107     70     4128

 COOLING
  YESTERDAY        0                         0      0        0
  MONTH TO DATE    0                         0      0        0
  SINCE DEC 1      0                         0      0        0
  SINCE JAN 1      0                         0      0        0
..................................................................


WIND (MPH)
  HIGHEST WIND SPEED    38   HIGHEST WIND DIRECTION    NW (330)
  HIGHEST GUST SPEED    50   HIGHEST GUST DIRECTION    NW (330)
  AVERAGE WIND SPEED    13.3


SKY COVER
  AVERAGE SKY COVER 0.5


WEATHER CONDITIONS
 THE FOLLOWING WEATHER WAS RECORDED YESTERDAY.
  FOG


RELATIVE HUMIDITY (PERCENT)
 HIGHEST   100          1200 AM
 LOWEST     71           300 PM
 AVERAGE    86

..........................................................


THE SIDNEY NE AIRPORT CLIMATE NORMALS FOR TODAY
                         NORMAL    RECORD    YEAR
 MAXIMUM TEMPERATURE (F)   45        70      1999
 MINIMUM TEMPERATURE (F)   19       -10      1978


SUNRISE AND SUNSET
FEBRUARY 14 2016......SUNRISE   648 AM MST   SUNSET   524 PM MST
FEBRUARY 15 2016......SUNRISE   647 AM MST   SUNSET   526 PM MST


-  INDICATES NEGATIVE NUMBERS.
R  INDICATES RECORD WAS SET OR TIED.
MM INDICATES DATA IS MISSING.
T  INDICATES TRACE AMOUNT.




$$
