000
CDUS45 KCYS 300338
CLISNY


CLIMATE REPORT
NATIONAL WEATHER SERVICE CHEYENNE WY
937 PM MDT SAT AUG 29 2015


...................................

...THE SIDNEY NE AIRPORT CLIMATE SUMMARY FOR AUGUST 29 2015...
VALID TODAY AS OF 0900 PM LOCAL TIME.

CLIMATE NORMAL PERIOD 1981 TO 2010
CLIMATE RECORD PERIOD 1948 TO 2015


WEATHER ITEM   OBSERVED TIME   RECORD YEAR NORMAL DEPARTURE LAST
                VALUE   (LST)  VALUE       VALUE  FROM      YEAR
                                                  NORMAL
..................................................................
TEMPERATURE (F)
 TODAY
  MAXIMUM         93    201 PM 103    2012  86      7       85
  MINIMUM         47    506 AM  41    1988  56     -9       51
  AVERAGE         70                        71     -1       68

PRECIPITATION (IN)
  TODAY            0.00          3.32 2011   0.06  -0.06     0.00
  MONTH TO DATE    0.54                      2.12  -1.58     2.86
  SINCE JAN 1     19.27                     15.02   4.25    11.63

DEGREE DAYS
 HEATING
  TODAY            0                         1     -1        0
  MONTH TO DATE   31                         2     29        2
  SINCE JUN 1     38                        64    -26       66
  SINCE JUL 1     38                         5     33       11

 COOLING
  TODAY            5                         6     -1        3
  MONTH TO DATE  197                       252    -55      208
  SINCE JUN 1    546                       708   -162      535
  SINCE JAN 1    546                       730   -184      551
..................................................................


WIND (MPH)
  HIGHEST WIND SPEED    17   HIGHEST WIND DIRECTION    SE (140)
  HIGHEST GUST SPEED    23   HIGHEST GUST DIRECTION     S (190)
  AVERAGE WIND SPEED     9.4


SKY COVER
  AVERAGE SKY COVER 0.0


WEATHER CONDITIONS
 THE FOLLOWING WEATHER WAS RECORDED TODAY.
  HAZE


RELATIVE HUMIDITY (PERCENT)
 HIGHEST    80           500 AM
 LOWEST     12           100 PM
 AVERAGE    46

..........................................................


THE SIDNEY NE AIRPORT CLIMATE NORMALS FOR TOMORROW
                         NORMAL    RECORD    YEAR
 MAXIMUM TEMPERATURE (F)   86        99      2013
                                             1985
 MINIMUM TEMPERATURE (F)   55        37      1964


SUNRISE AND SUNSET
AUGUST 29 2015........SUNRISE   615 AM MDT   SUNSET   730 PM MDT
AUGUST 30 2015........SUNRISE   616 AM MDT   SUNSET   728 PM MDT


-  INDICATES NEGATIVE NUMBERS.
R  INDICATES RECORD WAS SET OR TIED.
MM INDICATES DATA IS MISSING.
T  INDICATES TRACE AMOUNT.




$$
