000
CDUS45 KCYS 200736
CLISNY


CLIMATE REPORT
NATIONAL WEATHER SERVICE CHEYENNE WY
134 AM MDT SAT SEP 20 2014


...................................

...THE SIDNEY NE AIRPORT CLIMATE SUMMARY FOR SEPTEMBER 19 2014...

CLIMATE NORMAL PERIOD 1981 TO 2010
CLIMATE RECORD PERIOD 1948 TO 2014


WEATHER ITEM   OBSERVED TIME   RECORD YEAR NORMAL DEPARTURE LAST
                VALUE   (LST)  VALUE       VALUE  FROM      YEAR
                                                  NORMAL
..................................................................
TEMPERATURE (F)
 YESTERDAY
  MAXIMUM         92R   315 PM  91    1984  77     15       68
  MINIMUM         56    515 AM  28    1971  47      9       46
  AVERAGE         74                        62     12       57

PRECIPITATION (IN)
  YESTERDAY        0.00          1.11 1950   0.04  -0.04     0.02
  MONTH TO DATE    0.67                      0.88  -0.21     4.37
  SINCE JAN 1     12.35                     16.04  -3.69    12.54

DEGREE DAYS
 HEATING
  YESTERDAY        0                         5     -5        8
  MONTH TO DATE   96                        49     47       25
  SINCE SEP 1     96                        49     47       25
  SINCE JUL 1    108                        60     48       34

 COOLING
  YESTERDAY        9                         2      7        0
  MONTH TO DATE   52                        71    -19      146
  SINCE SEP 1     52                        71    -19      146
  SINCE JAN 1    610                       813   -203      909
..................................................................


WIND (MPH)
  HIGHEST WIND SPEED    26   HIGHEST WIND DIRECTION    NW (310)
  HIGHEST GUST SPEED    41   HIGHEST GUST DIRECTION     W (280)
  AVERAGE WIND SPEED     9.0


SKY COVER
  AVERAGE SKY COVER 0.1


WEATHER CONDITIONS
 THE FOLLOWING WEATHER WAS RECORDED YESTERDAY.
  THUNDERSTORM


RELATIVE HUMIDITY (PERCENT)
 HIGHEST    78          1200 AM
 LOWEST     20           300 PM
 AVERAGE    49

..........................................................


THE SIDNEY NE AIRPORT CLIMATE NORMALS FOR TODAY
                         NORMAL    RECORD    YEAR
 MAXIMUM TEMPERATURE (F)   77        98      2010
 MINIMUM TEMPERATURE (F)   46        24      1983


SUNRISE AND SUNSET
SEPTEMBER 20 2014.....SUNRISE   637 AM MDT   SUNSET   652 PM MDT
SEPTEMBER 21 2014.....SUNRISE   638 AM MDT   SUNSET   651 PM MDT


-  INDICATES NEGATIVE NUMBERS.
R  INDICATES RECORD WAS SET OR TIED.
MM INDICATES DATA IS MISSING.
T  INDICATES TRACE AMOUNT.




$$
