000
CDUS45 KCYS 282138
CLISNY


CLIMATE REPORT
NATIONAL WEATHER SERVICE CHEYENNE WY
338 PM MDT THU MAY 28 2015


...................................

...THE SIDNEY NE AIRPORT CLIMATE SUMMARY FOR MAY 28 2015...
VALID AS OF 0300 PM LOCAL TIME.

CLIMATE NORMAL PERIOD 1981 TO 2010
CLIMATE RECORD PERIOD 1948 TO 2015


WEATHER ITEM   OBSERVED TIME   RECORD YEAR NORMAL DEPARTURE LAST
                VALUE   (LST)  VALUE       VALUE  FROM      YEAR
                                                  NORMAL
..................................................................
TEMPERATURE (F)
 TODAY
  MAXIMUM         76   1225 PM  95    2000  75      1       88
  MINIMUM         49    317 AM  30    2005  47      2       49
  AVERAGE         63                        61      2       69

PRECIPITATION (IN)
  TODAY            0.18          1.26 2013   0.11   0.07     0.00
  MONTH TO DATE    7.85                      2.76   5.09     2.26
  SINCE JAN 1     14.38                      6.43   7.95     4.26

DEGREE DAYS
 HEATING
  TODAY            2                         5     -3        0
  MONTH TO DATE  371                       236    135      267
  SINCE MAR 1   1547                      1566    -19     1586
  SINCE JUL 1   6279                      6148    131     6575

 COOLING
  TODAY            0                         1     -1        4
  MONTH TO DATE    0                        19    -19        6
  SINCE MAR 1      0                        20    -20        6
  SINCE JAN 1      0                        20    -20        6
..................................................................


WIND (MPH)
  HIGHEST WIND SPEED    17   HIGHEST WIND DIRECTION     E (100)
  HIGHEST GUST SPEED    22   HIGHEST GUST DIRECTION     E (100)
  AVERAGE WIND SPEED     6.6


SKY COVER
  AVERAGE SKY COVER 0.4


WEATHER CONDITIONS
 THE FOLLOWING WEATHER WAS RECORDED TODAY.
  THUNDERSTORM
  LIGHT RAIN
  FOG


RELATIVE HUMIDITY (PERCENT)
 HIGHEST   100           200 AM
 LOWEST     46          1100 AM
 AVERAGE    73

..........................................................


THE SIDNEY NE AIRPORT CLIMATE NORMALS FOR TOMORROW
                         NORMAL    RECORD    YEAR
 MAXIMUM TEMPERATURE (F)   75        96      2003
                                             2000
 MINIMUM TEMPERATURE (F)   48        32      1954


SUNRISE AND SUNSET
MAY 28 2015...........SUNRISE   524 AM MDT   SUNSET   815 PM MDT
MAY 29 2015...........SUNRISE   523 AM MDT   SUNSET   816 PM MDT


-  INDICATES NEGATIVE NUMBERS.
R  INDICATES RECORD WAS SET OR TIED.
MM INDICATES DATA IS MISSING.
T  INDICATES TRACE AMOUNT.




$$
