000
CDUS45 KPUB 311135
CLISPD


CLIMATE REPORT
NATIONAL WEATHER SERVICE PUEBLO
435 AM MST SAT JAN 31 2015


...................................

...THE SPRINGFIELD CO CLIMATE SUMMARY FOR JANUARY 30 2015...

CLIMATE NORMAL PERIOD 1981 TO 2010
CLIMATE RECORD PERIOD 9999 TO 9999


WEATHER ITEM   OBSERVED TIME   NORMAL DEPARTURE LAST
                VALUE   (LST)  VALUE  FROM      YEAR
                                      NORMAL
......................................................
TEMPERATURE (F)
 YESTERDAY
  MAXIMUM         42   1045 AM  48     -6       52
  MINIMUM         32    558 PM  18     14       23
  AVERAGE         37                            38

PRECIPITATION (IN)
  YESTERDAY        0.47          0.01   0.46     0.00
  MONTH TO DATE    0.79          0.35   0.44     0.20
  SINCE DEC 1      1.56          0.86   0.70     0.20
  SINCE JAN 1      0.79          0.35   0.44     0.20

DEGREE DAYS
 HEATING
  YESTERDAY       28            32     -4       27
  MONTH TO DATE  917           987    -70      953
  SINCE DEC 1   1898          1999   -101     1965
  SINCE JUL 1   3030          3145   -115     3077

 COOLING
  YESTERDAY        0             0      0        0
  MONTH TO DATE    0             0      0        0
  SINCE DEC 1      0             0      0        0
  SINCE JAN 1      0             0      0        0
......................................................


WIND (MPH)
  HIGHEST WIND SPEED    30   HIGHEST WIND DIRECTION     S (180)
  HIGHEST GUST SPEED    35   HIGHEST GUST DIRECTION     S (180)
  AVERAGE WIND SPEED    16.6


SKY COVER
  POSSIBLE SUNSHINE  MM



RELATIVE HUMIDITY (PERCENT)
 HIGHEST   100           200 PM
 LOWEST     53          1000 AM
 AVERAGE    77

..........................................................


THE SPRINGFIELD CO CLIMATE NORMALS FOR TODAY
                         NORMAL    RECORD    YEAR
 MAXIMUM TEMPERATURE (F)   48        MM        MM
 MINIMUM TEMPERATURE (F)   19        MM        MM


SUNRISE AND SUNSET
JANUARY 31 2015.......SUNRISE   654 AM MST   SUNSET   514 PM MST
FEBRUARY  1 2015......SUNRISE   654 AM MST   SUNSET   515 PM MST


-  INDICATES NEGATIVE NUMBERS.
R  INDICATES RECORD WAS SET OR TIED.
MM INDICATES DATA IS MISSING.
T  INDICATES TRACE AMOUNT.




$$
