000
CDUS45 KPUB 221054
CLISPD


CLIMATE REPORT
NATIONAL WEATHER SERVICE PUEBLO
454 AM MDT FRI MAY 22 2015


...................................

...THE SPRINGFIELD CO CLIMATE SUMMARY FOR MAY 21 2015...

CLIMATE NORMAL PERIOD 1981 TO 2010
CLIMATE RECORD PERIOD 9999 TO 9999


WEATHER ITEM   OBSERVED TIME   NORMAL DEPARTURE LAST
                VALUE   (LST)  VALUE  FROM      YEAR
                                      NORMAL
......................................................
TEMPERATURE (F)
 YESTERDAY
  MAXIMUM         54    324 PM  77    -23       81
  MINIMUM         40    536 AM  49     -9       47
  AVERAGE         47                            64

PRECIPITATION (IN)
  YESTERDAY        0.19          0.09   0.10     0.00
  MONTH TO DATE    3.88          1.39   2.49     0.00
  SINCE MAR 1      5.11          3.79   1.32     1.37
  SINCE JAN 1      6.95          4.60   2.35     1.70

DEGREE DAYS
 HEATING
  YESTERDAY       18             4     14        1
  MONTH TO DATE  188           135     53      157
  SINCE MAR 1   1178          1228    -50     1293
  SINCE JUL 1   5082          5234   -152     5290

 COOLING
  YESTERDAY        0             2     -2        0
  MONTH TO DATE    0            24    -24       28
  SINCE MAR 1      0            28    -28       34
  SINCE JAN 1      0            28    -28       34
......................................................


WIND (MPH)
  HIGHEST WIND SPEED    21   HIGHEST WIND DIRECTION     S (180)
  HIGHEST GUST SPEED    26   HIGHEST GUST DIRECTION     S (170)
  AVERAGE WIND SPEED    11.2


SKY COVER
  POSSIBLE SUNSHINE  MM



RELATIVE HUMIDITY (PERCENT)
 HIGHEST   100          1200 AM
 LOWEST     74          1100 AM
 AVERAGE    87

..........................................................


THE SPRINGFIELD CO CLIMATE NORMALS FOR TODAY
                         NORMAL    RECORD    YEAR
 MAXIMUM TEMPERATURE (F)   78        MM        MM
 MINIMUM TEMPERATURE (F)   49        MM        MM


SUNRISE AND SUNSET
MAY 22 2015...........SUNRISE   537 AM MDT   SUNSET   758 PM MDT
MAY 23 2015...........SUNRISE   536 AM MDT   SUNSET   759 PM MDT


-  INDICATES NEGATIVE NUMBERS.
R  INDICATES RECORD WAS SET OR TIED.
MM INDICATES DATA IS MISSING.
T  INDICATES TRACE AMOUNT.




$$
