000
CDUS45 KPUB 231032
CLISPD


CLIMATE REPORT
NATIONAL WEATHER SERVICE PUEBLO
432 AM MDT TUE SEP 23 2014


...................................

...THE SPRINGFIELD CO CLIMATE SUMMARY FOR SEPTEMBER 22 2014...

CLIMATE NORMAL PERIOD 1981 TO 2010
CLIMATE RECORD PERIOD 9999 TO 9999


WEATHER ITEM   OBSERVED TIME   NORMAL DEPARTURE LAST
                VALUE   (LST)  VALUE  FROM      YEAR
                                      NORMAL
......................................................
TEMPERATURE (F)
 YESTERDAY
  MAXIMUM         77    249 PM  78     -1       83
  MINIMUM         51   1234 AM  49      2       57
  AVERAGE         64                            70

PRECIPITATION (IN)
  YESTERDAY        0.00          0.04  -0.04     0.01
  MONTH TO DATE    1.21          1.03   0.18     3.42
  SINCE SEP 1      1.21          1.03   0.18     3.42
  SINCE JAN 1     11.85         14.77  -2.92    13.16

DEGREE DAYS
 HEATING
  YESTERDAY        1             4     -3        0
  MONTH TO DATE   57            42     15        4
  SINCE SEP 1     57            42     15        4
  SINCE JUL 1     63            49     14        5

 COOLING
  YESTERDAY        0             3     -3        5
  MONTH TO DATE   96           102     -6      182
  SINCE SEP 1     96           102     -6      182
  SINCE JAN 1   1011          1003      8     1346
......................................................


WIND (MPH)
  HIGHEST WIND SPEED    31   HIGHEST WIND DIRECTION     S (190)
  HIGHEST GUST SPEED    37   HIGHEST GUST DIRECTION     S (180)
  AVERAGE WIND SPEED    19.0


SKY COVER
  POSSIBLE SUNSHINE  MM



RELATIVE HUMIDITY (PERCENT)
 HIGHEST    93          1000 PM
 LOWEST     52          1000 AM
 AVERAGE    73

..........................................................


THE SPRINGFIELD CO CLIMATE NORMALS FOR TODAY
                         NORMAL    RECORD    YEAR
 MAXIMUM TEMPERATURE (F)   78        MM        MM
 MINIMUM TEMPERATURE (F)   48        MM        MM


SUNRISE AND SUNSET
SEPTEMBER 23 2014.....SUNRISE   639 AM MDT   SUNSET   646 PM MDT
SEPTEMBER 24 2014.....SUNRISE   640 AM MDT   SUNSET   644 PM MDT


-  INDICATES NEGATIVE NUMBERS.
R  INDICATES RECORD WAS SET OR TIED.
MM INDICATES DATA IS MISSING.
T  INDICATES TRACE AMOUNT.




$$
