000
CDUS45 KPUB 061034
CLISPD


CLIMATE REPORT
NATIONAL WEATHER SERVICE PUEBLO
434 AM MDT MON JUL 6 2015


...................................

...THE SPRINGFIELD CO CLIMATE SUMMARY FOR JULY 5 2015...

CLIMATE NORMAL PERIOD 1981 TO 2010
CLIMATE RECORD PERIOD 9999 TO 9999


WEATHER ITEM   OBSERVED TIME   NORMAL DEPARTURE LAST
                VALUE   (LST)  VALUE  FROM      YEAR
                                      NORMAL
......................................................
TEMPERATURE (F)
 YESTERDAY
  MAXIMUM         93    345 PM  91      2       96
  MINIMUM         63    455 AM  61      2       65
  AVERAGE         78                            81

PRECIPITATION (IN)
  YESTERDAY        0.00          0.09  -0.09     0.00
  MONTH TO DATE    0.62          0.45   0.17     0.05
  SINCE JUN 1      1.48          2.95  -1.47     1.98
  SINCE JAN 1      9.05          8.52   0.53     5.87

DEGREE DAYS
 HEATING
  YESTERDAY        0             0      0        0
  MONTH TO DATE    0             0      0        0
  SINCE JUN 1      0            21    -21       22
  SINCE JUL 1      0             0      0        0

 COOLING
  YESTERDAY       13            11      2       16
  MONTH TO DATE   62            53      9       44
  SINCE JUN 1    309           261     48      263
  SINCE JAN 1    310           315     -5      321
......................................................


WIND (MPH)
  HIGHEST WIND SPEED    28   HIGHEST WIND DIRECTION     S (190)
  HIGHEST GUST SPEED    37   HIGHEST GUST DIRECTION     S (190)
  AVERAGE WIND SPEED    16.3


SKY COVER
  POSSIBLE SUNSHINE  MM



RELATIVE HUMIDITY (PERCENT)
 HIGHEST    84           400 AM
 LOWEST     28           200 PM
 AVERAGE    56

..........................................................


THE SPRINGFIELD CO CLIMATE NORMALS FOR TODAY
                         NORMAL    RECORD    YEAR
 MAXIMUM TEMPERATURE (F)   91        MM        MM
 MINIMUM TEMPERATURE (F)   61        MM        MM


SUNRISE AND SUNSET
JULY  6 2015..........SUNRISE   536 AM MDT   SUNSET   814 PM MDT
JULY  7 2015..........SUNRISE   537 AM MDT   SUNSET   814 PM MDT


-  INDICATES NEGATIVE NUMBERS.
R  INDICATES RECORD WAS SET OR TIED.
MM INDICATES DATA IS MISSING.
T  INDICATES TRACE AMOUNT.




$$
