000
CDUS43 KILX 250644
CLISPI


CLIMATE REPORT
NATIONAL WEATHER SERVICE LINCOLN IL
143 AM CDT MON MAY 25 2015


...................................

...THE SPRINGFIELD IL CLIMATE SUMMARY FOR MAY 24 2015...

CLIMATE NORMAL PERIOD 1981 TO 2010
CLIMATE RECORD PERIOD 1879 TO 2015


WEATHER ITEM   OBSERVED TIME   RECORD YEAR NORMAL DEPARTURE LAST
                VALUE   (LST)  VALUE       VALUE  FROM      YEAR
                                                  NORMAL
..................................................................
TEMPERATURE (F)
 YESTERDAY
  MAXIMUM         88    256 PM  94    1939  77     11       81
  MINIMUM         65    527 AM  37    1925  55     10       53
  AVERAGE         77                        66     11       67

PRECIPITATION (IN)
  YESTERDAY        0.21          2.07 1994   0.14   0.07     0.00
  MONTH TO DATE    3.49                      3.24   0.25     2.15
  SINCE MAR 1      7.17                      9.38  -2.21     8.25
  SINCE JAN 1     10.45                     13.01  -2.56    13.68

SNOWFALL (IN)
  YESTERDAY        0.0           0.0    MM   0.0    0.0      0.0
  MONTH TO DATE    0.0                       0.0    0.0      0.0
  SINCE MAR 1      3.7                       2.8    0.9      3.4
  SINCE JUL 1     33.9                      20.9   13.0     45.7
  SNOW DEPTH       0

DEGREE DAYS
 HEATING
  YESTERDAY        0                         3     -3        0
  MONTH TO DATE   70                       112    -42      115
  SINCE MAR 1   1085                      1186   -101     1259
  SINCE JUL 1   5654                      5457    197     6206

 COOLING
  YESTERDAY       12                         4      8        2
  MONTH TO DATE  112                        54     58       89
  SINCE MAR 1    122                        74     48       99
  SINCE JAN 1    122                        74     48       99
..................................................................


WIND (MPH)
  HIGHEST WIND SPEED    30   HIGHEST WIND DIRECTION     S (170)
  HIGHEST GUST SPEED    37   HIGHEST GUST DIRECTION     S (190)
  AVERAGE WIND SPEED    16.1


SKY COVER
  POSSIBLE SUNSHINE  MM
  AVERAGE SKY COVER 0.5


WEATHER CONDITIONS
 THE FOLLOWING WEATHER WAS RECORDED YESTERDAY.
  LIGHT RAIN
  FOG


RELATIVE HUMIDITY (PERCENT)
 HIGHEST    90          1100 PM
 LOWEST     43           300 PM
 AVERAGE    67

..........................................................


THE SPRINGFIELD IL CLIMATE NORMALS FOR TODAY
                         NORMAL    RECORD    YEAR
 MAXIMUM TEMPERATURE (F)   77        95      1967
 MINIMUM TEMPERATURE (F)   56        35      1925


SUNRISE AND SUNSET
MAY 25 2015...........SUNRISE   536 AM CDT   SUNSET   815 PM CDT
MAY 26 2015...........SUNRISE   536 AM CDT   SUNSET   816 PM CDT


-  INDICATES NEGATIVE NUMBERS.
R  INDICATES RECORD WAS SET OR TIED.
MM INDICATES DATA IS MISSING.
T  INDICATES TRACE AMOUNT.




$$
