279
CDUS43 KILX 062135
CLISPI


CLIMATE REPORT
NATIONAL WEATHER SERVICE LINCOLN IL
434 PM CDT FRI MAY 6 2016


...................................

...THE SPRINGFIELD IL CLIMATE SUMMARY FOR MAY 6 2016...
VALID TODAY AS OF 0400 PM LOCAL TIME.

CLIMATE NORMAL PERIOD 1981 TO 2010
CLIMATE RECORD PERIOD 1879 TO 2016


WEATHER ITEM   OBSERVED TIME   RECORD YEAR NORMAL DEPARTURE LAST
                VALUE   (LST)  VALUE       VALUE  FROM      YEAR
                                                  NORMAL
..................................................................
TEMPERATURE (F)
 TODAY
  MAXIMUM         84    258 PM  90    2012  72     12       88
  MINIMUM         44    529 AM  34    1944  49     -5       66
  AVERAGE         64                        61      3       77

PRECIPITATION (IN)
  TODAY            0.00          1.53 1967   0.13  -0.13     0.00
  MONTH TO DATE    0.07                      0.79  -0.72     0.03
  SINCE MAR 1      8.43                      6.93   1.50     3.71
  SINCE JAN 1     10.76                     10.56   0.20     6.99

SNOWFALL (IN)
  TODAY            0.0           0.0    MM   0.0    0.0      0.0
  MONTH TO DATE    0.0                       0.0    0.0      0.0
  SINCE MAR 1      0.1                       2.8   -2.7      3.7
  SINCE JUL 1     15.7                      20.9   -5.2     33.9
  SNOW DEPTH       0

DEGREE DAYS
 HEATING
  TODAY            1                         6     -5        0
  MONTH TO DATE   44                        39      5       13
  SINCE MAR 1    816                      1113   -297     1028
  SINCE JUL 1   4242                      5384  -1142     5597

 COOLING
  TODAY            0                         1     -1       12
  MONTH TO DATE    0                         6     -6       37
  SINCE MAR 1     20                        26     -6       47
  SINCE JAN 1     20                        26     -6       47
..................................................................


WIND (MPH)
  HIGHEST WIND SPEED    16   HIGHEST WIND DIRECTION     W (290)
  HIGHEST GUST SPEED    22   HIGHEST GUST DIRECTION     W (250)
  AVERAGE WIND SPEED     6.0


SKY COVER
  POSSIBLE SUNSHINE  MM
  AVERAGE SKY COVER 0.1


WEATHER CONDITIONS
 THE FOLLOWING WEATHER WAS RECORDED TODAY.
  NO SIGNIFICANT WEATHER WAS OBSERVED.


RELATIVE HUMIDITY (PERCENT)
 HIGHEST    92           200 AM
 LOWEST     23           200 PM
 AVERAGE    58

..........................................................


THE SPRINGFIELD IL CLIMATE NORMALS FOR TOMORROW
                         NORMAL    RECORD    YEAR
 MAXIMUM TEMPERATURE (F)   72        89      1965
                                             1940
 MINIMUM TEMPERATURE (F)   50        34      1989
                                             1976


SUNRISE AND SUNSET
MAY  6 2016...........SUNRISE   553 AM CDT   SUNSET   759 PM CDT
MAY  7 2016...........SUNRISE   551 AM CDT   SUNSET   800 PM CDT


-  INDICATES NEGATIVE NUMBERS.
R  INDICATES RECORD WAS SET OR TIED.
MM INDICATES DATA IS MISSING.
T  INDICATES TRACE AMOUNT.




$$
