000
CDUS43 KILX 040639
CLISPI


CLIMATE REPORT
NATIONAL WEATHER SERVICE LINCOLN IL
1239 AM CST SUN DEC 4 2016


...................................

...THE SPRINGFIELD IL CLIMATE SUMMARY FOR DECEMBER 3 2016...

CLIMATE NORMAL PERIOD 1981 TO 2010
CLIMATE RECORD PERIOD 1879 TO 2016


WEATHER ITEM   OBSERVED TIME   RECORD YEAR NORMAL DEPARTURE LAST
                VALUE   (LST)  VALUE       VALUE  FROM      YEAR
                                                  NORMAL
..................................................................
TEMPERATURE (F)
 YESTERDAY
  MAXIMUM         43    301 PM  74    2012  43      0       38
                                      1970
  MINIMUM         32    710 AM  -2    1929  26      6       29
  AVERAGE         38                        35      3       34

PRECIPITATION (IN)
  YESTERDAY        0.00          1.69 1982   0.09  -0.09     0.00
  MONTH TO DATE    0.00                      0.29  -0.29     0.06
  SINCE DEC 1      0.00                      0.29  -0.29     0.06
  SINCE JAN 1     41.86                     35.20   6.66    37.61

SNOWFALL (IN)
  YESTERDAY        0.0           4.7  1957   0.1   -0.1      0.0
  MONTH TO DATE    0.0                       0.3   -0.3      0.1
  SINCE DEC 1      0.0                       0.3   -0.3      0.1
  SINCE JUL 1      0.0                       0.9   -0.9      0.6
  SNOW DEPTH       0

DEGREE DAYS
 HEATING
  YESTERDAY       27                        30     -3       31
  MONTH TO DATE   78                        90    -12       85
  SINCE DEC 1     78                        90    -12       85
  SINCE JUL 1    729                      1158   -429      855

 COOLING
  YESTERDAY        0                         0      0        0
  MONTH TO DATE    0                         0      0        0
  SINCE DEC 1      0                         0      0        0
  SINCE JAN 1   1626                      1122    504     1375
..................................................................


WIND (MPH)
  HIGHEST WIND SPEED    12   HIGHEST WIND DIRECTION    SE (120)
  HIGHEST GUST SPEED    14   HIGHEST GUST DIRECTION    SE (120)
  AVERAGE WIND SPEED     5.0


SKY COVER
  POSSIBLE SUNSHINE  MM
  AVERAGE SKY COVER 0.5


WEATHER CONDITIONS
 THE FOLLOWING WEATHER WAS RECORDED YESTERDAY.
  NO SIGNIFICANT WEATHER WAS OBSERVED.


RELATIVE HUMIDITY (PERCENT)
 HIGHEST    89           400 AM
 LOWEST     62           300 PM
 AVERAGE    76

..........................................................


THE SPRINGFIELD IL CLIMATE NORMALS FOR TODAY
                         NORMAL    RECORD    YEAR
 MAXIMUM TEMPERATURE (F)   42        72      1998
 MINIMUM TEMPERATURE (F)   26         0      2006
                                             1893


SUNRISE AND SUNSET
DECEMBER  4 2016......SUNRISE   704 AM CST   SUNSET   434 PM CST
DECEMBER  5 2016......SUNRISE   705 AM CST   SUNSET   434 PM CST


-  INDICATES NEGATIVE NUMBERS.
R  INDICATES RECORD WAS SET OR TIED.
MM INDICATES DATA IS MISSING.
T  INDICATES TRACE AMOUNT.




$$
