000
CDUS43 KILX 260646
CLISPI


CLIMATE REPORT
NATIONAL WEATHER SERVICE LINCOLN IL
145 AM CDT MON JUN 26 2017


...................................

...THE SPRINGFIELD IL CLIMATE SUMMARY FOR JUNE 25 2017...

CLIMATE NORMAL PERIOD 1981 TO 2010
CLIMATE RECORD PERIOD 1879 TO 2017


WEATHER ITEM   OBSERVED TIME   RECORD YEAR NORMAL DEPARTURE LAST
                VALUE   (LST)  VALUE       VALUE  FROM      YEAR
                                                  NORMAL
..................................................................
TEMPERATURE (F)
 YESTERDAY
  MAXIMUM         79    111 PM 102    1934  85     -6       95
  MINIMUM         55   1143 PM  48    1974  64     -9       72
  AVERAGE         67                        75     -8       84

PRECIPITATION (IN)
  YESTERDAY        0.00          2.85 2003   0.14  -0.14     0.00
  MONTH TO DATE    1.16                      3.78  -2.62     1.89
  SINCE JUN 1      1.16                      3.78  -2.62     1.89
  SINCE JAN 1     17.88                     17.79   0.09    15.48

SNOWFALL (IN)
  YESTERDAY        0.0           0.0    MM   0.0    0.0      0.0
  MONTH TO DATE    0.0                       0.0    0.0      0.0
  SINCE JUN 1      0.0                       0.0    0.0      0.0
  SINCE JUL 1     10.3                      20.9  -10.6     15.7
  SNOW DEPTH       0

DEGREE DAYS
 HEATING
  YESTERDAY        0                         0      0        0
  MONTH TO DATE    0                        11    -11        0
  SINCE JUN 1      0                        11    -11        0
  SINCE JUL 1   4164                      5481  -1317     4317

 COOLING
  YESTERDAY        2                        10     -8       19
  MONTH TO DATE  281                       188     93      318
  SINCE JUN 1    281                       188     93      318
  SINCE JAN 1    425                       292    133      443
..................................................................


WIND (MPH)
  HIGHEST WIND SPEED    23   HIGHEST WIND DIRECTION    NW (310)
  HIGHEST GUST SPEED    33   HIGHEST GUST DIRECTION     W (270)
  AVERAGE WIND SPEED     9.4


SKY COVER
  POSSIBLE SUNSHINE  MM
  AVERAGE SKY COVER 0.1


WEATHER CONDITIONS
 THE FOLLOWING WEATHER WAS RECORDED YESTERDAY.
  NO SIGNIFICANT WEATHER WAS OBSERVED.


RELATIVE HUMIDITY (PERCENT)
 HIGHEST    83           400 AM
 LOWEST     33          1100 AM
 AVERAGE    58

..........................................................


THE SPRINGFIELD IL CLIMATE NORMALS FOR TODAY
                         NORMAL    RECORD    YEAR
 MAXIMUM TEMPERATURE (F)   86       103      1954
 MINIMUM TEMPERATURE (F)   65        47      2004


SUNRISE AND SUNSET
JUNE 26 2017..........SUNRISE   532 AM CDT   SUNSET   831 PM CDT
JUNE 27 2017..........SUNRISE   532 AM CDT   SUNSET   831 PM CDT


-  INDICATES NEGATIVE NUMBERS.
R  INDICATES RECORD WAS SET OR TIED.
MM INDICATES DATA IS MISSING.
T  INDICATES TRACE AMOUNT.




$$
