000
CDUS43 KILX 170643
CLISPI


CLIMATE REPORT
NATIONAL WEATHER SERVICE LINCOLN IL
1241 AM CST TUE JAN 17 2017


...................................

...THE SPRINGFIELD IL CLIMATE SUMMARY FOR JANUARY 16 2017...

CLIMATE NORMAL PERIOD 1981 TO 2010
CLIMATE RECORD PERIOD 1879 TO 2017


WEATHER ITEM   OBSERVED TIME   RECORD YEAR NORMAL DEPARTURE LAST
                VALUE   (LST)  VALUE       VALUE  FROM      YEAR
                                                  NORMAL
..................................................................
TEMPERATURE (F)
 YESTERDAY
  MAXIMUM         56   1158 PM  67    1990  35     21       32
  MINIMUM         35    534 AM -20    1977  18     17       22
  AVERAGE         46                        26     20       27

PRECIPITATION (IN)
  YESTERDAY        0.07          1.08 1907   0.05   0.02     0.00
  MONTH TO DATE    0.83                      0.99  -0.16     0.69
  SINCE DEC 1      1.74                      3.51  -1.77     7.25
  SINCE JAN 1      0.83                      0.99  -0.16     0.69

SNOWFALL (IN)
  YESTERDAY        0.0           3.0  2003   0.2   -0.2      0.0
  MONTH TO DATE    0.9                       3.3   -2.4      2.1
  SINCE DEC 1      3.6                       8.9   -5.3      2.2
  SINCE JUL 1      3.6                       9.5   -5.9      2.7
  SNOW DEPTH       0

DEGREE DAYS
 HEATING
  YESTERDAY       19                        39    -20       38
  MONTH TO DATE  581                       613    -32      556
  SINCE DEC 1   1629                      1685    -56     1248
  SINCE JUL 1   2280                      2753   -473     2018

 COOLING
  YESTERDAY        0                         0      0        0
  MONTH TO DATE    0                         0      0        0
  SINCE DEC 1      0                         0      0        0
  SINCE JAN 1      0                         0      0        0
..................................................................


WIND (MPH)
  HIGHEST WIND SPEED    17   HIGHEST WIND DIRECTION    SE (150)
  HIGHEST GUST SPEED    21   HIGHEST GUST DIRECTION    SE (150)
  AVERAGE WIND SPEED     9.2


SKY COVER
  POSSIBLE SUNSHINE  MM
  AVERAGE SKY COVER 1.0


WEATHER CONDITIONS
 THE FOLLOWING WEATHER WAS RECORDED YESTERDAY.
  LIGHT RAIN
  FOG
  FOG W/VISIBILITY <= 1/4 MILE


RELATIVE HUMIDITY (PERCENT)
 HIGHEST   100           700 AM
 LOWEST     89          1200 AM
 AVERAGE    95

..........................................................


THE SPRINGFIELD IL CLIMATE NORMALS FOR TODAY
                         NORMAL    RECORD    YEAR
 MAXIMUM TEMPERATURE (F)   35        66      1952
                                             1894
 MINIMUM TEMPERATURE (F)   18       -21      1977


SUNRISE AND SUNSET
JANUARY 17 2017.......SUNRISE   717 AM CST   SUNSET   501 PM CST
JANUARY 18 2017.......SUNRISE   717 AM CST   SUNSET   502 PM CST


-  INDICATES NEGATIVE NUMBERS.
R  INDICATES RECORD WAS SET OR TIED.
MM INDICATES DATA IS MISSING.
T  INDICATES TRACE AMOUNT.




$$
