000
CDUS43 KILX 130658
CLISPI


CLIMATE REPORT
NATIONAL WEATHER SERVICE LINCOLN IL
1246 AM CST SAT FEB 13 2016


...................................

...THE SPRINGFIELD IL CLIMATE SUMMARY FOR FEBRUARY 12 2016...

CLIMATE NORMAL PERIOD 1981 TO 2010
CLIMATE RECORD PERIOD 1879 TO 2016


WEATHER ITEM   OBSERVED TIME   RECORD YEAR NORMAL DEPARTURE LAST
                VALUE   (LST)  VALUE       VALUE  FROM      YEAR
                                                  NORMAL
..................................................................
TEMPERATURE (F)
 YESTERDAY
  MAXIMUM         29    348 PM  73    1938  39    -10       25
  MINIMUM         14   1159 PM -19    1899  22     -8       11
  AVERAGE         22                        30     -8       18

PRECIPITATION (IN)
  YESTERDAY        0.07          1.32 1894   0.07   0.00      T
  MONTH TO DATE    0.62                      0.71  -0.09     0.47
  SINCE DEC 1      8.27                      5.05   3.22     3.82
  SINCE JAN 1      1.71                      2.53  -0.82     1.87

SNOWFALL (IN)
  YESTERDAY        0.9          10.7  1894   0.2    0.7       T
  MONTH TO DATE    2.4                       2.6   -0.2      3.0
  SINCE DEC 1      9.2                      14.6   -5.4      6.9
  SINCE JUL 1      9.7                      15.2   -5.5     10.6
  SNOW DEPTH       1

DEGREE DAYS
 HEATING
  YESTERDAY       43                        35      8       47
  MONTH TO DATE  415                       434    -19      444
  SINCE DEC 1   2220                      2692   -472     2537
  SINCE JUL 1   2990                      3760   -770     3773

 COOLING
  YESTERDAY        0                         0      0        0
  MONTH TO DATE    0                         0      0        0
  SINCE DEC 1      0                         0      0        0
  SINCE JAN 1      0                         0      0        0
..................................................................


WIND (MPH)
  HIGHEST WIND SPEED    25   HIGHEST WIND DIRECTION    NW (310)
  HIGHEST GUST SPEED    32   HIGHEST GUST DIRECTION    NW (310)
  AVERAGE WIND SPEED    11.7


SKY COVER
  POSSIBLE SUNSHINE  MM
  AVERAGE SKY COVER 0.7


WEATHER CONDITIONS
 THE FOLLOWING WEATHER WAS RECORDED YESTERDAY.
  LIGHT SNOW
  FOG


RELATIVE HUMIDITY (PERCENT)
 HIGHEST    92           400 AM
 LOWEST     49           800 PM
 AVERAGE    71

..........................................................


THE SPRINGFIELD IL CLIMATE NORMALS FOR TODAY
                         NORMAL    RECORD    YEAR
 MAXIMUM TEMPERATURE (F)   39        69      1938
 MINIMUM TEMPERATURE (F)   22       -24      1905


SUNRISE AND SUNSET
FEBRUARY 13 2016......SUNRISE   654 AM CST   SUNSET   532 PM CST
FEBRUARY 14 2016......SUNRISE   653 AM CST   SUNSET   533 PM CST


-  INDICATES NEGATIVE NUMBERS.
R  INDICATES RECORD WAS SET OR TIED.
MM INDICATES DATA IS MISSING.
T  INDICATES TRACE AMOUNT.




$$
