000
CDUS43 KILX 010700
CLISPI


CLIMATE REPORT
NATIONAL WEATHER SERVICE LINCOLN IL
1253 AM CST SUN MAR 1 2015


...................................

...THE SPRINGFIELD IL CLIMATE SUMMARY FOR FEBRUARY 28 2015...

CLIMATE NORMAL PERIOD 1981 TO 2010
CLIMATE RECORD PERIOD 1879 TO 2015


WEATHER ITEM   OBSERVED TIME   RECORD YEAR NORMAL DEPARTURE LAST
                VALUE   (LST)  VALUE       VALUE  FROM      YEAR
                                                  NORMAL
..................................................................
TEMPERATURE (F)
 YESTERDAY
  MAXIMUM         26    219 PM  68    1972  45    -19       43
  MINIMUM          3   1259 AM   1    1891  27    -24       10
  AVERAGE         15                        36    -21       27

PRECIPITATION (IN)
  YESTERDAY        0.36          1.71 1900   0.08   0.28     0.00
  MONTH TO DATE    1.88                      1.81   0.07     3.19
  SINCE DEC 1      5.23                      6.15  -0.92     7.03
  SINCE JAN 1      3.28                      3.63  -0.35     5.43

SNOWFALL (IN)
  YESTERDAY        4.4          15.0  1900   0.2    4.2      0.0
  MONTH TO DATE   22.6                       5.5   17.1     16.0
  SINCE DEC 1     26.5                      17.5    9.0     41.6
  SINCE JUL 1     30.2                      18.1   12.1     42.3
  SNOW DEPTH       4

DEGREE DAYS
 HEATING
  YESTERDAY       50                        29     21       38
  MONTH TO DATE 1240                       946    294     1251
  SINCE DEC 1   3333                      3203    130     3765
  SINCE JUL 1   4569                      4271    298     4947

 COOLING
  YESTERDAY        0                         0      0        0
  MONTH TO DATE    0                         0      0        0
  SINCE DEC 1      0                         0      0        0
  SINCE JAN 1      0                         0      0        0
..................................................................


WIND (MPH)
  HIGHEST WIND SPEED    13   HIGHEST WIND DIRECTION    SE (120)
  HIGHEST GUST SPEED    16   HIGHEST GUST DIRECTION    SE (130)
  AVERAGE WIND SPEED     6.8


SKY COVER
  POSSIBLE SUNSHINE  MM
  AVERAGE SKY COVER 0.7


WEATHER CONDITIONS
 THE FOLLOWING WEATHER WAS RECORDED YESTERDAY.
  SNOW
  LIGHT SNOW
  FOG
  HAZE


RELATIVE HUMIDITY (PERCENT)
 HIGHEST    92           800 PM
 LOWEST     50          1200 PM
 AVERAGE    71

..........................................................


THE SPRINGFIELD IL CLIMATE NORMALS FOR TODAY
                         NORMAL    RECORD    YEAR
 MAXIMUM TEMPERATURE (F)   45        73      1992
 MINIMUM TEMPERATURE (F)   27        -8      1960


SUNRISE AND SUNSET
MARCH  1 2015.........SUNRISE   632 AM CST   SUNSET   550 PM CST
MARCH  2 2015.........SUNRISE   631 AM CST   SUNSET   552 PM CST


-  INDICATES NEGATIVE NUMBERS.
R  INDICATES RECORD WAS SET OR TIED.
MM INDICATES DATA IS MISSING.
T  INDICATES TRACE AMOUNT.




$$
