000
CDUS43 KILX 012231
CLISPI


CLIMATE REPORT
NATIONAL WEATHER SERVICE LINCOLN IL
431 PM CST SUN FEB 1 2015


...................................

...THE SPRINGFIELD IL CLIMATE SUMMARY FOR FEBRUARY 1 2015...
VALID TODAY AS OF 0400 PM LOCAL TIME.

CLIMATE NORMAL PERIOD 1981 TO 2010
CLIMATE RECORD PERIOD 1879 TO 2015


WEATHER ITEM   OBSERVED TIME   RECORD YEAR NORMAL DEPARTURE LAST
                VALUE   (LST)  VALUE       VALUE  FROM      YEAR
                                                  NORMAL
..................................................................
TEMPERATURE (F)
 TODAY
  MAXIMUM         36   1256 PM  67    1911  36      0       33
  MINIMUM         33    848 AM -13    1951  19     14       24
  AVERAGE         35                        28      7       29

PRECIPITATION (IN)
  TODAY            0.36          0.97 1990   0.05   0.31     0.59
  MONTH TO DATE    0.36                      0.05   0.31     0.59
  SINCE DEC 1      3.71                      4.39  -0.68     4.43
  SINCE JAN 1      1.76                      1.87  -0.11     2.83

SNOWFALL (IN)
  TODAY            1.7           8.6  2011   0.2    1.5      1.1
  MONTH TO DATE    1.7                       0.2    1.5      1.1
  SINCE DEC 1      5.6                      12.2   -6.6     26.7
  SINCE JUL 1      9.3                      12.8   -3.5     27.4
  SNOW DEPTH       1

DEGREE DAYS
 HEATING
  TODAY           30                        37     -7       36
  MONTH TO DATE   30                        37     -7       36
  SINCE DEC 1   2123                      2295   -172     2550
  SINCE JUL 1   3359                      3363     -4     3732

 COOLING
  TODAY            0                         0      0        0
  MONTH TO DATE    0                         0      0        0
  SINCE DEC 1      0                         0      0        0
  SINCE JAN 1      0                         0      0        0
..................................................................


WIND (MPH)
  HIGHEST WIND SPEED    17   HIGHEST WIND DIRECTION    SE (120)
  HIGHEST GUST SPEED    23   HIGHEST GUST DIRECTION    SE (120)
  AVERAGE WIND SPEED     8.3


SKY COVER
  POSSIBLE SUNSHINE  MM
  AVERAGE SKY COVER 1.0


WEATHER CONDITIONS
 THE FOLLOWING WEATHER WAS RECORDED TODAY.
  LIGHT RAIN
  SNOW
  LIGHT SNOW
  FOG


RELATIVE HUMIDITY (PERCENT)
 HIGHEST    96          1200 AM
 LOWEST     82           200 AM
 AVERAGE    89

..........................................................


THE SPRINGFIELD IL CLIMATE NORMALS FOR TOMORROW
                         NORMAL    RECORD    YEAR
 MAXIMUM TEMPERATURE (F)   36        62      2012
 MINIMUM TEMPERATURE (F)   20       -16      1905


SUNRISE AND SUNSET
FEBRUARY  1 2015......SUNRISE   707 AM CST   SUNSET   518 PM CST
FEBRUARY  2 2015......SUNRISE   706 AM CST   SUNSET   519 PM CST


-  INDICATES NEGATIVE NUMBERS.
R  INDICATES RECORD WAS SET OR TIED.
MM INDICATES DATA IS MISSING.
T  INDICATES TRACE AMOUNT.




$$
