000
CDUS43 KILX 170642
CLISPI


CLIMATE REPORT
NATIONAL WEATHER SERVICE LINCOLN IL
142 AM CDT WED SEP 17 2014


...................................

...THE SPRINGFIELD IL CLIMATE SUMMARY FOR SEPTEMBER 16 2014...

CLIMATE NORMAL PERIOD 1981 TO 2010
CLIMATE RECORD PERIOD 1879 TO 2014


WEATHER ITEM   OBSERVED TIME   RECORD YEAR NORMAL DEPARTURE LAST
                VALUE   (LST)  VALUE       VALUE  FROM      YEAR
                                                  NORMAL
..................................................................
TEMPERATURE (F)
 YESTERDAY
  MAXIMUM         68    439 PM 100    1939  79    -11       72
  MINIMUM         48   1159 PM  39    2000  54     -6       54
                                      1916
  AVERAGE         58                        67     -9       63

PRECIPITATION (IN)
  YESTERDAY        0.00          3.25 1886   0.09  -0.09     0.00
  MONTH TO DATE    4.97                      1.58   3.39     0.78
  SINCE SEP 1      4.97                      1.58   3.39     0.78
  SINCE JAN 1     37.30                     27.23  10.07    31.45

SNOWFALL (IN)
  YESTERDAY        0.0           0.0    MM   0.0    0.0      0.0
  MONTH TO DATE    0.0                       0.0    0.0      0.0
  SINCE SEP 1      0.0                       0.0    0.0      0.0
  SINCE JUL 1      0.0                       0.0    0.0      0.0
  SNOW DEPTH       0

DEGREE DAYS
 HEATING
  YESTERDAY        7                         2      5        2
  MONTH TO DATE   57                        17     40       11
  SINCE SEP 1     57                        17     40       11
  SINCE JUL 1     60                        22     38       22

 COOLING
  YESTERDAY        0                         4     -4        0
  MONTH TO DATE   78                        90    -12      117
  SINCE SEP 1     78                        90    -12      117
  SINCE JAN 1   1111                      1060     51     1057
..................................................................


WIND (MPH)
  HIGHEST WIND SPEED     9   HIGHEST WIND DIRECTION     N (20)
  HIGHEST GUST SPEED    13   HIGHEST GUST DIRECTION     N (350)
  AVERAGE WIND SPEED     3.4


SKY COVER
  POSSIBLE SUNSHINE  MM
  AVERAGE SKY COVER 0.4


WEATHER CONDITIONS
 THE FOLLOWING WEATHER WAS RECORDED YESTERDAY.
  FOG


RELATIVE HUMIDITY (PERCENT)
 HIGHEST    93          1200 AM
 LOWEST     52           200 PM
 AVERAGE    73

..........................................................


THE SPRINGFIELD IL CLIMATE NORMALS FOR TODAY
                         NORMAL    RECORD    YEAR
 MAXIMUM TEMPERATURE (F)   79        95      1954
 MINIMUM TEMPERATURE (F)   54        39      1999


SUNRISE AND SUNSET
SEPTEMBER 17 2014.....SUNRISE   642 AM CDT   SUNSET   704 PM CDT
SEPTEMBER 18 2014.....SUNRISE   643 AM CDT   SUNSET   702 PM CDT


-  INDICATES NEGATIVE NUMBERS.
R  INDICATES RECORD WAS SET OR TIED.
MM INDICATES DATA IS MISSING.
T  INDICATES TRACE AMOUNT.




$$
