000
CDUS44 KOUN 240628
CLISPS

CLIMATE REPORT
NATIONAL WEATHER SERVICE NORMAN OK
1226 AM CST FRI FEB 24 2017


...................................

...THE WICHITA FALLS CLIMATE SUMMARY FOR FEBRUARY 23 2017...

CLIMATE NORMAL PERIOD 1981 TO 2010
CLIMATE RECORD PERIOD 1897 TO 2017


WEATHER ITEM   OBSERVED TIME   RECORD YEAR NORMAL DEPARTURE LAST
                VALUE   (LST)  VALUE       VALUE  FROM      YEAR
                                                  NORMAL
..................................................................
TEMPERATURE (F)
 YESTERDAY
  MAXIMUM         92R   353 PM  85    1982  60     32       46
  MINIMUM         46    553 AM  18    1968  36     10       41
                                      1965
  AVERAGE         69                        48     21       44

PRECIPITATION (IN)
  YESTERDAY        0.00          1.00 2016   0.07  -0.07     1.00
  MONTH TO DATE    2.10                      1.37   0.73     1.27
  SINCE JAN 1      3.97                      2.51   1.46     1.70

SNOWFALL (IN)
  YESTERDAY        0.0                       0.0    0.0      0.0
  MONTH TO DATE    0.0                       0.6   -0.6      0.0
  SINCE JUL 1      T                         3.3   -3.3      2.6
  SNOW DEPTH       0

DEGREE DAYS
 HEATING
  YESTERDAY        0                        17    -17       21
  MONTH TO DATE  257                       455   -198      320
  SINCE JUL 1   1785                      2365   -580     1889
..................................................................


WIND (MPH)
  HIGHEST WIND SPEED    25   HIGHEST WIND DIRECTION     W (280)
  HIGHEST GUST SPEED    31   HIGHEST GUST DIRECTION     W (270)
  AVERAGE WIND SPEED    13.0


SKY COVER
  AVERAGE SKY COVER 0.2


WEATHER CONDITIONS
 THE FOLLOWING WEATHER WAS RECORDED YESTERDAY.
  NO SIGNIFICANT WEATHER WAS OBSERVED.


RELATIVE HUMIDITY (PERCENT)
 HIGHEST    82           600 AM
 LOWEST     14           400 PM
 AVERAGE    48

..........................................................


THE WICHITA FALLS CLIMATE NORMALS FOR TODAY
                         NORMAL    RECORD    YEAR
 MAXIMUM TEMPERATURE (F)   61        87      1956
 MINIMUM TEMPERATURE (F)   36        15      1965


SUNRISE AND SUNSET
FEBRUARY 24 2017......SUNRISE   708 AM CST   SUNSET   626 PM CST
FEBRUARY 25 2017......SUNRISE   707 AM CST   SUNSET   627 PM CST


-  INDICATES NEGATIVE NUMBERS.
R  INDICATES RECORD WAS SET OR TIED.
MM INDICATES DATA IS MISSING.
T  INDICATES TRACE AMOUNT.




$$
