000
CDUS44 KOUN 240640
CLISPS

CLIMATE REPORT
NATIONAL WEATHER SERVICE NORMAN OK
138 AM CDT FRI MAR 24 2017


...................................

...THE WICHITA FALLS CLIMATE SUMMARY FOR MARCH 23 2017...

CLIMATE NORMAL PERIOD 1981 TO 2010
CLIMATE RECORD PERIOD 1897 TO 2017


WEATHER ITEM   OBSERVED TIME   RECORD YEAR NORMAL DEPARTURE LAST
                VALUE   (LST)  VALUE       VALUE  FROM      YEAR
                                                  NORMAL
..................................................................
TEMPERATURE (F)
 YESTERDAY
  MAXIMUM         86    316 PM  92    1929  69     17       82
  MINIMUM         59    538 AM  23    1952  43     16       50
  AVERAGE         73                        56     17       66

PRECIPITATION (IN)
  YESTERDAY        0.00          1.71 1973   0.06  -0.06     0.00
  MONTH TO DATE    0.09                      1.68  -1.59     0.82
  SINCE JAN 1      4.06                      4.57  -0.51     2.52

SNOWFALL (IN)
  YESTERDAY        0.0                       0.0    0.0      0.0
  MONTH TO DATE    0.0                       0.5   -0.5      0.0
  SINCE JUL 1      T                         3.9   -3.9      2.6
  SNOW DEPTH       0

DEGREE DAYS
 HEATING
  YESTERDAY        0                        10    -10        0
  MONTH TO DATE  175                       288   -113      162
  SINCE JUL 1   2019                      2734   -715     2124

 COOLING
  YESTERDAY        8                         1      7        1
  MONTH TO DATE   55                         9     46        3
  SINCE JAN 1     73                        12     61       12
..................................................................


WIND (MPH)
  HIGHEST WIND SPEED    40   HIGHEST WIND DIRECTION     S (170)
  HIGHEST GUST SPEED    48   HIGHEST GUST DIRECTION     S (170)
  AVERAGE WIND SPEED    21.7


SKY COVER
  AVERAGE SKY COVER 0.2


WEATHER CONDITIONS
 THE FOLLOWING WEATHER WAS RECORDED YESTERDAY.
  HAZE


RELATIVE HUMIDITY (PERCENT)
 HIGHEST    90           400 AM
 LOWEST     25           500 PM
 AVERAGE    58

..........................................................


THE WICHITA FALLS CLIMATE NORMALS FOR TODAY
                         NORMAL    RECORD    YEAR
 MAXIMUM TEMPERATURE (F)   70        95      1929
 MINIMUM TEMPERATURE (F)   43        27      2013
                                             2006


SUNRISE AND SUNSET
MARCH 24 2017.........SUNRISE   732 AM CDT   SUNSET   749 PM CDT
MARCH 25 2017.........SUNRISE   730 AM CDT   SUNSET   750 PM CDT


-  INDICATES NEGATIVE NUMBERS.
R  INDICATES RECORD WAS SET OR TIED.
MM INDICATES DATA IS MISSING.
T  INDICATES TRACE AMOUNT.




$$
