000
CDUS44 KOUN 150650 RRA
CLISPS

CLIMATE REPORT
NATIONAL WEATHER SERVICE NORMAN OK
1249 AM CST FRI DEC 15 2017


...................................

...THE WICHITA FALLS CLIMATE SUMMARY FOR DECEMBER 14 2017...

CLIMATE NORMAL PERIOD 1981 TO 2010
CLIMATE RECORD PERIOD 1897 TO 2017


WEATHER ITEM   OBSERVED TIME   RECORD YEAR NORMAL DEPARTURE LAST
                VALUE   (LST)  VALUE       VALUE  FROM      YEAR
                                                  NORMAL
..................................................................
TEMPERATURE (F)
 YESTERDAY
  MAXIMUM         56    206 PM  81    2008  55      1       47
  MINIMUM         34   1159 PM  10    1958  31      3       24
  AVERAGE         45                        42      3       36

PRECIPITATION (IN)
  YESTERDAY        0.00          1.25 1902   0.05  -0.05     0.00
  MONTH TO DATE    0.00                      0.77  -0.77     0.82
  SINCE DEC 1      0.00                      0.77  -0.77     0.82
  SINCE JAN 1     24.62                     28.07  -3.45    37.16

SNOWFALL (IN)
  YESTERDAY        0.0

DEGREE DAYS
 HEATING
  YESTERDAY       20                        22     -2       29
  MONTH TO DATE  220                       292    -72      332
  SINCE DEC 1    220                       292    -72      332
  SINCE JUL 1    634                       799   -165      583

 COOLING
  YESTERDAY        0                         0      0        0
  MONTH TO DATE    1                         0      1        0
  SINCE DEC 1      1                         0      1        0
  SINCE JAN 1   2326                      2388    -62     2532
..................................................................


WIND (MPH)
  HIGHEST WIND SPEED    22   HIGHEST WIND DIRECTION    NE (40)
  HIGHEST GUST SPEED    26   HIGHEST GUST DIRECTION    NE (40)
  AVERAGE WIND SPEED    10.7


SKY COVER
  AVERAGE SKY COVER 0.1


WEATHER CONDITIONS
 THE FOLLOWING WEATHER WAS RECORDED YESTERDAY.
  NO SIGNIFICANT WEATHER WAS OBSERVED.


RELATIVE HUMIDITY (PERCENT)
 HIGHEST    64           700 AM
 LOWEST     32           300 PM
 AVERAGE    48

..........................................................


THE WICHITA FALLS CLIMATE NORMALS FOR TODAY
                         NORMAL    RECORD    YEAR
 MAXIMUM TEMPERATURE (F)   54        84      2010
 MINIMUM TEMPERATURE (F)   30         9      1989


SUNRISE AND SUNSET
DECEMBER 15 2017......SUNRISE   732 AM CST   SUNSET   526 PM CST
DECEMBER 16 2017......SUNRISE   733 AM CST   SUNSET   527 PM CST


-  INDICATES NEGATIVE NUMBERS.
R  INDICATES RECORD WAS SET OR TIED.
MM INDICATES DATA IS MISSING.
T  INDICATES TRACE AMOUNT.




$$
