000
CDUS44 KOUN 110630 RRA
CLISPS

CLIMATE REPORT
NATIONAL WEATHER SERVICE NORMAN OK
128 AM CDT FRI JUL 11 2014


...................................

...THE WICHITA FALLS CLIMATE SUMMARY FOR JULY 10 2014...

CLIMATE NORMAL PERIOD 1981 TO 2010
CLIMATE RECORD PERIOD 1897 TO 2014


WEATHER ITEM   OBSERVED TIME   RECORD YEAR NORMAL DEPARTURE LAST
                VALUE   (LST)  VALUE       VALUE  FROM      YEAR
                                                  NORMAL
..................................................................
TEMPERATURE (F)
 YESTERDAY
  MAXIMUM         98    447 PM 109    1964  96      2      104
  MINIMUM         76    338 AM  58    1961  72      4       82
  AVERAGE         87                        84      3       93

PRECIPITATION (IN)
  YESTERDAY        0.00          2.70 1966   0.06  -0.06     0.00
  MONTH TO DATE    2.13                      0.59   1.54     0.00
  SINCE JAN 1     10.37                     16.23  -5.86    10.12

DEGREE DAYS
 COOLING
  YESTERDAY       22                        19      3       28
  MONTH TO DATE  173                       184    -11      187
  SINCE JAN 1   1063                       939    124     1074
..................................................................


WIND (MPH)
  HIGHEST WIND SPEED    22   HIGHEST WIND DIRECTION     S (200)
  HIGHEST GUST SPEED    28   HIGHEST GUST DIRECTION     S (160)
  AVERAGE WIND SPEED    13.0


SKY COVER
  AVERAGE SKY COVER 0.2


WEATHER CONDITIONS
 THE FOLLOWING WEATHER WAS RECORDED YESTERDAY.
  NO SIGNIFICANT WEATHER WAS OBSERVED.


RELATIVE HUMIDITY (PERCENT)
 HIGHEST    74           100 AM
 LOWEST     25           400 PM
 AVERAGE    50

..........................................................


THE WICHITA FALLS CLIMATE NORMALS FOR TODAY
                         NORMAL    RECORD    YEAR
 MAXIMUM TEMPERATURE (F)   97       110      1933
 MINIMUM TEMPERATURE (F)   72        62      1999


SUNRISE AND SUNSET
JULY 11 2014..........SUNRISE   631 AM CDT   SUNSET   847 PM CDT
JULY 12 2014..........SUNRISE   632 AM CDT   SUNSET   847 PM CDT


-  INDICATES NEGATIVE NUMBERS.
R  INDICATES RECORD WAS SET OR TIED.
MM INDICATES DATA IS MISSING.
T  INDICATES TRACE AMOUNT.




$$
