000
CDUS44 KOUN 280639 RRA
CLISPS

CLIMATE REPORT
NATIONAL WEATHER SERVICE NORMAN OK
136 AM CDT TUE JUL 28 2015


...................................

...THE WICHITA FALLS CLIMATE SUMMARY FOR JULY 27 2015...

CLIMATE NORMAL PERIOD 1981 TO 2010
CLIMATE RECORD PERIOD 1897 TO 2015


WEATHER ITEM   OBSERVED TIME   RECORD YEAR NORMAL DEPARTURE LAST
                VALUE   (LST)  VALUE       VALUE  FROM      YEAR
                                                  NORMAL
..................................................................
TEMPERATURE (F)
 YESTERDAY
  MAXIMUM         99    358 PM 110    1944  98      1      103
  MINIMUM         73    411 AM  61    1994  73      0       77
  AVERAGE         86                        85      1       90

PRECIPITATION (IN)
  YESTERDAY        0.00          1.29 1991   0.05  -0.05     0.00
  MONTH TO DATE    2.75                      1.39   1.36     4.50
  SINCE JAN 1     32.05                     17.03  15.02    12.74

DEGREE DAYS
 COOLING
  YESTERDAY       21                        20      1       25
  MONTH TO DATE  517                       520     -3      454
  SINCE JAN 1   1209                      1275    -66     1344
..................................................................


WIND (MPH)
  HIGHEST WIND SPEED    21   HIGHEST WIND DIRECTION    SE (140)
  HIGHEST GUST SPEED    24   HIGHEST GUST DIRECTION    SE (130)
  AVERAGE WIND SPEED    12.0


SKY COVER
  AVERAGE SKY COVER 0.1


WEATHER CONDITIONS
 THE FOLLOWING WEATHER WAS RECORDED YESTERDAY.
  NO SIGNIFICANT WEATHER WAS OBSERVED.


RELATIVE HUMIDITY (PERCENT)
 HIGHEST    79           200 AM
 LOWEST     35           400 PM
 AVERAGE    57

..........................................................


THE WICHITA FALLS CLIMATE NORMALS FOR TODAY
                         NORMAL    RECORD    YEAR
 MAXIMUM TEMPERATURE (F)   98       110      2008
 MINIMUM TEMPERATURE (F)   73        60      1994


SUNRISE AND SUNSET
JULY 28 2015..........SUNRISE   642 AM CDT   SUNSET   838 PM CDT
JULY 29 2015..........SUNRISE   643 AM CDT   SUNSET   837 PM CDT


-  INDICATES NEGATIVE NUMBERS.
R  INDICATES RECORD WAS SET OR TIED.
MM INDICATES DATA IS MISSING.
T  INDICATES TRACE AMOUNT.




$$
