040
CDUS44 KOUN 252223
CLISPS

CLIMATE REPORT
NATIONAL WEATHER SERVICE NORMAN OK
519 PM CDT MON JUL 25 2016


...................................

...THE WICHITA FALLS CLIMATE SUMMARY FOR JULY 25 2016...
VALID TODAY AS OF 0500 PM LOCAL TIME.

CLIMATE NORMAL PERIOD 1981 TO 2010
CLIMATE RECORD PERIOD 1897 TO 2016


WEATHER ITEM   OBSERVED TIME   RECORD YEAR NORMAL DEPARTURE LAST
                VALUE   (LST)  VALUE       VALUE  FROM      YEAR
                                                  NORMAL
..................................................................
TEMPERATURE (F)
 TODAY
  MAXIMUM        101    354 PM 111    1964  98      3       98
  MINIMUM         75    552 AM  64    2004  73      2       72
  AVERAGE         88                        85      3       85

PRECIPITATION (IN)
  TODAY            0.00          1.32 1926   0.05  -0.05     0.00
  MONTH TO DATE    1.72                      1.29   0.43     2.75
  SINCE JAN 1     21.50                     16.93   4.57    32.05

DEGREE DAYS
 COOLING
  TODAY           23                        20      3       20
  MONTH TO DATE  517                       480     37      475
  SINCE JAN 1   1234                      1235     -1     1167
..................................................................


WIND (MPH)
  HIGHEST WIND SPEED    13   HIGHEST WIND DIRECTION    NE (60)
  HIGHEST GUST SPEED    16   HIGHEST GUST DIRECTION     E (80)
  AVERAGE WIND SPEED     5.0


SKY COVER
  AVERAGE SKY COVER 0.1


WEATHER CONDITIONS
 THE FOLLOWING WEATHER WAS RECORDED TODAY.
  NO SIGNIFICANT WEATHER WAS OBSERVED.


RELATIVE HUMIDITY (PERCENT)
 HIGHEST    82           400 AM
 LOWEST     33           400 PM
 AVERAGE    58

..........................................................


THE WICHITA FALLS CLIMATE NORMALS FOR TOMORROW
                         NORMAL    RECORD    YEAR
 MAXIMUM TEMPERATURE (F)   98       109      2011
                                             1964
 MINIMUM TEMPERATURE (F)   73        63      2004


SUNRISE AND SUNSET
JULY 25 2016..........SUNRISE   641 AM CDT   SUNSET   840 PM CDT
JULY 26 2016..........SUNRISE   642 AM CDT   SUNSET   839 PM CDT


-  INDICATES NEGATIVE NUMBERS.
R  INDICATES RECORD WAS SET OR TIED.
MM INDICATES DATA IS MISSING.
T  INDICATES TRACE AMOUNT.




$$
