000
CDUS44 KOUN 270725
CLISPS

CLIMATE REPORT
NATIONAL WEATHER SERVICE NORMAN OK
225 AM CDT THU APR 27 2017


...................................

...THE WICHITA FALLS CLIMATE SUMMARY FOR APRIL 26 2017...

CLIMATE NORMAL PERIOD 1981 TO 2010
CLIMATE RECORD PERIOD 1897 TO 2017


WEATHER ITEM   OBSERVED TIME   RECORD YEAR NORMAL DEPARTURE LAST
                VALUE   (LST)  VALUE       VALUE  FROM      YEAR
                                                  NORMAL
..................................................................
TEMPERATURE (F)
 YESTERDAY
  MAXIMUM         68   1217 AM  98    1939  79    -11       83
  MINIMUM         46   1003 PM  40    1947  53     -7       56
  AVERAGE         57                        66     -9       70

PRECIPITATION (IN)
  YESTERDAY        0.01          2.03 1925   0.12  -0.11     0.41
  MONTH TO DATE    0.91                      2.15  -1.24     7.30
  SINCE JAN 1      5.63                      7.24  -1.61    10.35

DEGREE DAYS
 HEATING
  YESTERDAY        8                         3      5        0
  MONTH TO DATE   78                       134    -56       78
  SINCE JUL 1   2126                      2937   -811     2268

 COOLING
  YESTERDAY        0                         3     -3        5
  MONTH TO DATE   68                        55     13       38
  SINCE JAN 1    143                        77     66       59
..................................................................


WIND (MPH)
  HIGHEST WIND SPEED    30   HIGHEST WIND DIRECTION     N (340)
  HIGHEST GUST SPEED    36   HIGHEST GUST DIRECTION     N (340)
  AVERAGE WIND SPEED    15.5


SKY COVER
  AVERAGE SKY COVER 0.5


WEATHER CONDITIONS
 THE FOLLOWING WEATHER WAS RECORDED YESTERDAY.
  LIGHT RAIN


RELATIVE HUMIDITY (PERCENT)
 HIGHEST    84           200 AM
 LOWEST     34           600 PM
 AVERAGE    59

..........................................................


THE WICHITA FALLS CLIMATE NORMALS FOR TODAY
                         NORMAL    RECORD    YEAR
 MAXIMUM TEMPERATURE (F)   79        95      2012
                                             1959
 MINIMUM TEMPERATURE (F)   53        39      1973


SUNRISE AND SUNSET
APRIL 27 2017.........SUNRISE   649 AM CDT   SUNSET   815 PM CDT
APRIL 28 2017.........SUNRISE   648 AM CDT   SUNSET   816 PM CDT


-  INDICATES NEGATIVE NUMBERS.
R  INDICATES RECORD WAS SET OR TIED.
MM INDICATES DATA IS MISSING.
T  INDICATES TRACE AMOUNT.




$$
