000
CDUS44 KOUN 160628 RRA
CLISPS

CLIMATE REPORT
NATIONAL WEATHER SERVICE NORMAN OK
128 AM CDT WED AUG 16 2017


...................................

...THE WICHITA FALLS CLIMATE SUMMARY FOR AUGUST 15 2017...

CLIMATE NORMAL PERIOD 1981 TO 2010
CLIMATE RECORD PERIOD 1897 TO 2017


WEATHER ITEM   OBSERVED TIME   RECORD YEAR NORMAL DEPARTURE LAST
                VALUE   (LST)  VALUE       VALUE  FROM      YEAR
                                                  NORMAL
..................................................................
TEMPERATURE (F)
 YESTERDAY
  MAXIMUM         89    143 PM 109    1930  97     -8       92
  MINIMUM         74    422 AM  58    1992  72      2       68
  AVERAGE         82                        84     -2       80

PRECIPITATION (IN)
  YESTERDAY        T             4.52 1971   0.08  -0.08     0.00
  MONTH TO DATE    2.70                      1.14   1.56     0.45
  SINCE JUN 1      8.30                      6.88   1.42     5.56
  SINCE JAN 1     18.62                     18.37   0.25    22.05

SNOWFALL (IN)
  YESTERDAY        0.0

DEGREE DAYS
 HEATING
  YESTERDAY        0                         0      0        0
  MONTH TO DATE    0                         0      0        0
  SINCE JUN 1      0                         1     -1        0
  SINCE JUL 1      0                         0      0        0

 COOLING
  YESTERDAY       17                        20     -3       15
  MONTH TO DATE  246                       300    -54      328
  SINCE JUN 1   1262                      1337    -75     1437
  SINCE JAN 1   1611                      1656    -45     1690
..................................................................


WIND (MPH)
  HIGHEST WIND SPEED    21   HIGHEST WIND DIRECTION     S (180)
  HIGHEST GUST SPEED    25   HIGHEST GUST DIRECTION     S (200)
  AVERAGE WIND SPEED     7.5


SKY COVER
  AVERAGE SKY COVER 0.3


WEATHER CONDITIONS
 THE FOLLOWING WEATHER WAS RECORDED YESTERDAY.
  LIGHT RAIN


RELATIVE HUMIDITY (PERCENT)
 HIGHEST    93           100 AM
 LOWEST     57           600 PM
 AVERAGE    75

..........................................................


THE WICHITA FALLS CLIMATE NORMALS FOR TODAY
                         NORMAL    RECORD    YEAR
 MAXIMUM TEMPERATURE (F)   97       110      1943
 MINIMUM TEMPERATURE (F)   72        57      1992


SUNRISE AND SUNSET
AUGUST 16 2017........SUNRISE   656 AM CDT   SUNSET   819 PM CDT
AUGUST 17 2017........SUNRISE   657 AM CDT   SUNSET   818 PM CDT


-  INDICATES NEGATIVE NUMBERS.
R  INDICATES RECORD WAS SET OR TIED.
MM INDICATES DATA IS MISSING.
T  INDICATES TRACE AMOUNT.




$$
