000
CDUS44 KOUN 220636 RRA
CLISPS

CLIMATE REPORT
NATIONAL WEATHER SERVICE NORMAN OK
135 AM CDT SUN OCT 22 2017


...................................

...THE WICHITA FALLS CLIMATE SUMMARY FOR OCTOBER 21 2017...

CLIMATE NORMAL PERIOD 1981 TO 2010
CLIMATE RECORD PERIOD 1897 TO 2017


WEATHER ITEM   OBSERVED TIME   RECORD YEAR NORMAL DEPARTURE LAST
                VALUE   (LST)  VALUE       VALUE  FROM      YEAR
                                                  NORMAL
..................................................................
TEMPERATURE (F)
 YESTERDAY
  MAXIMUM         84    402 PM  95    2003  75      9       71
  MINIMUM         58   1159 PM  38    1987  50      8       45
  AVERAGE         71                        63      8       58

PRECIPITATION (IN)
  YESTERDAY        0.56          2.35 1972   0.12   0.44     0.00
  MONTH TO DATE    1.36                      2.13  -0.77     2.32
  SINCE SEP 1      4.43                      4.94  -0.51    12.14
  SINCE JAN 1     24.51                     24.67  -0.16    34.52

SNOWFALL (IN)
  YESTERDAY        0.0

DEGREE DAYS
 HEATING
  YESTERDAY        0                         4     -4        7
  MONTH TO DATE   30                        55    -25       28
  SINCE SEP 1     34                        68    -34       30
  SINCE JUL 1     34                        68    -34       30

 COOLING
  YESTERDAY        6                         2      4        0
  MONTH TO DATE  123                        81     42      121
  SINCE SEP 1    456                       415     41      521
  SINCE JAN 1   2298                      2360    -62     2457
..................................................................


WIND (MPH)
  HIGHEST WIND SPEED    40   HIGHEST WIND DIRECTION    NW (300)
  HIGHEST GUST SPEED    52   HIGHEST GUST DIRECTION    NW (310)
  AVERAGE WIND SPEED    16.3


SKY COVER
  AVERAGE SKY COVER 0.5


WEATHER CONDITIONS
 THE FOLLOWING WEATHER WAS RECORDED YESTERDAY.
  THUNDERSTORM
  HEAVY RAIN
  RAIN
  LIGHT RAIN
  FOG


RELATIVE HUMIDITY (PERCENT)
 HIGHEST    93           200 AM
 LOWEST     51           300 PM
 AVERAGE    72

..........................................................


THE WICHITA FALLS CLIMATE NORMALS FOR TODAY
                         NORMAL    RECORD    YEAR
 MAXIMUM TEMPERATURE (F)   75        93      1939
 MINIMUM TEMPERATURE (F)   50        32      1990


SUNRISE AND SUNSET
OCTOBER 22 2017.......SUNRISE   745 AM CDT   SUNSET   651 PM CDT
OCTOBER 23 2017.......SUNRISE   746 AM CDT   SUNSET   650 PM CDT


-  INDICATES NEGATIVE NUMBERS.
R  INDICATES RECORD WAS SET OR TIED.
MM INDICATES DATA IS MISSING.
T  INDICATES TRACE AMOUNT.




$$
