000
CDUS42 KTBW 222220
CLISRQ


CLIMATE REPORT
NATIONAL WEATHER SERVICE TAMPA BAY FL
517 PM EST SUN JAN 22 2017


...................................

...THE SARASOTA BRADENTON CLIMATE SUMMARY FOR JANUARY 22 2017...
VALID TODAY AS OF 0500 PM LOCAL TIME.

CLIMATE NORMAL PERIOD 1981 TO 2010
CLIMATE RECORD PERIOD 1911 TO 2017


WEATHER ITEM   OBSERVED TIME   RECORD YEAR NORMAL DEPARTURE LAST
                VALUE   (LST)  VALUE       VALUE  FROM      YEAR
                                                  NORMAL
..................................................................
TEMPERATURE (F)
 TODAY
  MAXIMUM         80   1245 PM  85    2006  71      9       71
  MINIMUM         72    747 AM  27    1985  52     20       57
  AVERAGE         76                        61     15       64

PRECIPITATION (IN)
  TODAY            0.00          2.26 1989   0.06  -0.06     0.28
  MONTH TO DATE    1.31                      1.98  -0.67     2.75
  SINCE DEC 1      2.56                      4.51  -1.95     4.04
  SINCE JAN 1      1.31                      1.98  -0.67     2.75

DEGREE DAYS
 HEATING
  TODAY            0                         5     -5        1
  MONTH TO DATE   41                       119    -78      103
  SINCE DEC 1     65                       241   -176      110
  SINCE JUL 1     76                       274   -198      114

 COOLING
  TODAY           11                         2      9        0
  MONTH TO DATE   79                        44     35       22
  SINCE DEC 1    242                       118    124      281
  SINCE JAN 1     79                        44     35       22
..................................................................


WIND (MPH)
  RESULTANT WIND SPEED  20   RESULTANT WIND DIRECTION   S (180)
  HIGHEST WIND SPEED    29   HIGHEST WIND DIRECTION     S (180)
  HIGHEST GUST SPEED    37   HIGHEST GUST DIRECTION     S (170)
  AVERAGE WIND SPEED    20.3


SKY COVER
  POSSIBLE SUNSHINE  MM
  AVERAGE SKY COVER 0.8


WEATHER CONDITIONS
 THE FOLLOWING WEATHER WAS RECORDED TODAY.
  NO SIGNIFICANT WEATHER WAS OBSERVED.


RELATIVE HUMIDITY (PERCENT)
 HIGHEST    93           400 AM
 LOWEST     73           100 AM

..........................................................


THE SARASOTA BRADENTON CLIMATE NORMALS FOR TOMORROW
                         NORMAL    RECORD    YEAR
 MAXIMUM TEMPERATURE (F)   71        87      1990
 MINIMUM TEMPERATURE (F)   52        28      1985


SUNRISE AND SUNSET
JANUARY 22 2017.......SUNRISE   720 AM EST   SUNSET   604 PM EST
JANUARY 23 2017.......SUNRISE   720 AM EST   SUNSET   605 PM EST


-  INDICATES NEGATIVE NUMBERS.
R  INDICATES RECORD WAS SET OR TIED.
MM INDICATES DATA IS MISSING.
T  INDICATES TRACE AMOUNT.




$$


&&
------------------------------------------------------------------
******************** SUPPLEMENTAL DATA ***************************

...GULF WATER TEMPERATURE AT VENICE 72 DEGREES
