428
CDUS42 KTBW 270828
CLISRQ


CLIMATE REPORT
NATIONAL WEATHER SERVICE TAMPA BAY FL
426 AM EDT SAT MAY 27 2017


...................................

...THE SARASOTA BRADENTON CLIMATE SUMMARY FOR MAY 26 2017...

CLIMATE NORMAL PERIOD 1981 TO 2010
CLIMATE RECORD PERIOD 1911 TO 2017


WEATHER ITEM   OBSERVED TIME   RECORD YEAR NORMAL DEPARTURE LAST
                VALUE   (LST)  VALUE       VALUE  FROM      YEAR
                                                  NORMAL
..................................................................
TEMPERATURE (F)
 YESTERDAY
  MAXIMUM         86    244 PM  94    2012  87     -1       91
                                      1995
                                      1986
  MINIMUM         63    554 AM  55    1979  69     -6       67
  AVERAGE         75                        78     -3       79

PRECIPITATION (IN)
  YESTERDAY        0.00          3.71 1961   0.09  -0.09     0.00
  MONTH TO DATE    5.05                      1.71   3.34     4.77
  SINCE MAR 1      5.79                      8.01  -2.22     6.60
  SINCE JAN 1      8.28                     13.20  -4.92    12.28

DEGREE DAYS
 HEATING
  YESTERDAY        0                         0      0        0
  MONTH TO DATE    0                         0      0        0
  SINCE MAR 1     54                        59     -5       14
  SINCE JUL 1    202                       477   -275      320

 COOLING
  YESTERDAY       10                        13     -3       14
  MONTH TO DATE  364                       286     78      341
  SINCE MAR 1    789                       579    210      821
  SINCE JAN 1    963                       683    280      887
..................................................................


WIND (MPH)
  HIGHEST WIND SPEED    14   HIGHEST WIND DIRECTION     W (280)
  HIGHEST GUST SPEED    17   HIGHEST GUST DIRECTION     W (260)
  AVERAGE WIND SPEED     5.7


SKY COVER
  POSSIBLE SUNSHINE  MM
  AVERAGE SKY COVER 0.0


WEATHER CONDITIONS
 THE FOLLOWING WEATHER WAS RECORDED YESTERDAY.
  NO SIGNIFICANT WEATHER WAS OBSERVED.


RELATIVE HUMIDITY (PERCENT)
 HIGHEST    93           600 AM
 LOWEST     47          1100 AM

..........................................................


THE SARASOTA BRADENTON CLIMATE NORMALS FOR TODAY
                         NORMAL    RECORD    YEAR
 MAXIMUM TEMPERATURE (F)   87        95      1953
 MINIMUM TEMPERATURE (F)   70        52      1979


SUNRISE AND SUNSET
MAY 27 2017...........SUNRISE   636 AM EDT   SUNSET   819 PM EDT
MAY 28 2017...........SUNRISE   636 AM EDT   SUNSET   819 PM EDT


-  INDICATES NEGATIVE NUMBERS.
R  INDICATES RECORD WAS SET OR TIED.
MM INDICATES DATA IS MISSING.
T  INDICATES TRACE AMOUNT.




$$


&&
------------------------------------------------------------------
******************** SUPPLEMENTAL DATA ***************************

...GULF WATER TEMPERATURE AT VENICE 81 DEGREES
