000
CDUS42 KTBW 232214
CLISRQ


CLIMATE REPORT
NATIONAL WEATHER SERVICE TAMPA BAY FL
511 PM EST SUN NOV 23 2014


...................................

...THE SARASOTA BRADENTON CLIMATE SUMMARY FOR NOVEMBER 23 2014...
VALID TODAY AS OF 0500 PM LOCAL TIME.

CLIMATE NORMAL PERIOD 1981 TO 2010
CLIMATE RECORD PERIOD 1911 TO 2014


WEATHER ITEM   OBSERVED TIME   RECORD YEAR NORMAL DEPARTURE LAST
                VALUE   (LST)  VALUE       VALUE  FROM      YEAR
                                                  NORMAL
..................................................................
TEMPERATURE (F)
 TODAY
  MAXIMUM         83    119 PM  90    1963  77      6       85
  MINIMUM         71    409 AM  36    1981  58     13       65
  AVERAGE         77                        68      9       75

PRECIPITATION (IN)
  TODAY            T             1.78 1988   0.06  -0.06     0.00
  MONTH TO DATE    2.24                      1.46   0.78     0.99
  SINCE SEP 1     17.19                     11.68   5.51    13.49
  SINCE JAN 1     48.67                     50.01  -1.34    52.10

DEGREE DAYS
 HEATING
  TODAY            0                         2     -2        0
  MONTH TO DATE   55                        14     41        2
  SINCE SEP 1     55                        17     38        2
  SINCE JUL 1     55                        17     38        2

 COOLING
  TODAY           12                         4      8       10
  MONTH TO DATE   57                       129    -72      221
  SINCE SEP 1    846                       976   -130     1109
  SINCE JAN 1   3392                      3273    119     3609
..................................................................


WIND (MPH)
  RESULTANT WIND SPEED  15   RESULTANT WIND DIRECTION   S (160)
  HIGHEST WIND SPEED    31   HIGHEST WIND DIRECTION     S (180)
  HIGHEST GUST SPEED    38   HIGHEST GUST DIRECTION     S (190)
  AVERAGE WIND SPEED    16.6


SKY COVER
  POSSIBLE SUNSHINE  MM
  AVERAGE SKY COVER 0.6


WEATHER CONDITIONS
 THE FOLLOWING WEATHER WAS RECORDED TODAY.
  NO SIGNIFICANT WEATHER WAS OBSERVED.


RELATIVE HUMIDITY (PERCENT)
 HIGHEST    93          1200 AM
 LOWEST     69          1100 AM

..........................................................


THE SARASOTA BRADENTON CLIMATE NORMALS FOR TOMORROW
                         NORMAL    RECORD    YEAR
 MAXIMUM TEMPERATURE (F)   77        88      1958
 MINIMUM TEMPERATURE (F)   58        37      1975


SUNRISE AND SUNSET
NOVEMBER 23 2014......SUNRISE   657 AM EST   SUNSET   536 PM EST
NOVEMBER 24 2014......SUNRISE   658 AM EST   SUNSET   536 PM EST


-  INDICATES NEGATIVE NUMBERS.
R  INDICATES RECORD WAS SET OR TIED.
MM INDICATES DATA IS MISSING.
T  INDICATES TRACE AMOUNT.




$$


&&
------------------------------------------------------------------
******************** SUPPLEMENTAL DATA ***************************

...GULF WATER TEMPERATURE AT NEW PASS 66
