000
CDUS42 KTBW 192135
CLISRQ


CLIMATE REPORT
NATIONAL WEATHER SERVICE TAMPA BAY FL
533 PM EDT TUE SEP 19 2017


...................................

...THE SARASOTA BRADENTON CLIMATE SUMMARY FOR SEPTEMBER 19 2017...
VALID TODAY AS OF 0500 PM LOCAL TIME.

CLIMATE NORMAL PERIOD 1981 TO 2010
CLIMATE RECORD PERIOD 1911 TO 2017


WEATHER ITEM   OBSERVED TIME   RECORD YEAR NORMAL DEPARTURE LAST
                VALUE   (LST)  VALUE       VALUE  FROM      YEAR
                                                  NORMAL
..................................................................
TEMPERATURE (F)
 TODAY
  MAXIMUM         90    118 PM  95    1988  89      1       91
                                      1974
  MINIMUM         74    649 AM  65    1928  74      0       79
                                      1927
  AVERAGE         82                        81      1       85

PRECIPITATION (IN)
  TODAY            0.00          8.00 1926   0.23  -0.23     0.00
  MONTH TO DATE    8.75                      5.23   3.52     3.91
  SINCE SEP 1      8.75                      5.23   3.52     3.91
  SINCE JAN 1     58.26                     43.56  14.70    43.63

DEGREE DAYS
 HEATING
  TODAY            0                         0      0        0
  MONTH TO DATE    0                         0      0        0
  SINCE SEP 1      0                         0      0        0
  SINCE JUL 1      0                         0      0        0

 COOLING
  TODAY           17                        16      1       20
  MONTH TO DATE  319                       321     -2      372
  SINCE SEP 1    319                       321     -2      372
  SINCE JAN 1   2978                      2618    360     3151
..................................................................


WIND (MPH)
  RESULTANT WIND SPEED   7   RESULTANT WIND DIRECTION   N (20)
  HIGHEST WIND SPEED    13   HIGHEST WIND DIRECTION     N (360)
  HIGHEST GUST SPEED    18   HIGHEST GUST DIRECTION    NE (30)
  AVERAGE WIND SPEED     6.8


SKY COVER
  POSSIBLE SUNSHINE  MM
  AVERAGE SKY COVER 0.4


WEATHER CONDITIONS
 THE FOLLOWING WEATHER WAS RECORDED TODAY.
  NO SIGNIFICANT WEATHER WAS OBSERVED.


RELATIVE HUMIDITY (PERCENT)
 HIGHEST    94           200 AM
 LOWEST     56           100 PM

..........................................................


THE SARASOTA BRADENTON CLIMATE NORMALS FOR TOMORROW
                         NORMAL    RECORD    YEAR
 MAXIMUM TEMPERATURE (F)   89        96      1925
 MINIMUM TEMPERATURE (F)   74        60      1981


SUNRISE AND SUNSET
SEPTEMBER 19 2017.....SUNRISE   717 AM EDT   SUNSET   730 PM EDT
SEPTEMBER 20 2017.....SUNRISE   718 AM EDT   SUNSET   729 PM EDT


-  INDICATES NEGATIVE NUMBERS.
R  INDICATES RECORD WAS SET OR TIED.
MM INDICATES DATA IS MISSING.
T  INDICATES TRACE AMOUNT.




$$


&&
------------------------------------------------------------------
******************** SUPPLEMENTAL DATA ***************************

...GULF WATER TEMPERATURE AT VENICE 84 DEGREES
