000
CDUS42 KJAX 010533
CLISSI


CLIMATE REPORT
NATIONAL WEATHER SERVICE JACKSONVILLE FL
1233 AM EST SUN FEB 1 2015


...................................

...THE ST SIMONS ISLAND CLIMATE SUMMARY FOR JANUARY 31 2015...

CLIMATE NORMAL PERIOD 1981 TO 2010
CLIMATE RECORD PERIOD 1948 TO 2015


WEATHER ITEM   OBSERVED TIME   RECORD YEAR NORMAL DEPARTURE LAST
                VALUE   (LST)  VALUE       VALUE  FROM      YEAR
                                                  NORMAL
..................................................................
TEMPERATURE (F)
 YESTERDAY
  MAXIMUM         54    138 PM  80    1974  61     -7       54
  MINIMUM         38    727 AM  20    1966  44     -6       35
  AVERAGE         46                        52     -6       45

PRECIPITATION (IN)
  YESTERDAY        0.00          0.80 1959   0.12  -0.12     0.00
  MONTH TO DATE    3.03                      3.22  -0.19     4.59
  SINCE DEC 1      4.35                      5.86  -1.51     6.47
  SINCE JAN 1      3.03                      3.22  -0.19     4.59

SNOWFALL (IN)
  YESTERDAY        0.0           0.0    MM                   0.0
  MONTH TO DATE    0.0                                        T
  SINCE DEC 1      0.0                                        T
  SINCE JUL 1      0.0                                        T
  SNOW DEPTH       0

DEGREE DAYS
 HEATING
  YESTERDAY       19                        13      6       20
  MONTH TO DATE  401                       424    -23      531
  SINCE DEC 1    657                       771   -114      760
  SINCE JUL 1    943                       951     -8      950

 COOLING
  YESTERDAY        0                         0      0        0
  MONTH TO DATE    6                         3      3        0
  SINCE DEC 1     12                        16     -4       18
  SINCE JAN 1      6                         3      3        0
..................................................................


WIND (MPH)
  HIGHEST WIND SPEED    16   HIGHEST WIND DIRECTION    NE (40)
  HIGHEST GUST SPEED    21   HIGHEST GUST DIRECTION    NE (40)
  AVERAGE WIND SPEED     7.6


SKY COVER
  POSSIBLE SUNSHINE  MM
  AVERAGE SKY COVER 0.0


WEATHER CONDITIONS
 THE FOLLOWING WEATHER WAS RECORDED YESTERDAY.
  NO SIGNIFICANT WEATHER WAS OBSERVED.


RELATIVE HUMIDITY (PERCENT)
 HIGHEST    85           600 AM
 LOWEST     41          1100 AM
 AVERAGE    63

..........................................................


THE ST SIMONS ISLAND CLIMATE NORMALS FOR TODAY
                         NORMAL    RECORD    YEAR
 MAXIMUM TEMPERATURE (F)   61        79      1957
 MINIMUM TEMPERATURE (F)   44        27      1977


SUNRISE AND SUNSET
FEBRUARY  1 2015......SUNRISE   718 AM EST   SUNSET   601 PM EST
FEBRUARY  2 2015......SUNRISE   717 AM EST   SUNSET   602 PM EST


-  INDICATES NEGATIVE NUMBERS.
R  INDICATES RECORD WAS SET OR TIED.
MM INDICATES DATA IS MISSING.
T  INDICATES TRACE AMOUNT.




$$
