000
CDUS42 KJAX 270531
CLISSI


CLIMATE REPORT
NATIONAL WEATHER SERVICE JACKSONVILLE FL
1231 AM EST SAT DEC 27 2014


...................................

...THE ST SIMONS ISLAND CLIMATE SUMMARY FOR DECEMBER 26 2014...

CLIMATE NORMAL PERIOD 1981 TO 2010
CLIMATE RECORD PERIOD 1948 TO 2014


WEATHER ITEM   OBSERVED TIME   RECORD YEAR NORMAL DEPARTURE LAST
                VALUE   (LST)  VALUE       VALUE  FROM      YEAR
                                                  NORMAL
..................................................................
TEMPERATURE (F)
 YESTERDAY
  MAXIMUM         63    324 PM  79    1971  61      2       53
  MINIMUM         40    649 AM  14    1983  43     -3       45
  AVERAGE         52                        52      0       49

PRECIPITATION (IN)
  YESTERDAY        0.00          0.90 1976   0.09  -0.09     0.02
  MONTH TO DATE    1.22                      2.22  -1.00     1.33
  SINCE DEC 1      1.22                      2.22  -1.00     1.33
  SINCE JAN 1     43.94                     44.58  -0.64    51.50

SNOWFALL (IN)
  YESTERDAY        0.0           0.0    MM                   0.0
  MONTH TO DATE    0.0                                       0.0
  SINCE DEC 1      0.0                                       0.0
  SINCE JUL 1      0.0                                       0.0
  SNOW DEPTH       0

DEGREE DAYS
 HEATING
  YESTERDAY       13                        13      0       16
  MONTH TO DATE  230                       283    -53      188
  SINCE DEC 1    230                       283    -53      188
  SINCE JUL 1    516                       463     53      378

 COOLING
  YESTERDAY        0                         0      0        0
  MONTH TO DATE    2                         9     -7       18
  SINCE DEC 1      2                         9     -7       18
  SINCE JAN 1   2588                      2624    -36     2605
..................................................................


WIND (MPH)
  HIGHEST WIND SPEED    13   HIGHEST WIND DIRECTION    NE (60)
  HIGHEST GUST SPEED    17   HIGHEST GUST DIRECTION    NE (30)
  AVERAGE WIND SPEED     5.8


SKY COVER
  POSSIBLE SUNSHINE  MM
  AVERAGE SKY COVER 0.1


WEATHER CONDITIONS
 THE FOLLOWING WEATHER WAS RECORDED YESTERDAY.
  NO SIGNIFICANT WEATHER WAS OBSERVED.


RELATIVE HUMIDITY (PERCENT)
 HIGHEST   100           600 AM
 LOWEST     60           100 PM
 AVERAGE    80

..........................................................


THE ST SIMONS ISLAND CLIMATE NORMALS FOR TODAY
                         NORMAL    RECORD    YEAR
 MAXIMUM TEMPERATURE (F)   61        78      1971
 MINIMUM TEMPERATURE (F)   43        24      1983


SUNRISE AND SUNSET
DECEMBER 27 2014......SUNRISE   723 AM EST   SUNSET   531 PM EST
DECEMBER 28 2014......SUNRISE   723 AM EST   SUNSET   531 PM EST


-  INDICATES NEGATIVE NUMBERS.
R  INDICATES RECORD WAS SET OR TIED.
MM INDICATES DATA IS MISSING.
T  INDICATES TRACE AMOUNT.




$$
