000
CDUS42 KJAX 200535
CLISSI


CLIMATE REPORT
NATIONAL WEATHER SERVICE JACKSONVILLE FL
135 AM EDT MON OCT 20 2014


...................................

...THE ST SIMONS ISLAND CLIMATE SUMMARY FOR OCTOBER 19 2014...

CLIMATE NORMAL PERIOD 1981 TO 2010
CLIMATE RECORD PERIOD 1948 TO 2014


WEATHER ITEM   OBSERVED TIME   RECORD YEAR NORMAL DEPARTURE LAST
                VALUE   (LST)  VALUE       VALUE  FROM      YEAR
                                                  NORMAL
..................................................................
TEMPERATURE (F)
 YESTERDAY
  MAXIMUM         70        MM  89    1980  77     -7       85
                                      1972
  MINIMUM         56        MM  45    2009  61     -5       65
  AVERAGE         63                        69     -6       75

PRECIPITATION (IN)
  YESTERDAY        0.00          2.64 1970   0.13  -0.13     0.63
  MONTH TO DATE    2.83                      3.23  -0.40     1.13
  SINCE SEP 1      8.47                      8.99  -0.52    12.02
  SINCE JAN 1     39.22                     39.10   0.12    46.96

SNOWFALL (IN)
  YESTERDAY        0.0           0.0    MM                   0.0
  MONTH TO DATE    0.0                                       0.0
  SINCE SEP 1      0.0                                       0.0
  SINCE JUL 1      0.0                                       0.0
  SNOW DEPTH       0

DEGREE DAYS
 HEATING
  YESTERDAY        2                         1      1        0
  MONTH TO DATE    5                         9     -4        0
  SINCE SEP 1      5                         9     -4        0
  SINCE JUL 1      5                         9     -4        0

 COOLING
  YESTERDAY        0                         5     -5       10
  MONTH TO DATE  144                       141      3      158
  SINCE SEP 1    528                       536     -8      570
  SINCE JAN 1   2533                      2512     21     2515
..................................................................


WIND (MPH)
  HIGHEST WIND SPEED    16   HIGHEST WIND DIRECTION     N (20)
  HIGHEST GUST SPEED    23   HIGHEST GUST DIRECTION     N (20)
  AVERAGE WIND SPEED     8.2


SKY COVER
  POSSIBLE SUNSHINE  MM
  AVERAGE SKY COVER 0.1


WEATHER CONDITIONS
 THE FOLLOWING WEATHER WAS RECORDED YESTERDAY.
  NO SIGNIFICANT WEATHER WAS OBSERVED.


RELATIVE HUMIDITY (PERCENT)
 HIGHEST    86          1000 PM
 LOWEST     55           400 PM
 AVERAGE    71

..........................................................


THE ST SIMONS ISLAND CLIMATE NORMALS FOR TODAY
                         NORMAL    RECORD    YEAR
 MAXIMUM TEMPERATURE (F)   77        87      2006
 MINIMUM TEMPERATURE (F)   61        40      1989


SUNRISE AND SUNSET
OCTOBER 20 2014.......SUNRISE   732 AM EDT   SUNSET   648 PM EDT
OCTOBER 21 2014.......SUNRISE   733 AM EDT   SUNSET   647 PM EDT


-  INDICATES NEGATIVE NUMBERS.
R  INDICATES RECORD WAS SET OR TIED.
MM INDICATES DATA IS MISSING.
T  INDICATES TRACE AMOUNT.




$$
