000
CDUS42 KJAX 260531
CLISSI


CLIMATE REPORT
NATIONAL WEATHER SERVICE JACKSONVILLE FL
131 AM EDT SUN OCT 26 2014


...................................

...THE ST SIMONS ISLAND CLIMATE SUMMARY FOR OCTOBER 25 2014...

CLIMATE NORMAL PERIOD 1981 TO 2010
CLIMATE RECORD PERIOD 1948 TO 2014


WEATHER ITEM   OBSERVED TIME   RECORD YEAR NORMAL DEPARTURE LAST
                VALUE   (LST)  VALUE       VALUE  FROM      YEAR
                                                  NORMAL
..................................................................
TEMPERATURE (F)
 YESTERDAY
  MAXIMUM         76    216 PM  87    2001  76      0       70
  MINIMUM         49    703 AM  41    1962  59    -10       52
  AVERAGE         63                        68     -5       61

PRECIPITATION (IN)
  YESTERDAY        0.00          1.66 1977   0.11  -0.11     0.00
  MONTH TO DATE    2.83                      3.91  -1.08     1.17
  SINCE SEP 1      8.47                      9.67  -1.20    12.06
  SINCE JAN 1     39.22                     39.78  -0.56    47.00

SNOWFALL (IN)
  YESTERDAY        0.0           0.0    MM                   0.0
  MONTH TO DATE    0.0                                       0.0
  SINCE SEP 1      0.0                                       0.0
  SINCE JUL 1      0.0                                       0.0
  SNOW DEPTH       0

DEGREE DAYS
 HEATING
  YESTERDAY        2                         2      0        4
  MONTH TO DATE   17                        17      0       10
  SINCE SEP 1     17                        17      0       10
  SINCE JUL 1     17                        17      0       10

 COOLING
  YESTERDAY        0                         4     -4        0
  MONTH TO DATE  151                       168    -17      175
  SINCE SEP 1    535                       563    -28      587
  SINCE JAN 1   2540                      2539      1     2532
..................................................................


WIND (MPH)
  HIGHEST WIND SPEED    10   HIGHEST WIND DIRECTION     E (100)
  HIGHEST GUST SPEED    20   HIGHEST GUST DIRECTION    SE (150)
  AVERAGE WIND SPEED     2.7


SKY COVER
  POSSIBLE SUNSHINE  MM
  AVERAGE SKY COVER 0.0


WEATHER CONDITIONS
 THE FOLLOWING WEATHER WAS RECORDED YESTERDAY.
  FOG


RELATIVE HUMIDITY (PERCENT)
 HIGHEST   100           200 AM
 LOWEST     36           200 PM
 AVERAGE    68

..........................................................


THE ST SIMONS ISLAND CLIMATE NORMALS FOR TODAY
                         NORMAL    RECORD    YEAR
 MAXIMUM TEMPERATURE (F)   75        84      1975
                                             1949
 MINIMUM TEMPERATURE (F)   59        39      1962


SUNRISE AND SUNSET
OCTOBER 26 2014.......SUNRISE   736 AM EDT   SUNSET   642 PM EDT
OCTOBER 27 2014.......SUNRISE   737 AM EDT   SUNSET   641 PM EDT


-  INDICATES NEGATIVE NUMBERS.
R  INDICATES RECORD WAS SET OR TIED.
MM INDICATES DATA IS MISSING.
T  INDICATES TRACE AMOUNT.




$$
