000
CDUS43 KMPX 230658
CLISTC


CLIMATE REPORT
NATIONAL WEATHER SERVICE CHANHASSEN MN
1258 AM CST MON JAN 23 2017


...................................

...THE ST CLOUD MN CLIMATE SUMMARY FOR JANUARY 22 2017...

CLIMATE NORMAL PERIOD 1981 TO 2010
CLIMATE RECORD PERIOD 1893 TO 2017


WEATHER ITEM   OBSERVED TIME   RECORD YEAR NORMAL DEPARTURE LAST
                VALUE   (LST)  VALUE       VALUE  FROM      YEAR
                                                  NORMAL
..................................................................
TEMPERATURE (F)
 YESTERDAY
  MAXIMUM         38    352 PM  52    1942  22     16       23
  MINIMUM         33   1159 PM -37    1936   1     32        1
  AVERAGE         36                        11     25       12

PRECIPITATION (IN)
  YESTERDAY        0.00          0.45 1979   0.02  -0.02      T
  MONTH TO DATE    0.50                      0.49   0.01     0.21
  SINCE DEC 1      2.05                      1.31   0.74     1.23
  SINCE JAN 1      0.50                      0.49   0.01     0.21

SNOWFALL (IN)
  YESTERDAY        0.0           5.6  1979   0.3   -0.3       T
  MONTH TO DATE    9.0                       6.4    2.6      3.2
  SINCE DEC 1     17.8                      15.8    2.0     11.4
  SINCE JUL 1     25.1                      25.0    0.1     17.1
  SNOW DEPTH       2

DEGREE DAYS
 HEATING
  YESTERDAY       29                        54    -25       53
  MONTH TO DATE 1137                      1181    -44     1215
  SINCE DEC 1   2601                      2703   -102     2398
  SINCE JUL 1   3975                      4628   -653     3857

 COOLING
  YESTERDAY        0                         0      0        0
  MONTH TO DATE    0                         0      0        0
  SINCE DEC 1      0                         0      0        0
  SINCE JAN 1      0                         0      0        0
..................................................................


WIND (MPH)
  HIGHEST WIND SPEED    13   HIGHEST WIND DIRECTION     W (270)
  HIGHEST GUST SPEED    15   HIGHEST GUST DIRECTION     W (270)
  AVERAGE WIND SPEED     6.0


SKY COVER
  POSSIBLE SUNSHINE  MM
  AVERAGE SKY COVER 1.0


WEATHER CONDITIONS
 THE FOLLOWING WEATHER WAS RECORDED YESTERDAY.
  FOG


RELATIVE HUMIDITY (PERCENT)
 HIGHEST   100          1200 AM
 LOWEST     92          1200 PM
 AVERAGE    96

..........................................................


THE ST CLOUD MN CLIMATE NORMALS FOR TODAY
                         NORMAL    RECORD    YEAR
 MAXIMUM TEMPERATURE (F)   22        55      1942
 MINIMUM TEMPERATURE (F)    1       -33      1936
                                             1935


SUNRISE AND SUNSET
JANUARY 23 2017.......SUNRISE   746 AM CST   SUNSET   510 PM CST
JANUARY 24 2017.......SUNRISE   746 AM CST   SUNSET   512 PM CST


-  INDICATES NEGATIVE NUMBERS.
R  INDICATES RECORD WAS SET OR TIED.
MM INDICATES DATA IS MISSING.
T  INDICATES TRACE AMOUNT.




$$
