000
CDUS43 KMPX 312121
CLISTC


CLIMATE REPORT
NATIONAL WEATHER SERVICE CHANHASSEN MN
421 PM CDT WED AUG 31 2016


...................................

...THE ST CLOUD MN CLIMATE SUMMARY FOR AUGUST 31 2016...
VALID AS OF 0400 PM LOCAL TIME.

CLIMATE NORMAL PERIOD 1981 TO 2010
CLIMATE RECORD PERIOD 1893 TO 2016


WEATHER ITEM   OBSERVED TIME   RECORD YEAR NORMAL DEPARTURE LAST
                VALUE   (LST)  VALUE       VALUE  FROM      YEAR
                                                  NORMAL
..................................................................
TEMPERATURE (F)
 TODAY
  MAXIMUM         78    259 PM  95    1907  76      2       83
  MINIMUM         51    530 AM  33    1974  53     -2       64
  AVERAGE         65                        65      0       74

PRECIPITATION (IN)
  TODAY            0.00          1.21 1937   0.13  -0.13     0.00
  MONTH TO DATE    8.36                      3.79   4.57     3.10
  SINCE JUN 1     18.47                     11.27   7.20    14.94
  SINCE JAN 1     24.82                     19.58   5.24    23.61

SNOWFALL (IN)
  TODAY            0.0           0.0    MM   0.0    0.0      0.0
  MONTH TO DATE    0.0                       0.0    0.0      0.0
  SINCE JUN 1      0.0                       0.0    0.0      0.0
  SINCE JUL 1      0.0                       0.0    0.0      0.0
  SNOW DEPTH       0

DEGREE DAYS
 HEATING
  TODAY            0                         3     -3        0
  MONTH TO DATE   15                        42    -27       40
  SINCE JUN 1     55                       136    -81       80
  SINCE JUL 1     22                        58    -36       52

 COOLING
  TODAY            0                         2     -2        9
  MONTH TO DATE  157                       127     30      112
  SINCE JUN 1    447                       404     43      381
  SINCE JAN 1    478                       429     49      386
..................................................................


WIND (MPH)
  HIGHEST WIND SPEED    10   HIGHEST WIND DIRECTION     N (340)
  HIGHEST GUST SPEED    15   HIGHEST GUST DIRECTION     N (350)
  AVERAGE WIND SPEED     2.2


SKY COVER
  POSSIBLE SUNSHINE  MM
  AVERAGE SKY COVER 0.0


WEATHER CONDITIONS
 THE FOLLOWING WEATHER WAS RECORDED TODAY.
  FOG


RELATIVE HUMIDITY (PERCENT)
 HIGHEST   100          1200 AM
 LOWEST     43           200 PM
 AVERAGE    72

..........................................................


THE ST CLOUD MN CLIMATE NORMALS FOR TOMORROW
                         NORMAL    RECORD    YEAR
 MAXIMUM TEMPERATURE (F)   76        92      1937
                                             1921
                                             1913
 MINIMUM TEMPERATURE (F)   53        29      1974


SUNRISE AND SUNSET
AUGUST 31 2016........SUNRISE   637 AM CDT   SUNSET   755 PM CDT
SEPTEMBER  1 2016.....SUNRISE   638 AM CDT   SUNSET   753 PM CDT


-  INDICATES NEGATIVE NUMBERS.
R  INDICATES RECORD WAS SET OR TIED.
MM INDICATES DATA IS MISSING.
T  INDICATES TRACE AMOUNT.




$$
