000
CDUS43 KMPX 170642
CLISTC


CLIMATE REPORT
NATIONAL WEATHER SERVICE CHANHASSEN MN
1239 AM CST WED DEC 17 2014


...................................

...THE ST CLOUD MN CLIMATE SUMMARY FOR DECEMBER 16 2014...

CLIMATE NORMAL PERIOD 1981 TO 2010
CLIMATE RECORD PERIOD 1893 TO 2014


WEATHER ITEM   OBSERVED TIME   RECORD YEAR NORMAL DEPARTURE LAST
                VALUE   (LST)  VALUE       VALUE  FROM      YEAR
                                                  NORMAL
..................................................................
TEMPERATURE (F)
 YESTERDAY
  MAXIMUM         24    111 AM  57    1939  24      0       28
  MINIMUM         12   1159 PM -24    2008   7      5       -2
  AVERAGE         18                        15      3       13

PRECIPITATION (IN)
  YESTERDAY        T             0.69 1984   0.02  -0.02     0.17
  MONTH TO DATE    0.54                      0.44   0.10     1.24
  SINCE DEC 1      0.54                      0.44   0.10     1.24
  SINCE JAN 1     36.51                     27.35   9.16    28.31

SNOWFALL (IN)
  YESTERDAY        0.1           4.0  1940   0.3   -0.2      2.3
  MONTH TO DATE    1.0                       4.9   -3.9     12.2
  SINCE DEC 1      1.0                       4.9   -3.9     12.2
  SINCE JUL 1     18.6                      14.1    4.5     15.8
  SNOW DEPTH       1

DEGREE DAYS
 HEATING
  YESTERDAY       47                        50     -3       52
  MONTH TO DATE  636                       750   -114      937
  SINCE DEC 1    636                       750   -114      937
  SINCE JUL 1   2568                      2675   -107     2810

 COOLING
  YESTERDAY        0                         0      0        0
  MONTH TO DATE    0                         0      0        0
  SINCE DEC 1      0                         0      0        0
  SINCE JAN 1    597                       465    132      578
..................................................................


WIND (MPH)
  HIGHEST WIND SPEED    23   HIGHEST WIND DIRECTION     N (350)
  HIGHEST GUST SPEED    32   HIGHEST GUST DIRECTION    NW (330)
  AVERAGE WIND SPEED    13.5


SKY COVER
  POSSIBLE SUNSHINE  MM
  AVERAGE SKY COVER 0.9


WEATHER CONDITIONS
 THE FOLLOWING WEATHER WAS RECORDED YESTERDAY.
  LIGHT SNOW
  HAZE


RELATIVE HUMIDITY (PERCENT)
 HIGHEST    81           200 AM
 LOWEST     62           400 PM
 AVERAGE    72

..........................................................


THE ST CLOUD MN CLIMATE NORMALS FOR TODAY
                         NORMAL    RECORD    YEAR
 MAXIMUM TEMPERATURE (F)   24        54      1939
 MINIMUM TEMPERATURE (F)    6       -24      1983
                                             1953


SUNRISE AND SUNSET
DECEMBER 17 2014......SUNRISE   751 AM CST   SUNSET   434 PM CST
DECEMBER 18 2014......SUNRISE   752 AM CST   SUNSET   434 PM CST


-  INDICATES NEGATIVE NUMBERS.
R  INDICATES RECORD WAS SET OR TIED.
MM INDICATES DATA IS MISSING.
T  INDICATES TRACE AMOUNT.




$$
