000
CDUS43 KEAX 220031
CLISTJ


CLIMATE REPORT
NATIONAL WEATHER SERVICE KANSAS CITY/PLEASANT HILL MO
731 PM CDT SUN SEP 21 2014


...................................

...THE ST. JOSEPH MO CLIMATE SUMMARY FOR SEPTEMBER 21 2014...
VALID TODAY AS OF 0700 PM LOCAL TIME.

CLIMATE NORMAL PERIOD 1981 TO 2010
CLIMATE RECORD PERIOD 1892 TO 2014


WEATHER ITEM   OBSERVED TIME   RECORD YEAR NORMAL DEPARTURE LAST
                VALUE   (LST)  VALUE       VALUE  FROM      YEAR
                                                  NORMAL
..................................................................
TEMPERATURE (F)
 TODAY
  MAXIMUM         76    252 PM  98    1956  77     -1       75
  MINIMUM         48    542 AM  31    1999  52     -4       42
  AVERAGE         62                        64     -2       59

PRECIPITATION (IN)
  TODAY            0.00          2.22 1965   0.11  -0.11     0.00
  MONTH TO DATE    1.67                      2.61  -0.94     3.48
  SINCE SEP 1      1.67                      2.61  -0.94     3.48
  SINCE JAN 1     24.22                     28.91  -4.69    23.15

DEGREE DAYS
 HEATING
  TODAY            3                         3      0        6
  MONTH TO DATE   69                        32     37       18
  SINCE SEP 1     69                        32     37       18
  SINCE JUL 1     75                        37     38       20

 COOLING
  TODAY            0                         3     -3        0
  MONTH TO DATE   89                       100    -11      169
  SINCE SEP 1     89                       100    -11      169
  SINCE JAN 1   1138                      1177    -39     1239
..................................................................


WIND (MPH)
  HIGHEST WIND SPEED    23   HIGHEST WIND DIRECTION     N (350)
  HIGHEST GUST SPEED    29   HIGHEST GUST DIRECTION     N (350)
  AVERAGE WIND SPEED     9.7


SKY COVER
  AVERAGE SKY COVER 0.0


WEATHER CONDITIONS
 THE FOLLOWING WEATHER WAS RECORDED TODAY.
  NO SIGNIFICANT WEATHER WAS OBSERVED.


RELATIVE HUMIDITY (PERCENT)
 HIGHEST    96           600 AM
 LOWEST     36          1200 PM
 AVERAGE    66

..........................................................


THE ST. JOSEPH MO CLIMATE NORMALS FOR TOMORROW
                         NORMAL    RECORD    YEAR
 MAXIMUM TEMPERATURE (F)   77        99      1937
 MINIMUM TEMPERATURE (F)   51        31      1974


SUNRISE AND SUNSET
SEPTEMBER 21 2014.....SUNRISE   706 AM CDT   SUNSET   718 PM CDT
SEPTEMBER 22 2014.....SUNRISE   707 AM CDT   SUNSET   717 PM CDT


-  INDICATES NEGATIVE NUMBERS.
R  INDICATES RECORD WAS SET OR TIED.
MM INDICATES DATA IS MISSING.
T  INDICATES TRACE AMOUNT.




$$
