000
CDUS43 KEAX 280634
CLISTJ


CLIMATE REPORT
NATIONAL WEATHER SERVICE KANSAS CITY/PLEASANT HILL MO
133 AM CDT THU JUL 28 2016


...................................

...THE ST. JOSEPH MO CLIMATE SUMMARY FOR JULY 27 2016...

CLIMATE NORMAL PERIOD 1981 TO 2010
CLIMATE RECORD PERIOD 1892 TO 2016


WEATHER ITEM   OBSERVED TIME   RECORD YEAR NORMAL DEPARTURE LAST
                VALUE   (LST)  VALUE       VALUE  FROM      YEAR
                                                  NORMAL
..................................................................
TEMPERATURE (F)
 YESTERDAY
  MAXIMUM         88    500 PM 106    1930  87      1       91
  MINIMUM         64    436 AM  47    1971  67     -3       76
  AVERAGE         76                        77     -1       84

PRECIPITATION (IN)
  YESTERDAY        0.00          1.83 1967   0.18  -0.18     0.00
  MONTH TO DATE    8.31                      4.51   3.80     4.09
  SINCE JUN 1      9.02                      8.69   0.33    10.99
  SINCE JAN 1     23.15                     21.64   1.51    26.68

DEGREE DAYS
 HEATING
  YESTERDAY        0                         0      0        0
  MONTH TO DATE    2                         0      2        0
  SINCE JUN 1      2                         8     -6        1
  SINCE JUL 1      2                         0      2        0

 COOLING
  YESTERDAY       11                        12     -1       19
  MONTH TO DATE  374                       322     52      334
  SINCE JUN 1    801                       589    212      648
  SINCE JAN 1    884                       702    182      716
..................................................................


WIND (MPH)
  HIGHEST WIND SPEED    15   HIGHEST WIND DIRECTION    SE (140)
  HIGHEST GUST SPEED    27   HIGHEST GUST DIRECTION    NW (320)
  AVERAGE WIND SPEED     2.5


SKY COVER
  POSSIBLE SUNSHINE  MM
  AVERAGE SKY COVER 0.0


WEATHER CONDITIONS
 THE FOLLOWING WEATHER WAS RECORDED YESTERDAY.
  FOG


RELATIVE HUMIDITY (PERCENT)
 HIGHEST    93           100 AM
 LOWEST     55           200 PM
 AVERAGE    74

..........................................................


THE ST. JOSEPH MO CLIMATE NORMALS FOR TODAY
                         NORMAL    RECORD    YEAR
 MAXIMUM TEMPERATURE (F)   87       103      1931
 MINIMUM TEMPERATURE (F)   67        48      2013


SUNRISE AND SUNSET
JULY 28 2016..........SUNRISE   615 AM CDT   SUNSET   836 PM CDT
JULY 29 2016..........SUNRISE   616 AM CDT   SUNSET   835 PM CDT


-  INDICATES NEGATIVE NUMBERS.
R  INDICATES RECORD WAS SET OR TIED.
MM INDICATES DATA IS MISSING.
T  INDICATES TRACE AMOUNT.




$$
