000
CDUS43 KEAX 250034
CLISTJ


CLIMATE REPORT
NATIONAL WEATHER SERVICE KANSAS CITY/PLEASANT HILL MO
734 PM CDT SUN MAY 24 2015


...................................

...THE ST. JOSEPH MO CLIMATE SUMMARY FOR MAY 24 2015...
VALID TODAY AS OF 0700 PM LOCAL TIME.

CLIMATE NORMAL PERIOD 1981 TO 2010
CLIMATE RECORD PERIOD 1892 TO 2015


WEATHER ITEM   OBSERVED TIME   RECORD YEAR NORMAL DEPARTURE LAST
                VALUE   (LST)  VALUE       VALUE  FROM      YEAR
                                                  NORMAL
..................................................................
TEMPERATURE (F)
 TODAY
  MAXIMUM         71    303 PM  97    1967  78     -7       72
  MINIMUM         61    631 AM  38    1924  56      5       63
  AVERAGE         66                        67     -1       68

PRECIPITATION (IN)
  TODAY            0.40          1.20 2011   0.18   0.22     0.02
  MONTH TO DATE    8.00                      4.27   3.73     2.22
  SINCE MAR 1     12.18                     10.31   1.87     6.61
  SINCE JAN 1     13.93                     11.80   2.13     7.43

DEGREE DAYS
 HEATING
  TODAY            0                         2     -2        0
  MONTH TO DATE   91                       103    -12      122
  SINCE MAR 1    970                      1133   -163     1329
  SINCE JUL 1   5494                      5441     53     6269

 COOLING
  TODAY            1                         4     -3        3
  MONTH TO DATE   43                        56    -13       78
  SINCE MAR 1     48                        77    -29       86
  SINCE JAN 1     48                        77    -29       86
..................................................................


WIND (MPH)
  HIGHEST WIND SPEED    22   HIGHEST WIND DIRECTION    SE (140)
  HIGHEST GUST SPEED    27   HIGHEST GUST DIRECTION    SE (140)
  AVERAGE WIND SPEED    10.3


SKY COVER
  AVERAGE SKY COVER 1.0


WEATHER CONDITIONS
 THE FOLLOWING WEATHER WAS RECORDED TODAY.
  RAIN
  LIGHT RAIN
  FOG


RELATIVE HUMIDITY (PERCENT)
 HIGHEST   100           600 AM
 LOWEST     78           300 PM
 AVERAGE    89

..........................................................


THE ST. JOSEPH MO CLIMATE NORMALS FOR TOMORROW
                         NORMAL    RECORD    YEAR
 MAXIMUM TEMPERATURE (F)   79        98      1967
 MINIMUM TEMPERATURE (F)   57        36      1925


SUNRISE AND SUNSET
MAY 24 2015...........SUNRISE   558 AM CDT   SUNSET   835 PM CDT
MAY 25 2015...........SUNRISE   557 AM CDT   SUNSET   836 PM CDT


-  INDICATES NEGATIVE NUMBERS.
R  INDICATES RECORD WAS SET OR TIED.
MM INDICATES DATA IS MISSING.
T  INDICATES TRACE AMOUNT.




$$
