000
CDUS43 KEAX 221231
CLISTJ


CLIMATE REPORT
NATIONAL WEATHER SERVICE KANSAS CITY/PLEASANT HILL MO
731 AM CDT WED OCT 22 2014


...................................

...THE ST. JOSEPH MO CLIMATE SUMMARY FOR OCTOBER 22 2014...
VALID AS OF 0700 AM LOCAL TIME.

CLIMATE NORMAL PERIOD 1981 TO 2010
CLIMATE RECORD PERIOD 1892 TO 2014


WEATHER ITEM   OBSERVED TIME   RECORD YEAR NORMAL DEPARTURE LAST
                VALUE   (LST)  VALUE       VALUE  FROM      YEAR
                                                  NORMAL
..................................................................
TEMPERATURE (F)
 TODAY
  MAXIMUM         57   1224 AM  87    1927  65     -8       59
  MINIMUM         54    305 AM  23    1982  41     13       32
  AVERAGE         56                        52      4       46

PRECIPITATION (IN)
  TODAY            0.00          2.83 1977   0.09  -0.09      T
  MONTH TO DATE    6.12                      2.04   4.08     2.29
  SINCE SEP 1      7.83                      5.46   2.37     5.84
  SINCE JAN 1     30.38                     31.76  -1.38    25.51

DEGREE DAYS
 HEATING
  TODAY            9                        13     -4       19
  MONTH TO DATE  212                       207      5      203
  SINCE SEP 1    290                       282      8      239
  SINCE JUL 1    296                       287      9      241

 COOLING
  TODAY            0                         0      0        0
  MONTH TO DATE    7                        18    -11       26
  SINCE SEP 1    126                       140    -14      215
  SINCE JAN 1   1175                      1217    -42     1285
..................................................................


WIND (MPH)
  HIGHEST WIND SPEED    15   HIGHEST WIND DIRECTION    SE (130)
  HIGHEST GUST SPEED    19   HIGHEST GUST DIRECTION    SE (130)
  AVERAGE WIND SPEED    10.0


SKY COVER
  AVERAGE SKY COVER 0.7


WEATHER CONDITIONS
 THE FOLLOWING WEATHER WAS RECORDED TODAY.
  NO SIGNIFICANT WEATHER WAS OBSERVED.


RELATIVE HUMIDITY (PERCENT)
 HIGHEST    72           500 AM
 LOWEST     62          1200 AM
 AVERAGE    67

..........................................................


THE ST. JOSEPH MO CLIMATE NORMALS FOR TOMORROW
                         NORMAL    RECORD    YEAR
 MAXIMUM TEMPERATURE (F)   64        91      1939
 MINIMUM TEMPERATURE (F)   40        24      1937


SUNRISE AND SUNSET
OCTOBER 22 2014.......SUNRISE   737 AM CDT   SUNSET   630 PM CDT
OCTOBER 23 2014.......SUNRISE   738 AM CDT   SUNSET   629 PM CDT


-  INDICATES NEGATIVE NUMBERS.
R  INDICATES RECORD WAS SET OR TIED.
MM INDICATES DATA IS MISSING.
T  INDICATES TRACE AMOUNT.




$$
