000
CDUS43 KEAX 210637
CLISTJ


CLIMATE REPORT
NATIONAL WEATHER SERVICE KANSAS CITY/PLEASANT HILL MO
1235 AM CST SUN DEC 21 2014


...................................

...THE ST. JOSEPH MO CLIMATE SUMMARY FOR DECEMBER 20 2014...

CLIMATE NORMAL PERIOD 1981 TO 2010
CLIMATE RECORD PERIOD 1892 TO 2014


WEATHER ITEM   OBSERVED TIME   RECORD YEAR NORMAL DEPARTURE LAST
                VALUE   (LST)  VALUE       VALUE  FROM      YEAR
                                                  NORMAL
..................................................................
TEMPERATURE (F)
 YESTERDAY
  MAXIMUM         43    803 PM  67    1941  38      5       35
  MINIMUM         31    812 AM  -9    1983  18     13       20
  AVERAGE         37                        28      9       28

PRECIPITATION (IN)
  YESTERDAY        0.00          1.15 2006   0.05  -0.05      T
  MONTH TO DATE    0.66                      1.01  -0.35     0.09
  SINCE DEC 1      0.66                      1.01  -0.35     0.09
  SINCE JAN 1     31.61                     35.09  -3.48    30.91

DEGREE DAYS
 HEATING
  YESTERDAY       28                        37     -9       37
  MONTH TO DATE  592                       685    -93      777
  SINCE DEC 1    592                       685    -93      777
  SINCE JUL 1   1838                      1796     42     1946

 COOLING
  YESTERDAY        0                         0      0        0
  MONTH TO DATE    0                         0      0        0
  SINCE DEC 1      0                         0      0        0
  SINCE JAN 1   1182                      1221    -39     1285
..................................................................


WIND (MPH)
  HIGHEST WIND SPEED    13   HIGHEST WIND DIRECTION     S (180)
  HIGHEST GUST SPEED    16   HIGHEST GUST DIRECTION     S (180)
  AVERAGE WIND SPEED     7.0


SKY COVER
  POSSIBLE SUNSHINE  MM
  AVERAGE SKY COVER 0.8


WEATHER CONDITIONS
 THE FOLLOWING WEATHER WAS RECORDED YESTERDAY.
  NO SIGNIFICANT WEATHER WAS OBSERVED.


RELATIVE HUMIDITY (PERCENT)
 HIGHEST    92          1200 AM
 LOWEST     76           200 PM
 AVERAGE    84

..........................................................


THE ST. JOSEPH MO CLIMATE NORMALS FOR TODAY
                         NORMAL    RECORD    YEAR
 MAXIMUM TEMPERATURE (F)   37        63      1941
 MINIMUM TEMPERATURE (F)   18       -17      1989


SUNRISE AND SUNSET
DECEMBER 21 2014......SUNRISE   737 AM CST   SUNSET   458 PM CST
DECEMBER 22 2014......SUNRISE   738 AM CST   SUNSET   459 PM CST


-  INDICATES NEGATIVE NUMBERS.
R  INDICATES RECORD WAS SET OR TIED.
MM INDICATES DATA IS MISSING.
T  INDICATES TRACE AMOUNT.




$$
