000
CDUS43 KEAX 210640
CLISTJ


CLIMATE REPORT
NATIONAL WEATHER SERVICE KANSAS CITY/PLEASANT HILL MO
1240 AM CST TUE FEB 21 2017


...................................

...THE ST. JOSEPH MO CLIMATE SUMMARY FOR FEBRUARY 20 2017...

CLIMATE NORMAL PERIOD 1981 TO 2010
CLIMATE RECORD PERIOD 1892 TO 2017


WEATHER ITEM   OBSERVED TIME   RECORD YEAR NORMAL DEPARTURE LAST
                VALUE   (LST)  VALUE       VALUE  FROM      YEAR
                                                  NORMAL
..................................................................
TEMPERATURE (F)
 YESTERDAY
  MAXIMUM         68    216 PM  76    2016  44     24       76
  MINIMUM         54   1159 PM  -1    1918  23     31       29
  AVERAGE         61                        33     28       53

PRECIPITATION (IN)
  YESTERDAY        0.04          1.15 1997   0.04   0.00     0.00
  MONTH TO DATE    0.04                      0.63  -0.59     0.32
  SINCE DEC 1      2.11                      2.71  -0.60     3.16
  SINCE JAN 1      1.01                      1.19  -0.18     0.91

DEGREE DAYS
 HEATING
  YESTERDAY        4                        32    -28       12
  MONTH TO DATE  503                       683   -180      585
  SINCE DEC 1   2460                      2955   -495     2574
  SINCE JUL 1   3135                      4066   -931     3410

 COOLING
  YESTERDAY        0                         0      0        0
  MONTH TO DATE    0                         0      0        0
  SINCE DEC 1      0                         0      0        0
  SINCE JAN 1      0                         0      0        0
..................................................................


WIND (MPH)
  HIGHEST WIND SPEED    20   HIGHEST WIND DIRECTION    SW (230)
  HIGHEST GUST SPEED    24   HIGHEST GUST DIRECTION    SW (230)
  AVERAGE WIND SPEED    11.5


SKY COVER
  POSSIBLE SUNSHINE  MM
  AVERAGE SKY COVER 0.6


WEATHER CONDITIONS
 THE FOLLOWING WEATHER WAS RECORDED YESTERDAY.
  THUNDERSTORM
  LIGHT RAIN
  FOG


RELATIVE HUMIDITY (PERCENT)
 HIGHEST    93          1200 AM
 LOWEST     63           400 PM
 AVERAGE    78

..........................................................


THE ST. JOSEPH MO CLIMATE NORMALS FOR TODAY
                         NORMAL    RECORD    YEAR
 MAXIMUM TEMPERATURE (F)   44        74      1922
 MINIMUM TEMPERATURE (F)   23        -1      1918


SUNRISE AND SUNSET
FEBRUARY 21 2017......SUNRISE   704 AM CST   SUNSET   603 PM CST
FEBRUARY 22 2017......SUNRISE   702 AM CST   SUNSET   604 PM CST


-  INDICATES NEGATIVE NUMBERS.
R  INDICATES RECORD WAS SET OR TIED.
MM INDICATES DATA IS MISSING.
T  INDICATES TRACE AMOUNT.




$$
