000
CDUS43 KEAX 220632
CLISTJ


CLIMATE REPORT
NATIONAL WEATHER SERVICE KANSAS CITY/PLEASANT HILL MO
132 AM CDT TUE JUL 22 2014


...................................

...THE ST. JOSEPH MO CLIMATE SUMMARY FOR JULY 21 2014...

CLIMATE NORMAL PERIOD 1981 TO 2010
CLIMATE RECORD PERIOD 1892 TO 2014


WEATHER ITEM   OBSERVED TIME   RECORD YEAR NORMAL DEPARTURE LAST
                VALUE   (LST)  VALUE       VALUE  FROM      YEAR
                                                  NORMAL
..................................................................
TEMPERATURE (F)
 YESTERDAY
  MAXIMUM         92    457 PM 106    1934  87      5       87
  MINIMUM         71    224 AM  50    1970  67      4       70
  AVERAGE         82                        77      5       79

PRECIPITATION (IN)
  YESTERDAY        0.00          3.50 1990   0.17  -0.17     0.01
  MONTH TO DATE    4.41                      3.40   1.01     0.19
  SINCE JUN 1     12.32                      7.58   4.74     2.28
  SINCE JAN 1     20.09                     20.53  -0.44    16.33

DEGREE DAYS
 HEATING
  YESTERDAY        0                         0      0        0
  MONTH TO DATE    6                         0      6        0
  SINCE JUN 1      7                         8     -1       15
  SINCE JUL 1      6                         0      6        0

 COOLING
  YESTERDAY       17                        12      5       14
  MONTH TO DATE  162                       250    -88      280
  SINCE JUN 1    441                       517    -76      555
  SINCE JAN 1    602                       630    -28      681
..................................................................


WIND (MPH)
  HIGHEST WIND SPEED    20   HIGHEST WIND DIRECTION     S (180)
  HIGHEST GUST SPEED    31   HIGHEST GUST DIRECTION     S (200)
  AVERAGE WIND SPEED    11.9


SKY COVER
  POSSIBLE SUNSHINE  MM
  AVERAGE SKY COVER 0.0


WEATHER CONDITIONS
 THE FOLLOWING WEATHER WAS RECORDED YESTERDAY.
  NO SIGNIFICANT WEATHER WAS OBSERVED.


RELATIVE HUMIDITY (PERCENT)
 HIGHEST    90           500 AM
 LOWEST     63           700 PM
 AVERAGE    77

..........................................................


THE ST. JOSEPH MO CLIMATE NORMALS FOR TODAY
                         NORMAL    RECORD    YEAR
 MAXIMUM TEMPERATURE (F)   87       103      1934
 MINIMUM TEMPERATURE (F)   67        53      1988


SUNRISE AND SUNSET
JULY 22 2014..........SUNRISE   610 AM CDT   SUNSET   842 PM CDT
JULY 23 2014..........SUNRISE   611 AM CDT   SUNSET   841 PM CDT


-  INDICATES NEGATIVE NUMBERS.
R  INDICATES RECORD WAS SET OR TIED.
MM INDICATES DATA IS MISSING.
T  INDICATES TRACE AMOUNT.




$$
