000
CDUS43 KEAX 021240
CLISTJ


CLIMATE REPORT
NATIONAL WEATHER SERVICE KANSAS CITY/PLEASANT HILL MO
640 AM CST MON MAR 2 2015


...................................

...THE ST. JOSEPH MO CLIMATE SUMMARY FOR MARCH 2 2015...
VALID AS OF 0600 AM LOCAL TIME.

CLIMATE NORMAL PERIOD 1981 TO 2010
CLIMATE RECORD PERIOD 1892 TO 2015


WEATHER ITEM   OBSERVED TIME   RECORD YEAR NORMAL DEPARTURE LAST
                VALUE   (LST)  VALUE       VALUE  FROM      YEAR
                                                  NORMAL
..................................................................
TEMPERATURE (F)
 TODAY
  MAXIMUM         26    412 AM  82    1992  48    -22        4
  MINIMUM         22    548 AM  -7    1980  26     -4        1
  AVERAGE         24                        37    -13        3

PRECIPITATION (IN)
  TODAY            0.00          1.20 1940   0.05  -0.05      T
  MONTH TO DATE    T                         0.11  -0.11     0.01
  SINCE MAR 1      T                         0.11  -0.11     0.01
  SINCE JAN 1      1.75                      1.60   0.15     0.83

DEGREE DAYS
 HEATING
  TODAY           41                        28     13       62
  MONTH TO DATE   78                        56     22      111
  SINCE MAR 1     78                        56     22      111
  SINCE JUL 1   4602                      4364    238     5051

 COOLING
  TODAY            0                         0      0        0
  MONTH TO DATE    0                         0      0        0
  SINCE MAR 1      0                         0      0        0
  SINCE JAN 1      0                         0      0        0
..................................................................


WIND (MPH)
  HIGHEST WIND SPEED     6   HIGHEST WIND DIRECTION     S (200)
  HIGHEST GUST SPEED     6   HIGHEST GUST DIRECTION     S (200)
  AVERAGE WIND SPEED     1.5


SKY COVER
  AVERAGE SKY COVER 0.3


WEATHER CONDITIONS
 THE FOLLOWING WEATHER WAS RECORDED TODAY.
  FOG


RELATIVE HUMIDITY (PERCENT)
 HIGHEST    92           400 AM
 LOWEST     88          1200 AM
 AVERAGE    90

..........................................................


THE ST. JOSEPH MO CLIMATE NORMALS FOR TOMORROW
                         NORMAL    RECORD    YEAR
 MAXIMUM TEMPERATURE (F)   48        80      1983
 MINIMUM TEMPERATURE (F)   26        -7      2014


SUNRISE AND SUNSET
MARCH  2 2015.........SUNRISE   652 AM CST   SUNSET   613 PM CST
MARCH  3 2015.........SUNRISE   650 AM CST   SUNSET   614 PM CST


-  INDICATES NEGATIVE NUMBERS.
R  INDICATES RECORD WAS SET OR TIED.
MM INDICATES DATA IS MISSING.
T  INDICATES TRACE AMOUNT.




$$
