000
CDUS43 KEAX 230631
CLISTJ


CLIMATE REPORT
NATIONAL WEATHER SERVICE KANSAS CITY/PLEASANT HILL MO
1231 AM CST THU NOV 23 2017


...................................

...THE ST. JOSEPH MO CLIMATE SUMMARY FOR NOVEMBER 22 2017...

CLIMATE NORMAL PERIOD 1981 TO 2010
CLIMATE RECORD PERIOD 1892 TO 2017


WEATHER ITEM   OBSERVED TIME   RECORD YEAR NORMAL DEPARTURE LAST
                VALUE   (LST)  VALUE       VALUE  FROM      YEAR
                                                  NORMAL
..................................................................
TEMPERATURE (F)
 YESTERDAY
  MAXIMUM         42    330 PM  78    1966  50     -8       54
  MINIMUM         14    732 AM  10    1929  28    -14       44
  AVERAGE         28                        39    -11       49

PRECIPITATION (IN)
  YESTERDAY        0.00          1.48 1999   0.04  -0.04     0.22
  MONTH TO DATE    0.46                      1.23  -0.77     0.30
  SINCE SEP 1      5.61                      7.46  -1.85    10.62
  SINCE JAN 1     25.86                     33.76  -7.90    40.74

DEGREE DAYS
 HEATING
  YESTERDAY       37                        26     11       16
  MONTH TO DATE  526                       465     61      309
  SINCE SEP 1    834                       879    -45      503
  SINCE JUL 1    840                       884    -44      505

 COOLING
  YESTERDAY        0                         0      0        0
  MONTH TO DATE    0                         0      0        9
  SINCE SEP 1    227                       143     84      275
  SINCE JAN 1   1271                      1220     51     1547
..................................................................


WIND (MPH)
  HIGHEST WIND SPEED    14   HIGHEST WIND DIRECTION    SW (210)
  HIGHEST GUST SPEED    17   HIGHEST GUST DIRECTION     S (200)
  AVERAGE WIND SPEED     5.7


SKY COVER
  POSSIBLE SUNSHINE  MM
  AVERAGE SKY COVER 0.0


WEATHER CONDITIONS
 THE FOLLOWING WEATHER WAS RECORDED YESTERDAY.
  NO SIGNIFICANT WEATHER WAS OBSERVED.


RELATIVE HUMIDITY (PERCENT)
 HIGHEST    88           700 AM
 LOWEST     33           200 PM
 AVERAGE    61

..........................................................


THE ST. JOSEPH MO CLIMATE NORMALS FOR TODAY
                         NORMAL    RECORD    YEAR
 MAXIMUM TEMPERATURE (F)   49        77      1966
 MINIMUM TEMPERATURE (F)   28         8      2007
                                             1950


SUNRISE AND SUNSET
NOVEMBER 23 2017......SUNRISE   714 AM CST   SUNSET   458 PM CST
NOVEMBER 24 2017......SUNRISE   715 AM CST   SUNSET   458 PM CST


-  INDICATES NEGATIVE NUMBERS.
R  INDICATES RECORD WAS SET OR TIED.
MM INDICATES DATA IS MISSING.
T  INDICATES TRACE AMOUNT.




$$
