000
CDUS43 KEAX 310635
CLISTJ


CLIMATE REPORT
NATIONAL WEATHER SERVICE KANSAS CITY/PLEASANT HILL MO
1234 AM CST SAT JAN 31 2015


...................................

...THE ST. JOSEPH MO CLIMATE SUMMARY FOR JANUARY 30 2015...

CLIMATE NORMAL PERIOD 1981 TO 2010
CLIMATE RECORD PERIOD 1892 TO 2015


WEATHER ITEM   OBSERVED TIME   RECORD YEAR NORMAL DEPARTURE LAST
                VALUE   (LST)  VALUE       VALUE  FROM      YEAR
                                                  NORMAL
..................................................................
TEMPERATURE (F)
 YESTERDAY
  MAXIMUM         38    417 PM  64    2012  39     -1       43
  MINIMUM         11    545 AM  -9    1990  19     -8       25
  AVERAGE         25                        29     -4       34

PRECIPITATION (IN)
  YESTERDAY        0.00          0.79 1937   0.03  -0.03      T
  MONTH TO DATE    0.05                      0.54  -0.49     0.01
  SINCE DEC 1      1.01                      2.06  -1.05     0.38
  SINCE JAN 1      0.05                      0.54  -0.49     0.01

DEGREE DAYS
 HEATING
  YESTERDAY       40                        36      4       31
  MONTH TO DATE 1094                      1132    -38     1269
  SINCE DEC 1   2060                      2234   -174     2528
  SINCE JUL 1   3306                      3345    -39     3697

 COOLING
  YESTERDAY        0                         0      0        0
  MONTH TO DATE    0                         0      0        0
  SINCE DEC 1      0                         0      0        0
  SINCE JAN 1      0                         0      0        0
..................................................................


WIND (MPH)
  HIGHEST WIND SPEED     9   HIGHEST WIND DIRECTION     S (200)
  HIGHEST GUST SPEED    11   HIGHEST GUST DIRECTION     S (170)
  AVERAGE WIND SPEED     3.0


SKY COVER
  POSSIBLE SUNSHINE  MM
  AVERAGE SKY COVER 0.1


WEATHER CONDITIONS
 THE FOLLOWING WEATHER WAS RECORDED YESTERDAY.
  FOG
  FOG W/VISIBILITY <= 1/4 MILE


RELATIVE HUMIDITY (PERCENT)
 HIGHEST   100           400 AM
 LOWEST     48           300 PM
 AVERAGE    74

..........................................................


THE ST. JOSEPH MO CLIMATE NORMALS FOR TODAY
                         NORMAL    RECORD    YEAR
 MAXIMUM TEMPERATURE (F)   39        71      2009
                                             1989
 MINIMUM TEMPERATURE (F)   19       -16      1979


SUNRISE AND SUNSET
JANUARY 31 2015.......SUNRISE   729 AM CST   SUNSET   538 PM CST
FEBRUARY  1 2015......SUNRISE   728 AM CST   SUNSET   539 PM CST


-  INDICATES NEGATIVE NUMBERS.
R  INDICATES RECORD WAS SET OR TIED.
MM INDICATES DATA IS MISSING.
T  INDICATES TRACE AMOUNT.




$$
