000
CDUS43 KLSX 210745
CLISTL


CLIMATE REPORT
NATIONAL WEATHER SERVICE ST LOUIS MO
245 AM CDT SUN SEP 21 2014


...................................

...THE ST. LOUIS CLIMATE SUMMARY FOR SEPTEMBER 20 2014...

CLIMATE NORMAL PERIOD 1981 TO 2010
CLIMATE RECORD PERIOD 1874 TO 2014


WEATHER ITEM   OBSERVED TIME   RECORD YEAR NORMAL DEPARTURE LAST
                VALUE   (LST)  VALUE       VALUE  FROM      YEAR
                                                  NORMAL
..................................................................
TEMPERATURE (F)
 YESTERDAY
  MAXIMUM         87    423 PM  96    1940  78      9       77
  MINIMUM         65    603 AM  40    1875  59      6       58
  AVERAGE         76                        69      7       68

PRECIPITATION (IN)
  YESTERDAY        0.00          1.40 1876   0.11  -0.11     0.30
  MONTH TO DATE    4.20                      2.06   2.14     2.73
  SINCE SEP 1      4.20                      2.06   2.14     2.73
  SINCE JAN 1     33.17                     29.81   3.36    37.34

SNOWFALL (IN)
  YESTERDAY        0.0           0.0  2013   0.0    0.0      0.0
  MONTH TO DATE    0.0                       0.0    0.0      0.0
  SINCE SEP 1      0.0                       0.0    0.0      0.0
  SINCE JUL 1      0.0                       0.0    0.0      0.0
  SNOW DEPTH       0

DEGREE DAYS
 HEATING
  YESTERDAY        0                         2     -2        0
  MONTH TO DATE   36                        11     25        0
  SINCE SEP 1     36                        11     25        0
  SINCE JUL 1     36                        12     24        0

 COOLING
  YESTERDAY       11                         5      6        3
  MONTH TO DATE  137                       164    -27      231
  SINCE SEP 1    137                       164    -27      231
  SINCE JAN 1   1642                      1563     79     1617
..................................................................


WIND (MPH)
  HIGHEST WIND SPEED    17   HIGHEST WIND DIRECTION    SW (240)
  HIGHEST GUST SPEED    26   HIGHEST GUST DIRECTION    SW (220)
  AVERAGE WIND SPEED     8.2


SKY COVER
  AVERAGE SKY COVER 0.5


WEATHER CONDITIONS
 THE FOLLOWING WEATHER WAS RECORDED YESTERDAY.
  NO SIGNIFICANT WEATHER WAS OBSERVED.


RELATIVE HUMIDITY (PERCENT)
 HIGHEST    87           600 AM
 LOWEST     51           500 PM
 AVERAGE    69

..........................................................


THE ST. LOUIS CLIMATE NORMALS FOR TODAY
                         NORMAL    RECORD    YEAR
 MAXIMUM TEMPERATURE (F)   78        97      1881
 MINIMUM TEMPERATURE (F)   58        40      1983


SUNRISE AND SUNSET
SEPTEMBER 21 2014.....SUNRISE   648 AM CDT   SUNSET   700 PM CDT
SEPTEMBER 22 2014.....SUNRISE   649 AM CDT   SUNSET   658 PM CDT


-  INDICATES NEGATIVE NUMBERS.
R  INDICATES RECORD WAS SET OR TIED.
MM INDICATES DATA IS MISSING.
T  INDICATES TRACE AMOUNT.




$$
