000
CDUS43 KLSX 290745
CLISTL


CLIMATE REPORT
NATIONAL WEATHER SERVICE ST LOUIS MO
145 AM CST SAT NOV 29 2014


...................................

...THE ST. LOUIS CLIMATE SUMMARY FOR NOVEMBER 28 2014...

CLIMATE NORMAL PERIOD 1981 TO 2010
CLIMATE RECORD PERIOD 1874 TO 2014


WEATHER ITEM   OBSERVED TIME   RECORD YEAR NORMAL DEPARTURE LAST
                VALUE   (LST)  VALUE       VALUE  FROM      YEAR
                                                  NORMAL
..................................................................
TEMPERATURE (F)
 YESTERDAY
  MAXIMUM         52    419 PM  77    1905  49      3       48
  MINIMUM         26    550 AM  10    1887  33     -7       24
  AVERAGE         39                        41     -2       36

PRECIPITATION (IN)
  YESTERDAY        0.00          1.56 1968   0.14  -0.14     0.00
  MONTH TO DATE    2.45                      3.66  -1.21     1.02
  SINCE SEP 1     11.73                     10.12   1.61     6.11
  SINCE JAN 1     40.70                     37.87   2.83    40.72

SNOWFALL (IN)
  YESTERDAY        0.0           6.5  1929   0.1   -0.1      0.0
  MONTH TO DATE    3.8                       0.6    3.2       T
  SINCE SEP 1      3.8                       0.6    3.2       T
  SINCE JUL 1      3.8                       0.6    3.2       T
  SNOW DEPTH       T

DEGREE DAYS
 HEATING
  YESTERDAY       26                        24      2       29
  MONTH TO DATE  697                       499    198      574
  SINCE SEP 1    933                       774    159      817
  SINCE JUL 1    933                       775    158      817

 COOLING
  YESTERDAY        0                         0      0        0
  MONTH TO DATE    0                         0      0        0
  SINCE SEP 1    227                       243    -16      342
  SINCE JAN 1   1732                      1642     90     1728
..................................................................


WIND (MPH)
  HIGHEST WIND SPEED    20   HIGHEST WIND DIRECTION     S (160)
  HIGHEST GUST SPEED    25   HIGHEST GUST DIRECTION     S (190)
  AVERAGE WIND SPEED    11.2


SKY COVER
  AVERAGE SKY COVER 0.5


WEATHER CONDITIONS
 THE FOLLOWING WEATHER WAS RECORDED YESTERDAY.
  HAZE


RELATIVE HUMIDITY (PERCENT)
 HIGHEST    81           600 AM
 LOWEST     48           200 PM
 AVERAGE    65

..........................................................


THE ST. LOUIS CLIMATE NORMALS FOR TODAY
                         NORMAL    RECORD    YEAR
 MAXIMUM TEMPERATURE (F)   48        75      1933
 MINIMUM TEMPERATURE (F)   32         8      1976
                                             1929


SUNRISE AND SUNSET
NOVEMBER 29 2014......SUNRISE   659 AM CST   SUNSET   441 PM CST
NOVEMBER 30 2014......SUNRISE   700 AM CST   SUNSET   441 PM CST


-  INDICATES NEGATIVE NUMBERS.
R  INDICATES RECORD WAS SET OR TIED.
MM INDICATES DATA IS MISSING.
T  INDICATES TRACE AMOUNT.




$$
