000
CDUS43 KLSX 280755
CLISTL


CLIMATE REPORT
NATIONAL WEATHER SERVICE ST LOUIS MO
246 AM CDT SAT MAR 28 2015


...................................

...THE ST. LOUIS CLIMATE SUMMARY FOR MARCH 27 2015...

CLIMATE NORMAL PERIOD 1981 TO 2010
CLIMATE RECORD PERIOD 1874 TO 2015


WEATHER ITEM   OBSERVED TIME   RECORD YEAR NORMAL DEPARTURE LAST
                VALUE   (LST)  VALUE       VALUE  FROM      YEAR
                                                  NORMAL
..................................................................
TEMPERATURE (F)
 YESTERDAY
  MAXIMUM         44    353 PM  87    1910  60    -16       62
  MINIMUM         30   1159 PM  15    1955  40    -10       41
  AVERAGE         37                        50    -13       52

PRECIPITATION (IN)
  YESTERDAY        T             2.31 1890   0.12  -0.12     0.17
  MONTH TO DATE    2.98                      2.81   0.17     1.54
  SINCE MAR 1      2.98                      2.81   0.17     1.54
  SINCE JAN 1      5.93                      7.45  -1.52     4.69

SNOWFALL (IN)
  YESTERDAY        T             6.5  1947   0.1   -0.1      0.0
  MONTH TO DATE    0.6                       2.2   -1.6      1.6
  SINCE MAR 1      0.6                       2.2   -1.6      1.6
  SINCE JUL 1     16.8                      17.2   -0.4     28.8
  SNOW DEPTH       0

DEGREE DAYS
 HEATING
  YESTERDAY       28                        15     13       13
  MONTH TO DATE  513                       530    -17      625
  SINCE MAR 1    513                       530    -17      625
  SINCE JUL 1   4315                      4128    187     4662

 COOLING
  YESTERDAY        0                         0      0        0
  MONTH TO DATE    0                         0      0        0
  SINCE MAR 1      0                         0      0        0
  SINCE JAN 1      0                         0      0        0
..................................................................


WIND (MPH)
  HIGHEST WIND SPEED    20   HIGHEST WIND DIRECTION     N (350)
  HIGHEST GUST SPEED    25   HIGHEST GUST DIRECTION     N (340)
  AVERAGE WIND SPEED    10.0


SKY COVER
  AVERAGE SKY COVER 0.7


WEATHER CONDITIONS
 THE FOLLOWING WEATHER WAS RECORDED YESTERDAY.
  LIGHT SNOW


RELATIVE HUMIDITY (PERCENT)
 HIGHEST    75           700 AM
 LOWEST     39           300 PM
 AVERAGE    57

..........................................................


THE ST. LOUIS CLIMATE NORMALS FOR TODAY
                         NORMAL    RECORD    YEAR
 MAXIMUM TEMPERATURE (F)   61        89      1985
 MINIMUM TEMPERATURE (F)   41        21      1934


SUNRISE AND SUNSET
MARCH 28 2015.........SUNRISE   653 AM CDT   SUNSET   721 PM CDT
MARCH 29 2015.........SUNRISE   651 AM CDT   SUNSET   722 PM CDT


-  INDICATES NEGATIVE NUMBERS.
R  INDICATES RECORD WAS SET OR TIED.
MM INDICATES DATA IS MISSING.
T  INDICATES TRACE AMOUNT.




$$
