000
CDUS46 KMTR 150826
CLISTS


CLIMATE REPORT
NATIONAL WEATHER SERVICE SAN FRANCISCO BAY AREA
126 AM PDT MON SEP 15 2014


...................................

...THE SANTA ROSA AIRPORT CLIMATE SUMMARY FOR SEPTEMBER 14 2014...

CLIMATE NORMAL PERIOD 1981 TO 2010
CLIMATE RECORD PERIOD 1998 TO 2014


WEATHER ITEM   OBSERVED TIME   RECORD YEAR NORMAL DEPARTURE LAST
                VALUE   (LST)  VALUE       VALUE  FROM      YEAR
                                                  NORMAL
..................................................................
TEMPERATURE (F)
 YESTERDAY
  MAXIMUM         84    414 PM  92    2004  84      0       82
  MINIMUM         55   1159 PM  49    2013  50      5       49
                                      2008
  AVERAGE         70                        67      3       66

PRECIPITATION (IN)
  YESTERDAY        0.00          0.00 1999   0.01  -0.01     0.00
  MONTH TO DATE    T                         0.10  -0.10     0.00
  SINCE JUL 1      T                         0.19  -0.19     0.03
  SINCE JAN 1     12.57                     22.28  -9.71     6.55

DEGREE DAYS
 HEATING
  YESTERDAY        0                                         0
  MONTH TO DATE    5                                         1
  SINCE SEP 1      5                                         1
  SINCE JUL 1     10                                        38

 COOLING
  YESTERDAY        5                                         1
  MONTH TO DATE   55                                        53
  SINCE SEP 1     55                                        53
  SINCE JAN 1    404                                       396
..................................................................


WIND (MPH)
  RESULTANT WIND SPEED   4   RESULTANT WIND DIRECTION   S (170)
  HIGHEST WIND SPEED    17   HIGHEST WIND DIRECTION     S (180)
  HIGHEST GUST SPEED    21   HIGHEST GUST DIRECTION     S (190)
  AVERAGE WIND SPEED     4.3


SKY COVER
  POSSIBLE SUNSHINE  MM
  AVERAGE SKY COVER 0.4


WEATHER CONDITIONS
 THE FOLLOWING WEATHER WAS RECORDED YESTERDAY.
  FOG


RELATIVE HUMIDITY (PERCENT)
 HIGHEST    93          1200 AM
 LOWEST     34           400 PM
 AVERAGE    64

..........................................................


THE SANTA ROSA AIRPORT CLIMATE NORMALS FOR TODAY
                         NORMAL    RECORD    YEAR
 MAXIMUM TEMPERATURE (F)   84        97      2004
 MINIMUM TEMPERATURE (F)   50        44      2006


SUNRISE AND SUNSET
SEPTEMBER 15 2014.....SUNRISE   653 AM PDT   SUNSET   719 PM PDT
SEPTEMBER 16 2014.....SUNRISE   654 AM PDT   SUNSET   718 PM PDT


-  INDICATES NEGATIVE NUMBERS.
R  INDICATES RECORD WAS SET OR TIED.
MM INDICATES DATA IS MISSING.
T  INDICATES TRACE AMOUNT.




$$
