000
CDUS46 KMTR 310032
CLISTS


CLIMATE REPORT
NATIONAL WEATHER SERVICE SAN FRANCISCO BAY AREA
531 PM PDT MON MAY 30 2016


...................................

...THE SANTA ROSA AIRPORT CLIMATE SUMMARY FOR MAY 30 2016...
VALID TODAY AS OF 0500 PM LOCAL TIME.

CLIMATE NORMAL PERIOD 1981 TO 2010
CLIMATE RECORD PERIOD 1998 TO 2016


WEATHER ITEM   OBSERVED TIME   RECORD YEAR NORMAL DEPARTURE LAST
                VALUE   (LST)  VALUE       VALUE  FROM      YEAR
                                                  NORMAL
..................................................................
TEMPERATURE (F)
 TODAY
  MAXIMUM         86    338 PM 100    2001  77      9       78
  MINIMUM         47    405 AM  42    2013  48     -1       49
  AVERAGE         67                        63      4       64

PRECIPITATION (IN)
  TODAY            0.00          T    2015   0.03  -0.03      T
  MONTH TO DATE    0.30                      1.31  -1.01      T
  SINCE OCT 1     31.95                     35.58  -3.63    24.49
  SINCE JAN 1     23.37                     21.83   1.54     5.94

DEGREE DAYS
 HEATING
  TODAY            0                                         1
  MONTH TO DATE  117                                       150
  SINCE MAR 1    586                                       573
  SINCE JUL 1   2316                                      2029

 COOLING
  TODAY            2                                         0
  MONTH TO DATE   21                                         1
  SINCE MAR 1     23                                        12
  SINCE JAN 1     26                                        12
..................................................................


WIND (MPH)
  RESULTANT WIND SPEED   4   RESULTANT WIND DIRECTION   S (170)
  HIGHEST WIND SPEED    13   HIGHEST WIND DIRECTION     S (180)
  HIGHEST GUST SPEED    17   HIGHEST GUST DIRECTION     S (170)
  AVERAGE WIND SPEED     4.1


SKY COVER
  POSSIBLE SUNSHINE  MM
  AVERAGE SKY COVER 0.1


WEATHER CONDITIONS
 THE FOLLOWING WEATHER WAS RECORDED TODAY.
  FOG


RELATIVE HUMIDITY (PERCENT)
 HIGHEST   100           600 AM
 LOWEST     32           300 PM
 AVERAGE    66

..........................................................


THE SANTA ROSA AIRPORT CLIMATE NORMALS FOR TOMORROW
                         NORMAL    RECORD    YEAR
 MAXIMUM TEMPERATURE (F)   78       100      2001
 MINIMUM TEMPERATURE (F)   48        45      2011
                                             2003


SUNRISE AND SUNSET
MAY 30 2016...........SUNRISE   550 AM PDT   SUNSET   829 PM PDT
MAY 31 2016...........SUNRISE   549 AM PDT   SUNSET   829 PM PDT


-  INDICATES NEGATIVE NUMBERS.
R  INDICATES RECORD WAS SET OR TIED.
MM INDICATES DATA IS MISSING.
T  INDICATES TRACE AMOUNT.




$$
