000
CDUS46 KMTR 060845
CLISTS


CLIMATE REPORT
NATIONAL WEATHER SERVICE SAN FRANCISCO BAY AREA
1245 AM PST FRI MAR 6 2015


...................................

...THE SANTA ROSA AIRPORT CLIMATE SUMMARY FOR MARCH 5 2015...

CLIMATE NORMAL PERIOD 1981 TO 2010
CLIMATE RECORD PERIOD 1998 TO 2015


WEATHER ITEM   OBSERVED TIME   RECORD YEAR NORMAL DEPARTURE LAST
                VALUE   (LST)  VALUE       VALUE  FROM      YEAR
                                                  NORMAL
..................................................................
TEMPERATURE (F)
 YESTERDAY
  MAXIMUM         70        MM  74    2005  63      7       64
  MINIMUM         35        MM  33    2003  41     -6       55
  AVERAGE         53                        52      1       60

PRECIPITATION (IN)
  YESTERDAY        0.00          2.68 2006   0.21  -0.21     0.37
  MONTH TO DATE    T                         1.16  -1.16     0.77
  SINCE OCT 1     22.87                     28.36  -5.49    11.71
  SINCE JAN 1      4.32                     14.61 -10.29    10.21

DEGREE DAYS
 HEATING
  YESTERDAY       12                                         5
  MONTH TO DATE   67                                        37
  SINCE MAR 1     67                                        37
  SINCE JUL 1   1523                                      1974

 COOLING
  YESTERDAY        0                                         0
  MONTH TO DATE    0                                         0
  SINCE MAR 1      0                                         0
  SINCE JAN 1      0                                         0
..................................................................


WIND (MPH)
  RESULTANT WIND SPEED   1   RESULTANT WIND DIRECTION   W (270)
  HIGHEST WIND SPEED     8   HIGHEST WIND DIRECTION     S (180)
  HIGHEST GUST SPEED    MM   HIGHEST GUST DIRECTION    MM
  AVERAGE WIND SPEED     3.1


SKY COVER
  POSSIBLE SUNSHINE  MM
  AVERAGE SKY COVER 0.0


WEATHER CONDITIONS
 THE FOLLOWING WEATHER WAS RECORDED YESTERDAY.
  NO SIGNIFICANT WEATHER WAS OBSERVED.


RELATIVE HUMIDITY (PERCENT)
 HIGHEST    92           200 AM
 LOWEST     33           500 PM
 AVERAGE    63

..........................................................


THE SANTA ROSA AIRPORT CLIMATE NORMALS FOR TODAY
                         NORMAL    RECORD    YEAR
 MAXIMUM TEMPERATURE (F)   63        75      2005
 MINIMUM TEMPERATURE (F)   41        35      2009


SUNRISE AND SUNSET
MARCH  6 2015.........SUNRISE   636 AM PST   SUNSET   609 PM PST
MARCH  7 2015.........SUNRISE   635 AM PST   SUNSET   610 PM PST


-  INDICATES NEGATIVE NUMBERS.
R  INDICATES RECORD WAS SET OR TIED.
MM INDICATES DATA IS MISSING.
T  INDICATES TRACE AMOUNT.




$$
