000
CDUS46 KMTR 010826
CLISTS


CLIMATE REPORT
NATIONAL WEATHER SERVICE SAN FRANCISCO BAY AREA
126 AM PDT SUN MAY 1 2016


...................................

...THE SANTA ROSA AIRPORT CLIMATE SUMMARY FOR APRIL 30 2016...

CLIMATE NORMAL PERIOD 1981 TO 2010
CLIMATE RECORD PERIOD 1998 TO 2016


WEATHER ITEM   OBSERVED TIME   RECORD YEAR NORMAL DEPARTURE LAST
                VALUE   (LST)  VALUE       VALUE  FROM      YEAR
                                                  NORMAL
..................................................................
TEMPERATURE (F)
 YESTERDAY
  MAXIMUM         80    334 PM  91    2015  72      8       91
                                      2014
  MINIMUM         51    547 AM  35    2009  44      7       48
  AVERAGE         66                        58      8       70

PRECIPITATION (IN)
  YESTERDAY        0.00          0.26 2002   0.05  -0.05     0.00
  MONTH TO DATE    1.35                      2.09  -0.74     1.50
  SINCE OCT 1     31.65                     34.27  -2.62    24.49
  SINCE JAN 1     23.07                     20.52   2.55     5.94

DEGREE DAYS
 HEATING
  YESTERDAY        0                                         0
  MONTH TO DATE  166                                       204
  SINCE MAR 1    469                                       423
  SINCE JUL 1   2199                                      1879

 COOLING
  YESTERDAY        1                                         5
  MONTH TO DATE    2                                        10
  SINCE MAR 1      2                                        11
  SINCE JAN 1      5                                        11
..................................................................


WIND (MPH)
  RESULTANT WIND SPEED  10   RESULTANT WIND DIRECTION   N (10)
  HIGHEST WIND SPEED    26   HIGHEST WIND DIRECTION     N (10)
  HIGHEST GUST SPEED    32   HIGHEST GUST DIRECTION     N (360)
  AVERAGE WIND SPEED    10.9


SKY COVER
  POSSIBLE SUNSHINE  MM
  AVERAGE SKY COVER 0.0


WEATHER CONDITIONS
 THE FOLLOWING WEATHER WAS RECORDED YESTERDAY.
  NO SIGNIFICANT WEATHER WAS OBSERVED.


RELATIVE HUMIDITY (PERCENT)
 HIGHEST    71           100 AM
 LOWEST     23           400 PM
 AVERAGE    47

..........................................................


THE SANTA ROSA AIRPORT CLIMATE NORMALS FOR TODAY
                         NORMAL    RECORD    YEAR
 MAXIMUM TEMPERATURE (F)   72        90      2014
                                             2013
 MINIMUM TEMPERATURE (F)   44        38      2008


SUNRISE AND SUNSET
MAY  1 2016...........SUNRISE   613 AM PDT   SUNSET   804 PM PDT
MAY  2 2016...........SUNRISE   612 AM PDT   SUNSET   805 PM PDT


-  INDICATES NEGATIVE NUMBERS.
R  INDICATES RECORD WAS SET OR TIED.
MM INDICATES DATA IS MISSING.
T  INDICATES TRACE AMOUNT.




$$
