499
CDUS43 KFSD 270629
CLISUX


CLIMATE REPORT
NATIONAL WEATHER SERVICE SIOUX FALLS SD
129 AM CDT SAT AUG 27 2016


...................................

...THE SIOUX CITY IA CLIMATE SUMMARY FOR AUGUST 26 2016...

CLIMATE NORMAL PERIOD 1981 TO 2010
CLIMATE RECORD PERIOD 1889 TO 2016


WEATHER ITEM   OBSERVED TIME   RECORD YEAR NORMAL DEPARTURE LAST
                VALUE   (LST)  VALUE       VALUE  FROM      YEAR
                                                  NORMAL
..................................................................
TEMPERATURE (F)
 YESTERDAY
  MAXIMUM         76    132 PM 104    1955  82     -6       78
  MINIMUM         54    607 AM  44    1910  59     -5       49
                                      1896
  AVERAGE         65                        71     -6       64

PRECIPITATION (IN)
  YESTERDAY        T             2.16 1903   0.11  -0.11     0.00
  MONTH TO DATE    4.91                      2.69   2.22     3.77
  SINCE JUN 1      8.48                     10.02  -1.54    13.64
  SINCE JAN 1     24.21                     20.00   4.21    21.54

SNOWFALL (IN)
  YESTERDAY        0.0           0.0    MM   0.0    0.0      0.0
  MONTH TO DATE    0.0                       0.0    0.0      0.0
  SINCE JUN 1      0.0                       0.0    0.0      0.0
  SINCE JUL 1      0.0                       0.0    0.0      0.0
  SNOW DEPTH       0

DEGREE DAYS
 HEATING
  YESTERDAY        0                         1     -1        1
  MONTH TO DATE    0                         4     -4       20
  SINCE JUN 1      0                        34    -34       25
  SINCE JUL 1      0                         7     -7       23

 COOLING
  YESTERDAY        0                         6     -6        0
  MONTH TO DATE  240                       204     36      171
  SINCE JUN 1    922                       685    237      668
  SINCE JAN 1    974                       749    225      697
..................................................................


WIND (MPH)
  HIGHEST WIND SPEED    15   HIGHEST WIND DIRECTION    SE (120)
  HIGHEST GUST SPEED    19   HIGHEST GUST DIRECTION    SE (130)
  AVERAGE WIND SPEED     4.5


SKY COVER
  POSSIBLE SUNSHINE  MM
  AVERAGE SKY COVER 0.4


WEATHER CONDITIONS
 THE FOLLOWING WEATHER WAS RECORDED YESTERDAY.
  LIGHT RAIN
  FOG


RELATIVE HUMIDITY (PERCENT)
 HIGHEST   100           400 AM
 LOWEST     61           200 PM
 AVERAGE    81

..........................................................


THE SIOUX CITY IA CLIMATE NORMALS FOR TODAY
                         NORMAL    RECORD    YEAR
 MAXIMUM TEMPERATURE (F)   82       104      1955
 MINIMUM TEMPERATURE (F)   59        41      1896


SUNRISE AND SUNSET
AUGUST 27 2016........SUNRISE   646 AM CDT   SUNSET   807 PM CDT
AUGUST 28 2016........SUNRISE   647 AM CDT   SUNSET   805 PM CDT


-  INDICATES NEGATIVE NUMBERS.
R  INDICATES RECORD WAS SET OR TIED.
MM INDICATES DATA IS MISSING.
T  INDICATES TRACE AMOUNT.




$$
