000
CDUS43 KFSD 210630
CLISUX


CLIMATE REPORT
NATIONAL WEATHER SERVICE SIOUX FALLS SD
130 AM CDT MON APR 21 2014


...................................

...THE SIOUX CITY IA CLIMATE SUMMARY FOR APRIL 20 2014...

CLIMATE NORMAL PERIOD 1981 TO 2010
CLIMATE RECORD PERIOD 1889 TO 2014


WEATHER ITEM   OBSERVED TIME   RECORD YEAR NORMAL DEPARTURE LAST
                VALUE   (LST)  VALUE       VALUE  FROM      YEAR
                                                  NORMAL
..................................................................
TEMPERATURE (F)
 YESTERDAY
  MAXIMUM         85    412 PM  91    1980  64     21       44
  MINIMUM         53    122 AM  22    2013  39     14       22
                                      1953
  AVERAGE         69                        52     17       33

PRECIPITATION (IN)
  YESTERDAY        0.01          1.10 1972   0.11  -0.10      T
  MONTH TO DATE    0.88                      1.88  -1.00     4.10
  SINCE MAR 1      1.26                      3.88  -2.62     6.10
  SINCE JAN 1      2.03                      5.17  -3.14     7.30

SNOWFALL (IN)
  YESTERDAY        0.0           4.5  1992   0.0    0.0       T
  MONTH TO DATE    5.3                       1.5    3.8      9.7
  SINCE MAR 1     10.0                       8.0    2.0     21.4
  SINCE JUL 1     23.8                      34.5  -10.7     42.2
  SNOW DEPTH       0

DEGREE DAYS
 HEATING
  YESTERDAY        0                        14    -14       32
  MONTH TO DATE  361                       355      6      495
  SINCE MAR 1   1341                      1239    102     1542
  SINCE JUL 1   6945                      6533    412     6691

 COOLING
  YESTERDAY        4                         0      4        0
  MONTH TO DATE    9                         0      9        0
  SINCE MAR 1      9                         0      9        0
  SINCE JAN 1      9                         0      9        0
..................................................................


WIND (MPH)
  HIGHEST WIND SPEED    23   HIGHEST WIND DIRECTION     W (250)
  HIGHEST GUST SPEED    30   HIGHEST GUST DIRECTION    SW (240)
  AVERAGE WIND SPEED     9.5


SKY COVER
  POSSIBLE SUNSHINE  MM
  AVERAGE SKY COVER 0.3


WEATHER CONDITIONS
 THE FOLLOWING WEATHER WAS RECORDED YESTERDAY.
  THUNDERSTORM
  LIGHT RAIN


RELATIVE HUMIDITY (PERCENT)
 HIGHEST    86           700 AM
 LOWEST     31           500 PM
 AVERAGE    59

..........................................................


THE SIOUX CITY IA CLIMATE NORMALS FOR TODAY
                         NORMAL    RECORD    YEAR
 MAXIMUM TEMPERATURE (F)   65        94      1980
 MINIMUM TEMPERATURE (F)   39        23      1966
                                             1927


SUNRISE AND SUNSET
APRIL 21 2014.........SUNRISE   635 AM CDT   SUNSET   814 PM CDT
APRIL 22 2014.........SUNRISE   634 AM CDT   SUNSET   815 PM CDT


-  INDICATES NEGATIVE NUMBERS.
R  INDICATES RECORD WAS SET OR TIED.
MM INDICATES DATA IS MISSING.
T  INDICATES TRACE AMOUNT.




$$
