000
CDUS43 KFSD 060639
CLISUX


CLIMATE REPORT
NATIONAL WEATHER SERVICE SIOUX FALLS SD
1237 AM CST FRI MAR 6 2015


...................................

...THE SIOUX CITY IA CLIMATE SUMMARY FOR MARCH 5 2015...

CLIMATE NORMAL PERIOD 1981 TO 2010
CLIMATE RECORD PERIOD 1889 TO 2015


WEATHER ITEM   OBSERVED TIME   RECORD YEAR NORMAL DEPARTURE LAST
                VALUE   (LST)  VALUE       VALUE  FROM      YEAR
                                                  NORMAL
..................................................................
TEMPERATURE (F)
 YESTERDAY
  MAXIMUM         33    513 PM  74    2000  42     -9       29
                                      1991
  MINIMUM         -6    700 AM -22    1960  22    -28       17
  AVERAGE         14                        32    -18       23

PRECIPITATION (IN)
  YESTERDAY        0.00          0.80 1992   0.05  -0.05     0.00
  MONTH TO DATE    T                         0.22  -0.22     0.17
  SINCE MAR 1      T                         0.22  -0.22     0.17
  SINCE JAN 1      0.96                      1.51  -0.55     0.94

SNOWFALL (IN)
  YESTERDAY        0.0           5.2  1915   0.3   -0.3      0.0
  MONTH TO DATE    T                         1.3   -1.3      4.5
  SINCE MAR 1      T                         1.3   -1.3      4.5
  SINCE JUL 1     21.5                      27.8   -6.3     18.3
  SNOW DEPTH       0

DEGREE DAYS
 HEATING
  YESTERDAY       51                        33     18       42
  MONTH TO DATE  224                       171     53      280
  SINCE MAR 1    224                       171     53      280
  SINCE JUL 1   5390                      5465    -75     5884

 COOLING
  YESTERDAY        0                         0      0        0
  MONTH TO DATE    0                         0      0        0
  SINCE MAR 1      0                         0      0        0
  SINCE JAN 1      0                         0      0        0
..................................................................


WIND (MPH)
  HIGHEST WIND SPEED    15   HIGHEST WIND DIRECTION     S (200)
  HIGHEST GUST SPEED    25   HIGHEST GUST DIRECTION     S (190)
  AVERAGE WIND SPEED     7.2


SKY COVER
  POSSIBLE SUNSHINE  MM
  AVERAGE SKY COVER 0.1


WEATHER CONDITIONS
 THE FOLLOWING WEATHER WAS RECORDED YESTERDAY.
  NO SIGNIFICANT WEATHER WAS OBSERVED.


RELATIVE HUMIDITY (PERCENT)
 HIGHEST    79           300 AM
 LOWEST     28           400 PM
 AVERAGE    54

..........................................................


THE SIOUX CITY IA CLIMATE NORMALS FOR TODAY
                         NORMAL    RECORD    YEAR
 MAXIMUM TEMPERATURE (F)   42        78      1987
 MINIMUM TEMPERATURE (F)   22       -11      1962


SUNRISE AND SUNSET
MARCH  6 2015.........SUNRISE   653 AM CST   SUNSET   621 PM CST
MARCH  7 2015.........SUNRISE   651 AM CST   SUNSET   622 PM CST


-  INDICATES NEGATIVE NUMBERS.
R  INDICATES RECORD WAS SET OR TIED.
MM INDICATES DATA IS MISSING.
T  INDICATES TRACE AMOUNT.




$$
