000
CDUS43 KFSD 220629
CLISUX


CLIMATE REPORT
NATIONAL WEATHER SERVICE SIOUX FALLS SD
1227 AM CST SAT NOV 22 2014


...................................

...THE SIOUX CITY IA CLIMATE SUMMARY FOR NOVEMBER 21 2014...

CLIMATE NORMAL PERIOD 1981 TO 2010
CLIMATE RECORD PERIOD 1889 TO 2014


WEATHER ITEM   OBSERVED TIME   RECORD YEAR NORMAL DEPARTURE LAST
                VALUE   (LST)  VALUE       VALUE  FROM      YEAR
                                                  NORMAL
..................................................................
TEMPERATURE (F)
 YESTERDAY
  MAXIMUM         39   1156 PM  72    2012  43     -4       35
  MINIMUM         13    352 AM  -9    1937  22     -9       20
  AVERAGE         26                        33     -7       28

PRECIPITATION (IN)
  YESTERDAY        0.00          0.53 1940   0.05  -0.05     0.02
  MONTH TO DATE    0.27                      0.94  -0.67     1.09
  SINCE SEP 1      4.19                      6.03  -1.84     6.42
  SINCE JAN 1     39.82                     26.57  13.25    26.45

SNOWFALL (IN)
  YESTERDAY        0.0           5.4  1898   0.2   -0.2      0.3
  MONTH TO DATE    4.4                       2.5    1.9      0.9
  SINCE SEP 1      4.4                       3.5    0.9      0.9
  SINCE JUL 1      4.4                       3.5    0.9      0.9
  SNOW DEPTH       3

DEGREE DAYS
 HEATING
  YESTERDAY       39                        32      7       37
  MONTH TO DATE  715                       559    156      534
  SINCE SEP 1   1189                      1144     45     1039
  SINCE JUL 1   1195                      1159     36     1059

 COOLING
  YESTERDAY        0                         0      0        0
  MONTH TO DATE    0                         0      0        0
  SINCE SEP 1     96                        92      4      159
  SINCE JAN 1    862                       869     -7      960
..................................................................


WIND (MPH)
  HIGHEST WIND SPEED    22   HIGHEST WIND DIRECTION     S (190)
  HIGHEST GUST SPEED    26   HIGHEST GUST DIRECTION     S (190)
  AVERAGE WIND SPEED    11.8


SKY COVER
  POSSIBLE SUNSHINE  MM
  AVERAGE SKY COVER 0.2


WEATHER CONDITIONS
 THE FOLLOWING WEATHER WAS RECORDED YESTERDAY.
  FOG
  HAZE


RELATIVE HUMIDITY (PERCENT)
 HIGHEST    85          1100 PM
 LOWEST     59          1200 PM
 AVERAGE    72

..........................................................


THE SIOUX CITY IA CLIMATE NORMALS FOR TODAY
                         NORMAL    RECORD    YEAR
 MAXIMUM TEMPERATURE (F)   42        68      2006
 MINIMUM TEMPERATURE (F)   22        -3      1898


SUNRISE AND SUNSET
NOVEMBER 22 2014......SUNRISE   725 AM CST   SUNSET   458 PM CST
NOVEMBER 23 2014......SUNRISE   726 AM CST   SUNSET   457 PM CST


-  INDICATES NEGATIVE NUMBERS.
R  INDICATES RECORD WAS SET OR TIED.
MM INDICATES DATA IS MISSING.
T  INDICATES TRACE AMOUNT.




$$
