000
CDUS41 KBGM 170525
CLISYR


CLIMATE REPORT
NATIONAL WEATHER SERVICE BINGHAMTON NY
1224 AM EST SUN DEC 17 2017


...................................

...THE SYRACUSE NY CLIMATE SUMMARY FOR DECEMBER 16 2017...

CLIMATE NORMAL PERIOD 1981 TO 2010
CLIMATE RECORD PERIOD 1902 TO 2017


WEATHER ITEM   OBSERVED TIME   RECORD YEAR NORMAL DEPARTURE LAST
                VALUE   (LST)  VALUE       VALUE  FROM      YEAR
                                                  NORMAL
..................................................................
TEMPERATURE (F)
 YESTERDAY
  MAXIMUM         26   1026 AM  55    1971  36    -10       22
  MINIMUM          8   1125 PM  -2    2016  22    -14       -2
  AVERAGE         17                        29    -12       10

PRECIPITATION (IN)
  YESTERDAY        0.05          1.22 1927   0.10  -0.05      T
  MONTH TO DATE    0.91                      1.77  -0.86     1.68
  SINCE DEC 1      0.91                      1.77  -0.86     1.68
  SINCE JAN 1     44.55                     37.02   7.53    39.06

SNOWFALL (IN)
  YESTERDAY        1.6          10.7  2007   1.1    0.5      0.3
  MONTH TO DATE   18.5                      16.2    2.3     19.8
  SINCE DEC 1     18.5                      16.2    2.3     19.8
  SINCE JUL 1     23.7                      26.1   -2.4     45.2
  SNOW DEPTH       7

DEGREE DAYS
 HEATING
  YESTERDAY       48                        36     12       55
  MONTH TO DATE  576                       530     46      563
  SINCE DEC 1    576                       530     46      563
  SINCE JUL 1   1773                      1879   -106     1757

 COOLING
  YESTERDAY        0                         0      0        0
  MONTH TO DATE    0                         0      0        0
  SINCE DEC 1      0                         0      0        0
  SINCE JAN 1    562                       569     -7      809
..................................................................


WIND (MPH)
  HIGHEST WIND SPEED    24   HIGHEST WIND DIRECTION     W (250)
  HIGHEST GUST SPEED    30   HIGHEST GUST DIRECTION    SW (240)
  AVERAGE WIND SPEED    11.5


SKY COVER
  POSSIBLE SUNSHINE  MM
  AVERAGE SKY COVER 0.7


WEATHER CONDITIONS
 THE FOLLOWING WEATHER WAS RECORDED YESTERDAY.
  LIGHT SNOW
  FOG


RELATIVE HUMIDITY (PERCENT)
 HIGHEST   100           800 PM
 LOWEST     62           500 AM
 AVERAGE    81

..........................................................


THE SYRACUSE NY CLIMATE NORMALS FOR TODAY
                         NORMAL    RECORD    YEAR
 MAXIMUM TEMPERATURE (F)   36        62      2000
 MINIMUM TEMPERATURE (F)   22       -10      1919


SUNRISE AND SUNSET
DECEMBER 17 2017......SUNRISE   731 AM EST   SUNSET   431 PM EST
DECEMBER 18 2017......SUNRISE   731 AM EST   SUNSET   431 PM EST


-  INDICATES NEGATIVE NUMBERS.
R  INDICATES RECORD WAS SET OR TIED.
MM INDICATES DATA IS MISSING.
T  INDICATES TRACE AMOUNT.

$$
