000
CDUS41 KBGM 230536
CLISYR


CLIMATE REPORT
NATIONAL WEATHER SERVICE BINGHAMTON NY
135 AM EDT THU OCT 23 2014


...................................

...THE SYRACUSE NY CLIMATE SUMMARY FOR OCTOBER 22 2014...

CLIMATE NORMAL PERIOD 1981 TO 2010
CLIMATE RECORD PERIOD 1902 TO 2014


WEATHER ITEM   OBSERVED TIME   RECORD YEAR NORMAL DEPARTURE LAST
                VALUE   (LST)  VALUE       VALUE  FROM      YEAR
                                                  NORMAL
..................................................................
TEMPERATURE (F)
 YESTERDAY
  MAXIMUM         56    215 PM  84    1979  58     -2       59
  MINIMUM         44    627 AM  24    1948  39      5       42
  AVERAGE         50                        48      2       51

PRECIPITATION (IN)
  YESTERDAY        0.05          1.51 1988   0.11  -0.06     0.08
  MONTH TO DATE    3.40                      2.44   0.96     3.04
  SINCE SEP 1      5.00                      6.13  -1.13     6.24
  SINCE JAN 1     34.04                     30.72   3.32    32.82

SNOWFALL (IN)
  YESTERDAY        0.0           2.4  1988   0.0    0.0      0.0
  MONTH TO DATE    0.0                       0.1   -0.1      0.0
  SINCE SEP 1      0.0                       0.1   -0.1      0.0
  SINCE JUL 1      0.0                       0.1   -0.1      0.0
  SNOW DEPTH       0

DEGREE DAYS
 HEATING
  YESTERDAY       15                        17     -2       14
  MONTH TO DATE  195                       290    -95      152
  SINCE SEP 1    298                       431   -133      324
  SINCE JUL 1    309                       457   -148      330

 COOLING
  YESTERDAY        0                         0      0        0
  MONTH TO DATE   13                         0     13        1
  SINCE SEP 1     88                        52     36       69
  SINCE JAN 1    647                       565     82      712
..................................................................


WIND (MPH)
  HIGHEST WIND SPEED    16   HIGHEST WIND DIRECTION    NW (330)
  HIGHEST GUST SPEED    22   HIGHEST GUST DIRECTION    NW (330)
  AVERAGE WIND SPEED     8.7


SKY COVER
  POSSIBLE SUNSHINE  MM
  AVERAGE SKY COVER 1.0


WEATHER CONDITIONS
 THE FOLLOWING WEATHER WAS RECORDED YESTERDAY.
  LIGHT RAIN
  FOG


RELATIVE HUMIDITY (PERCENT)
 HIGHEST    96           500 AM
 LOWEST     66           200 PM
 AVERAGE    81

..........................................................


THE SYRACUSE NY CLIMATE NORMALS FOR TODAY
                         NORMAL    RECORD    YEAR
 MAXIMUM TEMPERATURE (F)   57        77      1991
 MINIMUM TEMPERATURE (F)   39        27      1969


SUNRISE AND SUNSET
OCTOBER 23 2014.......SUNRISE   728 AM EDT   SUNSET   609 PM EDT
OCTOBER 24 2014.......SUNRISE   729 AM EDT   SUNSET   608 PM EDT


-  INDICATES NEGATIVE NUMBERS.
R  INDICATES RECORD WAS SET OR TIED.
MM INDICATES DATA IS MISSING.
T  INDICATES TRACE AMOUNT.




$$
