000
CDUS41 KBGM 010216
CLISYR


CLIMATE REPORT
NATIONAL WEATHER SERVICE BINGHAMTON NY
1016 PM EDT WED AUG 31 2016


...................................

...THE SYRACUSE NY CLIMATE SUMMARY FOR AUGUST 31 2016...
VALID AS OF 1000 PM LOCAL TIME.

CLIMATE NORMAL PERIOD 1981 TO 2010
CLIMATE RECORD PERIOD 1902 TO 2016


WEATHER ITEM   OBSERVED TIME   RECORD YEAR NORMAL DEPARTURE LAST
                VALUE   (LST)  VALUE       VALUE  FROM      YEAR
                                                  NORMAL
..................................................................
TEMPERATURE (F)
 TODAY
  MAXIMUM         78    402 PM  93    2012  78      0       84
  MINIMUM         62    453 AM  40    1965  57      5       60
  AVERAGE         70                        67      3       72

PRECIPITATION (IN)
  TODAY            T             2.08 2005   0.12  -0.12     0.00
  MONTH TO DATE    4.05                      3.57   0.48     1.91
  SINCE JUN 1      8.65                     10.66  -2.01    15.20
  SINCE JAN 1     23.21                     24.59  -1.38    27.32

SNOWFALL (IN)
  TODAY            0.0           0.0  2002   0.0    0.0      0.0
  MONTH TO DATE    0.0                       0.0    0.0      0.0
  SINCE JUN 1      T                         0.0    0.0      0.0
  SINCE JUL 1      0.0                       0.0    0.0      0.0
  SNOW DEPTH       0

DEGREE DAYS
 HEATING
  TODAY            0                         1     -1        0
  MONTH TO DATE    1                        18    -17        3
  SINCE JUN 1     54                        87    -33       61
  SINCE JUL 1      1                        26    -25        8

 COOLING
  TODAY            5                         4      1        7
  MONTH TO DATE  290                       167    123      181
  SINCE JUN 1    656                       483    173      467
  SINCE JAN 1    712                       513    199      572
..................................................................


WIND (MPH)
  HIGHEST WIND SPEED    15   HIGHEST WIND DIRECTION     W (250)
  HIGHEST GUST SPEED    18   HIGHEST GUST DIRECTION     W (250)
  AVERAGE WIND SPEED     4.9


SKY COVER
  POSSIBLE SUNSHINE  MM
  AVERAGE SKY COVER 0.9


WEATHER CONDITIONS
 THE FOLLOWING WEATHER WAS RECORDED TODAY.
  LIGHT RAIN


RELATIVE HUMIDITY (PERCENT)
 HIGHEST    90           500 AM
 LOWEST     60           300 PM
 AVERAGE    75

..........................................................


THE SYRACUSE NY CLIMATE NORMALS FOR TOMORROW
                         NORMAL    RECORD    YEAR
 MAXIMUM TEMPERATURE (F)   77        94      1953
                                             1932
 MINIMUM TEMPERATURE (F)   57        42      1967


SUNRISE AND SUNSET
AUGUST 31 2016........SUNRISE   628 AM EDT   SUNSET   740 PM EDT
SEPTEMBER  1 2016.....SUNRISE   629 AM EDT   SUNSET   738 PM EDT


-  INDICATES NEGATIVE NUMBERS.
R  INDICATES RECORD WAS SET OR TIED.
MM INDICATES DATA IS MISSING.
T  INDICATES TRACE AMOUNT.

$$
