000
CDKA40 PTYA 251600
CLIT11
DAILY CLIMATE REPORT
NATIONAL WEATHER SERVICE YAP FM
2AM LST WED AUG 26 2015
THE YAP FM CLIMATE SUMMARY FOR AUGUST 25 2015
CLIMATE NORMAL PERIOD  1981  TO 2010
CLIMATE RECORD PERIOD  1951  TO 2015
WEATHER ITEM OBSERVED TIME  RECORD YEAR NORMAL DEPARTURE LAST
              VALUE   (LST) VALUE       VALUE    FROM    YEAR
                                                NORMAL
TEMPERATURE   (F)
TODAY
MAXIMUM       81  1550  PM 97  2014      87     -6       88
MINIMUM       74  0850  AM 63  1999      78     -4       78
AVERAGE       78                         82     -4       83
PRECIPITATION INCHS
YESTERDAY        0.64    164.24  1996   0.50    0.14    0.00
MONTH TO DATE   17.81                  12.68    5.13    8.58
SINCE 01 JUN    41.27                  40.92    0.35   34.95
SINCE JAN 01    66.82                  73.77    6.95   84.19
