000
CDUS45 KPUB 211133
CLITAD


CLIMATE REPORT
NATIONAL WEATHER SERVICE PUEBLO
433 AM MST SAT JAN 21 2017


...................................

...THE TRINIDAD CO CLIMATE SUMMARY FOR JANUARY 20 2017...

CLIMATE NORMAL PERIOD 1981 TO 2010
CLIMATE RECORD PERIOD 9999 TO 9999


WEATHER ITEM   OBSERVED TIME   NORMAL DEPARTURE LAST
                VALUE   (LST)  VALUE  FROM      YEAR
                                      NORMAL
......................................................
TEMPERATURE (F)
 YESTERDAY
  MAXIMUM         45    132 AM  47     -2       51
  MINIMUM         26   1116 PM  18      8       30
  AVERAGE         36            32      4       41

PRECIPITATION (IN)
  YESTERDAY        T             0.01  -0.01      T
  MONTH TO DATE    1.40          0.25   1.15     0.24
  SINCE DEC 1      1.70          0.79   0.91     0.47
  SINCE JAN 1      1.40          0.25   1.15     0.24

DEGREE DAYS
 HEATING
  YESTERDAY       29            33     -4       24
  MONTH TO DATE  693           660     33      688
  SINCE DEC 1   1719          1695     24     1601
  SINCE JUL 1   2485          2928   -443     2519

 COOLING
  YESTERDAY        0             0      0        0
  MONTH TO DATE    0             0      0        0
  SINCE DEC 1      0             0      0        0
  SINCE JAN 1      0             0      0        0
......................................................


WIND (MPH)
  HIGHEST WIND SPEED    31   HIGHEST WIND DIRECTION     W (250)
  HIGHEST GUST SPEED    37   HIGHEST GUST DIRECTION    NW (300)
  AVERAGE WIND SPEED    11.4


SKY COVER
  POSSIBLE SUNSHINE  MM
  AVERAGE SKY COVER 0.3


WEATHER CONDITIONS
 THE FOLLOWING WEATHER WAS RECORDED YESTERDAY.
  LIGHT RAIN


RELATIVE HUMIDITY (PERCENT)
 HIGHEST    85           500 AM
 LOWEST     33           100 PM
 AVERAGE    59

..........................................................




SUNRISE AND SUNSET
JANUARY 21 2017.......SUNRISE   708 AM MST   SUNSET   510 PM MST
JANUARY 22 2017.......SUNRISE   707 AM MST   SUNSET   511 PM MST


-  INDICATES NEGATIVE NUMBERS.
R  INDICATES RECORD WAS SET OR TIED.
MM INDICATES DATA IS MISSING.
T  INDICATES TRACE AMOUNT.




$$
