194
CDUS45 KPUB 261043
CLITAD


CLIMATE REPORT
NATIONAL WEATHER SERVICE PUEBLO
438 AM MDT WED JUL 26 2017


...................................

...THE TRINIDAD CO CLIMATE SUMMARY FOR JULY 25 2017...

CLIMATE NORMAL PERIOD 1981 TO 2010
CLIMATE RECORD PERIOD 9999 TO 9999


WEATHER ITEM   OBSERVED TIME   NORMAL DEPARTURE LAST
                VALUE   (LST)  VALUE  FROM      YEAR
                                      NORMAL
......................................................
TEMPERATURE (F)
 YESTERDAY
  MAXIMUM         94    202 PM  88      6       MM
  MINIMUM         67    523 AM  59      8       MM
  AVERAGE         81            74      7       MM

PRECIPITATION (IN)
  YESTERDAY        T             0.09  -0.09    MM
  MONTH TO DATE    0.66          1.77  -1.11     0.21
  SINCE JUN 1      1.86          3.18  -1.32     1.94
  SINCE JAN 1     10.27          7.70   2.57     6.17

DEGREE DAYS
 HEATING
  YESTERDAY        0             0      0       MM
  MONTH TO DATE    0             0      0        0
  SINCE JUN 1      8            39    -31        4
  SINCE JUL 1      0             0      0        0

 COOLING
  YESTERDAY       16             9      7       MM
  MONTH TO DATE  273           219     54       98
  SINCE JUN 1    463           360    103      329
  SINCE JAN 1    478           388     90      341
......................................................


WIND (MPH)
  HIGHEST WIND SPEED    30   HIGHEST WIND DIRECTION     W (260)
  HIGHEST GUST SPEED    37   HIGHEST GUST DIRECTION     W (260)
  AVERAGE WIND SPEED     8.4


SKY COVER
  POSSIBLE SUNSHINE  MM
  AVERAGE SKY COVER 0.1


WEATHER CONDITIONS
 THE FOLLOWING WEATHER WAS RECORDED YESTERDAY.
  LIGHT RAIN
  HAZE


RELATIVE HUMIDITY (PERCENT)
 HIGHEST    64          1000 PM
 LOWEST     23          1100 AM
 AVERAGE    44

..........................................................




SUNRISE AND SUNSET
JULY 26 2017..........SUNRISE   557 AM MDT   SUNSET   810 PM MDT
JULY 27 2017..........SUNRISE   558 AM MDT   SUNSET   809 PM MDT


-  INDICATES NEGATIVE NUMBERS.
R  INDICATES RECORD WAS SET OR TIED.
MM INDICATES DATA IS MISSING.
T  INDICATES TRACE AMOUNT.




$$
