000
CDUS45 KPUB 251204
CLITAD


CLIMATE REPORT
NATIONAL WEATHER SERVICE PUEBLO
500 AM MST SAT FEB 25 2017


...................................

...THE TRINIDAD CO CLIMATE SUMMARY FOR FEBRUARY 24 2017...

CLIMATE NORMAL PERIOD 1981 TO 2010
CLIMATE RECORD PERIOD 9999 TO 9999


WEATHER ITEM   OBSERVED TIME   NORMAL DEPARTURE LAST
                VALUE   (LST)  VALUE  FROM      YEAR
                                      NORMAL
......................................................
TEMPERATURE (F)
 YESTERDAY
  MAXIMUM         33    441 PM  52    -19       56
  MINIMUM         13   1155 PM  22     -9       15
  AVERAGE         23            37    -14       36

PRECIPITATION (IN)
  YESTERDAY        0.00          0.02  -0.02     0.00
  MONTH TO DATE    0.06          0.40  -0.34     0.13
  SINCE DEC 1      1.86          1.34   0.52     0.64
  SINCE JAN 1      1.56          0.80   0.76     0.41

DEGREE DAYS
 HEATING
  YESTERDAY       42            28     14       29
  MONTH TO DATE  474           732   -258      596
  SINCE DEC 1   2568          2781   -213     2481
  SINCE JUL 1   3334          4014   -680     3399

 COOLING
  YESTERDAY        0             0      0        0
  MONTH TO DATE    0             0      0        0
  SINCE DEC 1      0             0      0        0
  SINCE JAN 1      0             0      0        0
......................................................


WIND (MPH)
  HIGHEST WIND SPEED    13   HIGHEST WIND DIRECTION     E (80)
  HIGHEST GUST SPEED    16   HIGHEST GUST DIRECTION     E (70)
  AVERAGE WIND SPEED     6.3


SKY COVER
  POSSIBLE SUNSHINE  MM
  AVERAGE SKY COVER 0.6


WEATHER CONDITIONS
 THE FOLLOWING WEATHER WAS RECORDED YESTERDAY.
  HAZE


RELATIVE HUMIDITY (PERCENT)
 HIGHEST    77           100 AM
 LOWEST     35           400 PM
 AVERAGE    56

..........................................................




SUNRISE AND SUNSET
FEBRUARY 25 2017......SUNRISE   633 AM MST   SUNSET   548 PM MST
FEBRUARY 26 2017......SUNRISE   632 AM MST   SUNSET   549 PM MST


-  INDICATES NEGATIVE NUMBERS.
R  INDICATES RECORD WAS SET OR TIED.
MM INDICATES DATA IS MISSING.
T  INDICATES TRACE AMOUNT.




$$
