086
CDUS45 KPUB 211049
CLITAD


CLIMATE REPORT
NATIONAL WEATHER SERVICE PUEBLO
449 AM MDT THU SEP 21 2017


...................................

...THE TRINIDAD CO CLIMATE SUMMARY FOR SEPTEMBER 20 2017...

CLIMATE NORMAL PERIOD 1981 TO 2010
CLIMATE RECORD PERIOD 9999 TO 9999


WEATHER ITEM   OBSERVED TIME   NORMAL DEPARTURE LAST
                VALUE   (LST)  VALUE  FROM      YEAR
                                      NORMAL
......................................................
TEMPERATURE (F)
 YESTERDAY
  MAXIMUM         82    318 PM  78      4       89
  MINIMUM         39    555 AM  47     -8       57
  AVERAGE         61            62     -1       73

PRECIPITATION (IN)
  YESTERDAY        0.00          0.04  -0.04     0.00
  MONTH TO DATE    0.97          0.92   0.05     1.01
  SINCE SEP 1      0.97          0.92   0.05     1.01
  SINCE JAN 1     17.17         11.38   5.79     7.24

DEGREE DAYS
 HEATING
  YESTERDAY        4             4      0        0
  MONTH TO DATE   12            43    -31       16
  SINCE SEP 1     12            43    -31       16
  SINCE JUL 1     15            53    -38       23

 COOLING
  YESTERDAY        0             2     -2        8
  MONTH TO DATE   95            66     29      106
  SINCE SEP 1     95            66     29      106
  SINCE JAN 1    780           708     72      521
......................................................


WIND (MPH)
  HIGHEST WIND SPEED    28   HIGHEST WIND DIRECTION     S (170)
  HIGHEST GUST SPEED    37   HIGHEST GUST DIRECTION     S (200)
  AVERAGE WIND SPEED    11.2


SKY COVER
  POSSIBLE SUNSHINE  MM
  AVERAGE SKY COVER 0.0


WEATHER CONDITIONS
 THE FOLLOWING WEATHER WAS RECORDED YESTERDAY.
  NO SIGNIFICANT WEATHER WAS OBSERVED.


RELATIVE HUMIDITY (PERCENT)
 HIGHEST    85           500 AM
 LOWEST     17           300 PM
 AVERAGE    51

..........................................................




SUNRISE AND SUNSET
SEPTEMBER 21 2017.....SUNRISE   645 AM MDT   SUNSET   655 PM MDT
SEPTEMBER 22 2017.....SUNRISE   645 AM MDT   SUNSET   654 PM MDT


-  INDICATES NEGATIVE NUMBERS.
R  INDICATES RECORD WAS SET OR TIED.
MM INDICATES DATA IS MISSING.
T  INDICATES TRACE AMOUNT.




$$
