000
CDUS44 KBMX 300948
CLITCL


CLIMATE REPORT
NATIONAL WEATHER SERVICE BIRMINGHAM, AL
447 AM CDT THU OCT 30 2014


...................................

...THE TUSCALOOSA CLIMATE SUMMARY FOR OCTOBER 29 2014...

CLIMATE NORMAL PERIOD 1981 TO 2010
CLIMATE RECORD PERIOD 1948 TO 2014


WEATHER ITEM   OBSERVED TIME   RECORD YEAR NORMAL DEPARTURE LAST
                VALUE   (LST)  VALUE       VALUE  FROM      YEAR
                                                  NORMAL
..................................................................
TEMPERATURE (F)
 YESTERDAY
  MAXIMUM         71    341 PM  86    1991  73     -2       79
                                      1950
  MINIMUM         47   1159 PM  27    2008  48     -1       55
  AVERAGE         59                        60     -1       67

PRECIPITATION (IN)
  YESTERDAY        0.27          0.40 2009   0.10   0.17     0.00
  MONTH TO DATE    3.55                      3.30   0.25     0.82
  SINCE SEP 1      4.97                      6.82  -1.85     2.02
  SINCE JAN 1     38.63                     42.69  -4.06    40.84

SNOWFALL (IN)
  YESTERDAY       MM                         0.0   MM
  MONTH TO DATE    0.0                       0.0    0.0
  SINCE SEP 1      0.0                       0.0    0.0
  SINCE JUL 1      0.0                       0.0    0.0

DEGREE DAYS
 HEATING
  YESTERDAY        6                         6      0
  MONTH TO DATE   57                        96    -39
  SINCE SEP 1     57                       103    -46
  SINCE JUL 1     57                       103    -46
..................................................................


WIND (MPH)
  HIGHEST WIND SPEED    14   HIGHEST WIND DIRECTION     N (350)
  HIGHEST GUST SPEED    19   HIGHEST GUST DIRECTION     N (360)
  AVERAGE WIND SPEED     4.2


SKY COVER
  AVERAGE SKY COVER 0.5


WEATHER CONDITIONS
 THE FOLLOWING WEATHER WAS RECORDED YESTERDAY.
  THUNDERSTORM
  HEAVY RAIN
  RAIN
  LIGHT RAIN


RELATIVE HUMIDITY (PERCENT)
 HIGHEST    97           200 AM
 LOWEST     44           400 PM
 AVERAGE    71

..........................................................


THE TUSCALOOSA CLIMATE NORMALS FOR TODAY
                         NORMAL    RECORD    YEAR
 MAXIMUM TEMPERATURE (F)   73        87      1961
                                             1950
 MINIMUM TEMPERATURE (F)   47        23      1952


SUNRISE AND SUNSET
OCTOBER 30 2014.......SUNRISE   707 AM CDT   SUNSET   601 PM CDT
OCTOBER 31 2014.......SUNRISE   708 AM CDT   SUNSET   600 PM CDT


-  INDICATES NEGATIVE NUMBERS.
R  INDICATES RECORD WAS SET OR TIED.
MM INDICATES DATA IS MISSING.
T  INDICATES TRACE AMOUNT.




$$
