000
CDUS44 KBMX 170751
CLITCL


CLIMATE REPORT
NATIONAL WEATHER SERVICE BIRMINGHAM, AL
250 AM CDT TUE OCT 17 2017


...................................

...THE TUSCALOOSA CLIMATE SUMMARY FOR OCTOBER 16 2017...

CLIMATE NORMAL PERIOD 1981 TO 2010
CLIMATE RECORD PERIOD 1948 TO 2017


WEATHER ITEM   OBSERVED TIME   RECORD YEAR NORMAL DEPARTURE LAST
                VALUE   (LST)  VALUE       VALUE  FROM      YEAR
                                                  NORMAL
..................................................................
TEMPERATURE (F)
 YESTERDAY
  MAXIMUM         71    313 PM  90    1962  77     -6       82
  MINIMUM         52   1159 PM  35    1977  52      0       62
  AVERAGE         62                        64     -2       72

PRECIPITATION (IN)
  YESTERDAY        0.06          1.99 1975   0.11  -0.05      T
  MONTH TO DATE    2.67                      1.83   0.84      T
  SINCE SEP 1      4.30                      5.35  -1.05     0.33
  SINCE JAN 1     52.59                     41.22  11.37    32.07

SNOWFALL (IN)
  YESTERDAY        0.0                       0.0    0.0
  MONTH TO DATE    0.0                       0.0    0.0
  SINCE SEP 1      0.0                       0.0    0.0
  SINCE JUL 1      0.0                       0.0    0.0

DEGREE DAYS
 HEATING
  YESTERDAY        3                         3      0
  MONTH TO DATE    3                        33    -30
  SINCE SEP 1      7                        40    -33
  SINCE JUL 1      7                        40    -33
..................................................................


WIND (MPH)
  HIGHEST WIND SPEED    21   HIGHEST WIND DIRECTION     N (20)
  HIGHEST GUST SPEED    29   HIGHEST GUST DIRECTION     N (360)
  AVERAGE WIND SPEED    12.1


SKY COVER
  AVERAGE SKY COVER 0.3


WEATHER CONDITIONS
 THE FOLLOWING WEATHER WAS RECORDED YESTERDAY.
  HEAVY RAIN
  RAIN
  LIGHT RAIN
  FOG


RELATIVE HUMIDITY (PERCENT)
 HIGHEST   100           100 AM
 LOWEST     44           300 PM
 AVERAGE    72

..........................................................


THE TUSCALOOSA CLIMATE NORMALS FOR TODAY
                         NORMAL    RECORD    YEAR
 MAXIMUM TEMPERATURE (F)   77        90      2007
                                             1953
 MINIMUM TEMPERATURE (F)   51        31      1977


SUNRISE AND SUNSET
OCTOBER 17 2017.......SUNRISE   657 AM CDT   SUNSET   614 PM CDT
OCTOBER 18 2017.......SUNRISE   657 AM CDT   SUNSET   613 PM CDT


-  INDICATES NEGATIVE NUMBERS.
R  INDICATES RECORD WAS SET OR TIED.
MM INDICATES DATA IS MISSING.
T  INDICATES TRACE AMOUNT.




$$
