000
CDUS44 KBMX 210834
CLITCL


CLIMATE REPORT
NATIONAL WEATHER SERVICE BIRMINGHAM, AL
233 AM CST TUE FEB 21 2017


...................................

...THE TUSCALOOSA CLIMATE SUMMARY FOR FEBRUARY 20 2017...

CLIMATE NORMAL PERIOD 1981 TO 2010
CLIMATE RECORD PERIOD 1948 TO 2017


WEATHER ITEM   OBSERVED TIME   RECORD YEAR NORMAL DEPARTURE LAST
                VALUE   (LST)  VALUE       VALUE  FROM      YEAR
                                                  NORMAL
..................................................................
TEMPERATURE (F)
 YESTERDAY
  MAXIMUM         78    414 PM  81    2014  62     16       70
  MINIMUM         46    410 AM  18    1978  39      7       56
                                      1958
  AVERAGE         62                        50     12       63

PRECIPITATION (IN)
  YESTERDAY        0.00          4.06 1961   0.20  -0.20     0.00
  MONTH TO DATE    3.06                      3.84  -0.78     3.07
  SINCE DEC 1     13.17                     13.81  -0.64    15.48
  SINCE JAN 1     10.26                      9.19   1.07     7.21

SNOWFALL (IN)
  YESTERDAY        0.0                       0.0    0.0
  MONTH TO DATE    0.0                       0.0    0.0
  SINCE DEC 1      0.0                       0.3   -0.3
  SINCE JUL 1      0.0                       0.3   -0.3

DEGREE DAYS
 HEATING
  YESTERDAY        3                        15    -12
  MONTH TO DATE  220                       347   -127
  SINCE DEC 1    995                      1542   -547
  SINCE JUL 1   1254                      1979   -725
..................................................................


WIND (MPH)
  HIGHEST WIND SPEED    12   HIGHEST WIND DIRECTION     S (160)
  HIGHEST GUST SPEED    15   HIGHEST GUST DIRECTION    SE (150)
  AVERAGE WIND SPEED     4.3


SKY COVER
  AVERAGE SKY COVER 0.0


WEATHER CONDITIONS
 THE FOLLOWING WEATHER WAS RECORDED YESTERDAY.
  NO SIGNIFICANT WEATHER WAS OBSERVED.


RELATIVE HUMIDITY (PERCENT)
 HIGHEST   100           300 AM
 LOWEST     33           400 PM
 AVERAGE    67

..........................................................


THE TUSCALOOSA CLIMATE NORMALS FOR TODAY
                         NORMAL    RECORD    YEAR
 MAXIMUM TEMPERATURE (F)   62        79      2005
 MINIMUM TEMPERATURE (F)   39        20      1959
                                             1958


SUNRISE AND SUNSET
FEBRUARY 21 2017......SUNRISE   628 AM CST   SUNSET   541 PM CST
FEBRUARY 22 2017......SUNRISE   626 AM CST   SUNSET   542 PM CST


-  INDICATES NEGATIVE NUMBERS.
R  INDICATES RECORD WAS SET OR TIED.
MM INDICATES DATA IS MISSING.
T  INDICATES TRACE AMOUNT.




$$
