000
CDUS44 KBMX 252127
CLITCL


CLIMATE REPORT
NATIONAL WEATHER SERVICE BIRMINGHAM, AL
426 PM CDT WED MAY 25 2016


...................................

...THE TUSCALOOSA CLIMATE SUMMARY FOR MAY 25 2016...
VALID AS OF 0400 PM LOCAL TIME.

CLIMATE NORMAL PERIOD 1994 TO 1994
CLIMATE RECORD PERIOD 1948 TO 2016


WEATHER ITEM   OBSERVED TIME   RECORD YEAR NORMAL DEPARTURE LAST
                VALUE   (LST)  VALUE       VALUE  FROM      YEAR
                                                  NORMAL
..................................................................
TEMPERATURE (F)
 TODAY
  MAXIMUM         88    242 PM  95    1958  85      3       77
                                      1953
  MINIMUM         61    523 AM  51    1979  63     -2       69
  AVERAGE         75                        74      1       73

PRECIPITATION (IN)
  TODAY            0.00          1.08 1966   0.13  -0.13     0.06
  MONTH TO DATE    0.69                      3.21  -2.52     0.66
  SINCE MAR 1     10.80                     11.96  -1.16    13.17
  SINCE JAN 1     20.40                     22.63  -2.23    23.92

DEGREE DAYS
 COOLING
  TODAY           10                         9      1
  MONTH TO DATE  115                       164    -49
  SINCE MAR 1    195                       247    -52
  SINCE JAN 1    202                       252    -50
..................................................................


WIND (MPH)
  HIGHEST WIND SPEED    16   HIGHEST WIND DIRECTION     S (180)
  HIGHEST GUST SPEED    23   HIGHEST GUST DIRECTION     S (170)
  AVERAGE WIND SPEED     5.3


SKY COVER
  AVERAGE SKY COVER 0.0


WEATHER CONDITIONS
 THE FOLLOWING WEATHER WAS RECORDED TODAY.
  FOG
  HAZE


RELATIVE HUMIDITY (PERCENT)
 HIGHEST    93           100 AM
 LOWEST     40           100 PM
 AVERAGE    67

..........................................................


THE TUSCALOOSA CLIMATE NORMALS FOR TOMORROW
                         NORMAL    RECORD    YEAR
 MAXIMUM TEMPERATURE (F)   86        95      2012
                                             1996
 MINIMUM TEMPERATURE (F)   63        46      1979


SUNRISE AND SUNSET
MAY 25 2016...........SUNRISE   545 AM CDT   SUNSET   751 PM CDT
MAY 26 2016...........SUNRISE   544 AM CDT   SUNSET   751 PM CDT


-  INDICATES NEGATIVE NUMBERS.
R  INDICATES RECORD WAS SET OR TIED.
MM INDICATES DATA IS MISSING.
T  INDICATES TRACE AMOUNT.




$$
