000
CDUS44 KBMX 240735
CLITCL


CLIMATE REPORT
NATIONAL WEATHER SERVICE BIRMINGHAM, AL
234 AM CDT WED AUG 24 2016


...................................

...THE TUSCALOOSA CLIMATE SUMMARY FOR AUGUST 23 2016...

CLIMATE NORMAL PERIOD 1994 TO 1994
CLIMATE RECORD PERIOD 1948 TO 2016


WEATHER ITEM   OBSERVED TIME   RECORD YEAR NORMAL DEPARTURE LAST
                VALUE   (LST)  VALUE       VALUE  FROM      YEAR
                                                  NORMAL
..................................................................
TEMPERATURE (F)
 YESTERDAY
  MAXIMUM         92    400 PM 103    2007  92      0       89
  MINIMUM         71    529 AM  55    1956  70      1       73
  AVERAGE         82                        81      1       81

PRECIPITATION (IN)
  YESTERDAY        0.00          1.51 1992   0.10  -0.10     0.17
  MONTH TO DATE    2.88                      2.50   0.38     4.24
  SINCE JUN 1     11.33                     11.67  -0.34     8.86
  SINCE JAN 1     31.74                     35.07  -3.33    34.44

..................................................................


WIND (MPH)
  HIGHEST WIND SPEED    10   HIGHEST WIND DIRECTION     N (10)
  HIGHEST GUST SPEED    13   HIGHEST GUST DIRECTION     N (10)
  AVERAGE WIND SPEED     2.1


SKY COVER
  AVERAGE SKY COVER 0.1


WEATHER CONDITIONS
 THE FOLLOWING WEATHER WAS RECORDED YESTERDAY.
  FOG


RELATIVE HUMIDITY (PERCENT)
 HIGHEST   100          1200 AM
 LOWEST     56           100 PM
 AVERAGE    78

..........................................................


THE TUSCALOOSA CLIMATE NORMALS FOR TODAY
                         NORMAL    RECORD    YEAR
 MAXIMUM TEMPERATURE (F)   92       101      2011
 MINIMUM TEMPERATURE (F)   70        57      2009


SUNRISE AND SUNSET
AUGUST 24 2016........SUNRISE   620 AM CDT   SUNSET   725 PM CDT
AUGUST 25 2016........SUNRISE   620 AM CDT   SUNSET   724 PM CDT


-  INDICATES NEGATIVE NUMBERS.
R  INDICATES RECORD WAS SET OR TIED.
MM INDICATES DATA IS MISSING.
T  INDICATES TRACE AMOUNT.




$$
