000
CDUS42 KTAE 290911
CLITLH


CLIMATE REPORT
NATIONAL WEATHER SERVICE TALLAHASSEE FL
511 AM EDT SAT AUG 29 2015


...................................

...THE TALLAHASSEE CLIMATE SUMMARY FOR AUGUST 28 2015...

CLIMATE NORMAL PERIOD 1981 TO 2010
CLIMATE RECORD PERIOD 1896 TO 2015


WEATHER ITEM   OBSERVED TIME   RECORD YEAR NORMAL DEPARTURE LAST
                VALUE   (LST)  VALUE       VALUE  FROM      YEAR
                                                  NORMAL
..................................................................
TEMPERATURE (F)
 YESTERDAY
  MAXIMUM         90    525 PM 100    2011  91     -1       96
  MINIMUM         74   1159 PM  61    1927  72      2       68
  AVERAGE         82                        81      1       82

PRECIPITATION (IN)
  YESTERDAY        0.12          3.54 1898   0.20  -0.08     0.00
  MONTH TO DATE    5.87                      6.80  -0.93     1.93
  SINCE JUN 1     19.01                     21.70  -2.69     8.66
  SINCE JAN 1     37.54                     43.36  -5.82    40.75

SNOWFALL (IN)
  YESTERDAY        0.0                       0.0    0.0

DEGREE DAYS
 HEATING
  YESTERDAY        0                                0
  MONTH TO DATE    0                                0
  SINCE JUN 1      0                                0
  SINCE JUL 1      0                                0

 COOLING
  YESTERDAY       17                                1
  MONTH TO DATE  556                               83
  SINCE JUN 1   1724                              265
  SINCE JAN 1   2545                              640
..................................................................


WIND (MPH)
  HIGHEST WIND SPEED    25   HIGHEST WIND DIRECTION     E (70)
  HIGHEST GUST SPEED    33   HIGHEST GUST DIRECTION     E (70)
  AVERAGE WIND SPEED     5.9




RELATIVE HUMIDITY (PERCENT)
 HIGHEST    87
 LOWEST     59
 AVERAGE    73

..........................................................


THE TALLAHASSEE CLIMATE NORMALS FOR TODAY
                         NORMAL    RECORD    YEAR
 MAXIMUM TEMPERATURE (F)   91       102      2011
 MINIMUM TEMPERATURE (F)   72        61      1986
                                             1927


SUNRISE AND SUNSET
AUGUST 29 2015........SUNRISE   712 AM EDT   SUNSET   804 PM EDT
AUGUST 30 2015........SUNRISE   713 AM EDT   SUNSET   803 PM EDT


-  INDICATES NEGATIVE NUMBERS.
R  INDICATES RECORD WAS SET OR TIED.
MM INDICATES DATA IS MISSING.
T  INDICATES TRACE AMOUNT.




$$
