079
CDUS42 KTAE 020641
CLITLH


CLIMATE REPORT
NATIONAL WEATHER SERVICE TALLAHASSEE FL
141 AM EST FRI DEC 2 2016


...................................

...THE TALLAHASSEE CLIMATE SUMMARY FOR DECEMBER 1 2016...

CLIMATE NORMAL PERIOD 1981 TO 2010
CLIMATE RECORD PERIOD 1896 TO 2016


WEATHER ITEM   OBSERVED TIME   RECORD YEAR NORMAL DEPARTURE LAST
                VALUE   (LST)  VALUE       VALUE  FROM      YEAR
                                                  NORMAL
..................................................................
TEMPERATURE (F)
 YESTERDAY
  MAXIMUM         70    346 PM  83    1931  69      1       80
                                      1913
  MINIMUM         43   1159 PM  20    1979  44     -1       57
  AVERAGE         57                        56      1       69

PRECIPITATION (IN)
  YESTERDAY        0.03          2.85 1896   0.13  -0.10     0.00
  MONTH TO DATE    0.03                      0.13  -0.10     0.00
  SINCE DEC 1      0.03                      0.13  -0.10     0.00
  SINCE JAN 1     55.65                     55.46   0.19    49.61

SNOWFALL (IN)
  YESTERDAY        0.0                       0.0    0.0

DEGREE DAYS
 HEATING
  YESTERDAY        8                               -2
  MONTH TO DATE    8                               -2
  SINCE DEC 1      8                               -2
  SINCE JUL 1    121                             -125

 COOLING
  YESTERDAY        0                               -1
  MONTH TO DATE    0                               -1
  SINCE DEC 1      0                               -1
  SINCE JAN 1   3263                              682
..................................................................


WIND (MPH)
  HIGHEST WIND SPEED    15   HIGHEST WIND DIRECTION    NW (300)
  HIGHEST GUST SPEED    20   HIGHEST GUST DIRECTION    NW (320)
  AVERAGE WIND SPEED     6.1




RELATIVE HUMIDITY (PERCENT)
 HIGHEST    89
 LOWEST     28
 AVERAGE    59

..........................................................


THE TALLAHASSEE CLIMATE NORMALS FOR TODAY
                         NORMAL    RECORD    YEAR
 MAXIMUM TEMPERATURE (F)   68        83      1982
 MINIMUM TEMPERATURE (F)   44        22      1999


SUNRISE AND SUNSET
DECEMBER  2 2016......SUNRISE   718 AM EST   SUNSET   536 PM EST
DECEMBER  3 2016......SUNRISE   718 AM EST   SUNSET   536 PM EST


-  INDICATES NEGATIVE NUMBERS.
R  INDICATES RECORD WAS SET OR TIED.
MM INDICATES DATA IS MISSING.
T  INDICATES TRACE AMOUNT.




$$
