000
CDUS42 KTAE 280635
CLITLH


CLIMATE REPORT
NATIONAL WEATHER SERVICE TALLAHASSEE FL
234 AM EDT SUN AUG 28 2016


...................................

...THE TALLAHASSEE CLIMATE SUMMARY FOR AUGUST 27 2016...

CLIMATE NORMAL PERIOD 1981 TO 2010
CLIMATE RECORD PERIOD 1896 TO 2016


WEATHER ITEM   OBSERVED TIME   RECORD YEAR NORMAL DEPARTURE LAST
                VALUE   (LST)  VALUE       VALUE  FROM      YEAR
                                                  NORMAL
..................................................................
TEMPERATURE (F)
 YESTERDAY
  MAXIMUM         96    335 PM 102    2011  91      5       95
  MINIMUM         76    635 AM  61    1969  72      4       65
  AVERAGE         86                        81      5       80

PRECIPITATION (IN)
  YESTERDAY        0.33          2.45 1901   0.20   0.13     0.00
  MONTH TO DATE    7.28                      6.60   0.68     5.75
  SINCE JUN 1     23.59                     21.50   2.09    18.89
  SINCE JAN 1     46.99                     43.16   3.83    37.42

SNOWFALL (IN)
  YESTERDAY        0.0                       0.0    0.0

DEGREE DAYS
 HEATING
  YESTERDAY        0                                0
  MONTH TO DATE    0                                0
  SINCE JUN 1      0                                0
  SINCE JUL 1      0                                0

 COOLING
  YESTERDAY       21                                5
  MONTH TO DATE  535                               78
  SINCE JUN 1   1711                              268
  SINCE JAN 1   2321                              432
..................................................................


WIND (MPH)
  HIGHEST WIND SPEED    25   HIGHEST WIND DIRECTION     E (110)
  HIGHEST GUST SPEED    33   HIGHEST GUST DIRECTION    SE (120)
  AVERAGE WIND SPEED     6.7




RELATIVE HUMIDITY (PERCENT)
 HIGHEST    91
 LOWEST     43
 AVERAGE    67

..........................................................


THE TALLAHASSEE CLIMATE NORMALS FOR TODAY
                         NORMAL    RECORD    YEAR
 MAXIMUM TEMPERATURE (F)   91       100      2011
 MINIMUM TEMPERATURE (F)   72        61      1927


SUNRISE AND SUNSET
AUGUST 28 2016........SUNRISE   712 AM EDT   SUNSET   804 PM EDT
AUGUST 29 2016........SUNRISE   713 AM EDT   SUNSET   803 PM EDT


-  INDICATES NEGATIVE NUMBERS.
R  INDICATES RECORD WAS SET OR TIED.
MM INDICATES DATA IS MISSING.
T  INDICATES TRACE AMOUNT.




$$
