000
CDUS42 KTAE 050637
CLITLH


CLIMATE REPORT
NATIONAL WEATHER SERVICE TALLAHASSEE FL
237 AM EDT WED AUG 5 2015


...................................

...THE TALLAHASSEE CLIMATE SUMMARY FOR AUGUST 4 2015...

CLIMATE NORMAL PERIOD 1981 TO 2010
CLIMATE RECORD PERIOD 1896 TO 2015


WEATHER ITEM   OBSERVED TIME   RECORD YEAR NORMAL DEPARTURE LAST
                VALUE   (LST)  VALUE       VALUE  FROM      YEAR
                                                  NORMAL
..................................................................
TEMPERATURE (F)
 YESTERDAY
  MAXIMUM         95    100 PM 102    1931  92      3       96
  MINIMUM         78    253 PM  61    1896  72      6       74
  AVERAGE         87                        82      5       85

PRECIPITATION (IN)
  YESTERDAY        0.32          2.33 2000   0.26   0.06     0.02
  MONTH TO DATE    0.68                      1.06  -0.38     0.02
  SINCE JUN 1     13.37                     15.96  -2.59     6.75
  SINCE JAN 1     31.90                     37.62  -5.72    38.84

SNOWFALL (IN)
  YESTERDAY        0.0                       0.0    0.0

DEGREE DAYS
 HEATING
  YESTERDAY        0                                0
  MONTH TO DATE    0                                0
  SINCE JUN 1      0                                0
  SINCE JUL 1      0                                0

 COOLING
  YESTERDAY       22                                5
  MONTH TO DATE   85                               17
  SINCE JUN 1   1233                              179
  SINCE JAN 1   2054                              554
..................................................................


WIND (MPH)
  HIGHEST WIND SPEED    22   HIGHEST WIND DIRECTION    SW (210)
  HIGHEST GUST SPEED    30   HIGHEST GUST DIRECTION    SW (220)
  AVERAGE WIND SPEED     4.2




RELATIVE HUMIDITY (PERCENT)
 HIGHEST    97
 LOWEST     52
 AVERAGE    75

..........................................................


THE TALLAHASSEE CLIMATE NORMALS FOR TODAY
                         NORMAL    RECORD    YEAR
 MAXIMUM TEMPERATURE (F)   92        99      2014
                                             2011
                                             1935
 MINIMUM TEMPERATURE (F)   72        67      1920


SUNRISE AND SUNSET
AUGUST  5 2015........SUNRISE   658 AM EDT   SUNSET   828 PM EDT
AUGUST  6 2015........SUNRISE   659 AM EDT   SUNSET   828 PM EDT


-  INDICATES NEGATIVE NUMBERS.
R  INDICATES RECORD WAS SET OR TIED.
MM INDICATES DATA IS MISSING.
T  INDICATES TRACE AMOUNT.




$$
