000
CDUS42 KTAE 020632
CLITLH


CLIMATE REPORT
NATIONAL WEATHER SERVICE TALLAHASSEE FL
231 AM EDT THU JUL 2 2015


...................................

...THE TALLAHASSEE CLIMATE SUMMARY FOR JULY 1 2015...

CLIMATE NORMAL PERIOD 1981 TO 2010
CLIMATE RECORD PERIOD 1896 TO 2015


WEATHER ITEM   OBSERVED TIME   RECORD YEAR NORMAL DEPARTURE LAST
                VALUE   (LST)  VALUE       VALUE  FROM      YEAR
                                                  NORMAL
..................................................................
TEMPERATURE (F)
 YESTERDAY
  MAXIMUM         94    434 PM 100    1998  92      2       97
                                      1990
  MINIMUM         68    133 AM  62    1981  71     -3       76
  AVERAGE         81                        82     -1       87

PRECIPITATION (IN)
  YESTERDAY        0.30          2.83 1964   0.23   0.07      T
  MONTH TO DATE    0.30                      0.23   0.07      T
  SINCE JUN 1      6.84                      7.96  -1.12     4.40
  SINCE JAN 1     25.37                     29.62  -4.25    36.49

SNOWFALL (IN)
  YESTERDAY        0.0                       0.0    0.0

DEGREE DAYS
 HEATING
  YESTERDAY        0                                0
  MONTH TO DATE    0                                0
  SINCE JUN 1      0                                0
  SINCE JUL 1      0                                0

 COOLING
  YESTERDAY       16                               -1
  MONTH TO DATE   16                               -1
  SINCE JUN 1    520                               46
  SINCE JAN 1   1341                              421
..................................................................


WIND (MPH)
  HIGHEST WIND SPEED    18   HIGHEST WIND DIRECTION     W (280)
  HIGHEST GUST SPEED    23   HIGHEST GUST DIRECTION     W (280)
  AVERAGE WIND SPEED     5.9




RELATIVE HUMIDITY (PERCENT)
 HIGHEST    97
 LOWEST     46
 AVERAGE    72

..........................................................


THE TALLAHASSEE CLIMATE NORMALS FOR TODAY
                         NORMAL    RECORD    YEAR
 MAXIMUM TEMPERATURE (F)   92       101      1931
 MINIMUM TEMPERATURE (F)   72        64      1975


SUNRISE AND SUNSET
JULY  2 2015..........SUNRISE   639 AM EDT   SUNSET   844 PM EDT
JULY  3 2015..........SUNRISE   640 AM EDT   SUNSET   843 PM EDT


-  INDICATES NEGATIVE NUMBERS.
R  INDICATES RECORD WAS SET OR TIED.
MM INDICATES DATA IS MISSING.
T  INDICATES TRACE AMOUNT.




$$
