000
CDUS42 KTAE 250637
CLITLH


CLIMATE REPORT
NATIONAL WEATHER SERVICE TALLAHASSEE FL
237 AM EDT MON JUL 25 2016


...................................

...THE TALLAHASSEE CLIMATE SUMMARY FOR JULY 24 2016...

CLIMATE NORMAL PERIOD 1981 TO 2010
CLIMATE RECORD PERIOD 1896 TO 2016


WEATHER ITEM   OBSERVED TIME   RECORD YEAR NORMAL DEPARTURE LAST
                VALUE   (LST)  VALUE       VALUE  FROM      YEAR
                                                  NORMAL
..................................................................
TEMPERATURE (F)
 YESTERDAY
  MAXIMUM         95        MM  98    1954  92      3       96
                                      1952
                                      1932
  MINIMUM         77    551 AM  67    1929  72      5       75
  AVERAGE         86                        82      4       86

PRECIPITATION (IN)
  YESTERDAY        0.40          3.28 1980   0.23   0.17     0.95
  MONTH TO DATE    7.26                      5.47   1.79     5.75
  SINCE JUN 1     15.64                     13.20   2.44    12.74
  SINCE JAN 1     39.04                     34.86   4.18    31.27

SNOWFALL (IN)
  YESTERDAY        0.0                       0.0    0.0

DEGREE DAYS
 HEATING
  YESTERDAY        0                                0
  MONTH TO DATE    0                                0
  SINCE JUN 1      0                                0
  SINCE JUL 1      0                                0

 COOLING
  YESTERDAY       21                                4
  MONTH TO DATE  484                               76
  SINCE JUN 1   1032                              167
  SINCE JAN 1   1642                              331
..................................................................


WIND (MPH)
  HIGHEST WIND SPEED    30   HIGHEST WIND DIRECTION     E (80)
  HIGHEST GUST SPEED    39   HIGHEST GUST DIRECTION     E (80)
  AVERAGE WIND SPEED     3.4




RELATIVE HUMIDITY (PERCENT)
 HIGHEST    91
 LOWEST     52
 AVERAGE    72

..........................................................


THE TALLAHASSEE CLIMATE NORMALS FOR TODAY
                         NORMAL    RECORD    YEAR
 MAXIMUM TEMPERATURE (F)   92        99      2012
                                             1932
 MINIMUM TEMPERATURE (F)   72        66      1988
                                             1977
                                             1904


SUNRISE AND SUNSET
JULY 25 2016..........SUNRISE   652 AM EDT   SUNSET   836 PM EDT
JULY 26 2016..........SUNRISE   652 AM EDT   SUNSET   835 PM EDT


-  INDICATES NEGATIVE NUMBERS.
R  INDICATES RECORD WAS SET OR TIED.
MM INDICATES DATA IS MISSING.
T  INDICATES TRACE AMOUNT.




$$
