000
CDUS42 KTAE 300653
CLITLH


CLIMATE REPORT
NATIONAL WEATHER SERVICE TALLAHASSEE FL
249 AM EDT THU OCT 30 2014


...................................

...THE TALLAHASSEE CLIMATE SUMMARY FOR OCTOBER 29 2014...

CLIMATE NORMAL PERIOD 1981 TO 2010
CLIMATE RECORD PERIOD 1896 TO 2014


WEATHER ITEM   OBSERVED TIME   RECORD YEAR NORMAL DEPARTURE LAST
                VALUE   (LST)  VALUE       VALUE  FROM      YEAR
                                                  NORMAL
..................................................................
TEMPERATURE (F)
 YESTERDAY
  MAXIMUM         81    239 PM  89    2009  78      3
                                      1996
                                      1984
  MINIMUM         55    434 AM  29    2008  52      3
  AVERAGE         68                        65      3

PRECIPITATION (IN)
  YESTERDAY        0.00          1.59 1959   0.10  -0.10     0.00
  MONTH TO DATE    4.87                      3.04   1.83     1.03
  SINCE SEP 1     11.69                      7.73   3.96     4.20
  SINCE JAN 1     52.77                     51.64   1.13    57.49

SNOWFALL (IN)
  YESTERDAY        0.0                       0.0    0.0

DEGREE DAYS
 HEATING
  YESTERDAY        0                               -3
  MONTH TO DATE   16                              -23
  SINCE SEP 1     16                              -24
  SINCE JUL 1     16                              -24

 COOLING
  YESTERDAY        3                                0
  MONTH TO DATE  162                              -13
  SINCE SEP 1    608                               34
  SINCE JAN 1   2779                              252
..................................................................


WIND (MPH)
  HIGHEST WIND SPEED     9   HIGHEST WIND DIRECTION    SW (220)
  HIGHEST GUST SPEED    18   HIGHEST GUST DIRECTION     W (270)
  AVERAGE WIND SPEED     2.2




RELATIVE HUMIDITY (PERCENT)
 HIGHEST    93
 LOWEST     49
 AVERAGE    71

..........................................................


THE TALLAHASSEE CLIMATE NORMALS FOR TODAY
                         NORMAL    RECORD    YEAR
 MAXIMUM TEMPERATURE (F)   78        88      1961
 MINIMUM TEMPERATURE (F)   52        30      1973


SUNRISE AND SUNSET
OCTOBER 30 2014.......SUNRISE   750 AM EDT   SUNSET   652 PM EDT
OCTOBER 31 2014.......SUNRISE   751 AM EDT   SUNSET   651 PM EDT


-  INDICATES NEGATIVE NUMBERS.
R  INDICATES RECORD WAS SET OR TIED.
MM INDICATES DATA IS MISSING.
T  INDICATES TRACE AMOUNT.




$$
