000
CDUS42 KTAE 100643
CLITLH


CLIMATE REPORT
NATIONAL WEATHER SERVICE TALLAHASSEE FL
239 AM EDT THU JUL 10 2014


...................................

...THE TALLAHASSEE CLIMATE SUMMARY FOR JULY 9 2014...

CLIMATE NORMAL PERIOD 1981 TO 2010
CLIMATE RECORD PERIOD 1896 TO 2014


WEATHER ITEM   OBSERVED TIME   RECORD YEAR NORMAL DEPARTURE LAST
                VALUE   (LST)  VALUE       VALUE  FROM      YEAR
                                                  NORMAL
..................................................................
TEMPERATURE (F)
 YESTERDAY
  MAXIMUM         96    137 PM 100    2010  92      4
                                      1932
  MINIMUM         73    622 AM  60    1972  72      1
  AVERAGE         85                        82      3

PRECIPITATION (IN)
  YESTERDAY        0.04          3.04 1948   0.23  -0.19     0.34
  MONTH TO DATE    0.04                      2.09  -2.05     5.39
  SINCE JUN 1      4.44                      9.82  -5.38    12.71
  SINCE JAN 1     36.53                     31.48   5.05    35.10

SNOWFALL (IN)
  YESTERDAY        0.0                       0.0    0.0

DEGREE DAYS
 HEATING
  YESTERDAY        0                                0
  MONTH TO DATE    0                                0
  SINCE JUN 1      0                                0
  SINCE JUL 1      0                                0

 COOLING
  YESTERDAY       20                                3
  MONTH TO DATE  166                               13
  SINCE JUN 1    687                               77
  SINCE JAN 1   1176                              120
..................................................................


WIND (MPH)
  HIGHEST WIND SPEED    22   HIGHEST WIND DIRECTION     W (260)
  HIGHEST GUST SPEED    29   HIGHEST GUST DIRECTION     W (260)
  AVERAGE WIND SPEED     4.2




RELATIVE HUMIDITY (PERCENT)
 HIGHEST    87
 LOWEST     41
 AVERAGE    64

..........................................................


THE TALLAHASSEE CLIMATE NORMALS FOR TODAY
                         NORMAL    RECORD    YEAR
 MAXIMUM TEMPERATURE (F)   92       101      1930
 MINIMUM TEMPERATURE (F)   72        61      1983


SUNRISE AND SUNSET
JULY 10 2014..........SUNRISE   643 AM EDT   SUNSET   842 PM EDT
JULY 11 2014..........SUNRISE   644 AM EDT   SUNSET   842 PM EDT


-  INDICATES NEGATIVE NUMBERS.
R  INDICATES RECORD WAS SET OR TIED.
MM INDICATES DATA IS MISSING.
T  INDICATES TRACE AMOUNT.




$$
