000
CDUS42 KTAE 260636
CLITLH


CLIMATE REPORT
NATIONAL WEATHER SERVICE TALLAHASSEE FL
236 AM EDT WED JUL 26 2017


...................................

...THE TALLAHASSEE CLIMATE SUMMARY FOR JULY 25 2017...

CLIMATE NORMAL PERIOD 1981 TO 2010
CLIMATE RECORD PERIOD 1896 TO 2017


WEATHER ITEM   OBSERVED TIME   RECORD YEAR NORMAL DEPARTURE LAST
                VALUE   (LST)  VALUE       VALUE  FROM      YEAR
                                                  NORMAL
..................................................................
TEMPERATURE (F)
 YESTERDAY
  MAXIMUM         93    351 PM  99    2012  92      1       94
                                      1932
  MINIMUM         76   1159 PM  66    1988  72      4       76
                                      1977
                                      1904
  AVERAGE         85                        82      3       85

PRECIPITATION (IN)
  YESTERDAY        0.06          3.26 1980   0.24  -0.18     0.05
  MONTH TO DATE    4.56                      5.71  -1.15     7.31
  SINCE JUN 1     17.30                     13.44   3.86    15.69
  SINCE JAN 1     37.10                     35.10   2.00    39.09

SNOWFALL (IN)
  YESTERDAY        0.0                       0.0    0.0

DEGREE DAYS
 HEATING
  YESTERDAY        0                                0
  MONTH TO DATE    0                                0
  SINCE JUN 1      0                                0
  SINCE JUL 1      0                                0

 COOLING
  YESTERDAY       20                                3
  MONTH TO DATE  448                               23
  SINCE JUN 1    886                                4
  SINCE JAN 1   1513                              185
..................................................................


WIND (MPH)
  HIGHEST WIND SPEED    23   HIGHEST WIND DIRECTION    NW (330)
  HIGHEST GUST SPEED    28   HIGHEST GUST DIRECTION    NW (330)
  AVERAGE WIND SPEED     5.2




RELATIVE HUMIDITY (PERCENT)
 HIGHEST    94
 LOWEST     52
 AVERAGE    73

..........................................................


THE TALLAHASSEE CLIMATE NORMALS FOR TODAY
                         NORMAL    RECORD    YEAR
 MAXIMUM TEMPERATURE (F)   92        99      1983
 MINIMUM TEMPERATURE (F)   72        66      1915


SUNRISE AND SUNSET
JULY 26 2017..........SUNRISE   652 AM EDT   SUNSET   835 PM EDT
JULY 27 2017..........SUNRISE   653 AM EDT   SUNSET   835 PM EDT


-  INDICATES NEGATIVE NUMBERS.
R  INDICATES RECORD WAS SET OR TIED.
MM INDICATES DATA IS MISSING.
T  INDICATES TRACE AMOUNT.




$$
