000
CDUS44 KBMX 050758
CLITOI


CLIMATE REPORT
NATIONAL WEATHER SERVICE BIRMINGHAM, AL
258 AM CDT SUN JUL 5 2015


...................................

...THE TROY CLIMATE SUMMARY FOR JULY 4 2015...

CLIMATE NORMAL PERIOD 1981 TO 2010
CLIMATE RECORD PERIOD 9999 TO 9999


WEATHER ITEM   OBSERVED TIME   RECORD YEAR NORMAL DEPARTURE LAST
                VALUE   (LST)  VALUE       VALUE  FROM      YEAR
                                                  NORMAL
..................................................................
TEMPERATURE (F)
 YESTERDAY
  MAXIMUM         90    247 PM  MM      MM  91     -1       88
  MINIMUM         70   1159 PM  MM      MM  69      1       61
  AVERAGE         80                        80      0       75

PRECIPITATION (IN)
  YESTERDAY        0.93                      0.19   0.74     0.00
  MONTH TO DATE    0.93                      0.78   0.15     0.00
  SINCE JUN 1      5.04                      5.61  -0.57     2.79
  SINCE JAN 1     24.86                     28.44  -3.58    32.85

DEGREE DAYS
 COOLING
  YESTERDAY       15                        15      0       10
  MONTH TO DATE   65                        60      5       60
  SINCE JUN 1    524                       448     76      493
  SINCE JAN 1   1007                       735    272      815
..................................................................


WIND (MPH)
  HIGHEST WIND SPEED    28   HIGHEST WIND DIRECTION    NW (300)
  HIGHEST GUST SPEED    40   HIGHEST GUST DIRECTION    NW (310)
  AVERAGE WIND SPEED     5.0


SKY COVER
  AVERAGE SKY COVER 0.5


WEATHER CONDITIONS
 THE FOLLOWING WEATHER WAS RECORDED YESTERDAY.
  THUNDERSTORM
  HEAVY RAIN
  RAIN
  LIGHT RAIN
  FOG


RELATIVE HUMIDITY (PERCENT)
 HIGHEST    94           500 AM
 LOWEST     56           300 PM
 AVERAGE    75

..........................................................


THE TROY CLIMATE NORMALS FOR TODAY
                         NORMAL    RECORD    YEAR
 MAXIMUM TEMPERATURE (F)   91        MM        MM
 MINIMUM TEMPERATURE (F)   69        MM        MM


SUNRISE AND SUNSET
JULY  5 2015..........SUNRISE   544 AM CDT   SUNSET   753 PM CDT
JULY  6 2015..........SUNRISE   544 AM CDT   SUNSET   753 PM CDT


-  INDICATES NEGATIVE NUMBERS.
R  INDICATES RECORD WAS SET OR TIED.
MM INDICATES DATA IS MISSING.
T  INDICATES TRACE AMOUNT.




$$
