000
CDUS44 KBMX 310054
CLITOI


CLIMATE REPORT
NATIONAL WEATHER SERVICE BIRMINGHAM, AL
754 PM CDT SAT JUL 30 2016


...................................

...THE TROY CLIMATE SUMMARY FOR JULY 30 2016...
VALID TODAY AS OF 0700 PM LOCAL TIME.

CLIMATE NORMAL PERIOD 1981 TO 2010
CLIMATE RECORD PERIOD 9999 TO 9999


WEATHER ITEM   OBSERVED TIME   RECORD YEAR NORMAL DEPARTURE LAST
                VALUE   (LST)  VALUE       VALUE  FROM      YEAR
                                                  NORMAL
..................................................................
TEMPERATURE (F)
 TODAY
  MAXIMUM         93    209 PM  MM      MM  91      2      100
  MINIMUM         71    452 AM  MM      MM  70      1       75
  AVERAGE         82                        81      1       88

PRECIPITATION (IN)
  TODAY            T                         0.18  -0.18     0.02
  MONTH TO DATE    3.91                      5.49  -1.58     2.69
  SINCE JUN 1      9.91                     10.32  -0.41     6.80
  SINCE JAN 1     29.25                     33.15  -3.90    26.62

DEGREE DAYS
 COOLING
  TODAY           17                        16      1       23
  MONTH TO DATE  500                       473     27      557
  SINCE JUN 1    941                       861     80     1016
  SINCE JAN 1   1356                      1148    208     1499
..................................................................


WIND (MPH)
  HIGHEST WIND SPEED    13   HIGHEST WIND DIRECTION    NW (300)
  HIGHEST GUST SPEED    18   HIGHEST GUST DIRECTION     W (290)
  AVERAGE WIND SPEED     2.7


SKY COVER
  AVERAGE SKY COVER 0.2


WEATHER CONDITIONS
 THE FOLLOWING WEATHER WAS RECORDED TODAY.
  THUNDERSTORM
  FOG


RELATIVE HUMIDITY (PERCENT)
 HIGHEST   100           500 AM
 LOWEST     52          1200 PM
 AVERAGE    76

..........................................................


THE TROY CLIMATE NORMALS FOR TOMORROW
                         NORMAL    RECORD    YEAR
 MAXIMUM TEMPERATURE (F)   91        MM        MM
 MINIMUM TEMPERATURE (F)   70        MM        MM


SUNRISE AND SUNSET
JULY 30 2016..........SUNRISE   559 AM CDT   SUNSET   742 PM CDT
JULY 31 2016..........SUNRISE   559 AM CDT   SUNSET   741 PM CDT


-  INDICATES NEGATIVE NUMBERS.
R  INDICATES RECORD WAS SET OR TIED.
MM INDICATES DATA IS MISSING.
T  INDICATES TRACE AMOUNT.




$$
