000
CDUS44 KBMX 300852
CLITOI


CLIMATE REPORT
NATIONAL WEATHER SERVICE BIRMINGHAM, AL
352 AM CDT TUE AUG 30 2016


...................................

...THE TROY CLIMATE SUMMARY FOR AUGUST 29 2016...

CLIMATE NORMAL PERIOD 1981 TO 2010
CLIMATE RECORD PERIOD 9999 TO 9999


WEATHER ITEM   OBSERVED TIME   RECORD YEAR NORMAL DEPARTURE LAST
                VALUE   (LST)  VALUE       VALUE  FROM      YEAR
                                                  NORMAL
..................................................................
TEMPERATURE (F)
 YESTERDAY
  MAXIMUM         93    337 PM  MM      MM  90      3       89
  MINIMUM         71    526 AM  MM      MM  69      2       71
  AVERAGE         82                        80      2       80

PRECIPITATION (IN)
  YESTERDAY        0.10                      0.10   0.00     0.24
  MONTH TO DATE    3.35                      4.42  -1.07     3.39
  SINCE JUN 1     13.40                     14.92  -1.52    10.19
  SINCE JAN 1     32.74                     37.75  -5.01    30.01

DEGREE DAYS
 COOLING
  YESTERDAY       17                        14      3       15
  MONTH TO DATE  497                       449     48      476
  SINCE JUN 1   1457                      1322    135     1512
  SINCE JAN 1   1872                      1609    263     1995
..................................................................


WIND (MPH)
  HIGHEST WIND SPEED    16   HIGHEST WIND DIRECTION    NE (30)
  HIGHEST GUST SPEED    21   HIGHEST GUST DIRECTION    NE (30)
  AVERAGE WIND SPEED     7.0


SKY COVER
  AVERAGE SKY COVER 0.2


WEATHER CONDITIONS
 THE FOLLOWING WEATHER WAS RECORDED YESTERDAY.
  THUNDERSTORM
  HEAVY RAIN
  LIGHT RAIN


RELATIVE HUMIDITY (PERCENT)
 HIGHEST   100          1200 AM
 LOWEST     49           300 PM
 AVERAGE    75

..........................................................


THE TROY CLIMATE NORMALS FOR TODAY
                         NORMAL    RECORD    YEAR
 MAXIMUM TEMPERATURE (F)   90        MM        MM
 MINIMUM TEMPERATURE (F)   68        MM        MM


SUNRISE AND SUNSET
AUGUST 30 2016........SUNRISE   619 AM CDT   SUNSET   710 PM CDT
AUGUST 31 2016........SUNRISE   619 AM CDT   SUNSET   709 PM CDT


-  INDICATES NEGATIVE NUMBERS.
R  INDICATES RECORD WAS SET OR TIED.
MM INDICATES DATA IS MISSING.
T  INDICATES TRACE AMOUNT.




$$
