000
CDUS44 KBMX 310936
CLITOI


CLIMATE REPORT
NATIONAL WEATHER SERVICE BIRMINGHAM, AL
436 AM CDT FRI OCT 31 2014


...................................

...THE TROY CLIMATE SUMMARY FOR OCTOBER 30 2014...

CLIMATE NORMAL PERIOD 1981 TO 2010
CLIMATE RECORD PERIOD 9999 TO 9999


WEATHER ITEM   OBSERVED TIME   RECORD YEAR NORMAL DEPARTURE LAST
                VALUE   (LST)  VALUE       VALUE  FROM      YEAR
                                                  NORMAL
..................................................................
TEMPERATURE (F)
 YESTERDAY
  MAXIMUM         71    307 PM  MM      MM  74     -3       81
  MINIMUM         41   1149 PM  MM      MM  47     -6       52
  AVERAGE         56                        61     -5       67

PRECIPITATION (IN)
  YESTERDAY        0.00                      0.10  -0.10     0.00
  MONTH TO DATE    2.92                      3.12  -0.20     0.73
  SINCE SEP 1      5.88                      7.08  -1.20     2.94
  SINCE JAN 1     43.88                     45.03  -1.15    48.55

SNOWFALL (IN)
  YESTERDAY        0.0                      MM     MM        0.0
  MONTH TO DATE    0.0                      MM     MM        0.0
  SINCE SEP 1      0.0                      MM     MM        0.0
  SINCE JUL 1      0.0                      MM     MM        0.0
  SNOW DEPTH       0

DEGREE DAYS
 HEATING
  YESTERDAY        9                         6      3        0
  MONTH TO DATE   70                        88    -18       45
  SINCE SEP 1     70                        92    -22       45
  SINCE JUL 1     70                        92    -22       45

 COOLING
  YESTERDAY        0                         2     -2        2
  MONTH TO DATE  118                        97     21      122
  SINCE SEP 1    501                       411     90      506
  SINCE JAN 1   2213                      2045    168     2153
..................................................................


WIND (MPH)
  HIGHEST WIND SPEED    16   HIGHEST WIND DIRECTION    NW (320)
  HIGHEST GUST SPEED    22   HIGHEST GUST DIRECTION    NE (30)
  AVERAGE WIND SPEED     5.0


SKY COVER
  AVERAGE SKY COVER 0.2


WEATHER CONDITIONS
 THE FOLLOWING WEATHER WAS RECORDED YESTERDAY.
  NO SIGNIFICANT WEATHER WAS OBSERVED.


RELATIVE HUMIDITY (PERCENT)
 HIGHEST    93           100 AM
 LOWEST     27           200 PM
 AVERAGE    60

..........................................................


THE TROY CLIMATE NORMALS FOR TODAY
                         NORMAL    RECORD    YEAR
 MAXIMUM TEMPERATURE (F)   74        MM        MM
 MINIMUM TEMPERATURE (F)   47        MM        MM


SUNRISE AND SUNSET
OCTOBER 31 2014.......SUNRISE   700 AM CDT   SUNSET   555 PM CDT
NOVEMBER  1 2014......SUNRISE   700 AM CDT   SUNSET   554 PM CDT


-  INDICATES NEGATIVE NUMBERS.
R  INDICATES RECORD WAS SET OR TIED.
MM INDICATES DATA IS MISSING.
T  INDICATES TRACE AMOUNT.




$$
