000
CDUS44 KBMX 260721
CLITOI


CLIMATE REPORT
NATIONAL WEATHER SERVICE BIRMINGHAM, AL
217 AM CDT THU MAR 26 2015


...................................

...THE TROY CLIMATE SUMMARY FOR MARCH 25 2015...

CLIMATE NORMAL PERIOD 1981 TO 2010
CLIMATE RECORD PERIOD 9999 TO 9999


WEATHER ITEM   OBSERVED TIME   RECORD YEAR NORMAL DEPARTURE LAST
                VALUE   (LST)  VALUE       VALUE  FROM      YEAR
                                                  NORMAL
..................................................................
TEMPERATURE (F)
 YESTERDAY
  MAXIMUM         81    234 PM  MM      MM  72      9       61
  MINIMUM         49    351 AM  MM      MM  45      4       38
  AVERAGE         65                        58      7       50

PRECIPITATION (IN)
  YESTERDAY        0.00                      0.24  -0.24     0.00
  MONTH TO DATE    2.42                      4.67  -2.25     2.98
  SINCE MAR 1      2.42                      4.67  -2.25     2.98
  SINCE JAN 1      9.33                     13.80  -4.47    12.04

SNOWFALL (IN)
  YESTERDAY        0.0                      MM     MM        0.0
  MONTH TO DATE    0.0                      MM     MM        0.0
  SINCE MAR 1      0.0                      MM     MM        0.0
  SINCE JUL 1      0.0                      MM     MM        0.3
  SNOW DEPTH       0

DEGREE DAYS
 HEATING
  YESTERDAY        0                         7     -7       15
  MONTH TO DATE  110                       242   -132      239
  SINCE MAR 1    110                       242   -132      239
  SINCE JUL 1   2111                      2161    -50     2179

 COOLING
  YESTERDAY        0                         1     -1        0
  MONTH TO DATE   53                         5     48        1
  SINCE MAR 1     53                         5     48        1
  SINCE JAN 1     55                        10     45       12
..................................................................


WIND (MPH)
  HIGHEST WIND SPEED    12   HIGHEST WIND DIRECTION    NE (30)
  HIGHEST GUST SPEED    14   HIGHEST GUST DIRECTION     N (10)
  AVERAGE WIND SPEED     1.8


SKY COVER
  AVERAGE SKY COVER 0.4


WEATHER CONDITIONS
 THE FOLLOWING WEATHER WAS RECORDED YESTERDAY.
  FOG


RELATIVE HUMIDITY (PERCENT)
 HIGHEST    93           100 AM
 LOWEST     37           300 PM
 AVERAGE    65

..........................................................


THE TROY CLIMATE NORMALS FOR TODAY
                         NORMAL    RECORD    YEAR
 MAXIMUM TEMPERATURE (F)   72        MM        MM
 MINIMUM TEMPERATURE (F)   45        MM        MM


SUNRISE AND SUNSET
MARCH 26 2015.........SUNRISE   640 AM CDT   SUNSET   659 PM CDT
MARCH 27 2015.........SUNRISE   639 AM CDT   SUNSET   700 PM CDT


-  INDICATES NEGATIVE NUMBERS.
R  INDICATES RECORD WAS SET OR TIED.
MM INDICATES DATA IS MISSING.
T  INDICATES TRACE AMOUNT.




$$
