000
CDUS41 KCLE 220526
CLITOL


CLIMATE REPORT
NATIONAL WEATHER SERVICE CLEVELAND OH
1226 AM EST MON DEC 22 2014


...................................

...THE TOLEDO OH CLIMATE SUMMARY FOR DECEMBER 21 2014...

CLIMATE NORMAL PERIOD 1981 TO 2010
CLIMATE RECORD PERIOD 1873 TO 2014


WEATHER ITEM   OBSERVED TIME   RECORD YEAR NORMAL DEPARTURE LAST
                VALUE   (LST)  VALUE       VALUE  FROM      YEAR
                                                  NORMAL
..................................................................
TEMPERATURE (F)
 YESTERDAY
  MAXIMUM         34    248 PM  63    1967  35     -1       55
  MINIMUM         18    641 AM -10    1989  22     -4       33
  AVERAGE         26                        28     -2       44

PRECIPITATION (IN)
  YESTERDAY        0.00                      0.09  -0.09     1.46
  MONTH TO DATE    0.43                      1.84  -1.41     2.66
  SINCE DEC 1      0.43                      1.84  -1.41     2.66
  SINCE JAN 1     31.04                     33.40  -2.36    36.42

SNOWFALL (IN)
  YESTERDAY        0.0                       0.2   -0.2      0.0
  MONTH TO DATE    T                         4.5   -4.5      9.5
  SINCE DEC 1      T                         4.5   -4.5      9.5
  SINCE JUL 1      2.8                       6.6   -3.8     10.0
  SNOW DEPTH       0

DEGREE DAYS
 HEATING
  YESTERDAY       39                        37      2       21
  MONTH TO DATE  671                       712    -41      775
  SINCE DEC 1    671                       712    -41      775
  SINCE JUL 1   2109                      1945    164     2123

 COOLING
  YESTERDAY        0                         0      0        0
  MONTH TO DATE    0                         0      0        0
  SINCE DEC 1      0                         0      0        0
  SINCE JAN 1    654                       793   -139      793
..................................................................


WIND (MPH)
  HIGHEST WIND SPEED     7   HIGHEST WIND DIRECTION     S (180)
  HIGHEST GUST SPEED     9   HIGHEST GUST DIRECTION     S (180)
  AVERAGE WIND SPEED     1.7


SKY COVER
  POSSIBLE SUNSHINE  MM
  AVERAGE SKY COVER 0.5


WEATHER CONDITIONS
 THE FOLLOWING WEATHER WAS RECORDED YESTERDAY.
  FOG
  HAZE


RELATIVE HUMIDITY (PERCENT)
 HIGHEST    92           200 AM
 LOWEST     69           400 PM
 AVERAGE    81

..........................................................


THE TOLEDO OH CLIMATE NORMALS FOR TODAY
                         NORMAL    RECORD    YEAR
 MAXIMUM TEMPERATURE (F)   34        61      1949
 MINIMUM TEMPERATURE (F)   21       -19      1989


SUNRISE AND SUNSET
DECEMBER 22 2014......SUNRISE   759 AM EST   SUNSET   509 PM EST
DECEMBER 23 2014......SUNRISE   759 AM EST   SUNSET   509 PM EST


-  INDICATES NEGATIVE NUMBERS.
R  INDICATES RECORD WAS SET OR TIED.
MM INDICATES DATA IS MISSING.
T  INDICATES TRACE AMOUNT.




$$
