000
CDUS41 KCLE 230535
CLITOL


CLIMATE REPORT
NATIONAL WEATHER SERVICE CLEVELAND OH
1234 AM EST FRI FEB 23 2018


...................................

...THE TOLEDO OH CLIMATE SUMMARY FOR FEBRUARY 22 2018...

CLIMATE NORMAL PERIOD 1981 TO 2010
CLIMATE RECORD PERIOD 1873 TO 2018


WEATHER ITEM   OBSERVED TIME   RECORD YEAR NORMAL DEPARTURE LAST
                VALUE   (LST)  VALUE       VALUE  FROM      YEAR
                                                  NORMAL
..................................................................
TEMPERATURE (F)
 YESTERDAY
  MAXIMUM         38    221 PM  66    1930  38      0       64
  MINIMUM         31    820 AM  -9    1963  22      9       42
  AVERAGE         35                        30      5       53

PRECIPITATION (IN)
  YESTERDAY        0.02                      0.07  -0.05      T
  MONTH TO DATE    3.29                      1.58   1.71     1.18
  SINCE DEC 1      5.54                      6.31  -0.77     7.81
  SINCE JAN 1      4.42                      3.63   0.79     5.33

SNOWFALL (IN)
  YESTERDAY        T                         0.3   -0.3      0.0
  MONTH TO DATE   10.3                       7.6    2.7      1.0
  SINCE DEC 1     30.8                      26.6    4.2     17.0
  SINCE JUL 1     30.8                      28.7    2.1     17.0
  SNOW DEPTH       0

DEGREE DAYS
 HEATING
  YESTERDAY       30                        35     -5       12
  MONTH TO DATE  807                       824    -17      610
  SINCE DEC 1   3230                      3140     90     2800
  SINCE JUL 1   4278                      4373    -95     3724

 COOLING
  YESTERDAY        0                         0      0        0
  MONTH TO DATE    0                         0      0        0
  SINCE DEC 1      0                         0      0        0
  SINCE JAN 1      0                         0      0        0
..................................................................


WIND (MPH)
  HIGHEST WIND SPEED    20   HIGHEST WIND DIRECTION     E (80)
  HIGHEST GUST SPEED    28   HIGHEST GUST DIRECTION     E (70)
  AVERAGE WIND SPEED    13.7


SKY COVER
  POSSIBLE SUNSHINE  MM
  AVERAGE SKY COVER 1.0


WEATHER CONDITIONS
 THE FOLLOWING WEATHER WAS RECORDED YESTERDAY.
  LT FREEZING RAIN
  LIGHT SNOW
  FOG


RELATIVE HUMIDITY (PERCENT)
 HIGHEST    92           900 PM
 LOWEST     76           300 PM
 AVERAGE    84

..........................................................


THE TOLEDO OH CLIMATE NORMALS FOR TODAY
                         NORMAL    RECORD    YEAR
 MAXIMUM TEMPERATURE (F)   38        68      2017
 MINIMUM TEMPERATURE (F)   22        -8      1978


SUNRISE AND SUNSET
FEBRUARY 23 2018......SUNRISE   719 AM EST   SUNSET   619 PM EST
FEBRUARY 24 2018......SUNRISE   718 AM EST   SUNSET   620 PM EST


-  INDICATES NEGATIVE NUMBERS.
R  INDICATES RECORD WAS SET OR TIED.
MM INDICATES DATA IS MISSING.
T  INDICATES TRACE AMOUNT.




$$
