000
CDUS41 KCLE 282111
CLITOL


CLIMATE REPORT
NATIONAL WEATHER SERVICE CLEVELAND OH
511 PM EDT SUN MAY 28 2017


...................................

...THE TOLEDO OH CLIMATE SUMMARY FOR MAY 28 2017...
VALID TODAY AS OF 0500 PM LOCAL TIME.

CLIMATE NORMAL PERIOD 1981 TO 2010
CLIMATE RECORD PERIOD 1873 TO 2017


WEATHER ITEM   OBSERVED TIME   RECORD YEAR NORMAL DEPARTURE LAST
                VALUE   (LST)  VALUE       VALUE  FROM      YEAR
                                                  NORMAL
..................................................................
TEMPERATURE (F)
 TODAY
  MAXIMUM         75    148 PM  96    2012  75      0       91
  MINIMUM         56    317 AM  37    2008  52      4       64
                                      1971
                                      1889
  AVERAGE         66                        64      2       78

PRECIPITATION (IN)
  TODAY            0.01                      0.12  -0.11     0.00
  MONTH TO DATE    4.67                      3.21   1.46     1.43
  SINCE MAR 1     11.78                      8.88   2.90    10.53
  SINCE JAN 1     17.55                     13.00   4.55    13.75

SNOWFALL (IN)
  TODAY            0.0                       0.0    0.0      0.0
  MONTH TO DATE    0.0                       0.1   -0.1      0.0
  SINCE MAR 1      5.4                       7.1   -1.7     11.4
  SINCE JUL 1     22.4                      37.6  -15.2     26.4
  SNOW DEPTH       0

DEGREE DAYS
 HEATING
  TODAY            0                         4     -4        0
  MONTH TO DATE  234                       197     37      224
  SINCE MAR 1   1444                      1523    -79     1446
  SINCE JUL 1   5289                      6099   -810     5344

 COOLING
  TODAY            1                         3     -2       13
  MONTH TO DATE   34                        36     -2       44
  SINCE MAR 1     42                        44     -2       44
  SINCE JAN 1     42                        44     -2       44
..................................................................


WIND (MPH)
  HIGHEST WIND SPEED    10   HIGHEST WIND DIRECTION     E (90)
  HIGHEST GUST SPEED    14   HIGHEST GUST DIRECTION     E (90)


SKY COVER
  POSSIBLE SUNSHINE  MM
  AVERAGE SKY COVER 0.7


WEATHER CONDITIONS
 THE FOLLOWING WEATHER WAS RECORDED TODAY.
  THUNDERSTORM
  LIGHT RAIN
  FOG


RELATIVE HUMIDITY (PERCENT)
 HIGHEST   100           600 AM
 LOWEST     73           800 AM
 AVERAGE    87

..........................................................


THE TOLEDO OH CLIMATE NORMALS FOR TOMORROW
                         NORMAL    RECORD    YEAR
 MAXIMUM TEMPERATURE (F)   75        93      2006
                                             1962
                                             1942
 MINIMUM TEMPERATURE (F)   53        33      1966


SUNRISE AND SUNSET
MAY 28 2017...........SUNRISE   605 AM EDT   SUNSET   900 PM EDT
MAY 29 2017...........SUNRISE   605 AM EDT   SUNSET   901 PM EDT


-  INDICATES NEGATIVE NUMBERS.
R  INDICATES RECORD WAS SET OR TIED.
MM INDICATES DATA IS MISSING.
T  INDICATES TRACE AMOUNT.




$$
