000
CDUS41 KCLE 060546
CLITOL


CLIMATE REPORT
NATIONAL WEATHER SERVICE CLEVELAND OH
145 AM EDT MON JUL 6 2015


...................................

...THE TOLEDO OH CLIMATE SUMMARY FOR JULY 5 2015...

CLIMATE NORMAL PERIOD 1981 TO 2010
CLIMATE RECORD PERIOD 1873 TO 2015


WEATHER ITEM   OBSERVED TIME   RECORD YEAR NORMAL DEPARTURE LAST
                VALUE   (LST)  VALUE       VALUE  FROM      YEAR
                                                  NORMAL
..................................................................
TEMPERATURE (F)
 YESTERDAY
  MAXIMUM         82    356 PM  99    1988  85     -3       78
                                      1949
  MINIMUM         54    534 AM  46    1979  62     -8       50
                                      1972
  AVERAGE         68                        74     -6       64

PRECIPITATION (IN)
  YESTERDAY        0.00                      0.09  -0.09     0.00
  MONTH TO DATE    0.00                      0.50  -0.50     0.07
  SINCE JUN 1      7.22                      4.07   3.15     4.05
  SINCE JAN 1     19.12                     17.44   1.68    17.90

SNOWFALL (IN)
  YESTERDAY        0.0                       0.0    0.0      0.0
  MONTH TO DATE    0.0                       0.0    0.0      0.0
  SINCE JUN 1      0.0                       0.0    0.0      0.0
  SINCE JUL 1      0.0                       0.0    0.0      0.0
  SNOW DEPTH       0

DEGREE DAYS
 HEATING
  YESTERDAY        0                         0      0        1
  MONTH TO DATE    1                         0      1        1
  SINCE JUN 1     36                        35      1       17
  SINCE JUL 1      1                         0      1        1

 COOLING
  YESTERDAY        3                         9     -6        0
  MONTH TO DATE    7                        43    -36       20
  SINCE JUN 1    140                       213    -73      211
  SINCE JAN 1    233                       266    -33      273
..................................................................


WIND (MPH)
  HIGHEST WIND SPEED    12   HIGHEST WIND DIRECTION    NE (50)
  HIGHEST GUST SPEED    16   HIGHEST GUST DIRECTION    NE (40)
  AVERAGE WIND SPEED     2.6


SKY COVER
  POSSIBLE SUNSHINE  MM
  AVERAGE SKY COVER 0.0


WEATHER CONDITIONS
 THE FOLLOWING WEATHER WAS RECORDED YESTERDAY.
  FOG


RELATIVE HUMIDITY (PERCENT)
 HIGHEST    93           300 AM
 LOWEST     39           200 PM
 AVERAGE    66

..........................................................


THE TOLEDO OH CLIMATE NORMALS FOR TODAY
                         NORMAL    RECORD    YEAR
 MAXIMUM TEMPERATURE (F)   85       100      1988
 MINIMUM TEMPERATURE (F)   62        43      1972


SUNRISE AND SUNSET
JULY  6 2015..........SUNRISE   607 AM EDT   SUNSET   912 PM EDT
JULY  7 2015..........SUNRISE   608 AM EDT   SUNSET   912 PM EDT


-  INDICATES NEGATIVE NUMBERS.
R  INDICATES RECORD WAS SET OR TIED.
MM INDICATES DATA IS MISSING.
T  INDICATES TRACE AMOUNT.




$$
