000
CDUS43 KTOP 140632
CLITOP


CLIMATE REPORT
NATIONAL WEATHER SERVICE TOPEKA KS
1231 AM CST SUN FEB 14 2016


...................................

...THE TOPEKA KS CLIMATE SUMMARY FOR FEBRUARY 13 2016...

CLIMATE NORMAL PERIOD 1981 TO 2010
CLIMATE RECORD PERIOD 1887 TO 2016


WEATHER ITEM   OBSERVED TIME   RECORD YEAR NORMAL DEPARTURE LAST
                VALUE   (LST)  VALUE       VALUE  FROM      YEAR
                                                  NORMAL
..................................................................
TEMPERATURE (F)
 YESTERDAY
  MAXIMUM         26    420 PM  74    1921  44    -18       50
  MINIMUM         20    928 AM -22    1905  23     -3       20
  AVERAGE         23                        34    -11       35

PRECIPITATION (IN)
  YESTERDAY        0.00          0.88 1911   0.05  -0.05     0.00
  MONTH TO DATE    0.35                      0.57  -0.22     0.35
  SINCE DEC 1      3.96                      2.78   1.18     3.74
  SINCE JAN 1      1.25                      1.43  -0.18     1.47

SNOWFALL (IN)
  YESTERDAY        0.0           6.1  1978   0.2   -0.2      0.0
  MONTH TO DATE    T                         2.4   -2.4      1.5
  SINCE JAN 1      2.1                       7.3   -5.2      2.9
  SINCE JUL 1      3.3                      13.8  -10.5      5.3
  SNOW DEPTH       0

DEGREE DAYS
 HEATING
  YESTERDAY       42                        31     11       30
  MONTH TO DATE  388                       427    -39      417
  SINCE DEC 1   2208                      2543   -335     2329
  SINCE JUL 1   2944                      3537   -593     3360

 COOLING
  YESTERDAY        0                         0      0        0
  MONTH TO DATE    0                         0      0        0
  SINCE DEC 1      0                         0      0        0
  SINCE JAN 1      0                         0      0        0
..................................................................


WIND (MPH)
  HIGHEST WIND SPEED    18   HIGHEST WIND DIRECTION     E (90)
  HIGHEST GUST SPEED    22   HIGHEST GUST DIRECTION     E (90)
  AVERAGE WIND SPEED    11.0


SKY COVER
  AVERAGE SKY COVER 0.9


WEATHER CONDITIONS
 THE FOLLOWING WEATHER WAS RECORDED YESTERDAY.
  NO SIGNIFICANT WEATHER WAS OBSERVED.


RELATIVE HUMIDITY (PERCENT)
 HIGHEST    56           600 AM
 LOWEST     32           400 PM
 AVERAGE    44

..........................................................


THE TOPEKA KS CLIMATE NORMALS FOR TODAY
                         NORMAL    RECORD    YEAR
 MAXIMUM TEMPERATURE (F)   45        79      1954
 MINIMUM TEMPERATURE (F)   23        -8      1936


SUNRISE AND SUNSET
FEBRUARY 14 2016......SUNRISE   716 AM CST   SUNSET   558 PM CST
FEBRUARY 15 2016......SUNRISE   715 AM CST   SUNSET   559 PM CST


-  INDICATES NEGATIVE NUMBERS.
R  INDICATES RECORD WAS SET OR TIED.
MM INDICATES DATA IS MISSING.
T  INDICATES TRACE AMOUNT.




$$
