000
CDUS45 KCYS 242123
CLITOR


CLIMATE REPORT
NATIONAL WEATHER SERVICE CHEYENNE WY
323 PM MDT THU APR 24 2014


...................................

...THE TORRINGTON WY AIRPORT CLIMATE SUMMARY FOR APRIL 24 2014...
VALID AS OF 0300 PM LOCAL TIME.

CLIMATE NORMAL PERIOD 1981 TO 2010
CLIMATE RECORD PERIOD 1998 TO 2014


WEATHER ITEM   OBSERVED TIME   RECORD YEAR NORMAL DEPARTURE LAST
                VALUE   (LST)  VALUE       VALUE  FROM      YEAR
                                                  NORMAL
..................................................................
TEMPERATURE (F)
 TODAY
  MAXIMUM         64    159 PM  90    2012  64      0       53
  MINIMUM         30    533 AM  21    2013  35     -5       21
  AVERAGE         47                        50     -3       37

PRECIPITATION (IN)
  TODAY            0.00          0.37 2007   0.07  -0.07     0.00
  MONTH TO DATE    0.46                      1.25  -0.79     1.47
  SINCE JAN 1      2.06                      2.60  -0.54     2.01

DEGREE DAYS
 HEATING
  TODAY           18                        15      3       28
  MONTH TO DATE  436                       460    -24      682
  SINCE MAR 1   1287                      1300    -13     1534
  SINCE JUL 1   6402                      6144    258     6147

 COOLING
  TODAY            0                         0      0        0
  MONTH TO DATE    0                         0      0        0
  SINCE MAR 1      0                         0      0        0
  SINCE JAN 1      0                         0      0        0
..................................................................


WIND (MPH)
  HIGHEST WIND SPEED    24   HIGHEST WIND DIRECTION     W (270)
  HIGHEST GUST SPEED    30   HIGHEST GUST DIRECTION     W (260)
  AVERAGE WIND SPEED    11.2


SKY COVER
  AVERAGE SKY COVER 0.0


WEATHER CONDITIONS
 THE FOLLOWING WEATHER WAS RECORDED TODAY.
  NO SIGNIFICANT WEATHER WAS OBSERVED.


RELATIVE HUMIDITY (PERCENT)
 HIGHEST    85           400 AM
 LOWEST     17           200 PM
 AVERAGE    51

..........................................................


THE TORRINGTON WY AIRPORT CLIMATE NORMALS FOR TOMORROW
                         NORMAL    RECORD    YEAR
 MAXIMUM TEMPERATURE (F)   65        83      2012
 MINIMUM TEMPERATURE (F)   35        20      2002


SUNRISE AND SUNSET
APRIL 24 2014.........SUNRISE   602 AM MDT   SUNSET   748 PM MDT
APRIL 25 2014.........SUNRISE   601 AM MDT   SUNSET   749 PM MDT


-  INDICATES NEGATIVE NUMBERS.
R  INDICATES RECORD WAS SET OR TIED.
MM INDICATES DATA IS MISSING.
T  INDICATES TRACE AMOUNT.




$$
