605
CDUS45 KCYS 292145
CLITOR


CLIMATE REPORT
NATIONAL WEATHER SERVICE CHEYENNE WY
345 PM MDT MON AUG 29 2016


...................................

...THE TORRINGTON WY AIRPORT CLIMATE SUMMARY FOR AUGUST 29 2016...
VALID AS OF 0300 PM LOCAL TIME.

CLIMATE NORMAL PERIOD 1981 TO 2010
CLIMATE RECORD PERIOD 1998 TO 2016


WEATHER ITEM   OBSERVED TIME   RECORD YEAR NORMAL DEPARTURE LAST
                VALUE   (LST)  VALUE       VALUE  FROM      YEAR
                                                  NORMAL
..................................................................
TEMPERATURE (F)
 TODAY
  MAXIMUM         91    113 PM 100    2012  85      6       96
  MINIMUM         52    530 AM  42    2004  52      0       52
  AVERAGE         72                        68      4       74

PRECIPITATION (IN)
  TODAY            0.00          0.12 2002   0.03  -0.03     0.00
  MONTH TO DATE    1.11                      1.20  -0.09     0.29
  SINCE JAN 1      9.92                     10.89  -0.97    15.72

DEGREE DAYS
 HEATING
  TODAY            0                         1     -1        0
  MONTH TO DATE   17                         8      9       26
  SINCE JUN 1     24                        89    -65       37
  SINCE JUL 1     17                        14      3       34

 COOLING
  TODAY            7                         4      3        9
  MONTH TO DATE  187                       208    -21      223
  SINCE JUN 1    755                       606    149      595
  SINCE JAN 1    755                       624    131      595
..................................................................


WIND (MPH)
  HIGHEST WIND SPEED    18   HIGHEST WIND DIRECTION     S (160)
  HIGHEST GUST SPEED    25   HIGHEST GUST DIRECTION     S (160)
  AVERAGE WIND SPEED     6.9


SKY COVER
  AVERAGE SKY COVER 0.0


WEATHER CONDITIONS
 THE FOLLOWING WEATHER WAS RECORDED TODAY.
  NO SIGNIFICANT WEATHER WAS OBSERVED.


RELATIVE HUMIDITY (PERCENT)
 HIGHEST    72           400 AM
 LOWEST     21          1200 PM
 AVERAGE    47

..........................................................


THE TORRINGTON WY AIRPORT CLIMATE NORMALS FOR TOMORROW
                         NORMAL    RECORD    YEAR
 MAXIMUM TEMPERATURE (F)   85        99      2015
 MINIMUM TEMPERATURE (F)   51        47      2004


SUNRISE AND SUNSET
AUGUST 29 2016........SUNRISE   620 AM MDT   SUNSET   734 PM MDT
AUGUST 30 2016........SUNRISE   621 AM MDT   SUNSET   733 PM MDT


-  INDICATES NEGATIVE NUMBERS.
R  INDICATES RECORD WAS SET OR TIED.
MM INDICATES DATA IS MISSING.
T  INDICATES TRACE AMOUNT.




$$
