000
CDUS42 KTBW 312148
CLITPA


CLIMATE REPORT
NATIONAL WEATHER SERVICE TAMPA BAY FL
546 PM EDT WED AUG 31 2016


...................................

...THE TAMPA CLIMATE SUMMARY FOR AUGUST 31 2016...
VALID TODAY AS OF 0500 PM LOCAL TIME.

CLIMATE NORMAL PERIOD 1981 TO 2010
CLIMATE RECORD PERIOD 1890 TO 2016


WEATHER ITEM   OBSERVED TIME   RECORD YEAR NORMAL DEPARTURE LAST
                VALUE   (LST)  VALUE       VALUE  FROM      YEAR
                                                  NORMAL
..................................................................
TEMPERATURE (F)
 TODAY
  MAXIMUM         78   1153 AM  95    1947  90    -12       89
  MINIMUM         75   1219 PM  69    1935  76     -1       78
                                      1926
  AVERAGE         77                        83     -6       84

PRECIPITATION (IN)
  TODAY            2.77          3.02 1960   0.25   2.52     0.04
  MONTH TO DATE   11.44                      7.77   3.67    16.47
  SINCE JUN 1     29.26                     21.52   7.74    34.54
  SINCE JAN 1     45.16                     33.72  11.44    55.43

DEGREE DAYS
 HEATING
  TODAY            0                         0      0        0
  MONTH TO DATE    0                         0      0        0
  SINCE JUN 1      0                         0      0        0
  SINCE JUL 1      0                         0      0        0

 COOLING
  TODAY           12                        18     -6       19
  MONTH TO DATE  591                       564     27      577
  SINCE JUN 1   1766                      1638    128     1693
  SINCE JAN 1   2786                      2515    271     2914
..................................................................


WIND (MPH)
  RESULTANT WIND SPEED   5   RESULTANT WIND DIRECTION   S (200)
  HIGHEST WIND SPEED    20   HIGHEST WIND DIRECTION    SW (210)
  HIGHEST GUST SPEED    28   HIGHEST GUST DIRECTION    SW (220)
  AVERAGE WIND SPEED     7.0


SKY COVER
  POSSIBLE SUNSHINE  MM
  AVERAGE SKY COVER 0.9


WEATHER CONDITIONS
 THE FOLLOWING WEATHER WAS RECORDED TODAY.
  THUNDERSTORM
  HEAVY RAIN
  RAIN
  LIGHT RAIN
  FOG


RELATIVE HUMIDITY (PERCENT)
 HIGHEST   100           400 PM
 LOWEST     91           300 AM

..........................................................


THE TAMPA CLIMATE NORMALS FOR TOMORROW
                         NORMAL    RECORD    YEAR
 MAXIMUM TEMPERATURE (F)   90        96      1963
 MINIMUM TEMPERATURE (F)   76        68      1914


SUNRISE AND SUNSET
AUGUST 31 2016........SUNRISE   709 AM EDT   SUNSET   752 PM EDT
SEPTEMBER  1 2016.....SUNRISE   709 AM EDT   SUNSET   750 PM EDT


-  INDICATES NEGATIVE NUMBERS.
R  INDICATES RECORD WAS SET OR TIED.
MM INDICATES DATA IS MISSING.
T  INDICATES TRACE AMOUNT.




$$


&&
------------------------------------------------------------------
******************** SUPPLEMENTAL DATA ***************************

...RUSKIN                HIGH 78    LOW 73    PCPN 2.95
...SARASOTA/BRADENTON    HIGH 80    LOW 75    PCPN 5.76
...ST. PETERSBURG        HIGH 79    LOW 75    PCPN 3.67

...GULF WATER TEMPERATURE AT CLEARWATER BEACH 83 DEGREES
