000
CDUS42 KTBW 040930
CLITPA


CLIMATE REPORT
NATIONAL WEATHER SERVICE TAMPA BAY FL
427 AM EST SUN DEC 4 2016


...................................

...THE TAMPA CLIMATE SUMMARY FOR DECEMBER 3 2016...

CLIMATE NORMAL PERIOD 1981 TO 2010
CLIMATE RECORD PERIOD 1890 TO 2016


WEATHER ITEM   OBSERVED TIME   RECORD YEAR NORMAL DEPARTURE LAST
                VALUE   (LST)  VALUE       VALUE  FROM      YEAR
                                                  NORMAL
..................................................................
TEMPERATURE (F)
 YESTERDAY
  MAXIMUM         80    354 PM  85    1994  74      6       77
  MINIMUM         58    747 AM  35    1910  57      1       64
  AVERAGE         69                        66      3       71

PRECIPITATION (IN)
  YESTERDAY        0.00          1.76 1898   0.08  -0.08     0.01
  MONTH TO DATE    0.00                      0.23  -0.23     0.02
  SINCE DEC 1      0.00                      0.23  -0.23     0.02
  SINCE JAN 1     52.13                     44.06   8.07    63.03

DEGREE DAYS
 HEATING
  YESTERDAY        0                         3     -3        0
  MONTH TO DATE    0                         9     -9        0
  SINCE DEC 1      0                         9     -9        0
  SINCE JUL 1     15                        53    -38        5

 COOLING
  YESTERDAY        4                         3      1        6
  MONTH TO DATE   15                        10      5       28
  SINCE DEC 1     15                        10      5       28
  SINCE JAN 1   3988                      3540    448     4244
..................................................................


WIND (MPH)
  RESULTANT WIND SPEED   6   RESULTANT WIND DIRECTION  NE (60)
  HIGHEST WIND SPEED    13   HIGHEST WIND DIRECTION    NE (50)
  HIGHEST GUST SPEED    20   HIGHEST GUST DIRECTION    NE (50)
  AVERAGE WIND SPEED     6.9


SKY COVER
  POSSIBLE SUNSHINE  MM
  AVERAGE SKY COVER 0.1


WEATHER CONDITIONS
 THE FOLLOWING WEATHER WAS RECORDED YESTERDAY.
  NO SIGNIFICANT WEATHER WAS OBSERVED.


RELATIVE HUMIDITY (PERCENT)
 HIGHEST    72           700 AM
 LOWEST     39           400 PM
 AVERAGE    56

..........................................................


THE TAMPA CLIMATE NORMALS FOR TODAY
                         NORMAL    RECORD    YEAR
 MAXIMUM TEMPERATURE (F)   74        86      1994
 MINIMUM TEMPERATURE (F)   57        33      1989


SUNRISE AND SUNSET
DECEMBER  4 2016......SUNRISE   707 AM EST   SUNSET   534 PM EST
DECEMBER  5 2016......SUNRISE   707 AM EST   SUNSET   534 PM EST


-  INDICATES NEGATIVE NUMBERS.
R  INDICATES RECORD WAS SET OR TIED.
MM INDICATES DATA IS MISSING.
T  INDICATES TRACE AMOUNT.




$$


&&
------------------------------------------------------------------
******************** SUPPLEMENTAL DATA ***************************

...RUSKIN                HIGH 81    LOW 55    PCPN 0.00
...SARASOTA/BRADENTON    HIGH 81    LOW 56    PCPN 0.00
...ST. PETERSBURG        HIGH 73    LOW 61    PCPN 0.00
...GULF WATER TEMPERATURE AT CLEARWATER BEACH 68 DEGREES.
