000
CDUS42 KTBW 202140
CLITPA


CLIMATE REPORT
NATIONAL WEATHER SERVICE TAMPA BAY FL
520 PM EDT WED AUG 20 2014


...................................

...THE TAMPA CLIMATE SUMMARY FOR AUGUST 20 2014...
VALID TODAY AS OF 0500 PM LOCAL TIME.

CLIMATE NORMAL PERIOD 1981 TO 2010
CLIMATE RECORD PERIOD 1890 TO 2014


WEATHER ITEM   OBSERVED TIME   RECORD YEAR NORMAL DEPARTURE LAST
                VALUE   (LST)  VALUE       VALUE  FROM      YEAR
                                                  NORMAL
..................................................................
TEMPERATURE (F)
 TODAY
  MAXIMUM         99R   239 PM  96    2007  90      9       92
  MINIMUM         79    520 AM  70    1967  76      3       73
                                      1891
  AVERAGE         89                        83      6       83

PRECIPITATION (IN)
  TODAY            0.02          2.96 1891   0.25  -0.23     0.51
  MONTH TO DATE    3.04                      4.99  -1.95    10.64
  SINCE JUN 1     17.49                     18.74  -1.25    32.13
  SINCE JAN 1     36.82                     30.94   5.88    41.25

DEGREE DAYS
 HEATING
  TODAY            0                         0      0        0
  MONTH TO DATE    0                         0      0        0
  SINCE JUN 1      0                         0      0        0
  SINCE JUL 1      0                         0      0        0

 COOLING
  TODAY           24                        18      6       18
  MONTH TO DATE  385                       360     25      389
  SINCE JUN 1   1475                      1434     41     1461
  SINCE JAN 1   2298                      2311    -13     2436
..................................................................


WIND (MPH)
  RESULTANT WIND SPEED   3   RESULTANT WIND DIRECTION   W (270)
  HIGHEST WIND SPEED    17   HIGHEST WIND DIRECTION     W (270)
  HIGHEST GUST SPEED    23   HIGHEST GUST DIRECTION     W (280)
  AVERAGE WIND SPEED     4.5


SKY COVER
  POSSIBLE SUNSHINE  MM
  AVERAGE SKY COVER 0.3


WEATHER CONDITIONS
 THE FOLLOWING WEATHER WAS RECORDED TODAY.
  NO SIGNIFICANT WEATHER WAS OBSERVED.


RELATIVE HUMIDITY (PERCENT)
 HIGHEST    79           100 AM
 LOWEST     52           200 PM

..........................................................


THE TAMPA CLIMATE NORMALS FOR TOMORROW
                         NORMAL    RECORD    YEAR
 MAXIMUM TEMPERATURE (F)   90        96      2007
 MINIMUM TEMPERATURE (F)   76        70      1948
                                             1937
                                             1918


SUNRISE AND SUNSET
AUGUST 20 2014........SUNRISE   703 AM EDT   SUNSET   804 PM EDT
AUGUST 21 2014........SUNRISE   703 AM EDT   SUNSET   803 PM EDT


-  INDICATES NEGATIVE NUMBERS.
R  INDICATES RECORD WAS SET OR TIED.
MM INDICATES DATA IS MISSING.
T  INDICATES TRACE AMOUNT.




$$


&&
------------------------------------------------------------------
******************** SUPPLEMENTAL DATA ***************************

...RUSKIN                HIGH 95    LOW 74    PCPN 0.00
...SARASOTA/BRADENTON    HIGH 96    LOW 76    PCPN 0.00
...LAKELAND              HIGH 95    LOW 74    PCPN 0.00
...ST. PETERSBURG        HIGH 92    LOW 82    PCPN 0.00
...GULF WATER TEMPERATURE AT CLEARWATER BEACH 89
