000
CDUS42 KTBW 262117
CLITPA


CLIMATE REPORT
NATIONAL WEATHER SERVICE TAMPA BAY FL
515 PM EDT FRI MAY 26 2017


...................................

...THE TAMPA CLIMATE SUMMARY FOR MAY 26 2017...
VALID TODAY AS OF 0500 PM LOCAL TIME.

CLIMATE NORMAL PERIOD 1981 TO 2010
CLIMATE RECORD PERIOD 1890 TO 2017


WEATHER ITEM   OBSERVED TIME   RECORD YEAR NORMAL DEPARTURE LAST
                VALUE   (LST)  VALUE       VALUE  FROM      YEAR
                                                  NORMAL
..................................................................
TEMPERATURE (F)
 TODAY
  MAXIMUM         88    144 PM  98    1975  89     -1       89
  MINIMUM         67    530 AM  60    1979  72     -5       71
                                      1967
  AVERAGE         78                        80     -2       80

PRECIPITATION (IN)
  TODAY            0.00          2.80 1894   0.09  -0.09     0.00
  MONTH TO DATE    1.48                      1.61  -0.13     3.76
  SINCE MAR 1      3.06                      6.67  -3.61     7.19
  SINCE JAN 1      6.02                     11.71  -5.69    15.90

DEGREE DAYS
 HEATING
  TODAY            0                         0      0        0
  MONTH TO DATE    0                         0      0        0
  SINCE MAR 1     28                        67    -39       15
  SINCE JUL 1    164                       538   -374      323

 COOLING
  TODAY           13                        15     -2       15
  MONTH TO DATE  414                       338     76      350
  SINCE MAR 1    973                       685    288      859
  SINCE JAN 1   1226                       798    428      937
..................................................................


WIND (MPH)
  RESULTANT WIND SPEED   4   RESULTANT WIND DIRECTION   W (280)
  HIGHEST WIND SPEED    14   HIGHEST WIND DIRECTION     W (260)
  HIGHEST GUST SPEED    18   HIGHEST GUST DIRECTION     W (260)
  AVERAGE WIND SPEED     6.0


SKY COVER
  POSSIBLE SUNSHINE  MM
  AVERAGE SKY COVER 0.1


WEATHER CONDITIONS
 THE FOLLOWING WEATHER WAS RECORDED TODAY.
  NO SIGNIFICANT WEATHER WAS OBSERVED.


RELATIVE HUMIDITY (PERCENT)
 HIGHEST    81           400 AM
 LOWEST     37           100 PM

..........................................................


THE TAMPA CLIMATE NORMALS FOR TOMORROW
                         NORMAL    RECORD    YEAR
 MAXIMUM TEMPERATURE (F)   89        96      1989
                                             1953
 MINIMUM TEMPERATURE (F)   72        57      1979


SUNRISE AND SUNSET
MAY 26 2017...........SUNRISE   636 AM EDT   SUNSET   819 PM EDT
MAY 27 2017...........SUNRISE   635 AM EDT   SUNSET   820 PM EDT


-  INDICATES NEGATIVE NUMBERS.
R  INDICATES RECORD WAS SET OR TIED.
MM INDICATES DATA IS MISSING.
T  INDICATES TRACE AMOUNT.




$$


&&
------------------------------------------------------------------
******************** SUPPLEMENTAL DATA ***************************

...RUSKIN                HIGH 85    LOW 62    PCPN 0.00
...SARASOTA/BRADENTON    HIGH 86    LOW 63    PCPN 0.00
...LAKELAND*             HIGH 93    LOW 59    PCPN 0.00
...ST. PETERSBURG        HIGH 85    LOW 73    PCPN 0.00
...GULF WATER TEMPERATURE AT CLEARWATER BEACH 82 DEGREES

*LAKELAND DATA IS FROM 4:30 PM THURSDAY TO 4:30 PM FRIDAY
AND MAY REFLECT YESTERDAYS RAINFALL AND HIGH TEMPERATURE.
