000
CDUS42 KTBW 012122
CLITPA


CLIMATE REPORT
NATIONAL WEATHER SERVICE TAMPA BAY FL
515 PM EDT TUE SEP 1 2015


...................................

...THE TAMPA CLIMATE SUMMARY FOR SEPTEMBER 1 2015...
VALID TODAY AS OF 0500 PM LOCAL TIME.

CLIMATE NORMAL PERIOD 1981 TO 2010
CLIMATE RECORD PERIOD 1890 TO 2015


WEATHER ITEM   OBSERVED TIME   RECORD YEAR NORMAL DEPARTURE LAST
                VALUE   (LST)  VALUE       VALUE  FROM      YEAR
                                                  NORMAL
..................................................................
TEMPERATURE (F)
 TODAY
  MAXIMUM         91    951 AM  96    1963  90      1       93
  MINIMUM         78    543 AM  68    1914  76      2       76
  AVERAGE         85                        83      2       85

PRECIPITATION (IN)
  TODAY            0.00          2.01 2006   0.26  -0.26     0.22
  MONTH TO DATE    0.00                      0.26  -0.26     0.22
  SINCE SEP 1      0.00                      0.26  -0.26     0.22
  SINCE JAN 1     55.43                     33.98  21.45    40.17

DEGREE DAYS
 HEATING
  TODAY            0                         0      0        0
  MONTH TO DATE    0                         0      0        0
  SINCE SEP 1      0                         0      0        0
  SINCE JUL 1      0                         0      0        0

 COOLING
  TODAY           20                        18      2       20
  MONTH TO DATE   20                        18      2       20
  SINCE SEP 1     20                        18      2       20
  SINCE JAN 1   2934                      2533    401     2537
..................................................................


WIND (MPH)
  RESULTANT WIND SPEED   4   RESULTANT WIND DIRECTION   S (180)
  HIGHEST WIND SPEED    20   HIGHEST WIND DIRECTION    SW (240)
  HIGHEST GUST SPEED    26   HIGHEST GUST DIRECTION    SW (240)
  AVERAGE WIND SPEED     7.3


SKY COVER
  POSSIBLE SUNSHINE  MM
  AVERAGE SKY COVER 0.8


WEATHER CONDITIONS
 THE FOLLOWING WEATHER WAS RECORDED TODAY.
  NO SIGNIFICANT WEATHER WAS OBSERVED.


RELATIVE HUMIDITY (PERCENT)
 HIGHEST    91          1200 AM
 LOWEST     68          1100 AM

..........................................................


THE TAMPA CLIMATE NORMALS FOR TOMORROW
                         NORMAL    RECORD    YEAR
 MAXIMUM TEMPERATURE (F)   90        96      1958
                                             1912
 MINIMUM TEMPERATURE (F)   76        69      1968
                                             1914
                                             1911


SUNRISE AND SUNSET
SEPTEMBER  1 2015.....SUNRISE   709 AM EDT   SUNSET   751 PM EDT
SEPTEMBER  2 2015.....SUNRISE   709 AM EDT   SUNSET   750 PM EDT


-  INDICATES NEGATIVE NUMBERS.
R  INDICATES RECORD WAS SET OR TIED.
MM INDICATES DATA IS MISSING.
T  INDICATES TRACE AMOUNT.




$$


&&
------------------------------------------------------------------
******************** SUPPLEMENTAL DATA ***************************

...RUSKIN                HIGH 90    LOW 75    PCPN 0.04
...SARASOTA/BRADENTON    HIGH 90    LOW 74    PCPN T
...LAKELAND              HIGH 93    LOW 76    PCPN 1.19
...ST. PETERSBURG        HIGH 90    LOW 80    PCPN 0.02
...GULF WATER TEMPERATURE AT CLEARWATER BEACH 86
