000
CDUS42 KTBW 142217
CLITPA


CLIMATE REPORT
NATIONAL WEATHER SERVICE TAMPA BAY FL
515 PM EST SUN FEB 14 2016


...................................

...THE TAMPA CLIMATE SUMMARY FOR FEBRUARY 14 2016...
VALID TODAY AS OF 0500 PM LOCAL TIME.

CLIMATE NORMAL PERIOD 1981 TO 2010
CLIMATE RECORD PERIOD 1890 TO 2016


WEATHER ITEM   OBSERVED TIME   RECORD YEAR NORMAL DEPARTURE LAST
                VALUE   (LST)  VALUE       VALUE  FROM      YEAR
                                                  NORMAL
..................................................................
TEMPERATURE (F)
 TODAY
  MAXIMUM         72    402 PM  86    1989  72      0       63
  MINIMUM         47    748 AM  22    1899  54     -7       42
  AVERAGE         60                        63     -3       53

PRECIPITATION (IN)
  TODAY            0.00          1.06 1919   0.11  -0.11     0.00
  MONTH TO DATE    1.31                      1.44  -0.13     2.80
  SINCE DEC 1      7.98                      6.14   1.84     6.12
  SINCE JAN 1      7.49                      3.67   3.82     4.55

DEGREE DAYS
 HEATING
  TODAY            5                         4      1       12
  MONTH TO DATE   89                        63     26       80
  SINCE DEC 1    268                       384   -116      296
  SINCE JUL 1    273                       428   -155      384

 COOLING
  TODAY            0                         2     -2        0
  MONTH TO DATE   29                        28      1        1
  SINCE DEC 1    334                       158    176      152
  SINCE JAN 1     59                        78    -19       57
..................................................................


WIND (MPH)
  RESULTANT WIND SPEED   6   RESULTANT WIND DIRECTION  NE (60)
  HIGHEST WIND SPEED    12   HIGHEST WIND DIRECTION    SE (120)
  HIGHEST GUST SPEED    17   HIGHEST GUST DIRECTION     E (110)
  AVERAGE WIND SPEED     6.8


SKY COVER
  POSSIBLE SUNSHINE  MM
  AVERAGE SKY COVER 0.4


WEATHER CONDITIONS
 THE FOLLOWING WEATHER WAS RECORDED TODAY.
  NO SIGNIFICANT WEATHER WAS OBSERVED.


RELATIVE HUMIDITY (PERCENT)
 HIGHEST    71           300 AM
 LOWEST     34           300 PM

..........................................................


THE TAMPA CLIMATE NORMALS FOR TOMORROW
                         NORMAL    RECORD    YEAR
 MAXIMUM TEMPERATURE (F)   73        84      1990
                                             1989
                                             1932
 MINIMUM TEMPERATURE (F)   55        31      1943


SUNRISE AND SUNSET
FEBRUARY 14 2016......SUNRISE   709 AM EST   SUNSET   620 PM EST
FEBRUARY 15 2016......SUNRISE   708 AM EST   SUNSET   621 PM EST


-  INDICATES NEGATIVE NUMBERS.
R  INDICATES RECORD WAS SET OR TIED.
MM INDICATES DATA IS MISSING.
T  INDICATES TRACE AMOUNT.




$$


&&
------------------------------------------------------------------
******************** SUPPLEMENTAL DATA ***************************

...RUSKIN                HIGH 73    LOW 43    PCPN 0.00
...SARASOTA/BRADENTON    HIGH 74    LOW 45    PCPN 0.00
...LAKELAND              HIGH 74    LOW 45    PCPN 0.00
...ST. PETERSBURG        HIGH 68    LOW 51    PCPN 0.00

...GULF WATER TEMPERATURE AT CLEARWATER BEACH 58 DEGREES
