000
CDUS42 KTBW 292116
CLITPA


CLIMATE REPORT
NATIONAL WEATHER SERVICE TAMPA BAY FL
513 PM EDT FRI JUL 29 2016


...................................

...THE TAMPA CLIMATE SUMMARY FOR JULY 29 2016...
VALID TODAY AS OF 0500 PM LOCAL TIME.

CLIMATE NORMAL PERIOD 1981 TO 2010
CLIMATE RECORD PERIOD 1890 TO 2016


WEATHER ITEM   OBSERVED TIME   RECORD YEAR NORMAL DEPARTURE LAST
                VALUE   (LST)  VALUE       VALUE  FROM      YEAR
                                                  NORMAL
..................................................................
TEMPERATURE (F)
 TODAY
  MAXIMUM         90    205 PM  97    1993  90      0       88
  MINIMUM         82    317 PM  67    1919  76      6       74
  AVERAGE         86                        83      3       81

PRECIPITATION (IN)
  TODAY            0.03          9.07 1960   0.22  -0.19     1.77
  MONTH TO DATE    5.03                      6.63  -1.60    11.57
  SINCE JUN 1     16.51                     13.31   3.20    17.80
  SINCE JAN 1     32.41                     25.51   6.90    38.69

DEGREE DAYS
 HEATING
  TODAY            0                         0      0        0
  MONTH TO DATE    0                         0      0        0
  SINCE JUN 1      0                         0      0        0
  SINCE JUL 1      0                         0      0        0

 COOLING
  TODAY           21                        18      3       16
  MONTH TO DATE  585                       522     63      538
  SINCE JUN 1   1136                      1038     98     1081
  SINCE JAN 1   2156                      1915    241     2302
..................................................................


WIND (MPH)
  RESULTANT WIND SPEED   0   RESULTANT WIND DIRECTION   W (260)
  HIGHEST WIND SPEED    14   HIGHEST WIND DIRECTION     N (350)
  HIGHEST GUST SPEED    17   HIGHEST GUST DIRECTION    SW (210)
  AVERAGE WIND SPEED     3.5


SKY COVER
  POSSIBLE SUNSHINE  MM
  AVERAGE SKY COVER 0.7


WEATHER CONDITIONS
 THE FOLLOWING WEATHER WAS RECORDED TODAY.
  THUNDERSTORM
  LIGHT RAIN
  FOG


RELATIVE HUMIDITY (PERCENT)
 HIGHEST    79           300 AM
 LOWEST     64           100 PM

..........................................................


THE TAMPA CLIMATE NORMALS FOR TOMORROW
                         NORMAL    RECORD    YEAR
 MAXIMUM TEMPERATURE (F)   90        96      1961
                                             1949
 MINIMUM TEMPERATURE (F)   76        69      1904


SUNRISE AND SUNSET
JULY 29 2016..........SUNRISE   651 AM EDT   SUNSET   821 PM EDT
JULY 30 2016..........SUNRISE   652 AM EDT   SUNSET   821 PM EDT


-  INDICATES NEGATIVE NUMBERS.
R  INDICATES RECORD WAS SET OR TIED.
MM INDICATES DATA IS MISSING.
T  INDICATES TRACE AMOUNT.




$$


&&
------------------------------------------------------------------
******************** SUPPLEMENTAL DATA ***************************

...RUSKIN                HIGH 87    LOW 79    PCPN 0.00
...SARASOTA/BRADENTON    HIGH 93    LOW 79    PCPN TRACE
...ST. PETERSBURG        HIGH 90    LOW 81    PCPN 0.01
...GULF WATER TEMPERATURE AT CLEARWATER BEACH 90 DEGREES.
