000
CDUS42 KTBW 282220
CLITPA


CLIMATE REPORT
NATIONAL WEATHER SERVICE TAMPA BAY FL
516 PM EST FRI NOV 28 2014


...................................

...THE TAMPA CLIMATE SUMMARY FOR NOVEMBER 28 2014...
VALID TODAY AS OF 0500 PM LOCAL TIME.

CLIMATE NORMAL PERIOD 1981 TO 2010
CLIMATE RECORD PERIOD 1890 TO 2014


WEATHER ITEM   OBSERVED TIME   RECORD YEAR NORMAL DEPARTURE LAST
                VALUE   (LST)  VALUE       VALUE  FROM      YEAR
                                                  NORMAL
..................................................................
TEMPERATURE (F)
 TODAY
  MAXIMUM         62    418 PM  86    1990  75    -13       64
                                      1960
  MINIMUM         43    717 AM  32    1903  58    -15       38
  AVERAGE         53                        66    -13       51

PRECIPITATION (IN)
  TODAY            0.00          2.36 1911   0.06  -0.06     0.00
  MONTH TO DATE    5.26                      1.41   3.85     0.96
  SINCE SEP 1     16.35                      9.97   6.38     9.15
  SINCE JAN 1     56.30                     43.69  12.61    51.67

DEGREE DAYS
 HEATING
  TODAY           12                         2     10       14
  MONTH TO DATE   83                        36     47       27
  SINCE SEP 1     83                        40     43       27
  SINCE JUL 1     83                        40     43       27

 COOLING
  TODAY            0                         4     -4        0
  MONTH TO DATE   73                       157    -84      194
  SINCE SEP 1    906                      1008   -102     1098
  SINCE JAN 1   3423                      3523   -100     3735
..................................................................


WIND (MPH)
  RESULTANT WIND SPEED   8   RESULTANT WIND DIRECTION   N (20)
  HIGHEST WIND SPEED    14   HIGHEST WIND DIRECTION    NE (30)
  HIGHEST GUST SPEED    21   HIGHEST GUST DIRECTION     N (10)
  AVERAGE WIND SPEED     8.3


SKY COVER
  POSSIBLE SUNSHINE  MM
  AVERAGE SKY COVER 0.1


WEATHER CONDITIONS
 THE FOLLOWING WEATHER WAS RECORDED TODAY.
  NO SIGNIFICANT WEATHER WAS OBSERVED.


RELATIVE HUMIDITY (PERCENT)
 HIGHEST    65           600 AM
 LOWEST     32           300 PM

..........................................................


THE TAMPA CLIMATE NORMALS FOR TOMORROW
                         NORMAL    RECORD    YEAR
 MAXIMUM TEMPERATURE (F)   75        86      2010
 MINIMUM TEMPERATURE (F)   58        36      1959


SUNRISE AND SUNSET
NOVEMBER 28 2014......SUNRISE   702 AM EST   SUNSET   534 PM EST
NOVEMBER 29 2014......SUNRISE   703 AM EST   SUNSET   534 PM EST


-  INDICATES NEGATIVE NUMBERS.
R  INDICATES RECORD WAS SET OR TIED.
MM INDICATES DATA IS MISSING.
T  INDICATES TRACE AMOUNT.




$$


&&
------------------------------------------------------------------
******************** SUPPLEMENTAL DATA ***************************

...RUSKIN                HIGH 63    LOW 42    PCPN 0.00
...SARASOTA/BRADENTON    HIGH 62    LOW 44    PCPN 0.00
...LAKELAND              HIGH 62    LOW 40    PCPN 0.00
...ST. PETERSBURG        HIGH 60    LOW 48    PCPN 0.00

...GULF WATER TEMPERATURE AT CLEARWATER BEACH 61
