000
CDUS42 KTBW 172122
CLITPA


CLIMATE REPORT
NATIONAL WEATHER SERVICE TAMPA BAY FL
513 PM EDT WED SEP 17 2014


...................................

...THE TAMPA CLIMATE SUMMARY FOR SEPTEMBER 17 2014...
VALID TODAY AS OF 0500 PM LOCAL TIME.

CLIMATE NORMAL PERIOD 1981 TO 2010
CLIMATE RECORD PERIOD 1890 TO 2014


WEATHER ITEM   OBSERVED TIME   RECORD YEAR NORMAL DEPARTURE LAST
                VALUE   (LST)  VALUE       VALUE  FROM      YEAR
                                                  NORMAL
..................................................................
TEMPERATURE (F)
 TODAY
  MAXIMUM         81    359 PM  95    1942  89     -8       92
  MINIMUM         73    952 AM  66    1895  75     -2       75
  AVERAGE         77                        82     -5       84

PRECIPITATION (IN)
  TODAY            1.86          2.23 2000   0.21   1.65     0.01
  MONTH TO DATE    3.73                      4.05  -0.32     3.41
  SINCE SEP 1      3.73                      4.05  -0.32     3.41
  SINCE JAN 1     43.68                     37.77   5.91    45.93

DEGREE DAYS
 HEATING
  TODAY            0                         0      0        0
  MONTH TO DATE    0                         0      0        0
  SINCE SEP 1      0                         0      0        0
  SINCE JUL 1      0                         0      0        0

 COOLING
  TODAY           12                        17     -5       19
  MONTH TO DATE  301                       297      4      313
  SINCE SEP 1    301                       297      4      313
  SINCE JAN 1   2818                      2812      6     2950
..................................................................


WIND (MPH)
  RESULTANT WIND SPEED   3   RESULTANT WIND DIRECTION  SW (220)
  HIGHEST WIND SPEED    25   HIGHEST WIND DIRECTION     W (250)
  HIGHEST GUST SPEED    32   HIGHEST GUST DIRECTION    SW (240)
  AVERAGE WIND SPEED     4.7


SKY COVER
  POSSIBLE SUNSHINE  MM
  AVERAGE SKY COVER 0.9


WEATHER CONDITIONS
 THE FOLLOWING WEATHER WAS RECORDED TODAY.
  HEAVY RAIN
  RAIN
  LIGHT RAIN
  FOG
  HAZE


RELATIVE HUMIDITY (PERCENT)
 HIGHEST   100          1100 AM
 LOWEST     74           400 PM

..........................................................


THE TAMPA CLIMATE NORMALS FOR TOMORROW
                         NORMAL    RECORD    YEAR
 MAXIMUM TEMPERATURE (F)   89        95      2005
                                             1990
                                             1960
 MINIMUM TEMPERATURE (F)   74        62      1981


SUNRISE AND SUNSET
SEPTEMBER 17 2014.....SUNRISE   716 AM EDT   SUNSET   732 PM EDT
SEPTEMBER 18 2014.....SUNRISE   717 AM EDT   SUNSET   731 PM EDT


-  INDICATES NEGATIVE NUMBERS.
R  INDICATES RECORD WAS SET OR TIED.
MM INDICATES DATA IS MISSING.
T  INDICATES TRACE AMOUNT.




$$


&&
------------------------------------------------------------------
******************** SUPPLEMENTAL DATA ***************************

...RUSKIN                HIGH 79    LOW 72    PCPN 1.76
...SARASOTA/BRADENTON    HIGH 82    LOW 74    PCPN MM
...LAKELAND              HIGH 77    LOW 72    PCPN 0.88
...ST. PETERSBURG        HIGH 82    LOW 74    PCPN 2.56
...GULF WATER TEMPERATURE AT CLEARWATER BEACH 84
