000
CDUS45 KLKN 140934
CLITPH


CLIMATE REPORT
NATIONAL WEATHER SERVICE ELKO NV
132 AM PST THU DEC 14 2017


...................................

...THE TONOPAH AIRPORT NV CLIMATE SUMMARY FOR DECEMBER 13 2017...

CLIMATE NORMAL PERIOD 1981 TO 2010
CLIMATE RECORD PERIOD 1954 TO 2017


WEATHER ITEM   OBSERVED TIME   RECORD YEAR NORMAL DEPARTURE LAST
                VALUE   (LST)  VALUE       VALUE  FROM      YEAR
                                                  NORMAL
..................................................................
TEMPERATURE (F)
 YESTERDAY
  MAXIMUM         57    315 PM  62    1988  44     13       55
  MINIMUM         15    530 AM   5    1967  19     -4       27
  AVERAGE         36                        32      4       41

PRECIPITATION (IN)
  YESTERDAY        0.00          0.17 1994   0.00   0.00     0.00
  MONTH TO DATE    0.00                      0.13  -0.13      T
  SINCE OCT 1      0.01                      0.91  -0.90     0.20
  SINCE JAN 1      3.52                      5.06  -1.54     3.77

DEGREE DAYS
 HEATING
  YESTERDAY       29                        33     -4       24
  MONTH TO DATE  379                       419    -40      386
  SINCE DEC 1    379                       419    -40      386
  SINCE JUL 1   1455                      1636   -181     1403

 COOLING
  YESTERDAY        0                         0      0        0
  MONTH TO DATE    0                         0      0        0
  SINCE DEC 1      0                         0      0        0
  SINCE JAN 1   1222                       783    439     1022
..................................................................


WIND (MPH)
  HIGHEST WIND SPEED    22   HIGHEST WIND DIRECTION     N (340)
  HIGHEST GUST SPEED    27   HIGHEST GUST DIRECTION     N (340)
  AVERAGE WIND SPEED     8.0



WEATHER CONDITIONS
 THE FOLLOWING WEATHER WAS RECORDED YESTERDAY.
  NO SIGNIFICANT WEATHER WAS OBSERVED.


RELATIVE HUMIDITY (PERCENT)
 HIGHEST    33           500 AM
 LOWEST      7           400 PM
 AVERAGE    20

..........................................................


THE TONOPAH AIRPORT NV CLIMATE NORMALS FOR TODAY
                         NORMAL    RECORD    YEAR
 MAXIMUM TEMPERATURE (F)   44        59      1980
 MINIMUM TEMPERATURE (F)   19         3      1972


SUNRISE AND SUNSET
DECEMBER 14 2017......SUNRISE   657 AM PST   SUNSET   430 PM PST
DECEMBER 15 2017......SUNRISE   657 AM PST   SUNSET   430 PM PST


-  INDICATES NEGATIVE NUMBERS.
R  INDICATES RECORD WAS SET OR TIED.
MM INDICATES DATA IS MISSING.
T  INDICATES TRACE AMOUNT.




$$
