918
CDUS45 KLKN 141231
CLITPH


CLIMATE REPORT
NATIONAL WEATHER SERVICE ELKO NV
431 AM PST SUN FEB 14 2016


...................................

...THE TONOPAH AIRPORT NV CLIMATE SUMMARY FOR FEBRUARY 13 2016...

CLIMATE NORMAL PERIOD 1981 TO 2010
CLIMATE RECORD PERIOD 1954 TO 2016


WEATHER ITEM   OBSERVED TIME   RECORD YEAR NORMAL DEPARTURE LAST
                VALUE   (LST)  VALUE       VALUE  FROM      YEAR
                                                  NORMAL
..................................................................
TEMPERATURE (F)
 YESTERDAY
  MAXIMUM         62    341 PM  71    2015  49     13       71
  MINIMUM         32    641 AM   0    1959  24      8       32
  AVERAGE         47                        36     11       52

PRECIPITATION (IN)
  YESTERDAY        0.00          0.22 1987   0.02  -0.02     0.00
  MONTH TO DATE    T                         0.22  -0.22     0.00
  SINCE OCT 1      4.35                      1.80   2.55     0.65
  SINCE JAN 1      0.97                      0.71   0.26     0.17

DEGREE DAYS
 HEATING
  YESTERDAY       18                        29    -11       13
  MONTH TO DATE  474                       387     87      238
  SINCE DEC 1   2546                      2421    125     1894
  SINCE JUL 1   3620                      3638    -18     2807

 COOLING
  YESTERDAY        0                         0      0        0
  MONTH TO DATE    0                         0      0        0
  SINCE DEC 1      0                         0      0        0
  SINCE JAN 1      0                         0      0        0
..................................................................


WIND (MPH)
  HIGHEST WIND SPEED    20   HIGHEST WIND DIRECTION     N (10)
  HIGHEST GUST SPEED    26   HIGHEST GUST DIRECTION     N (10)
  AVERAGE WIND SPEED     9.4



WEATHER CONDITIONS
 THE FOLLOWING WEATHER WAS RECORDED YESTERDAY.
  NO SIGNIFICANT WEATHER WAS OBSERVED.


RELATIVE HUMIDITY (PERCENT)
 HIGHEST    82           300 AM
 LOWEST     16           200 PM
 AVERAGE    49

..........................................................


THE TONOPAH AIRPORT NV CLIMATE NORMALS FOR TODAY
                         NORMAL    RECORD    YEAR
 MAXIMUM TEMPERATURE (F)   49        70      2015
 MINIMUM TEMPERATURE (F)   24         4      1959


SUNRISE AND SUNSET
FEBRUARY 14 2016......SUNRISE   640 AM PST   SUNSET   526 PM PST
FEBRUARY 15 2016......SUNRISE   639 AM PST   SUNSET   527 PM PST


-  INDICATES NEGATIVE NUMBERS.
R  INDICATES RECORD WAS SET OR TIED.
MM INDICATES DATA IS MISSING.
T  INDICATES TRACE AMOUNT.




$$
