000
CDUS45 KLKN 010034
CLITPH


CLIMATE REPORT
NATIONAL WEATHER SERVICE ELKO NV
529 PM PDT TUE MAY 31 2016


...................................

...THE TONOPAH AIRPORT NV CLIMATE SUMMARY FOR MAY 31 2016...
VALID TODAY AS OF 500 PM LOCAL TIME.

CLIMATE NORMAL PERIOD 1981 TO 2010
CLIMATE RECORD PERIOD 1954 TO 2016


WEATHER ITEM   OBSERVED TIME   RECORD YEAR NORMAL DEPARTURE LAST
                VALUE   (LST)  VALUE       VALUE  FROM      YEAR
                                                  NORMAL
..................................................................
TEMPERATURE (F)
 TODAY
  MAXIMUM         87    153 PM  93    1997  79      8       89
  MINIMUM         53    448 AM  28    1971  47      6       52
  AVERAGE         70                        63      7       71

PRECIPITATION (IN)
  TODAY            0.00          0.39 1967   0.02  -0.02     0.00
  MONTH TO DATE    0.32                      0.53  -0.21     1.24
  SINCE OCT 1      5.55                      3.62   1.93     2.29
  SINCE JAN 1      2.17                      2.53  -0.36     1.81

DEGREE DAYS
 HEATING
  TODAY            0                         4     -4        0
  MONTH TO DATE  232                       220     12      241
  SINCE MAR 1   1211                      1369   -158     1127
  SINCE JUL 1   5138                      5411   -273     4249

 COOLING
  TODAY            5                         2      3        6
  MONTH TO DATE    8                        26    -18       23
  SINCE MAR 1      8                        27    -19       23
  SINCE JAN 1      8                        27    -19       23
..................................................................


WIND (MPH)
  HIGHEST WIND SPEED    21   HIGHEST WIND DIRECTION     N (350)
  HIGHEST GUST SPEED    26   HIGHEST GUST DIRECTION     N (340)



WEATHER CONDITIONS
 THE FOLLOWING WEATHER WAS RECORDED TODAY.
  NO SIGNIFICANT WEATHER WAS OBSERVED.


RELATIVE HUMIDITY (PERCENT)
 HIGHEST    38           500 AM
 LOWEST      9           200 PM
 AVERAGE    24

..........................................................


THE TONOPAH AIRPORT NV CLIMATE NORMALS FOR TOMORROW
                         NORMAL    RECORD    YEAR
 MAXIMUM TEMPERATURE (F)   80        94      2001
 MINIMUM TEMPERATURE (F)   48        27      1971


SUNRISE AND SUNSET
MAY 31 2016...........SUNRISE   528 AM PDT   SUNSET   805 PM PDT
JUNE  1 2016..........SUNRISE   527 AM PDT   SUNSET   806 PM PDT


-  INDICATES NEGATIVE NUMBERS.
R  INDICATES RECORD WAS SET OR TIED.
MM INDICATES DATA IS MISSING.
T  INDICATES TRACE AMOUNT.




$$
