000
CDUS45 KLKN 210929
CLITPH


CLIMATE REPORT
NATIONAL WEATHER SERVICE ELKO NV
226 AM PDT MON AUG 21 2017


...................................

...THE TONOPAH AIRPORT NV CLIMATE SUMMARY FOR AUGUST 20 2017...

CLIMATE NORMAL PERIOD 1981 TO 2010
CLIMATE RECORD PERIOD 1954 TO 2017


WEATHER ITEM   OBSERVED TIME   RECORD YEAR NORMAL DEPARTURE LAST
                VALUE   (LST)  VALUE       VALUE  FROM      YEAR
                                                  NORMAL
..................................................................
TEMPERATURE (F)
 YESTERDAY
  MAXIMUM         91    220 PM  96    2016  89      2       96
                                      2015
  MINIMUM         57    419 AM  41    1990  55      2       61
  AVERAGE         74                        72      2       79

PRECIPITATION (IN)
  YESTERDAY        0.00          0.42 2004   0.02  -0.02     0.00
  MONTH TO DATE    0.19                      0.33  -0.14     0.00
  SINCE OCT 1      3.63                      4.68  -1.05     5.74
  SINCE JAN 1      3.10                      3.59  -0.49     2.36

DEGREE DAYS
 HEATING
  YESTERDAY        0                         0      0        0
  MONTH TO DATE    0                         0      0        0
  SINCE JUN 1     31                        52    -21       10
  SINCE JUL 1      0                         2     -2        0

 COOLING
  YESTERDAY        9                         7      2       14
  MONTH TO DATE  232                       172     60      213
  SINCE JUN 1    957                       620    337      862
  SINCE JAN 1    990                       647    343      870
..................................................................


WIND (MPH)
  HIGHEST WIND SPEED    21   HIGHEST WIND DIRECTION     S (190)
  HIGHEST GUST SPEED    29   HIGHEST GUST DIRECTION    SW (210)
  AVERAGE WIND SPEED     8.5



WEATHER CONDITIONS
 THE FOLLOWING WEATHER WAS RECORDED YESTERDAY.
  NO SIGNIFICANT WEATHER WAS OBSERVED.


RELATIVE HUMIDITY (PERCENT)
 HIGHEST    40           500 AM
 LOWEST     13           600 PM
 AVERAGE    27

..........................................................


THE TONOPAH AIRPORT NV CLIMATE NORMALS FOR TODAY
                         NORMAL    RECORD    YEAR
 MAXIMUM TEMPERATURE (F)   89        96      2009
 MINIMUM TEMPERATURE (F)   55        38      1959


SUNRISE AND SUNSET
AUGUST 21 2017........SUNRISE   609 AM PDT   SUNSET   733 PM PDT
AUGUST 22 2017........SUNRISE   610 AM PDT   SUNSET   732 PM PDT


-  INDICATES NEGATIVE NUMBERS.
R  INDICATES RECORD WAS SET OR TIED.
MM INDICATES DATA IS MISSING.
T  INDICATES TRACE AMOUNT.




$$
