731
CDUS45 KLKN 270941
CLITPH


CLIMATE REPORT
NATIONAL WEATHER SERVICE ELKO NV
139 AM PST MON FEB 27 2017


...................................

...THE TONOPAH AIRPORT NV CLIMATE SUMMARY FOR FEBRUARY 26 2017...

CLIMATE NORMAL PERIOD 1981 TO 2010
CLIMATE RECORD PERIOD 1954 TO 2017


WEATHER ITEM   OBSERVED TIME   RECORD YEAR NORMAL DEPARTURE LAST
                VALUE   (LST)  VALUE       VALUE  FROM      YEAR
                                                  NORMAL
..................................................................
TEMPERATURE (F)
 YESTERDAY
  MAXIMUM         45    330 PM  73    1986  52     -7       68
  MINIMUM         21    648 AM   6    1962  26     -5       32
  AVERAGE         33                        39     -6       50

PRECIPITATION (IN)
  YESTERDAY        0.00          0.33 2004   0.02  -0.02     0.00
  MONTH TO DATE    0.61                      0.48   0.13     0.10
  SINCE OCT 1      1.50                      2.06  -0.56     4.45
  SINCE JAN 1      0.97                      0.97   0.00     1.07

DEGREE DAYS
 HEATING
  YESTERDAY       32                        26      6       15
  MONTH TO DATE  647                       739    -92      736
  SINCE DEC 1   2781                      2773      8     2808
  SINCE JUL 1   3798                      3990   -192     3882

 COOLING
  YESTERDAY        0                         0      0        0
  MONTH TO DATE    0                         0      0        0
  SINCE DEC 1      0                         0      0        0
  SINCE JAN 1      0                         0      0        0
..................................................................


WIND (MPH)
  HIGHEST WIND SPEED    21   HIGHEST WIND DIRECTION     S (190)
  HIGHEST GUST SPEED    26   HIGHEST GUST DIRECTION    SW (210)
  AVERAGE WIND SPEED     9.9



WEATHER CONDITIONS
 THE FOLLOWING WEATHER WAS RECORDED YESTERDAY.
  NO SIGNIFICANT WEATHER WAS OBSERVED.


RELATIVE HUMIDITY (PERCENT)
 HIGHEST    84           600 AM
 LOWEST     31           200 PM
 AVERAGE    58

..........................................................


THE TONOPAH AIRPORT NV CLIMATE NORMALS FOR TODAY
                         NORMAL    RECORD    YEAR
 MAXIMUM TEMPERATURE (F)   52        74      1986
 MINIMUM TEMPERATURE (F)   27         1      1962


SUNRISE AND SUNSET
FEBRUARY 27 2017......SUNRISE   622 AM PST   SUNSET   540 PM PST
FEBRUARY 28 2017......SUNRISE   621 AM PST   SUNSET   541 PM PST


-  INDICATES NEGATIVE NUMBERS.
R  INDICATES RECORD WAS SET OR TIED.
MM INDICATES DATA IS MISSING.
T  INDICATES TRACE AMOUNT.




$$
