000
CDUS45 KLKN 300944
CLITPH


CLIMATE REPORT
NATIONAL WEATHER SERVICE ELKO NV
228 AM PDT SUN AUG 30 2015


...................................

...THE TONOPAH AIRPORT NV CLIMATE SUMMARY FOR AUGUST 29 2015...

CLIMATE NORMAL PERIOD 1981 TO 2010
CLIMATE RECORD PERIOD 1954 TO 2015


WEATHER ITEM   OBSERVED TIME   RECORD YEAR NORMAL DEPARTURE LAST
                VALUE   (LST)  VALUE       VALUE  FROM      YEAR
                                                  NORMAL
..................................................................
TEMPERATURE (F)
 YESTERDAY
  MAXIMUM         95    209 PM  97    1998  87      8       92
  MINIMUM         61    245 AM  41    1957  53      8       56
  AVERAGE         78                        70      8       74

PRECIPITATION (IN)
  YESTERDAY        0.00          0.36 2000   0.02  -0.02     0.00
  MONTH TO DATE    0.22                      0.48  -0.26     0.77
  SINCE OCT 1      2.88                      4.83  -1.95     3.48
  SINCE JAN 1      2.40                      3.74  -1.34     3.02

DEGREE DAYS
 HEATING
  YESTERDAY        0                         0      0        0
  MONTH TO DATE    0                         0      0        0
  SINCE JUN 1      6                        52    -46       15
  SINCE JUL 1      0                         2     -2        0

 COOLING
  YESTERDAY       13                         5      8        9
  MONTH TO DATE  306                       228     78      191
  SINCE JUN 1    866                       676    190      809
  SINCE JAN 1    889                       703    186      843
..................................................................


WIND (MPH)
  HIGHEST WIND SPEED    32   HIGHEST WIND DIRECTION    SW (210)
  HIGHEST GUST SPEED    41   HIGHEST GUST DIRECTION     S (190)
  AVERAGE WIND SPEED    13.8



WEATHER CONDITIONS
 THE FOLLOWING WEATHER WAS RECORDED YESTERDAY.
  HAZE


RELATIVE HUMIDITY (PERCENT)
 HIGHEST    40           500 AM
 LOWEST      8           200 PM
 AVERAGE    24

..........................................................


THE TONOPAH AIRPORT NV CLIMATE NORMALS FOR TODAY
                         NORMAL    RECORD    YEAR
 MAXIMUM TEMPERATURE (F)   87        98      1998
                                             1996
 MINIMUM TEMPERATURE (F)   53        37      1957


SUNRISE AND SUNSET
AUGUST 30 2015........SUNRISE   616 AM PDT   SUNSET   721 PM PDT
AUGUST 31 2015........SUNRISE   617 AM PDT   SUNSET   720 PM PDT


-  INDICATES NEGATIVE NUMBERS.
R  INDICATES RECORD WAS SET OR TIED.
MM INDICATES DATA IS MISSING.
T  INDICATES TRACE AMOUNT.




$$
