000
CDUS45 KLKN 290940
CLITPH


CLIMATE REPORT
NATIONAL WEATHER SERVICE ELKO NV
239 AM PDT TUE JUL 29 2014


...................................

...THE TONOPAH AIRPORT NV CLIMATE SUMMARY FOR JULY 28 2014...

CLIMATE NORMAL PERIOD 1981 TO 2010
CLIMATE RECORD PERIOD 1954 TO 2014


WEATHER ITEM   OBSERVED TIME   RECORD YEAR NORMAL DEPARTURE LAST
                VALUE   (LST)  VALUE       VALUE  FROM      YEAR
                                                  NORMAL
..................................................................
TEMPERATURE (F)
 YESTERDAY
  MAXIMUM         80    302 PM 100    1995  92    -12       88
  MINIMUM         62   1120 PM  47    1965  58      4       56
  AVERAGE         71                        75     -4       72

PRECIPITATION (IN)
  YESTERDAY        0.04          0.70 1984   0.02   0.02      T
  MONTH TO DATE    1.12                      0.39   0.73     0.89
  SINCE OCT 1      2.50                      4.29  -1.79     3.06
  SINCE JAN 1      2.04                      3.20  -1.16     1.84

DEGREE DAYS
 HEATING
  YESTERDAY        0                         0      0        0
  MONTH TO DATE    0                         0      0        0
  SINCE JUN 1     15                        50    -35        3
  SINCE JUL 1      0                         0      0        0

 COOLING
  YESTERDAY        6                        10     -4        7
  MONTH TO DATE  371                       268    103      370
  SINCE JUN 1    587                       413    174      622
  SINCE JAN 1    621                       440    181      645
..................................................................


WIND (MPH)
  HIGHEST WIND SPEED    26   HIGHEST WIND DIRECTION     N (10)
  HIGHEST GUST SPEED    32   HIGHEST GUST DIRECTION     N (10)
  AVERAGE WIND SPEED     8.2



WEATHER CONDITIONS
 THE FOLLOWING WEATHER WAS RECORDED YESTERDAY.
  LIGHT RAIN


RELATIVE HUMIDITY (PERCENT)
 HIGHEST    73           700 PM
 LOWEST     33           300 PM
 AVERAGE    53

..........................................................


THE TONOPAH AIRPORT NV CLIMATE NORMALS FOR TODAY
                         NORMAL    RECORD    YEAR
 MAXIMUM TEMPERATURE (F)   92       100      1991
 MINIMUM TEMPERATURE (F)   58        49      1983


SUNRISE AND SUNSET
JULY 29 2014..........SUNRISE   549 AM PDT   SUNSET   800 PM PDT
JULY 30 2014..........SUNRISE   550 AM PDT   SUNSET   759 PM PDT


-  INDICATES NEGATIVE NUMBERS.
R  INDICATES RECORD WAS SET OR TIED.
MM INDICATES DATA IS MISSING.
T  INDICATES TRACE AMOUNT.




$$
