000
CDUS44 KMRX 230908
CLITRI


CLIMATE REPORT
NATIONAL WEATHER SERVICE MORRISTOWN TN
408 AM EST MON JAN 23 2017


...................................

...THE TRI-CITIES      ASOS CLIMATE SUMMARY FOR JANUARY 22 2017...

CLIMATE NORMAL PERIOD 1981 TO 2010
CLIMATE RECORD PERIOD 1934 TO 2017


WEATHER ITEM   OBSERVED TIME   RECORD YEAR NORMAL DEPARTURE LAST
                VALUE   (LST)  VALUE       VALUE  FROM      YEAR
                                                  NORMAL
..................................................................
TEMPERATURE (F)
 YESTERDAY
  MAXIMUM         69    226 PM  73    1938  45     24       35
  MINIMUM         46   1244 AM -10    1970  25     21       25
  AVERAGE         58                        35     23       30

PRECIPITATION (IN)
  YESTERDAY        0.07          1.64 1954   0.11  -0.04     0.82
  MONTH TO DATE    1.89                      2.37  -0.48     2.44
  SINCE DEC 1      7.25                      5.74   1.51     7.71
  SINCE JAN 1      1.89                      2.37  -0.48     2.44

SNOWFALL (IN)
  YESTERDAY       MM                         0.2   MM        4.3
  MONTH TO DATE    3.7                       3.4    0.3      9.3
  SINCE DEC 1      3.7                       5.8   -2.1      9.3
  SINCE JUL 1      3.7                       6.1   -2.4      9.3
  SNOW DEPTH       0

DEGREE DAYS
 HEATING
  YESTERDAY        7                        30    -23       35
  MONTH TO DATE  414                       660   -246      718
  SINCE DEC 1   1192                      1503   -311     1161
  SINCE JUL 1   1811                      2389   -578     1804

 COOLING
  YESTERDAY        0                         0      0        0
  MONTH TO DATE    0                         0      0        0
  SINCE DEC 1      0                         0      0        0
  SINCE JAN 1      0                         0      0        0
..................................................................


WIND (MPH)
  HIGHEST WIND SPEED    16   HIGHEST WIND DIRECTION     E (70)
  HIGHEST GUST SPEED    22   HIGHEST GUST DIRECTION    SE (150)
  AVERAGE WIND SPEED     4.2


SKY COVER
  POSSIBLE SUNSHINE  MM
  AVERAGE SKY COVER 0.8


WEATHER CONDITIONS
 THE FOLLOWING WEATHER WAS RECORDED YESTERDAY.
  LIGHT RAIN
  FOG


RELATIVE HUMIDITY (PERCENT)
 HIGHEST    93          1200 AM
 LOWEST     51           200 PM
 AVERAGE    72

..........................................................


THE TRI-CITIES      ASOS CLIMATE NORMALS FOR TODAY
                         NORMAL    RECORD    YEAR
 MAXIMUM TEMPERATURE (F)   45        74      1938
 MINIMUM TEMPERATURE (F)   25         1      1963


SUNRISE AND SUNSET
JANUARY 23 2017.......SUNRISE   737 AM EST   SUNSET   546 PM EST
JANUARY 24 2017.......SUNRISE   736 AM EST   SUNSET   547 PM EST


-  INDICATES NEGATIVE NUMBERS.
R  INDICATES RECORD WAS SET OR TIED.
MM INDICATES DATA IS MISSING.
T  INDICATES TRACE AMOUNT.




$$
