180
CDUS44 KMRX 300828
CLITRI


CLIMATE REPORT
NATIONAL WEATHER SERVICE MORRISTOWN TN
428 AM EDT SAT APR 30 2016


...................................

...THE TRI-CITIES      ASOS CLIMATE SUMMARY FOR APRIL 29 2016...

CLIMATE NORMAL PERIOD 1981 TO 2010
CLIMATE RECORD PERIOD 1934 TO 2016


WEATHER ITEM   OBSERVED TIME   RECORD YEAR NORMAL DEPARTURE LAST
                VALUE   (LST)  VALUE       VALUE  FROM      YEAR
                                                  NORMAL
..................................................................
TEMPERATURE (F)
 YESTERDAY
  MAXIMUM         79    322 PM  86    1996  72      7       69
  MINIMUM         51    555 AM  30    1967  46      5       40
  AVERAGE         65                        59      6       55

PRECIPITATION (IN)
  YESTERDAY        0.00          1.25 2005   0.12  -0.12     0.00
  MONTH TO DATE    2.98                      3.22  -0.24     4.89
  SINCE MAR 1      3.92                      6.66  -2.74     8.79
  SINCE JAN 1     11.32                     13.48  -2.16    14.12

SNOWFALL (IN)
  YESTERDAY        0.0                       0.0    0.0      0.0
  MONTH TO DATE    0.0                       1.1   -1.1      0.0
  SINCE MAR 1      T                         2.5   -2.5       T
  SINCE JUL 1     18.4                      13.3    5.1     15.5
  SNOW DEPTH       0

DEGREE DAYS
 HEATING
  YESTERDAY        0                         7     -7       10
  MONTH TO DATE  245                       298    -53      198
  SINCE MAR 1    634                       866   -232      701
  SINCE JUL 1   3454                      4248   -794     4328

 COOLING
  YESTERDAY        0                         1     -1        0
  MONTH TO DATE   17                         8      9       10
  SINCE MAR 1     23                         9     14       10
  SINCE JAN 1     23                         9     14       10
..................................................................


WIND (MPH)
  HIGHEST WIND SPEED    15   HIGHEST WIND DIRECTION     W (260)
  HIGHEST GUST SPEED    20   HIGHEST GUST DIRECTION     W (270)
  AVERAGE WIND SPEED     3.6


SKY COVER
  POSSIBLE SUNSHINE  MM
  AVERAGE SKY COVER 0.5


WEATHER CONDITIONS
 THE FOLLOWING WEATHER WAS RECORDED YESTERDAY.
  FOG


RELATIVE HUMIDITY (PERCENT)
 HIGHEST    96           600 AM
 LOWEST     35           200 PM
 AVERAGE    66

..........................................................


THE TRI-CITIES      ASOS CLIMATE NORMALS FOR TODAY
                         NORMAL    RECORD    YEAR
 MAXIMUM TEMPERATURE (F)   72        89      1942
 MINIMUM TEMPERATURE (F)   47        30      2008


SUNRISE AND SUNSET
APRIL 30 2016.........SUNRISE   637 AM EDT   SUNSET   817 PM EDT
MAY  1 2016...........SUNRISE   636 AM EDT   SUNSET   818 PM EDT


-  INDICATES NEGATIVE NUMBERS.
R  INDICATES RECORD WAS SET OR TIED.
MM INDICATES DATA IS MISSING.
T  INDICATES TRACE AMOUNT.




$$
