000
CDUS44 KMRX 280912 RRA
CLITRI

CLIMATE REPORT
NATIONAL WEATHER SERVICE MORRISTOWN TN
409 AM EST WED JAN 28 2015


...................................

...THE TRI-CITIES      ASOS CLIMATE SUMMARY FOR JANUARY 27 2015...

CLIMATE NORMAL PERIOD 1981 TO 2010
CLIMATE RECORD PERIOD 1934 TO 2015


WEATHER ITEM   OBSERVED TIME   RECORD YEAR NORMAL DEPARTURE LAST
                VALUE   (LST)  VALUE       VALUE  FROM      YEAR
                                                  NORMAL
..................................................................
TEMPERATURE (F)
 YESTERDAY
  MAXIMUM         35    333 PM  67    1999  46    -11       46
  MINIMUM         26   1159 PM   0    1987  25      1       18
                                      1940
  AVERAGE         31                        36     -5       32

PRECIPITATION (IN)
  YESTERDAY        0.00          1.85 1998   0.11  -0.11      T
  MONTH TO DATE    2.24                      2.92  -0.68     1.69
  SINCE DEC 1      5.27                      6.29  -1.02     8.03
  SINCE JAN 1      2.24                      2.92  -0.68     1.69

SNOWFALL (IN)
  YESTERDAY        0.0                       0.1   -0.1      0.0
  MONTH TO DATE    0.3                       4.1   -3.8      2.1
  SINCE DEC 1      0.3                       6.5   -6.2      2.1
  SINCE JUL 1      1.5                       6.8   -5.3      3.5
  SNOW DEPTH       0

DEGREE DAYS
 HEATING
  YESTERDAY       34                        29      5       33
  MONTH TO DATE  787                       809    -22      936
  SINCE DEC 1   1518                      1652   -134     1676
  SINCE JUL 1   2501                      2538    -37     2567

 COOLING
  YESTERDAY        0                         0      0        0
  MONTH TO DATE    0                         0      0        0
  SINCE DEC 1      0                         0      0        0
  SINCE JAN 1      0                         0      0        0
..................................................................


WIND (MPH)
  HIGHEST WIND SPEED    13   HIGHEST WIND DIRECTION    NW (310)
  HIGHEST GUST SPEED    10   HIGHEST GUST DIRECTION    NW (310)
  AVERAGE WIND SPEED     7.0


SKY COVER
  POSSIBLE SUNSHINE  MM
  AVERAGE SKY COVER 0.8


WEATHER CONDITIONS
 THE FOLLOWING WEATHER WAS RECORDED YESTERDAY.
  NO SIGNIFICANT WEATHER WAS OBSERVED.


RELATIVE HUMIDITY (PERCENT)
 HIGHEST    78           300 AM
 LOWEST     61           100 PM
 AVERAGE    70

..........................................................


THE TRI-CITIES      ASOS CLIMATE NORMALS FOR TODAY
                         NORMAL    RECORD    YEAR
 MAXIMUM TEMPERATURE (F)   46        70      1970
 MINIMUM TEMPERATURE (F)   25        -5      1986


SUNRISE AND SUNSET
JANUARY 28 2015.......SUNRISE   734 AM EST   SUNSET   551 PM EST
JANUARY 29 2015.......SUNRISE   734 AM EST   SUNSET   552 PM EST


-  INDICATES NEGATIVE NUMBERS.
R  INDICATES RECORD WAS SET OR TIED.
MM INDICATES DATA IS MISSING.
T  INDICATES TRACE AMOUNT.




$$
