000
CDUS44 KMRX 301236
CLITRI

CLIMATE REPORT
NATIONAL WEATHER SERVICE MORRISTOWN TN
836 AM EDT TUE SEP 30 2014


...................................

...THE TRI-CITIES CLIMATE SUMMARY FOR SEPTEMBER 29 2014...

CLIMATE NORMAL PERIOD 1981 TO 2010
CLIMATE RECORD PERIOD 1934 TO 2014


WEATHER ITEM   OBSERVED TIME   RECORD YEAR NORMAL DEPARTURE LAST
                VALUE   (LST)  VALUE       VALUE  FROM      YEAR
                                                  NORMAL
..................................................................
TEMPERATURE (F)
 YESTERDAY
  MAXIMUM         75    439 PM  90    1954  75      0       74
                                      1953
  MINIMUM         58   1151 PM  33    1942  50      8       50
  AVERAGE         67                        62      5       62

PRECIPITATION (IN)
  YESTERDAY        0.03          3.21 1944   0.08  -0.05     0.00
  MONTH TO DATE    1.42                      2.90  -1.48     1.85
  SINCE SEP 1      1.42                      2.90  -1.48     1.85
  SINCE JAN 1     26.46                     32.35  -5.89    46.72

SNOWFALL (IN)
  YESTERDAY        0.0                       0.0    0.0      0.0
  MONTH TO DATE    0.0                       0.0    0.0      0.0
  SINCE SEP 1      0.0                       0.0    0.0      0.0
  SINCE JUL 1      0.0                       0.0    0.0      0.0
  SNOW DEPTH       0

DEGREE DAYS
 HEATING
  YESTERDAY        0                         4     -4        3
  MONTH TO DATE   11                        45    -34       19
  SINCE SEP 1     11                        45    -34       19
  SINCE JUL 1     11                        46    -35       19

 COOLING
  YESTERDAY        2                         1      1        0
  MONTH TO DATE  172                       115     57      120
  SINCE SEP 1    172                       115     57      120
  SINCE JAN 1   1129                       967    162      978
..................................................................


WIND (MPH)
  HIGHEST WIND SPEED     7   HIGHEST WIND DIRECTION     S (160)
  HIGHEST GUST SPEED     9   HIGHEST GUST DIRECTION    SE (150)
  AVERAGE WIND SPEED     0.8


SKY COVER
  POSSIBLE SUNSHINE  MM
  AVERAGE SKY COVER  MM


WEATHER CONDITIONS
 THE FOLLOWING WEATHER WAS RECORDED YESTERDAY.
  LIGHT RAIN
  FOG


RELATIVE HUMIDITY (PERCENT)
 HIGHEST    93           800 AM
 LOWEST     53           400 PM
 AVERAGE    73

..........................................................


THE TRI-CITIES CLIMATE NORMALS FOR TODAY
                         NORMAL    RECORD    YEAR
 MAXIMUM TEMPERATURE (F)   74        90      1941
 MINIMUM TEMPERATURE (F)   49        34      1967


SUNRISE AND SUNSET
SEPTEMBER 30 2014.....SUNRISE   724 AM EDT   SUNSET   715 PM EDT
OCTOBER  1 2014.......SUNRISE   725 AM EDT   SUNSET   713 PM EDT


-  INDICATES NEGATIVE NUMBERS.
R  INDICATES RECORD WAS SET OR TIED.
MM INDICATES DATA IS MISSING.
T  INDICATES TRACE AMOUNT.


&&

THIS MORNINGS LOW TEMPERATURE WAS 53 DEGREES.
THERE HAS BEEN NO PRECIPITATION SINCE MIDNIGHT.

$$
