000
CDUS44 KMRX 310824
CLITRI

MEMCLITRI 000
TTAA00 KMRX 310822


CLIMATE REPORT
NATIONAL WEATHER SERVICE MORRISTOWN TN
422 AM EDT SUN AUG 31 2014


...................................

...THE TRI-CITIES CLIMATE SUMMARY FOR AUGUST 30 2014...

CLIMATE NORMAL PERIOD 1981 TO 2010
CLIMATE RECORD PERIOD 1934 TO 2014


WEATHER ITEM   OBSERVED TIME   RECORD YEAR NORMAL DEPARTURE LAST
                VALUE   (LST)  VALUE       VALUE  FROM      YEAR
                                                  NORMAL
..................................................................
TEMPERATURE (F)
 YESTERDAY
  MAXIMUM         92    214 PM  95    1953  84      8       90
  MINIMUM         64    600 AM  46    1986  61      3       65
  AVERAGE         78                        72      6       78

PRECIPITATION (IN)
  YESTERDAY        0.00          2.26 1940   0.10  -0.10     0.00
  MONTH TO DATE    3.60                      3.37   0.23     4.59
  SINCE JUN 1     12.43                     11.96   0.47    20.07
  SINCE JAN 1     24.43                     29.35  -4.92    44.76

SNOWFALL (IN)
  YESTERDAY        0.0                       0.0    0.0      0.0
  MONTH TO DATE    0.0                       0.0    0.0      0.0
  SINCE JUN 1      0.0                       0.0    0.0      0.0
  SINCE JUL 1      0.0                       0.0    0.0      0.0
  SNOW DEPTH       0

DEGREE DAYS
 HEATING
  YESTERDAY        0                         0      0        0
  MONTH TO DATE    0                         0      0        0
  SINCE JUN 1      0                        11    -11        0
  SINCE JUL 1      0                         0      0        0

 COOLING
  YESTERDAY       13                         7      6       13
  MONTH TO DATE  258                       264     -6      256
  SINCE JUN 1    812                       769     43      774
  SINCE JAN 1    946                       842    104      846
..................................................................


WIND (MPH)
  HIGHEST WIND SPEED     8   HIGHEST WIND DIRECTION    SE (150)
  HIGHEST GUST SPEED    12   HIGHEST GUST DIRECTION     S (160)
  AVERAGE WIND SPEED     2.1


SKY COVER
  POSSIBLE SUNSHINE  MM
  AVERAGE SKY COVER  MM


WEATHER CONDITIONS
 THE FOLLOWING WEATHER WAS RECORDED YESTERDAY.
  FOG


RELATIVE HUMIDITY (PERCENT)
 HIGHEST    93          1200 AM
 LOWEST     34           100 PM
 AVERAGE    64

..........................................................


THE TRI-CITIES CLIMATE NORMALS FOR TODAY
                         NORMAL    RECORD    YEAR
 MAXIMUM TEMPERATURE (F)   84        98      1953
 MINIMUM TEMPERATURE (F)   60        47      1946


SUNRISE AND SUNSET
AUGUST 31 2014........SUNRISE   700 AM EDT   SUNSET   759 PM EDT
SEPTEMBER  1 2014.....SUNRISE   701 AM EDT   SUNSET   758 PM EDT


-  INDICATES NEGATIVE NUMBERS.
R  INDICATES RECORD WAS SET OR TIED.
MM INDICATES DATA IS MISSING.
T  INDICATES TRACE AMOUNT.




$$
