000
CDUS44 KMRX 270940
CLITRI

CLIMATE REPORT
NATIONAL WEATHER SERVICE MORRISTOWN TN
436 AM EST FRI FEB 27 2015


...................................

...THE TRI-CITIES      ASOS CLIMATE SUMMARY FOR FEBRUARY 26 2015...

CLIMATE NORMAL PERIOD 1981 TO 2010
CLIMATE RECORD PERIOD 1934 TO 2015


WEATHER ITEM   OBSERVED TIME   RECORD YEAR NORMAL DEPARTURE LAST
                VALUE   (LST)  VALUE       VALUE  FROM      YEAR
                                                  NORMAL
..................................................................
TEMPERATURE (F)
 YESTERDAY
  MAXIMUM         35    554 PM  80    1977  53    -18       37
  MINIMUM         28   1154 PM   4    1967  30     -2       24
  AVERAGE         32                        42    -10       31

PRECIPITATION (IN)
  YESTERDAY        0.28          1.14 1958   0.11   0.17     0.00
  MONTH TO DATE    3.04                      3.21  -0.17     3.26
  SINCE DEC 1      8.35                      9.95  -1.60    11.40
  SINCE JAN 1      5.32                      6.58  -1.26     5.06

SNOWFALL (IN)
  YESTERDAY        2.6                       0.1    2.5      0.0
  MONTH TO DATE   14.0                       3.2   10.8      6.3
  SINCE DEC 1     14.3                      10.3    4.0     10.9
  SINCE JUL 1     15.5                      10.6    4.9     12.3
  SNOW DEPTH       6

DEGREE DAYS
 HEATING
  YESTERDAY       33                        23     10       34
  MONTH TO DATE  919                       682    237      674
  SINCE DEC 1   2571                      2450    121     2537
  SINCE JUL 1   3554                      3336    218     3428

 COOLING
  YESTERDAY        0                         0      0        0
  MONTH TO DATE    0                         0      0        0
  SINCE DEC 1      0                         0      0        0
  SINCE JAN 1      0                         0      0        0
..................................................................


WIND (MPH)
  HIGHEST WIND SPEED    10   HIGHEST WIND DIRECTION    SW (230)
  HIGHEST GUST SPEED    13   HIGHEST GUST DIRECTION    SW (240)
  AVERAGE WIND SPEED     4.6


SKY COVER
  POSSIBLE SUNSHINE  MM
  AVERAGE SKY COVER 0.9


WEATHER CONDITIONS
 THE FOLLOWING WEATHER WAS RECORDED YESTERDAY.
  LIGHT SNOW
  FOG


RELATIVE HUMIDITY (PERCENT)
 HIGHEST   100          1200 AM
 LOWEST     82          1000 AM
 AVERAGE    91

..........................................................


THE TRI-CITIES      ASOS CLIMATE NORMALS FOR TODAY
                         NORMAL    RECORD    YEAR
 MAXIMUM TEMPERATURE (F)   54        74      1996
 MINIMUM TEMPERATURE (F)   31         2      1963


SUNRISE AND SUNSET
FEBRUARY 27 2015......SUNRISE   703 AM EST   SUNSET   622 PM EST
FEBRUARY 28 2015......SUNRISE   702 AM EST   SUNSET   623 PM EST


-  INDICATES NEGATIVE NUMBERS.
R  INDICATES RECORD WAS SET OR TIED.
MM INDICATES DATA IS MISSING.
T  INDICATES TRACE AMOUNT.


$$
