447
CDUS46 KSGX 190018
CLITRM


CLIMATE REPORT
NATIONAL WEATHER SERVICE SAN DIEGO, CA
418 PM PST THU JAN 18 2018


...................................

...THE THERMAL AIRPORT CA CLIMATE SUMMARY FOR JANUARY 18 2018...
VALID TODAY AS OF 0400 PM LOCAL TIME.

CLIMATE NORMAL PERIOD 1981 TO 2010
CLIMATE RECORD PERIOD 1950 TO 2018


WEATHER ITEM   OBSERVED TIME   RECORD YEAR NORMAL DEPARTURE LAST
                VALUE   (LST)  VALUE       VALUE  FROM      YEAR
                                                  NORMAL
..................................................................
TEMPERATURE (F)
 TODAY
  MAXIMUM         80    123 PM  91    1971  72      8       67
  MINIMUM         44    645 AM  28    1987  38      6       36
  AVERAGE         62                        55      7       52

PRECIPITATION (IN)
  TODAY            0.00          1.13 1952   0.02  -0.02      T
  MONTH TO DATE    0.41                      0.41   0.00     0.63
  SINCE OCT 1      0.41                      1.22  -0.81     2.31
  SINCE JAN 1      0.41                      0.41   0.00     0.63

DEGREE DAYS
 HEATING
  TODAY            3                        10     -7       13
  MONTH TO DATE   62                       195   -133      181
  SINCE DEC 1    307                       566   -259      487
  SINCE JUL 1    324                       733   -409      605

 COOLING
  TODAY            0                         0      0        0
  MONTH TO DATE    0                         0      0        0
  SINCE DEC 1      0                         1     -1        2
  SINCE JAN 1      0                         0      0        0
..................................................................


WIND (MPH)
  RESULTANT WIND SPEED   0   RESULTANT WIND DIRECTION   E (110)
  HIGHEST WIND SPEED    10   HIGHEST WIND DIRECTION    SE (140)
  HIGHEST GUST SPEED    13   HIGHEST GUST DIRECTION    SE (140)
  AVERAGE WIND SPEED     3.5


SKY COVER
  POSSIBLE SUNSHINE  MM
  AVERAGE SKY COVER 0.0


WEATHER CONDITIONS
 THE FOLLOWING WEATHER WAS RECORDED TODAY.
  NO SIGNIFICANT WEATHER WAS OBSERVED.


RELATIVE HUMIDITY (PERCENT)
 HIGHEST    92           700 AM
 LOWEST     19           300 PM
 AVERAGE    56

..........................................................


THE THERMAL AIRPORT CA CLIMATE NORMALS FOR TOMORROW
                         NORMAL    RECORD    YEAR
 MAXIMUM TEMPERATURE (F)   72        92      1971
 MINIMUM TEMPERATURE (F)   38        26      2002


SUNRISE AND SUNSET
JANUARY 18 2018.......SUNRISE   648 AM PST   SUNSET   502 PM PST
JANUARY 19 2018.......SUNRISE   648 AM PST   SUNSET   503 PM PST


-  INDICATES NEGATIVE NUMBERS.
R  INDICATES RECORD WAS SET OR TIED.
MM INDICATES DATA IS MISSING.
T  INDICATES TRACE AMOUNT.




$$
