000
CDUS46 KSGX 241427
CLITRM


CLIMATE REPORT
NATIONAL WEATHER SERVICE SAN DIEGO, CA
726 AM PDT FRI MAR 24 2017


...................................

...THE THERMAL AIRPORT CA CLIMATE SUMMARY FOR MARCH 23 2017...

CLIMATE NORMAL PERIOD 1981 TO 2010
CLIMATE RECORD PERIOD 1950 TO 2017


WEATHER ITEM   OBSERVED TIME   RECORD YEAR NORMAL DEPARTURE LAST
                VALUE   (LST)  VALUE       VALUE  FROM      YEAR
                                                  NORMAL
..................................................................
TEMPERATURE (F)
 YESTERDAY
  MAXIMUM         80    340 PM  97    1956  83     -3       80
  MINIMUM         57    505 AM  41    1991  48      9       54
  AVERAGE         69                        65      4       67

PRECIPITATION (IN)
  YESTERDAY        0.00          0.03 1964   0.00   0.00     0.00
  MONTH TO DATE    0.00                      0.33  -0.33      T
  SINCE OCT 1      3.69                      2.47   1.22     1.63
  SINCE JAN 1      2.01                      1.66   0.35     1.20

DEGREE DAYS
 HEATING
  YESTERDAY        0                         2     -2        0
  MONTH TO DATE   33                        79    -46       16
  SINCE MAR 1     33                        79    -46       16
  SINCE JUL 1    898                      1144   -246     1041

 COOLING
  YESTERDAY        4                         3      1        2
  MONTH TO DATE  143                        38    105      110
  SINCE MAR 1    143                        38    105      110
  SINCE JAN 1    175                        50    125      175
..................................................................


WIND (MPH)
  RESULTANT WIND SPEED  10   RESULTANT WIND DIRECTION  NW (330)
  HIGHEST WIND SPEED    22   HIGHEST WIND DIRECTION    NW (330)
  HIGHEST GUST SPEED    30   HIGHEST GUST DIRECTION    NW (330)
  AVERAGE WIND SPEED    11.3


SKY COVER
  POSSIBLE SUNSHINE  MM
  AVERAGE SKY COVER 0.0


WEATHER CONDITIONS
 THE FOLLOWING WEATHER WAS RECORDED YESTERDAY.
  NO SIGNIFICANT WEATHER WAS OBSERVED.


RELATIVE HUMIDITY (PERCENT)
 HIGHEST    48          1200 AM
 LOWEST     17           200 PM
 AVERAGE    33

..........................................................


THE THERMAL AIRPORT CA CLIMATE NORMALS FOR TODAY
                         NORMAL    RECORD    YEAR
 MAXIMUM TEMPERATURE (F)   83        98      1988
 MINIMUM TEMPERATURE (F)   48        36      1995


SUNRISE AND SUNSET
MARCH 24 2017.........SUNRISE   643 AM PDT   SUNSET   700 PM PDT
MARCH 25 2017.........SUNRISE   641 AM PDT   SUNSET   700 PM PDT


-  INDICATES NEGATIVE NUMBERS.
R  INDICATES RECORD WAS SET OR TIED.
MM INDICATES DATA IS MISSING.
T  INDICATES TRACE AMOUNT.




$$
