000
CDUS46 KSGX 281421
CLITRM


CLIMATE REPORT
NATIONAL WEATHER SERVICE SAN DIEGO, CA
621 AM PST SAT FEB 28 2015


...................................

...THE THERMAL AIRPORT CA CLIMATE SUMMARY FOR FEBRUARY 27 2015...

CLIMATE NORMAL PERIOD 1981 TO 2010
CLIMATE RECORD PERIOD 1950 TO 2015


WEATHER ITEM   OBSERVED TIME   RECORD YEAR NORMAL DEPARTURE LAST
                VALUE   (LST)  VALUE       VALUE  FROM      YEAR
                                                  NORMAL
..................................................................
TEMPERATURE (F)
 YESTERDAY
  MAXIMUM         80    238 PM 100    1986  77      3       84
  MINIMUM         51    618 AM  27    1971  44      7       49
  AVERAGE         66                        61      5       67

PRECIPITATION (IN)
  YESTERDAY        0.00          0.06 1983   0.02  -0.02     0.00
  MONTH TO DATE    0.04                      0.64  -0.60     0.00
  SINCE OCT 1      0.46                      2.12  -1.66     0.08
  SINCE JAN 1      0.31                      1.31  -1.00      T

SNOWFALL (IN)
  YESTERDAY        0.0
  MONTH TO DATE    0.0
  SINCE JAN 1      0.0
  SINCE JUL 1      0.0
  SNOW DEPTH       0

DEGREE DAYS
 HEATING
  YESTERDAY        0                         5     -5        0
  MONTH TO DATE   44                       200   -156      116
  SINCE DEC 1    594                       893   -299      680
  SINCE JUL 1    703                      1060   -357      789

 COOLING
  YESTERDAY        1                         1      0        2
  MONTH TO DATE   22                         7     15        8
  SINCE DEC 1     25                        10     15        8
  SINCE JAN 1     22                         9     13        8
..................................................................


WIND (MPH)
  RESULTANT WIND SPEED  10   RESULTANT WIND DIRECTION  NW (330)
  HIGHEST WIND SPEED    24   HIGHEST WIND DIRECTION     N (350)
  HIGHEST GUST SPEED    30   HIGHEST GUST DIRECTION     N (350)
  AVERAGE WIND SPEED    10.7


SKY COVER
  POSSIBLE SUNSHINE  MM
  AVERAGE SKY COVER 0.0


WEATHER CONDITIONS
 THE FOLLOWING WEATHER WAS RECORDED YESTERDAY.
  HAZE


RELATIVE HUMIDITY (PERCENT)
 HIGHEST    61           700 AM
 LOWEST     23           200 PM
 AVERAGE    42

..........................................................


THE THERMAL AIRPORT CA CLIMATE NORMALS FOR TODAY
                         NORMAL    RECORD    YEAR
 MAXIMUM TEMPERATURE (F)   77        93      1986
 MINIMUM TEMPERATURE (F)   44        29      1962


SUNRISE AND SUNSET
FEBRUARY 28 2015......SUNRISE   614 AM PST   SUNSET   540 PM PST
MARCH  1 2015.........SUNRISE   613 AM PST   SUNSET   541 PM PST


-  INDICATES NEGATIVE NUMBERS.
R  INDICATES RECORD WAS SET OR TIED.
MM INDICATES DATA IS MISSING.
T  INDICATES TRACE AMOUNT.




$$
