000
CDUS46 KSGX 101531
CLITRM


CLIMATE REPORT
NATIONAL WEATHER SERVICE SAN DIEGO, CA
731 AM PST WED FEB 10 2016


...................................

...THE THERMAL AIRPORT CA CLIMATE SUMMARY FOR FEBRUARY 9 2016...

CLIMATE NORMAL PERIOD 1981 TO 2010
CLIMATE RECORD PERIOD 1950 TO 2016


WEATHER ITEM   OBSERVED TIME   RECORD YEAR NORMAL DEPARTURE LAST
                VALUE   (LST)  VALUE       VALUE  FROM      YEAR
                                                  NORMAL
..................................................................
TEMPERATURE (F)
 YESTERDAY
  MAXIMUM         91R   330 PM  91    1951  74     17       90
  MINIMUM         44    649 AM  29    2004  40      4       51
  AVERAGE         68                        57     11       71

PRECIPITATION (IN)
  YESTERDAY        0.00          0.52 1976   0.02  -0.02     0.00
  MONTH TO DATE    0.00                      0.18  -0.18     0.00
  SINCE OCT 1      1.63                      1.66  -0.03     0.42
  SINCE JAN 1      1.20                      0.85   0.35     0.27

DEGREE DAYS
 HEATING
  YESTERDAY        0                         8     -8        0
  MONTH TO DATE   83                        79      4       23
  SINCE DEC 1    807                       772     35      573
  SINCE JUL 1   1006                       939     67      682

 COOLING
  YESTERDAY        3                         0      3        6
  MONTH TO DATE    9                         0      9       11
  SINCE DEC 1      9                         3      6       14
  SINCE JAN 1      9                         2      7       11
..................................................................


WIND (MPH)
  RESULTANT WIND SPEED   3   RESULTANT WIND DIRECTION  NW (330)
  HIGHEST WIND SPEED     9   HIGHEST WIND DIRECTION     N (360)
  HIGHEST GUST SPEED    13   HIGHEST GUST DIRECTION     N (10)
  AVERAGE WIND SPEED     3.7


SKY COVER
  POSSIBLE SUNSHINE  MM
  AVERAGE SKY COVER 0.0


WEATHER CONDITIONS
 THE FOLLOWING WEATHER WAS RECORDED YESTERDAY.
  NO SIGNIFICANT WEATHER WAS OBSERVED.


RELATIVE HUMIDITY (PERCENT)
 HIGHEST    54          1100 PM
 LOWEST      8           100 PM
 AVERAGE    31

..........................................................


THE THERMAL AIRPORT CA CLIMATE NORMALS FOR TODAY
                         NORMAL    RECORD    YEAR
 MAXIMUM TEMPERATURE (F)   74        88      1951
 MINIMUM TEMPERATURE (F)   40        31      1997


SUNRISE AND SUNSET
FEBRUARY 10 2016......SUNRISE   634 AM PST   SUNSET   524 PM PST
FEBRUARY 11 2016......SUNRISE   633 AM PST   SUNSET   525 PM PST


-  INDICATES NEGATIVE NUMBERS.
R  INDICATES RECORD WAS SET OR TIED.
MM INDICATES DATA IS MISSING.
T  INDICATES TRACE AMOUNT.




$$
