000
CDUS46 KSGX 280030
CLITRM


CLIMATE REPORT
NATIONAL WEATHER SERVICE SAN DIEGO, CA
530 PM PDT WED JUL 27 2016


...................................

...THE THERMAL AIRPORT CA CLIMATE SUMMARY FOR JULY 27 2016...
VALID TODAY AS OF 0500 PM LOCAL TIME.

CLIMATE NORMAL PERIOD 1981 TO 2010
CLIMATE RECORD PERIOD 1950 TO 2016


WEATHER ITEM   OBSERVED TIME   RECORD YEAR NORMAL DEPARTURE LAST
                VALUE   (LST)  VALUE       VALUE  FROM      YEAR
                                                  NORMAL
..................................................................
TEMPERATURE (F)
 TODAY
  MAXIMUM        114    321 PM 123    1998 107      7      104
  MINIMUM         85    533 AM  62    2002  75     10       77
  AVERAGE        100                        91      9       91

PRECIPITATION (IN)
  TODAY            0.00          0.02 1984   0.01  -0.01     0.00
  MONTH TO DATE    0.00                      0.12  -0.12     0.84
  SINCE OCT 1      1.98                      2.75  -0.77     1.68
  SINCE JAN 1      1.55                      1.94  -0.39     1.53

DEGREE DAYS
 HEATING
  TODAY            0                         0      0        0
  MONTH TO DATE    0                         0      0        0
  SINCE JUN 1      0                         0      0        0
  SINCE JUL 1      0                         0      0        0

 COOLING
  TODAY           35                        26      9       26
  MONTH TO DATE  736                       685     51      690
  SINCE JUN 1   1497                      1293    204     1363
  SINCE JAN 1   2374                      1966    408     2117
..................................................................


WIND (MPH)
  RESULTANT WIND SPEED   2   RESULTANT WIND DIRECTION   E (110)
  HIGHEST WIND SPEED    12   HIGHEST WIND DIRECTION    SE (120)
  HIGHEST GUST SPEED    17   HIGHEST GUST DIRECTION    SE (120)
  AVERAGE WIND SPEED     6.0


SKY COVER
  POSSIBLE SUNSHINE  MM
  AVERAGE SKY COVER 0.0


WEATHER CONDITIONS
 THE FOLLOWING WEATHER WAS RECORDED TODAY.
  NO SIGNIFICANT WEATHER WAS OBSERVED.


RELATIVE HUMIDITY (PERCENT)
 HIGHEST    55           600 AM
 LOWEST     13           300 PM
 AVERAGE    34

..........................................................


THE THERMAL AIRPORT CA CLIMATE NORMALS FOR TOMORROW
                         NORMAL    RECORD    YEAR
 MAXIMUM TEMPERATURE (F)  107       126      1995
 MINIMUM TEMPERATURE (F)   75        63      2012
                                             1986


SUNRISE AND SUNSET
JULY 27 2016..........SUNRISE   554 AM PDT   SUNSET   748 PM PDT
JULY 28 2016..........SUNRISE   554 AM PDT   SUNSET   747 PM PDT


-  INDICATES NEGATIVE NUMBERS.
R  INDICATES RECORD WAS SET OR TIED.
MM INDICATES DATA IS MISSING.
T  INDICATES TRACE AMOUNT.




$$
