090
CDUS46 KSGX 161517
CLITRM


CLIMATE REPORT
NATIONAL WEATHER SERVICE SAN DIEGO, CA
717 AM PST MON JAN 16 2017


...................................

...THE THERMAL AIRPORT CA CLIMATE SUMMARY FOR JANUARY 15 2017...

CLIMATE NORMAL PERIOD 1981 TO 2010
CLIMATE RECORD PERIOD 1950 TO 2017


WEATHER ITEM   OBSERVED TIME   RECORD YEAR NORMAL DEPARTURE LAST
                VALUE   (LST)  VALUE       VALUE  FROM      YEAR
                                                  NORMAL
..................................................................
TEMPERATURE (F)
 YESTERDAY
  MAXIMUM         71    337 PM  87    1976  72     -1       71
  MINIMUM         44    645 AM  20    2007  38      6       39
  AVERAGE         58                        55      3       55

PRECIPITATION (IN)
  YESTERDAY        0.00          0.29 1993   0.02  -0.02     0.00
  MONTH TO DATE    0.63                      0.34   0.29     1.15
  SINCE OCT 1      2.31                      1.15   1.16     1.58
  SINCE JAN 1      0.63                      0.34   0.29     1.15

DEGREE DAYS
 HEATING
  YESTERDAY        7                        10     -3       10
  MONTH TO DATE  148                       165    -17      207
  SINCE DEC 1    454                       536    -82      603
  SINCE JUL 1    572                       703   -131      802

 COOLING
  YESTERDAY        0                         0      0        0
  MONTH TO DATE    0                         0      0        0
  SINCE DEC 1      2                         1      1        0
  SINCE JAN 1      0                         0      0        0
..................................................................


WIND (MPH)
  RESULTANT WIND SPEED   3   RESULTANT WIND DIRECTION   N (350)
  HIGHEST WIND SPEED     9   HIGHEST WIND DIRECTION     N (340)
  HIGHEST GUST SPEED    11   HIGHEST GUST DIRECTION     N (360)
  AVERAGE WIND SPEED     3.7


SKY COVER
  POSSIBLE SUNSHINE  MM
  AVERAGE SKY COVER 0.0


WEATHER CONDITIONS
 THE FOLLOWING WEATHER WAS RECORDED YESTERDAY.
  NO SIGNIFICANT WEATHER WAS OBSERVED.


RELATIVE HUMIDITY (PERCENT)
 HIGHEST    86          1200 AM
 LOWEST     35           300 PM
 AVERAGE    61

..........................................................


THE THERMAL AIRPORT CA CLIMATE NORMALS FOR TODAY
                         NORMAL    RECORD    YEAR
 MAXIMUM TEMPERATURE (F)   72        88      1976
 MINIMUM TEMPERATURE (F)   38        25      2013


SUNRISE AND SUNSET
JANUARY 16 2017.......SUNRISE   649 AM PST   SUNSET   501 PM PST
JANUARY 17 2017.......SUNRISE   648 AM PST   SUNSET   502 PM PST


-  INDICATES NEGATIVE NUMBERS.
R  INDICATES RECORD WAS SET OR TIED.
MM INDICATES DATA IS MISSING.
T  INDICATES TRACE AMOUNT.




$$
