000
CDUS46 KPQR 231146
CLITTD


CLIMATE REPORT
NATIONAL WEATHER SERVICE PORTLAND OREGON
345 AM PST MON JAN 23 2017


...................................

...THE TROUTDALE OR CLIMATE SUMMARY FOR JANUARY 22 2017...

CLIMATE NORMAL PERIOD 1981 TO 2010
CLIMATE RECORD PERIOD 1948 TO 2017


WEATHER ITEM   OBSERVED TIME   RECORD YEAR NORMAL DEPARTURE LAST
                VALUE   (LST)  VALUE       VALUE  FROM      YEAR
                                                  NORMAL
..................................................................
TEMPERATURE (F)
 YESTERDAY
  MAXIMUM         46    245 PM  64    1970  47     -1       59
  MINIMUM         39   1230 AM  18    1962  34      5       46
  AVERAGE         43                        40      3       53

PRECIPITATION (IN)
  YESTERDAY        0.07                      0.18  -0.11     0.20
  MONTH TO DATE    2.33                      4.61  -2.28     3.45
  SINCE OCT 1     23.42                     23.01   0.41    23.27
  SINCE JAN 1      2.33                      4.61  -2.28     3.45

DEGREE DAYS
 HEATING
  YESTERDAY       22                        24     -2       12
  MONTH TO DATE  730                       566    164      522

 COOLING
  YESTERDAY        0                         0      0        0
  MONTH TO DATE    0                         0      0        0
..................................................................


WIND (MPH)
  HIGHEST WIND SPEED    29   HIGHEST WIND DIRECTION     E (90)
  HIGHEST GUST SPEED    37   HIGHEST GUST DIRECTION     E (90)
  AVERAGE WIND SPEED    17.1


SKY COVER
  POSSIBLE SUNSHINE  MM
  AVERAGE SKY COVER 0.6


WEATHER CONDITIONS
 THE FOLLOWING WEATHER WAS RECORDED YESTERDAY.
  LIGHT RAIN


RELATIVE HUMIDITY (PERCENT)
 HIGHEST    86          1000 AM
 LOWEST     70           300 PM
 AVERAGE    78

..........................................................


THE TROUTDALE OR CLIMATE NORMALS FOR TODAY
                         NORMAL    RECORD    YEAR
 MAXIMUM TEMPERATURE (F)   47        62      1953
 MINIMUM TEMPERATURE (F)   35        17      1962


SUNRISE AND SUNSET
JANUARY 23 2017.......SUNRISE   740 AM PST   SUNSET   504 PM PST
JANUARY 24 2017.......SUNRISE   739 AM PST   SUNSET   505 PM PST


-  INDICATES NEGATIVE NUMBERS.
R  INDICATES RECORD WAS SET OR TIED.
MM INDICATES DATA IS MISSING.
T  INDICATES TRACE AMOUNT.




$$
