000
CDUS46 KPQR 141216
CLITTD


CLIMATE REPORT
NATIONAL WEATHER SERVICE PORTLAND OREGON
415 AM PST THU DEC 14 2017


...................................

...THE TROUTDALE OR CLIMATE SUMMARY FOR DECEMBER 13 2017...

CLIMATE NORMAL PERIOD 1981 TO 2010
CLIMATE RECORD PERIOD 1948 TO 2017


WEATHER ITEM   OBSERVED TIME   RECORD YEAR NORMAL DEPARTURE LAST
                VALUE   (LST)  VALUE       VALUE  FROM      YEAR
                                                  NORMAL
..................................................................
TEMPERATURE (F)
 YESTERDAY
  MAXIMUM         42   1246 PM  63    1977  45     -3       40
  MINIMUM         36    751 AM  19    1972  33      3       34
  AVERAGE         39                        39      0       37

PRECIPITATION (IN)
  YESTERDAY        T                         0.23  -0.23     0.00
  MONTH TO DATE    0.46                      2.94  -2.48     1.36
  SINCE OCT 1     11.77                     14.17  -2.40    19.32
  SINCE JAN 1     42.15                     42.74  -0.59    41.83

DEGREE DAYS
 HEATING
  YESTERDAY       26                        26      0       28
  MONTH TO DATE  298                       325    -27      329

 COOLING
  YESTERDAY        0                         0      0        0
  MONTH TO DATE    0                         0      0        0
..................................................................


WIND (MPH)
  HIGHEST WIND SPEED    38   HIGHEST WIND DIRECTION     E (90)
  HIGHEST GUST SPEED    49   HIGHEST GUST DIRECTION     E (90)
  AVERAGE WIND SPEED    24.5


SKY COVER
  POSSIBLE SUNSHINE  MM
  AVERAGE SKY COVER 0.0


WEATHER CONDITIONS
 THE FOLLOWING WEATHER WAS RECORDED YESTERDAY.
  NO SIGNIFICANT WEATHER WAS OBSERVED.


RELATIVE HUMIDITY (PERCENT)
 HIGHEST    70           500 PM
 LOWEST     55           200 PM
 AVERAGE    63

..........................................................


THE TROUTDALE OR CLIMATE NORMALS FOR TODAY
                         NORMAL    RECORD    YEAR
 MAXIMUM TEMPERATURE (F)   44        62      2002
 MINIMUM TEMPERATURE (F)   33        19      1972


SUNRISE AND SUNSET
DECEMBER 14 2017......SUNRISE   743 AM PST   SUNSET   426 PM PST
DECEMBER 15 2017......SUNRISE   743 AM PST   SUNSET   427 PM PST


-  INDICATES NEGATIVE NUMBERS.
R  INDICATES RECORD WAS SET OR TIED.
MM INDICATES DATA IS MISSING.
T  INDICATES TRACE AMOUNT.




$$
