000
CDUS46 KPQR 251245
CLITTD


CLIMATE REPORT
NATIONAL WEATHER SERVICE PORTLAND OREGON
444 AM PST TUE NOV 25 2014


...................................

...THE TROUTDALE OR CLIMATE SUMMARY FOR NOVEMBER 24 2014...

CLIMATE NORMAL PERIOD 1981 TO 2010
CLIMATE RECORD PERIOD 9999 TO 9999


WEATHER ITEM   OBSERVED TIME   NORMAL DEPARTURE LAST
                VALUE   (LST)  VALUE  FROM      YEAR
                                      NORMAL
......................................................
TEMPERATURE (F)
 YESTERDAY
  MAXIMUM         53   1113 PM  50      3       48
  MINIMUM         46    403 AM  37      9       38
  AVERAGE         50            43      7       43

PRECIPITATION (IN)
  YESTERDAY        0.10          0.24  -0.14     0.00
  MONTH TO DATE    2.78          5.82  -3.04     3.41
  SINCE OCT 1      9.72          9.77  -0.05     5.02
  SINCE JAN 1     32.42         38.34  -5.92    25.94

DEGREE DAYS
 HEATING
  YESTERDAY       15            22     -7       22
  MONTH TO DATE  464           446     18      404

 COOLING
  YESTERDAY        0             0      0        0
  MONTH TO DATE    0             0      0        0
......................................................


WIND (MPH)
  HIGHEST WIND SPEED    14   HIGHEST WIND DIRECTION     E (100)
  HIGHEST GUST SPEED    24   HIGHEST GUST DIRECTION     E (110)
  AVERAGE WIND SPEED     4.5


SKY COVER
  POSSIBLE SUNSHINE  MM
  AVERAGE SKY COVER 0.9


WEATHER CONDITIONS
 THE FOLLOWING WEATHER WAS RECORDED YESTERDAY.
  LIGHT RAIN
  FOG


RELATIVE HUMIDITY (PERCENT)
 HIGHEST    93          1200 AM
 LOWEST     77          1200 PM
 AVERAGE    85

..........................................................


THE TROUTDALE OR CLIMATE NORMALS FOR TODAY
                         NORMAL    RECORD    YEAR
 MAXIMUM TEMPERATURE (F)   49        64      1990
 MINIMUM TEMPERATURE (F)   37        12      1985


SUNRISE AND SUNSET
NOVEMBER 25 2014......SUNRISE   722 AM PST   SUNSET   431 PM PST
NOVEMBER 26 2014......SUNRISE   724 AM PST   SUNSET   430 PM PST


-  INDICATES NEGATIVE NUMBERS.
R  INDICATES RECORD WAS SET OR TIED.
MM INDICATES DATA IS MISSING.
T  INDICATES TRACE AMOUNT.




$$
