000
CDUS46 KPQR 240231
CLITTD


CLIMATE REPORT
NATIONAL WEATHER SERVICE PORTLAND OREGON
731 PM PDT WED AUG 23 2017


...................................

...THE TROUTDALE OR CLIMATE SUMMARY FOR AUGUST 23 2017...
VALID TODAY AS OF 0700 PM LOCAL TIME.

CLIMATE NORMAL PERIOD 1981 TO 2010
CLIMATE RECORD PERIOD 1948 TO 2017


WEATHER ITEM   OBSERVED TIME   RECORD YEAR NORMAL DEPARTURE LAST
                VALUE   (LST)  VALUE       VALUE  FROM      YEAR
                                                  NORMAL
..................................................................
TEMPERATURE (F)
 TODAY
  MAXIMUM         82    444 PM 100    1988  81      1       86
  MINIMUM         61    326 AM  45    1955  53      8       49
                                      1973
  AVERAGE         72                        67      5       68

PRECIPITATION (IN)
  TODAY            0.00                      0.03  -0.03     0.00
  MONTH TO DATE    0.21                      0.52  -0.31     0.07
  SINCE OCT 1     48.41                     44.78   3.63    40.12
  SINCE JAN 1     27.32                     26.38   0.94    20.30

DEGREE DAYS
 HEATING
  TODAY            0                         1     -1        0
  MONTH TO DATE    3                        23    -20        4

 COOLING
  TODAY            7                         3      4        3
  MONTH TO DATE  196                        98     98      153
..................................................................


WIND (MPH)
  HIGHEST WIND SPEED     6   HIGHEST WIND DIRECTION     N (20)
  HIGHEST GUST SPEED     9   HIGHEST GUST DIRECTION    NW (310)
  AVERAGE WIND SPEED     2.2


SKY COVER
  POSSIBLE SUNSHINE  MM
  AVERAGE SKY COVER 0.4


WEATHER CONDITIONS
 THE FOLLOWING WEATHER WAS RECORDED TODAY.
  NO SIGNIFICANT WEATHER WAS OBSERVED.


RELATIVE HUMIDITY (PERCENT)
 HIGHEST    90           200 AM
 LOWEST     52           400 PM
 AVERAGE    71

..........................................................


THE TROUTDALE OR CLIMATE NORMALS FOR TOMORROW
                         NORMAL    RECORD    YEAR
 MAXIMUM TEMPERATURE (F)   81        98      1958
 MINIMUM TEMPERATURE (F)   53        43      1951


SUNRISE AND SUNSET
AUGUST 23 2017........SUNRISE   620 AM PDT   SUNSET   803 PM PDT
AUGUST 24 2017........SUNRISE   622 AM PDT   SUNSET   801 PM PDT


-  INDICATES NEGATIVE NUMBERS.
R  INDICATES RECORD WAS SET OR TIED.
MM INDICATES DATA IS MISSING.
T  INDICATES TRACE AMOUNT.




$$
