000
CDUS46 KPQR 201241
CLITTD


CLIMATE REPORT
NATIONAL WEATHER SERVICE PORTLAND OREGON
440 AM PST THU NOV 20 2014


...................................

...THE TROUTDALE OR CLIMATE SUMMARY FOR NOVEMBER 19 2014...

CLIMATE NORMAL PERIOD 1981 TO 2010
CLIMATE RECORD PERIOD 9999 TO 9999


WEATHER ITEM   OBSERVED TIME   NORMAL DEPARTURE LAST
                VALUE   (LST)  VALUE  FROM      YEAR
                                      NORMAL
......................................................
TEMPERATURE (F)
 YESTERDAY
  MAXIMUM         42    127 PM  51     -9       55
  MINIMUM         36   1147 PM  38     -2       38
  AVERAGE         39            45     -6       47

PRECIPITATION (IN)
  YESTERDAY        0.01          0.26  -0.25     0.29
  MONTH TO DATE    1.35          4.60  -3.25     3.41
  SINCE OCT 1      8.29          8.55  -0.26     5.02
  SINCE JAN 1     30.99         37.12  -6.13    25.94

DEGREE DAYS
 HEATING
  YESTERDAY       26            20      6       18
  MONTH TO DATE  376           340     36      280

 COOLING
  YESTERDAY        0             0      0        0
  MONTH TO DATE    0             0      0        0
......................................................


WIND (MPH)
  HIGHEST WIND SPEED    36   HIGHEST WIND DIRECTION     E (90)
  HIGHEST GUST SPEED    45   HIGHEST GUST DIRECTION     E (90)
  AVERAGE WIND SPEED    28.1


SKY COVER
  POSSIBLE SUNSHINE  MM
  AVERAGE SKY COVER 0.4


WEATHER CONDITIONS
 THE FOLLOWING WEATHER WAS RECORDED YESTERDAY.
  LIGHT RAIN
  HAZE


RELATIVE HUMIDITY (PERCENT)
 HIGHEST    64          1000 PM
 LOWEST     45          1200 PM
 AVERAGE    55

..........................................................


THE TROUTDALE OR CLIMATE NORMALS FOR TODAY
                         NORMAL    RECORD    YEAR
 MAXIMUM TEMPERATURE (F)   51        65      1965
 MINIMUM TEMPERATURE (F)   38        26      1964


SUNRISE AND SUNSET
NOVEMBER 20 2014......SUNRISE   716 AM PST   SUNSET   434 PM PST
NOVEMBER 21 2014......SUNRISE   717 AM PST   SUNSET   434 PM PST


-  INDICATES NEGATIVE NUMBERS.
R  INDICATES RECORD WAS SET OR TIED.
MM INDICATES DATA IS MISSING.
T  INDICATES TRACE AMOUNT.




$$
