000
CDUS46 KPQR 271143
CLITTD


CLIMATE REPORT
NATIONAL WEATHER SERVICE PORTLAND OREGON
442 AM PDT WED MAY 27 2015


...................................

...THE TROUTDALE OR CLIMATE SUMMARY FOR MAY 26 2015...

CLIMATE NORMAL PERIOD 1981 TO 2010
CLIMATE RECORD PERIOD 1948 TO 2015


WEATHER ITEM   OBSERVED TIME   RECORD YEAR NORMAL DEPARTURE LAST
                VALUE   (LST)  VALUE       VALUE  FROM      YEAR
                                                  NORMAL
..................................................................
TEMPERATURE (F)
 YESTERDAY
  MAXIMUM         70    537 PM  88    2005  71     -1       71
  MINIMUM         55    610 AM  36    1998  48      7       53
  AVERAGE         63                        60      3       62

PRECIPITATION (IN)
  YESTERDAY        0.00                      0.09  -0.09      T
  MONTH TO DATE    0.82                      2.45  -1.63     2.86
  SINCE OCT 1     28.34                     40.61 -12.27    25.35
  SINCE JAN 1     13.38                     22.21  -8.83    17.76

DEGREE DAYS
 HEATING
  YESTERDAY        2                         6     -4        3
  MONTH TO DATE  150                       223    -73      123

 COOLING
  YESTERDAY        0                         1     -1        0
  MONTH TO DATE    2                         9     -7       28
..................................................................


WIND (MPH)
  HIGHEST WIND SPEED     8   HIGHEST WIND DIRECTION     W (260)
  HIGHEST GUST SPEED    11   HIGHEST GUST DIRECTION    NW (320)
  AVERAGE WIND SPEED     2.5


SKY COVER
  POSSIBLE SUNSHINE  MM
  AVERAGE SKY COVER 0.9


WEATHER CONDITIONS
 THE FOLLOWING WEATHER WAS RECORDED YESTERDAY.
  NO SIGNIFICANT WEATHER WAS OBSERVED.


RELATIVE HUMIDITY (PERCENT)
 HIGHEST    77          1200 AM
 LOWEST     44           400 PM
 AVERAGE    61

..........................................................


THE TROUTDALE OR CLIMATE NORMALS FOR TODAY
                         NORMAL    RECORD    YEAR
 MAXIMUM TEMPERATURE (F)   71        98      1983
 MINIMUM TEMPERATURE (F)   49        37      1998


SUNRISE AND SUNSET
MAY 27 2015...........SUNRISE   528 AM PDT   SUNSET   847 PM PDT
MAY 28 2015...........SUNRISE   527 AM PDT   SUNSET   848 PM PDT


-  INDICATES NEGATIVE NUMBERS.
R  INDICATES RECORD WAS SET OR TIED.
MM INDICATES DATA IS MISSING.
T  INDICATES TRACE AMOUNT.




$$
