000
CDUS46 KPQR 251142
CLITTD


CLIMATE REPORT
NATIONAL WEATHER SERVICE PORTLAND OREGON
442 AM PDT SAT OCT 25 2014


...................................

...THE TROUTDALE OR CLIMATE SUMMARY FOR OCTOBER 24 2014...

CLIMATE NORMAL PERIOD 1981 TO 2010
CLIMATE RECORD PERIOD 9999 TO 9999


WEATHER ITEM   OBSERVED TIME   NORMAL DEPARTURE LAST
                VALUE   (LST)  VALUE  FROM      YEAR
                                      NORMAL
......................................................
TEMPERATURE (F)
 YESTERDAY
  MAXIMUM         57   1159 PM  61     -4       67
  MINIMUM         50    244 AM  42      8       46
  AVERAGE         54            51      3       57

PRECIPITATION (IN)
  YESTERDAY        0.11          0.16  -0.05     0.00
  MONTH TO DATE    3.85          2.68   1.17     1.32
  SINCE OCT 1      3.85          2.68   1.17     1.32
  SINCE JAN 1     26.55         31.25  -4.70    22.24

DEGREE DAYS
 HEATING
  YESTERDAY       11            14     -3        8
  MONTH TO DATE  107           246   -139      252

 COOLING
  YESTERDAY        0             0      0        0
  MONTH TO DATE   12             0     12        0
......................................................


WIND (MPH)
  HIGHEST WIND SPEED    24   HIGHEST WIND DIRECTION     E (100)
  HIGHEST GUST SPEED    30   HIGHEST GUST DIRECTION     E (100)
  AVERAGE WIND SPEED    13.0


SKY COVER
  POSSIBLE SUNSHINE  MM
  AVERAGE SKY COVER 0.4


WEATHER CONDITIONS
 THE FOLLOWING WEATHER WAS RECORDED YESTERDAY.
  LIGHT RAIN


RELATIVE HUMIDITY (PERCENT)
 HIGHEST    89          1200 AM
 LOWEST     67           100 PM
 AVERAGE    78

..........................................................


THE TROUTDALE OR CLIMATE NORMALS FOR TODAY
                         NORMAL    RECORD    YEAR
 MAXIMUM TEMPERATURE (F)   60        74      1965
 MINIMUM TEMPERATURE (F)   42        31      2002


SUNRISE AND SUNSET
OCTOBER 25 2014.......SUNRISE   740 AM PDT   SUNSET   607 PM PDT
OCTOBER 26 2014.......SUNRISE   741 AM PDT   SUNSET   605 PM PDT


-  INDICATES NEGATIVE NUMBERS.
R  INDICATES RECORD WAS SET OR TIED.
MM INDICATES DATA IS MISSING.
T  INDICATES TRACE AMOUNT.




$$
