000
CDUS46 KPQR 292328
CLITTD


CLIMATE REPORT
NATIONAL WEATHER SERVICE PORTLAND OREGON
428 PM PDT SAT APR 29 2017


...................................

...THE TROUTDALE OR CLIMATE SUMMARY FOR APRIL 29 2017...
VALID TODAY AS OF 0400 PM LOCAL TIME.

CLIMATE NORMAL PERIOD 1981 TO 2010
CLIMATE RECORD PERIOD 1948 TO 2017


WEATHER ITEM   OBSERVED TIME   RECORD YEAR NORMAL DEPARTURE LAST
                VALUE   (LST)  VALUE       VALUE  FROM      YEAR
                                                  NORMAL
..................................................................
TEMPERATURE (F)
 TODAY
  MAXIMUM         66    246 PM  87    1998  64      2       61
  MINIMUM         38    537 AM  33    1954  43     -5       50
  AVERAGE         52                        54     -2       56

PRECIPITATION (IN)
  TODAY            0.00                      0.11  -0.11     0.05
  MONTH TO DATE    5.11                      3.74   1.37     2.49
  SINCE OCT 1     43.96                     38.05   5.91    35.02
  SINCE JAN 1     22.87                     19.65   3.22    15.20

DEGREE DAYS
 HEATING
  TODAY           13                        12      1        9
  MONTH TO DATE  378                       396    -18      228

 COOLING
  TODAY            0                         0      0        0
  MONTH TO DATE    0                         0      0       29
..................................................................


WIND (MPH)
  HIGHEST WIND SPEED     8   HIGHEST WIND DIRECTION     W (250)
  HIGHEST GUST SPEED    13   HIGHEST GUST DIRECTION     S (180)
  AVERAGE WIND SPEED     3.1


SKY COVER
  POSSIBLE SUNSHINE  MM
  AVERAGE SKY COVER 0.2


WEATHER CONDITIONS
 THE FOLLOWING WEATHER WAS RECORDED TODAY.
  NO SIGNIFICANT WEATHER WAS OBSERVED.


RELATIVE HUMIDITY (PERCENT)
 HIGHEST    92           300 AM
 LOWEST     31           300 PM
 AVERAGE    62

..........................................................


THE TROUTDALE OR CLIMATE NORMALS FOR TOMORROW
                         NORMAL    RECORD    YEAR
 MAXIMUM TEMPERATURE (F)   65        91      1998
 MINIMUM TEMPERATURE (F)   43        32      1986


SUNRISE AND SUNSET
APRIL 29 2017.........SUNRISE   600 AM PDT   SUNSET   815 PM PDT
APRIL 30 2017.........SUNRISE   559 AM PDT   SUNSET   816 PM PDT


-  INDICATES NEGATIVE NUMBERS.
R  INDICATES RECORD WAS SET OR TIED.
MM INDICATES DATA IS MISSING.
T  INDICATES TRACE AMOUNT.




$$
