000
CDUS41 KPHI 130553
CLITTN


CLIMATE REPORT
NATIONAL WEATHER SERVICE MOUNT HOLLY NJ
1252 AM EST WED DEC 13 2017


...................................

...THE TRENTON NJ CLIMATE SUMMARY FOR DECEMBER 12 2017...

CLIMATE NORMAL PERIOD 1981 TO 2010
CLIMATE RECORD PERIOD 1865 TO 2017


WEATHER ITEM   OBSERVED TIME   RECORD YEAR NORMAL DEPARTURE LAST
                VALUE   (LST)  VALUE       VALUE  FROM      YEAR
                                                  NORMAL
..................................................................
TEMPERATURE (F)
 YESTERDAY
  MAXIMUM         46    156 PM  68    2015  44      2       46
  MINIMUM         24   1159 PM   4    1988  29     -5       32
  AVERAGE         35                        36     -1       39

PRECIPITATION (IN)
  YESTERDAY        T             1.62 1894   0.15  -0.15     0.60
  MONTH TO DATE    0.60                      1.65  -1.05     1.58
  SINCE DEC 1      0.60                      1.65  -1.05     1.58
  SINCE JAN 1     40.39                     44.39  -4.00    33.75

DEGREE DAYS
 HEATING
  YESTERDAY       30                        29      1       26
  MONTH TO DATE  306                       321    -15      309
  SINCE DEC 1    306                       321    -15      309
  SINCE JUL 1   1092                      1297   -205     1119

 COOLING
  YESTERDAY        0                         0      0        0
  MONTH TO DATE    0                         0      0        0
  SINCE DEC 1      0                         0      0        0
  SINCE JAN 1   1151                       965    186     1381
..................................................................


WIND (MPH)
  HIGHEST WIND SPEED    22   HIGHEST WIND DIRECTION    NW (300)
  HIGHEST GUST SPEED    34   HIGHEST GUST DIRECTION    NW (310)
  AVERAGE WIND SPEED     9.2


SKY COVER
  POSSIBLE SUNSHINE  MM
  AVERAGE SKY COVER 0.8


WEATHER CONDITIONS
 THE FOLLOWING WEATHER WAS RECORDED YESTERDAY.
  LIGHT RAIN


RELATIVE HUMIDITY (PERCENT)
 HIGHEST    76           600 AM
 LOWEST     38          1100 PM
 AVERAGE    57

..........................................................


THE TRENTON NJ CLIMATE NORMALS FOR TODAY
                         NORMAL    RECORD    YEAR
 MAXIMUM TEMPERATURE (F)   44        70      2015
 MINIMUM TEMPERATURE (F)   28         6      1988


SUNRISE AND SUNSET
DECEMBER 13 2017......SUNRISE   713 AM EST   SUNSET   434 PM EST
DECEMBER 14 2017......SUNRISE   714 AM EST   SUNSET   434 PM EST


-  INDICATES NEGATIVE NUMBERS.
R  INDICATES RECORD WAS SET OR TIED.
MM INDICATES DATA IS MISSING.
T  INDICATES TRACE AMOUNT.




$$
