000
CDUS41 KPHI 220629
CLITTN


CLIMATE REPORT
NATIONAL WEATHER SERVICE MOUNT HOLLY NJ
228 AM EDT WED OCT 22 2014


...................................

...THE TRENTON NJ CLIMATE SUMMARY FOR OCTOBER 21 2014...

CLIMATE NORMAL PERIOD 1981 TO 2010
CLIMATE RECORD PERIOD 1865 TO 2014


WEATHER ITEM   OBSERVED TIME   RECORD YEAR NORMAL DEPARTURE LAST
                VALUE   (LST)  VALUE       VALUE  FROM      YEAR
                                                  NORMAL
..................................................................
TEMPERATURE (F)
 YESTERDAY
  MAXIMUM         70    229 PM  85    1947  63      7       66
  MINIMUM         49    653 AM  28    1952  42      7       39
  AVERAGE         60                        53      7       53

PRECIPITATION (IN)
  YESTERDAY        0.00          2.10 1988   0.14  -0.14     0.00
  MONTH TO DATE    2.19                      2.86  -0.67     1.60
  SINCE SEP 1      3.24                      7.13  -3.89     3.21
  SINCE JAN 1     34.70                     38.11  -3.41    35.56

SNOWFALL (IN)
  YESTERDAY       MM            MM      MM  MM     MM       MM
  MONTH TO DATE   MM                        MM     MM       MM
  SINCE SEP 1     MM                        MM     MM       MM
  SINCE JUL 1     MM                        MM     MM       MM
  SNOW DEPTH      MM

DEGREE DAYS
 HEATING
  YESTERDAY        5                        12     -7       12
  MONTH TO DATE  134                       194    -60       98
  SINCE SEP 1    182                       256    -74      186
  SINCE JUL 1    182                       259    -77      186

 COOLING
  YESTERDAY        0                         0      0        0
  MONTH TO DATE   14                         7      7       36
  SINCE SEP 1    147                       106     41      127
  SINCE JAN 1    930                       962    -32     1077
..................................................................


WIND (MPH)
  HIGHEST WIND SPEED    12   HIGHEST WIND DIRECTION    NE (40)
  HIGHEST GUST SPEED    15   HIGHEST GUST DIRECTION    NE (40)
  AVERAGE WIND SPEED     3.4


SKY COVER
  POSSIBLE SUNSHINE  MM
  AVERAGE SKY COVER 0.6


WEATHER CONDITIONS
 THE FOLLOWING WEATHER WAS RECORDED YESTERDAY.
  NO SIGNIFICANT WEATHER WAS OBSERVED.


RELATIVE HUMIDITY (PERCENT)
 HIGHEST    86           500 AM
 LOWEST     45           200 PM
 AVERAGE    66

..........................................................


THE TRENTON NJ CLIMATE NORMALS FOR TODAY
                         NORMAL    RECORD    YEAR
 MAXIMUM TEMPERATURE (F)   63        83      1979
 MINIMUM TEMPERATURE (F)   42        27      1940


SUNRISE AND SUNSET
OCTOBER 22 2014.......SUNRISE   717 AM EDT   SUNSET   609 PM EDT
OCTOBER 23 2014.......SUNRISE   719 AM EDT   SUNSET   608 PM EDT


-  INDICATES NEGATIVE NUMBERS.
R  INDICATES RECORD WAS SET OR TIED.
MM INDICATES DATA IS MISSING.
T  INDICATES TRACE AMOUNT.




$$
