000
CDUS41 KPHI 262126
CLITTN


CLIMATE REPORT
NATIONAL WEATHER SERVICE MOUNT HOLLY NJ
526 PM EDT TUE MAY 26 2015


...................................

...THE TRENTON NJ CLIMATE SUMMARY FOR MAY 26 2015...
VALID TODAY AS OF 0500 PM LOCAL TIME.

CLIMATE NORMAL PERIOD 1981 TO 2010
CLIMATE RECORD PERIOD 1865 TO 2015


WEATHER ITEM   OBSERVED TIME   RECORD YEAR NORMAL DEPARTURE LAST
                VALUE   (LST)  VALUE       VALUE  FROM      YEAR
                                                  NORMAL
..................................................................
TEMPERATURE (F)
 TODAY
  MAXIMUM         89    312 PM  94    1880  75     14       85
  MINIMUM         61    457 AM  43    1961  54      7       56
  AVERAGE         75                        64     11       71

PRECIPITATION (IN)
  TODAY            0.00          1.89 2001   0.18  -0.18     0.00
  MONTH TO DATE    0.54                      3.46  -2.92     3.14
  SINCE MAR 1      7.38                     11.14  -3.76    12.67
  SINCE JAN 1     13.97                     16.61  -2.64    20.33

SNOWFALL (IN)
  TODAY           MM            MM      MM  MM     MM       MM
  MONTH TO DATE   MM                        MM     MM       MM
  SINCE MAR 1     MM                        MM     MM       MM
  SINCE JUL 1     MM                        MM     MM       MM
  SNOW DEPTH      MM

DEGREE DAYS
 HEATING
  TODAY            0                         3     -3        0
  MONTH TO DATE   67                       154    -87       93
  SINCE MAR 1   1290                      1308    -18     1375
  SINCE JUL 1   5373                      5122    251     5461

 COOLING
  TODAY           10                         2      8        6
  MONTH TO DATE   77                        35     42       29
  SINCE MAR 1     77                        43     34       35
  SINCE JAN 1     77                        43     34       35
..................................................................


WIND (MPH)
  HIGHEST WIND SPEED    18   HIGHEST WIND DIRECTION    SW (220)
  HIGHEST GUST SPEED    25   HIGHEST GUST DIRECTION    SW (210)
  AVERAGE WIND SPEED     9.6


SKY COVER
  POSSIBLE SUNSHINE  MM
  AVERAGE SKY COVER 0.0


WEATHER CONDITIONS
 THE FOLLOWING WEATHER WAS RECORDED TODAY.
  NO SIGNIFICANT WEATHER WAS OBSERVED.


RELATIVE HUMIDITY (PERCENT)
 HIGHEST    84           500 AM
 LOWEST     39           200 PM
 AVERAGE    62

..........................................................


THE TRENTON NJ CLIMATE NORMALS FOR TOMORROW
                         NORMAL    RECORD    YEAR
 MAXIMUM TEMPERATURE (F)   75        94      1914
                                             1880
 MINIMUM TEMPERATURE (F)   54        41      1961


SUNRISE AND SUNSET
MAY 26 2015...........SUNRISE   535 AM EDT   SUNSET   818 PM EDT
MAY 27 2015...........SUNRISE   534 AM EDT   SUNSET   819 PM EDT


-  INDICATES NEGATIVE NUMBERS.
R  INDICATES RECORD WAS SET OR TIED.
MM INDICATES DATA IS MISSING.
T  INDICATES TRACE AMOUNT.




$$
