000
CDUS41 KPHI 212134
CLITTN


CLIMATE REPORT
NATIONAL WEATHER SERVICE MOUNT HOLLY NJ
533 PM EDT THU AUG 21 2014


...................................

...THE TRENTON NJ CLIMATE SUMMARY FOR AUGUST 21 2014...
VALID TODAY AS OF 0500 PM LOCAL TIME.

CLIMATE NORMAL PERIOD 1981 TO 2010
CLIMATE RECORD PERIOD 1865 TO 2014


WEATHER ITEM   OBSERVED TIME   RECORD YEAR NORMAL DEPARTURE LAST
                VALUE   (LST)  VALUE       VALUE  FROM      YEAR
                                                  NORMAL
..................................................................
TEMPERATURE (F)
 TODAY
  MAXIMUM         85    351 PM  96    1955  83      2       88
                                      1916
                                      1869
  MINIMUM         66    418 AM  49    2000  64      2       64
                                      1984
  AVERAGE         76                        73      3       76

PRECIPITATION (IN)
  TODAY            T             1.36 1906   0.14  -0.14     0.00
  MONTH TO DATE    1.29                      2.92  -1.63     3.10
  SINCE JUN 1      8.96                     12.28  -3.32    18.70
  SINCE JAN 1     29.29                     29.80  -0.51    31.52

SNOWFALL (IN)
  TODAY           MM            MM      MM  MM     MM       MM
  MONTH TO DATE   MM                        MM     MM       MM
  SINCE JUN 1     MM                        MM     MM       MM
  SINCE JUL 1     MM                        MM     MM       MM
  SNOW DEPTH      MM

DEGREE DAYS
 HEATING
  TODAY            0                         0      0        0
  MONTH TO DATE    0                         0      0        0
  SINCE JUN 1      3                        24    -21        4
  SINCE JUL 1      0                         0      0        0

 COOLING
  TODAY           11                         9      2       11
  MONTH TO DATE  153                       203    -50      138
  SINCE JUN 1    673                       723    -50      770
  SINCE JAN 1    717                       780    -63      860
..................................................................


WIND (MPH)
  HIGHEST WIND SPEED    15   HIGHEST WIND DIRECTION    SE (140)
  HIGHEST GUST SPEED    19   HIGHEST GUST DIRECTION     S (170)
  AVERAGE WIND SPEED     5.4


SKY COVER
  POSSIBLE SUNSHINE  MM
  AVERAGE SKY COVER 0.5


WEATHER CONDITIONS
 THE FOLLOWING WEATHER WAS RECORDED TODAY.
  LIGHT RAIN


RELATIVE HUMIDITY (PERCENT)
 HIGHEST    87           500 AM
 LOWEST     43          1200 PM
 AVERAGE    65

..........................................................


THE TRENTON NJ CLIMATE NORMALS FOR TOMORROW
                         NORMAL    RECORD    YEAR
 MAXIMUM TEMPERATURE (F)   83        97      1916
 MINIMUM TEMPERATURE (F)   64        50      1982


SUNRISE AND SUNSET
AUGUST 21 2014........SUNRISE   616 AM EDT   SUNSET   748 PM EDT
AUGUST 22 2014........SUNRISE   617 AM EDT   SUNSET   746 PM EDT


-  INDICATES NEGATIVE NUMBERS.
R  INDICATES RECORD WAS SET OR TIED.
MM INDICATES DATA IS MISSING.
T  INDICATES TRACE AMOUNT.




$$
