036
CDUS41 KPHI 260631
CLITTN


CLIMATE REPORT
NATIONAL WEATHER SERVICE MOUNT HOLLY NJ
230 AM EDT SUN MAR 26 2017


...................................

...THE TRENTON NJ CLIMATE SUMMARY FOR MARCH 25 2017...

CLIMATE NORMAL PERIOD 1981 TO 2010
CLIMATE RECORD PERIOD 1865 TO 2017


WEATHER ITEM   OBSERVED TIME   RECORD YEAR NORMAL DEPARTURE LAST
                VALUE   (LST)  VALUE       VALUE  FROM      YEAR
                                                  NORMAL
..................................................................
TEMPERATURE (F)
 YESTERDAY
  MAXIMUM         65    235 PM  78    1963  54     11       72
  MINIMUM         44   1159 PM  16    1896  34     10       45
  AVERAGE         55                        44     11       59

PRECIPITATION (IN)
  YESTERDAY        T             3.62 1876   0.13  -0.13      T
  MONTH TO DATE    1.42                      3.28  -1.86     1.19
  SINCE MAR 1      1.42                      3.28  -1.86     1.19
  SINCE JAN 1      6.16                      8.75  -2.59     8.39

DEGREE DAYS
 HEATING
  YESTERDAY       10                        21    -11        6
  MONTH TO DATE  668                       613     55      425
  SINCE MAR 1    668                       613     55      425
  SINCE JUL 1   3887                      4427   -540     3519

 COOLING
  YESTERDAY        0                         0      0        0
  MONTH TO DATE    0                         0      0        3
  SINCE MAR 1      0                         0      0        3
  SINCE JAN 1      0                         0      0        3
..................................................................


WIND (MPH)
  HIGHEST WIND SPEED    21   HIGHEST WIND DIRECTION     E (70)
  HIGHEST GUST SPEED    26   HIGHEST GUST DIRECTION     E (70)
  AVERAGE WIND SPEED     6.3


SKY COVER
  POSSIBLE SUNSHINE  MM
  AVERAGE SKY COVER 0.6


WEATHER CONDITIONS
 THE FOLLOWING WEATHER WAS RECORDED YESTERDAY.
  LIGHT RAIN


RELATIVE HUMIDITY (PERCENT)
 HIGHEST    83           900 PM
 LOWEST     60          1200 AM
 AVERAGE    72

..........................................................


THE TRENTON NJ CLIMATE NORMALS FOR TODAY
                         NORMAL    RECORD    YEAR
 MAXIMUM TEMPERATURE (F)   54        79      1921
 MINIMUM TEMPERATURE (F)   35        18      1866


SUNRISE AND SUNSET
MARCH 26 2017.........SUNRISE   653 AM EDT   SUNSET   718 PM EDT
MARCH 27 2017.........SUNRISE   651 AM EDT   SUNSET   719 PM EDT


-  INDICATES NEGATIVE NUMBERS.
R  INDICATES RECORD WAS SET OR TIED.
MM INDICATES DATA IS MISSING.
T  INDICATES TRACE AMOUNT.




$$
