000
CDUS41 KPHI 172129
CLITTN


CLIMATE REPORT
NATIONAL WEATHER SERVICE MOUNT HOLLY NJ
528 PM EDT WED SEP 17 2014


...................................

...THE TRENTON NJ CLIMATE SUMMARY FOR SEPTEMBER 17 2014...
VALID TODAY AS OF 0500 PM LOCAL TIME.

CLIMATE NORMAL PERIOD 1981 TO 2010
CLIMATE RECORD PERIOD 1865 TO 2014


WEATHER ITEM   OBSERVED TIME   RECORD YEAR NORMAL DEPARTURE LAST
                VALUE   (LST)  VALUE       VALUE  FROM      YEAR
                                                  NORMAL
..................................................................
TEMPERATURE (F)
 TODAY
  MAXIMUM         74    305 PM  93    1991  76     -2       65
  MINIMUM         46    518 AM  38    1986  56    -10       45
  AVERAGE         60                        66     -6       55

PRECIPITATION (IN)
  TODAY            0.00          3.12 1934   0.16  -0.16     0.00
  MONTH TO DATE    0.71                      2.22  -1.51     0.56
  SINCE SEP 1      0.71                      2.22  -1.51     0.56
  SINCE JAN 1     32.17                     33.20  -1.03    32.91

SNOWFALL (IN)
  TODAY           MM            MM      MM  MM     MM       MM
  MONTH TO DATE   MM                        MM     MM       MM
  SINCE SEP 1     MM                        MM     MM       MM
  SINCE JUL 1     MM                        MM     MM       MM
  SNOW DEPTH      MM

DEGREE DAYS
 HEATING
  TODAY            5                         2      3       10
  MONTH TO DATE   21                        12      9       33
  SINCE SEP 1     21                        12      9       33
  SINCE JUL 1     21                        15      6       33

 COOLING
  TODAY            0                         3     -3        0
  MONTH TO DATE  110                        78     32       90
  SINCE SEP 1    110                        78     32       90
  SINCE JAN 1    893                       934    -41     1040
..................................................................


WIND (MPH)
  HIGHEST WIND SPEED    10   HIGHEST WIND DIRECTION    NW (330)
  HIGHEST GUST SPEED    13   HIGHEST GUST DIRECTION     N (340)
  AVERAGE WIND SPEED     3.5


SKY COVER
  POSSIBLE SUNSHINE  MM
  AVERAGE SKY COVER 0.2


WEATHER CONDITIONS
 THE FOLLOWING WEATHER WAS RECORDED TODAY.
  NO SIGNIFICANT WEATHER WAS OBSERVED.


RELATIVE HUMIDITY (PERCENT)
 HIGHEST    93           300 AM
 LOWEST     35           200 PM
 AVERAGE    64

..........................................................


THE TRENTON NJ CLIMATE NORMALS FOR TOMORROW
                         NORMAL    RECORD    YEAR
 MAXIMUM TEMPERATURE (F)   75        90      1965
 MINIMUM TEMPERATURE (F)   56        39      1986
                                             1984


SUNRISE AND SUNSET
SEPTEMBER 17 2014.....SUNRISE   642 AM EDT   SUNSET   705 PM EDT
SEPTEMBER 18 2014.....SUNRISE   643 AM EDT   SUNSET   703 PM EDT


-  INDICATES NEGATIVE NUMBERS.
R  INDICATES RECORD WAS SET OR TIED.
MM INDICATES DATA IS MISSING.
T  INDICATES TRACE AMOUNT.




$$
