039
CDUS41 KPHI 180544
CLITTN


CLIMATE REPORT
NATIONAL WEATHER SERVICE MOUNT HOLLY NJ
143 AM EDT WED OCT 18 2017


...................................

...THE TRENTON NJ CLIMATE SUMMARY FOR OCTOBER 17 2017...

CLIMATE NORMAL PERIOD 1981 TO 2010
CLIMATE RECORD PERIOD 1865 TO 2017


WEATHER ITEM   OBSERVED TIME   RECORD YEAR NORMAL DEPARTURE LAST
                VALUE   (LST)  VALUE       VALUE  FROM      YEAR
                                                  NORMAL
..................................................................
TEMPERATURE (F)
 YESTERDAY
  MAXIMUM         61    317 PM  87    1938  65     -4       82
  MINIMUM         37    610 AM  32    1985  43     -6       57
  AVERAGE         49                        54     -5       70

PRECIPITATION (IN)
  YESTERDAY        0.00          1.43 1942   0.12  -0.12     0.00
  MONTH TO DATE    1.40                      2.36  -0.96     0.84
  SINCE SEP 1      3.26                      6.63  -3.37     3.22
  SINCE JAN 1     34.43                     37.61  -3.18    28.02

DEGREE DAYS
 HEATING
  YESTERDAY       16                        11      5        0
  MONTH TO DATE   54                       147    -93      120
  SINCE SEP 1     87                       209   -122      148
  SINCE JUL 1     88                       212   -124      148

 COOLING
  YESTERDAY        0                         0      0        5
  MONTH TO DATE   60                         7     53        6
  SINCE SEP 1    225                       106    119      207
  SINCE JAN 1   1145                       962    183     1358
..................................................................


WIND (MPH)
  HIGHEST WIND SPEED     9   HIGHEST WIND DIRECTION     W (270)
  HIGHEST GUST SPEED    13   HIGHEST GUST DIRECTION    NW (310)
  AVERAGE WIND SPEED     4.4


SKY COVER
  POSSIBLE SUNSHINE  MM
  AVERAGE SKY COVER 0.0


WEATHER CONDITIONS
 THE FOLLOWING WEATHER WAS RECORDED YESTERDAY.
  NO SIGNIFICANT WEATHER WAS OBSERVED.


RELATIVE HUMIDITY (PERCENT)
 HIGHEST    82           500 AM
 LOWEST     36           300 PM
 AVERAGE    59

..........................................................


THE TRENTON NJ CLIMATE NORMALS FOR TODAY
                         NORMAL    RECORD    YEAR
 MAXIMUM TEMPERATURE (F)   64        83      2016
 MINIMUM TEMPERATURE (F)   43        28      1985


SUNRISE AND SUNSET
OCTOBER 18 2017.......SUNRISE   713 AM EDT   SUNSET   615 PM EDT
OCTOBER 19 2017.......SUNRISE   715 AM EDT   SUNSET   613 PM EDT


-  INDICATES NEGATIVE NUMBERS.
R  INDICATES RECORD WAS SET OR TIED.
MM INDICATES DATA IS MISSING.
T  INDICATES TRACE AMOUNT.




$$
