000
CDUS41 KPHI 012131
CLITTN


CLIMATE REPORT
NATIONAL WEATHER SERVICE MOUNT HOLLY NJ
530 PM EDT SAT AUG 1 2015


...................................

...THE TRENTON NJ CLIMATE SUMMARY FOR AUGUST 1 2015...
VALID TODAY AS OF 0500 PM LOCAL TIME.

CLIMATE NORMAL PERIOD 1981 TO 2010
CLIMATE RECORD PERIOD 1865 TO 2015


WEATHER ITEM   OBSERVED TIME   RECORD YEAR NORMAL DEPARTURE LAST
                VALUE   (LST)  VALUE       VALUE  FROM      YEAR
                                                  NORMAL
..................................................................
TEMPERATURE (F)
 TODAY
  MAXIMUM         91    355 PM  99    2002  85      6       81
                                      1999
  MINIMUM         68    446 AM  54    1895  66      2       67
  AVERAGE         80                        76      4       74

PRECIPITATION (IN)
  TODAY            0.00          2.60 1977   0.15  -0.15     0.37
  MONTH TO DATE    0.00                      0.15  -0.15     0.37
  SINCE JUN 1      9.44                      9.51  -0.07     8.04
  SINCE JAN 1     23.50                     27.03  -3.53    28.37

SNOWFALL (IN)
  TODAY           MM            MM      MM  MM     MM       MM
  MONTH TO DATE   MM                        MM     MM       MM
  SINCE JUN 1     MM                        MM     MM       MM
  SINCE JUL 1     MM                        MM     MM       MM
  SNOW DEPTH      MM

DEGREE DAYS
 HEATING
  TODAY            0                         0      0        0
  MONTH TO DATE    0                         0      0        0
  SINCE JUN 1     25                        24      1        3
  SINCE JUL 1      0                         0      0        0

 COOLING
  TODAY           15                        11      4        9
  MONTH TO DATE   15                        11      4        9
  SINCE JUN 1    603                       531     72      529
  SINCE JAN 1    742                       588    154      573
..................................................................


WIND (MPH)
  HIGHEST WIND SPEED    18   HIGHEST WIND DIRECTION     W (260)
  HIGHEST GUST SPEED    27   HIGHEST GUST DIRECTION     W (270)
  AVERAGE WIND SPEED     7.7


SKY COVER
  POSSIBLE SUNSHINE  MM
  AVERAGE SKY COVER 0.3


WEATHER CONDITIONS
 THE FOLLOWING WEATHER WAS RECORDED TODAY.
  NO SIGNIFICANT WEATHER WAS OBSERVED.


RELATIVE HUMIDITY (PERCENT)
 HIGHEST    73           500 AM
 LOWEST     26           400 PM
 AVERAGE    50

..........................................................


THE TRENTON NJ CLIMATE NORMALS FOR TOMORROW
                         NORMAL    RECORD    YEAR
 MAXIMUM TEMPERATURE (F)   85       100      2002
                                             1955
 MINIMUM TEMPERATURE (F)   66        55      1998
                                             1912


SUNRISE AND SUNSET
AUGUST  1 2015........SUNRISE   557 AM EDT   SUNSET   814 PM EDT
AUGUST  2 2015........SUNRISE   558 AM EDT   SUNSET   813 PM EDT


-  INDICATES NEGATIVE NUMBERS.
R  INDICATES RECORD WAS SET OR TIED.
MM INDICATES DATA IS MISSING.
T  INDICATES TRACE AMOUNT.




$$
