000
CDUS44 KTSA 262133
CLITUL

CLIMATE REPORT
NATIONAL WEATHER SERVICE TULSA OK
418 PM CDT TUE JUL 26 2016


...................................

...THE TULSA OKLAHOMA CLIMATE SUMMARY FOR JULY 26 2016...
VALID TODAY AS OF 0400 PM LOCAL TIME.

CLIMATE NORMAL PERIOD 1981 TO 2010
CLIMATE RECORD PERIOD 1882 TO 2016


WEATHER ITEM   OBSERVED TIME   RECORD YEAR NORMAL DEPARTURE LAST
                VALUE   (LST)  VALUE       VALUE  FROM      YEAR
                                                  NORMAL
..................................................................
TEMPERATURE (F)
 TODAY
  MAXIMUM         95    235 PM 106    1978  94      1       97
                                      1934
  MINIMUM         77    643 AM  60    2004  73      4       76
                                      1905
  AVERAGE         86                        84      2       87

PRECIPITATION (IN)
  TODAY            0.03          1.81 1928   0.09  -0.06     0.00
  MONTH TO DATE    2.02                      2.89  -0.87     6.71
  SINCE JUN 1      2.79                      7.61  -4.82    11.48
  SINCE JAN 1     16.65                     24.11  -7.46    36.38

DEGREE DAYS
 COOLING
  TODAY           21                        19      2       22
  MONTH TO DATE  544                       461     83      497
  SINCE JUN 1   1077                       840    237      979
  SINCE JAN 1   1281                      1074    207     1184
..................................................................


WIND (MPH)
  HIGHEST WIND SPEED    12   HIGHEST WIND DIRECTION     E (70)
  HIGHEST GUST SPEED    14   HIGHEST GUST DIRECTION     E (70)
  AVERAGE WIND SPEED     4.1


SKY COVER
  POSSIBLE SUNSHINE  MM
  AVERAGE SKY COVER 0.9


WEATHER CONDITIONS
 THE FOLLOWING WEATHER WAS RECORDED TODAY.
  FOG


RELATIVE HUMIDITY (PERCENT)
 HIGHEST    94           400 AM
 LOWEST     56           100 PM
 AVERAGE    75

..........................................................


THE TULSA OKLAHOMA CLIMATE NORMALS FOR TOMORROW
                         NORMAL    RECORD    YEAR
 MAXIMUM TEMPERATURE (F)   94       107      2011
 MINIMUM TEMPERATURE (F)   73        59      1971


SUNRISE AND SUNSET
JULY 26 2016..........SUNRISE   626 AM CDT   SUNSET   834 PM CDT
JULY 27 2016..........SUNRISE   627 AM CDT   SUNSET   833 PM CDT


-  INDICATES NEGATIVE NUMBERS.
R  INDICATES RECORD WAS SET OR TIED.
MM INDICATES DATA IS MISSING.
T  INDICATES TRACE AMOUNT.




$$

&&
...........................................................

TULSA RECORD LOW MAX AND HIGH MIN TEMPERATURES FOR TOMORROW
                      RECORD        YEAR
  LOW MAXIMUM           76          1977
  HIGH MINIMUM          81          *1999
...........................................................
ALL DATA MEASURED AT THE TULSA INTERNATIONAL AIRPORT...
EXCEPT SNOWFALL...WHICH IS MEASURED AT THE NWS OFFICE.
