000
CDUS44 KTSA 070656
CLITUL

ZCZC OKCCLITUL



CLIMATE REPORT
NATIONAL WEATHER SERVICE TULSA OK
147 AM CDT TUE JUL 7 2015


...................................

...THE TULSA OKLAHOMA CLIMATE SUMMARY FOR JULY 6 2015...

CLIMATE NORMAL PERIOD 1981 TO 2010
CLIMATE RECORD PERIOD 1882 TO 2015


WEATHER ITEM   OBSERVED TIME   RECORD YEAR NORMAL DEPARTURE LAST
                VALUE   (LST)  VALUE       VALUE  FROM      YEAR
                                                  NORMAL
..................................................................
TEMPERATURE (F)
 YESTERDAY
  MAXIMUM         92    251 PM 111    1996  92      0       97
  MINIMUM         74   1153 PM  55    1972  72    -23       74
                                      1924
  AVERAGE         83                        82      1       86

PRECIPITATION (IN)
  YESTERDAY        0.13          1.62 1932   0.12   0.01     0.00
  MONTH TO DATE    0.79                      0.74   0.05     0.00
  SINCE JUN 1      5.56                      5.46   0.10     4.67
  SINCE JAN 1     30.46                     21.96   8.50    13.12

DEGREE DAYS
 COOLING
  YESTERDAY        6                        17    -11       21
  MONTH TO DATE   99                       101     -2       80
  SINCE JUN 1    581                       480    101      483
  SINCE JAN 1    786                       714     72      754
..................................................................


WIND (MPH)
  HIGHEST WIND SPEED    25   HIGHEST WIND DIRECTION     S (170)
  HIGHEST GUST SPEED    31   HIGHEST GUST DIRECTION     S (170)
  AVERAGE WIND SPEED    13.0


SKY COVER
  POSSIBLE SUNSHINE  MM
  AVERAGE SKY COVER 0.9


WEATHER CONDITIONS
 THE FOLLOWING WEATHER WAS RECORDED YESTERDAY.
  THUNDERSTORM
  RAIN
  LIGHT RAIN


RELATIVE HUMIDITY (PERCENT)
 HIGHEST    93          1100 PM
 LOWEST     60           200 PM
 AVERAGE    77

..........................................................


THE TULSA OKLAHOMA CLIMATE NORMALS FOR TODAY
                         NORMAL    RECORD    YEAR
 MAXIMUM TEMPERATURE (F)   92       104      2011
 MINIMUM TEMPERATURE (F)   72        58      1967


SUNRISE AND SUNSET
JULY  7 2015..........SUNRISE   613 AM CDT   SUNSET   844 PM CDT
JULY  8 2015..........SUNRISE   613 AM CDT   SUNSET   844 PM CDT


-  INDICATES NEGATIVE NUMBERS.
R  INDICATES RECORD WAS SET OR TIED.
MM INDICATES DATA IS MISSING.
T  INDICATES TRACE AMOUNT.




$$

&&
...........................................................

THE TULSA PRECIPITATION NORMALS FOR TODAY
                       NORMAL    RECORD      YEAR
  TODAY                 0.12      1.35       1994
  MONTH TO DATE         0.86
  YEAR TO DATE         22.08
...........................................................
ALL DATA MEASURED AT THE TULSA INTERNATIONAL AIRPORT...
EXCEPT SNOWFALL...WHICH IS MEASURED AT THE NWS OFFICE.
