000
CDUS44 KTSA 252230
CLITUL

CLIMATE REPORT
NATIONAL WEATHER SERVICE TULSA OK
430 PM CST SUN FEB 25 2018


...................................

...THE TULSA OKLAHOMA CLIMATE SUMMARY FOR FEBRUARY 25 2018...
VALID TODAY AS OF 0400 PM LOCAL TIME.

CLIMATE NORMAL PERIOD 1981 TO 2010
CLIMATE RECORD PERIOD 1882 TO 2018


WEATHER ITEM   OBSERVED TIME   RECORD YEAR NORMAL DEPARTURE LAST
                VALUE   (LST)  VALUE       VALUE  FROM      YEAR
                                                  NORMAL
..................................................................
TEMPERATURE (F)
 TODAY
  MAXIMUM         59    250 PM  82    1917  56      3       48
  MINIMUM         26    533 AM  10    1965  34     -8       24
  AVERAGE         43                        45     -2       36

PRECIPITATION (IN)
  TODAY            0.00          1.21 2013   0.08  -0.08     0.00
  MONTH TO DATE    4.54                      1.61   2.93     1.18
  SINCE DEC 1      6.23                      5.76   0.47     5.04
  SINCE JAN 1      4.80                      3.27   1.53     4.60

SNOWFALL (IN)
  TODAY            0.0                                       0.0
  MONTH TO DATE    T                                         0.0
  SINCE DEC 1      2.0                                       0.7
  SINCE JUL 1      2.0                                       0.7

DEGREE DAYS
 HEATING
  TODAY           22                        20      2       29
  MONTH TO DATE  617                       580     37      359
  SINCE DEC 1   2180                      2217    -37     1848
  SINCE JUL 1   2682                      2853   -171     2187
..................................................................


WIND (MPH)
  HIGHEST WIND SPEED    16   HIGHEST WIND DIRECTION    SE (150)
  HIGHEST GUST SPEED    21   HIGHEST GUST DIRECTION     S (160)
  AVERAGE WIND SPEED     3.6


SKY COVER
  POSSIBLE SUNSHINE  MM
  AVERAGE SKY COVER 0.1


WEATHER CONDITIONS
 THE FOLLOWING WEATHER WAS RECORDED TODAY.
  FOG


RELATIVE HUMIDITY (PERCENT)
 HIGHEST   100           200 AM
 LOWEST     39           400 PM
 AVERAGE    70

..........................................................


THE TULSA OKLAHOMA CLIMATE NORMALS FOR TOMORROW
                         NORMAL    RECORD    YEAR
 MAXIMUM TEMPERATURE (F)   57        81      2009
 MINIMUM TEMPERATURE (F)   35        11      1960
                                             1934


SUNRISE AND SUNSET
FEBRUARY 25 2018......SUNRISE   659 AM CST   SUNSET   615 PM CST
FEBRUARY 26 2018......SUNRISE   658 AM CST   SUNSET   616 PM CST


-  INDICATES NEGATIVE NUMBERS.
R  INDICATES RECORD WAS SET OR TIED.
MM INDICATES DATA IS MISSING.
T  INDICATES TRACE AMOUNT.




$$

&&
...........................................................

TULSA RECORD LOW MAX AND HIGH MIN TEMPERATURES FOR TOMORROW
                      RECORD        YEAR
  LOW MAXIMUM           20          1934
  HIGH MINIMUM          61          1996
...........................................................
ALL DATA MEASURED AT THE TULSA INTERNATIONAL AIRPORT...
EXCEPT SNOWFALL...WHICH IS MEASURED AT THE NWS OFFICE.
