000
CDUS44 KTSA 270907
CLITUL

CLIMATE REPORT
NATIONAL WEATHER SERVICE TULSA OK
1247 AM CST FRI FEB 27 2015


...................................

...THE TULSA OKLAHOMA CLIMATE SUMMARY FOR FEBRUARY 26 2015...

CLIMATE NORMAL PERIOD 1981 TO 2010
CLIMATE RECORD PERIOD 1882 TO 2015


WEATHER ITEM   OBSERVED TIME   RECORD YEAR NORMAL DEPARTURE LAST
                VALUE   (LST)  VALUE       VALUE  FROM      YEAR
                                                  NORMAL
..................................................................
TEMPERATURE (F)
 YESTERDAY
  MAXIMUM         34   1212 AM  81    2009  57    -23       36
  MINIMUM         20   1159 PM  11    1960  35    -15       16
                                      1934
  AVERAGE         27                        46    -19       26

PRECIPITATION (IN)
  YESTERDAY        0.00          1.25 1984   0.08  -0.08      T
  MONTH TO DATE    1.28                      1.69  -0.41     0.28
  SINCE DEC 1      4.00                      5.84  -1.84     2.19
  SINCE JAN 1      2.03                      3.35  -1.32     0.41

SNOWFALL (IN)
  YESTERDAY        0.0                                        T
  MONTH TO DATE    3.7                                       3.9
  SINCE DEC 1      5.7                                      10.0
  SINCE JUL 1      6.1                                      10.0

DEGREE DAYS
 HEATING
  YESTERDAY       38                        20     18       39
  MONTH TO DATE  716                       600    116      741
  SINCE DEC 1   2225                      2237    -12     2551
  SINCE JUL 1   2926                      2873     53     3252
..................................................................


WIND (MPH)
  HIGHEST WIND SPEED    31   HIGHEST WIND DIRECTION     N (340)
  HIGHEST GUST SPEED    39   HIGHEST GUST DIRECTION     N (360)
  AVERAGE WIND SPEED    16.0


SKY COVER
  POSSIBLE SUNSHINE  MM
  AVERAGE SKY COVER 0.7


WEATHER CONDITIONS
 THE FOLLOWING WEATHER WAS RECORDED YESTERDAY.
  NO SIGNIFICANT WEATHER WAS OBSERVED.


RELATIVE HUMIDITY (PERCENT)
 HIGHEST    73           700 AM
 LOWEST     31           500 PM
 AVERAGE    52

..........................................................


THE TULSA OKLAHOMA CLIMATE NORMALS FOR TODAY
                         NORMAL    RECORD    YEAR
 MAXIMUM TEMPERATURE (F)   57        81      1976
 MINIMUM TEMPERATURE (F)   35        13      1962
                                             1934


SUNRISE AND SUNSET
FEBRUARY 27 2015......SUNRISE   657 AM CST   SUNSET   616 PM CST
FEBRUARY 28 2015......SUNRISE   655 AM CST   SUNSET   617 PM CST


-  INDICATES NEGATIVE NUMBERS.
R  INDICATES RECORD WAS SET OR TIED.
MM INDICATES DATA IS MISSING.
T  INDICATES TRACE AMOUNT.




$$

&&
...........................................................

THE TULSA PRECIPITATION NORMALS FOR TODAY
                       NORMAL    RECORD      YEAR
  TODAY                 0.08      1.12       1950
  MONTH TO DATE         1.77
  YEAR TO DATE          3.43
...........................................................
ALL DATA MEASURED AT THE TULSA INTERNATIONAL AIRPORT...
EXCEPT SNOWFALL...WHICH IS MEASURED AT THE NWS OFFICE.
