000
CDUS44 KTSA 221412
CLITUL

CLIMATE REPORT
NATIONAL WEATHER SERVICE TULSA OK
912 AM CDT TUE AUG 22 2017


...................................

...THE TULSA OKLAHOMA CLIMATE SUMMARY FOR AUGUST 22 2017...
VALID AS OF 0900 AM LOCAL TIME.

CLIMATE NORMAL PERIOD 1981 TO 2010
CLIMATE RECORD PERIOD 1882 TO 2017


WEATHER ITEM   OBSERVED TIME   RECORD YEAR NORMAL DEPARTURE LAST
                VALUE   (LST)  VALUE       VALUE  FROM      YEAR
                                                  NORMAL
..................................................................
TEMPERATURE (F)
 TODAY
  MAXIMUM         82    135 AM 106    1936  93    -11       89
  MINIMUM         79    636 AM  50    1920  71      8       61
  AVERAGE         81                        82     -1       75

PRECIPITATION (IN)
  TODAY            0.00          1.14 1971   0.09  -0.09     0.00
  MONTH TO DATE    6.07                      1.97   4.10     2.15
  SINCE JUN 1     11.07                     10.05   1.02     6.68
  SINCE JAN 1     35.00                     26.55   8.45    20.54

DEGREE DAYS
 COOLING
  TODAY           16                        17     -1       10
  MONTH TO DATE  327                       395    -68      396
  SINCE JUN 1   1313                      1329    -16     1566
  SINCE JAN 1   1600                      1563     37     1770
..................................................................


WIND (MPH)
  HIGHEST WIND SPEED    18   HIGHEST WIND DIRECTION     S (200)
  HIGHEST GUST SPEED    24   HIGHEST GUST DIRECTION     S (200)
  AVERAGE WIND SPEED    10.9


SKY COVER
  POSSIBLE SUNSHINE  MM
  AVERAGE SKY COVER 0.5


WEATHER CONDITIONS
 THE FOLLOWING WEATHER WAS RECORDED TODAY.
  NO SIGNIFICANT WEATHER WAS OBSERVED.


RELATIVE HUMIDITY (PERCENT)
 HIGHEST    79           200 AM
 LOWEST     74          1200 AM
 AVERAGE    77

..........................................................


THE TULSA OKLAHOMA CLIMATE NORMALS FOR TOMORROW
                         NORMAL    RECORD    YEAR
 MAXIMUM TEMPERATURE (F)   92       108      1936
 MINIMUM TEMPERATURE (F)   70        51      1920


SUNRISE AND SUNSET
AUGUST 22 2017........SUNRISE   648 AM CDT   SUNSET   805 PM CDT
AUGUST 23 2017........SUNRISE   648 AM CDT   SUNSET   803 PM CDT


-  INDICATES NEGATIVE NUMBERS.
R  INDICATES RECORD WAS SET OR TIED.
MM INDICATES DATA IS MISSING.
T  INDICATES TRACE AMOUNT.




$$

&&
ALL DATA MEASURED AT THE TULSA INTERNATIONAL AIRPORT...
EXCEPT SNOWFALL...WHICH IS MEASURED AT THE NWS OFFICE.
