000
CDUS44 KTSA 261522
CLITUL

CLIMATE REPORT
NATIONAL WEATHER SERVICE TULSA OK
912 AM CST WED NOV 26 2014


...................................

...THE TULSA OKLAHOMA CLIMATE SUMMARY FOR NOVEMBER 26 2014...
VALID AS OF 0900 AM LOCAL TIME.

CLIMATE NORMAL PERIOD 1981 TO 2010
CLIMATE RECORD PERIOD 1882 TO 2014


WEATHER ITEM   OBSERVED TIME   RECORD YEAR NORMAL DEPARTURE LAST
                VALUE   (LST)  VALUE       VALUE  FROM      YEAR
                                                  NORMAL
..................................................................
TEMPERATURE (F)
 TODAY
  MAXIMUM         44    759 AM  83    1965  56    -12       48
  MINIMUM         39    527 AM  14    1993  35      4       27
  AVERAGE         42                        45     -3       38

PRECIPITATION (IN)
  TODAY            0.00          1.56 1982   0.08  -0.08      T
  MONTH TO DATE    2.10                      2.48  -0.38     1.91
  SINCE SEP 1      9.11                     10.67  -1.56     7.93
  SINCE JAN 1     27.63                     38.15 -10.52    31.31

SNOWFALL (IN)
  TODAY            0.0                                       0.0
  MONTH TO DATE    0.4                                       0.0
  SINCE SEP 1      0.4                                       0.0
  SINCE JUL 1      0.4                                       0.0

DEGREE DAYS
 HEATING
  TODAY           23                        20      3       27
  MONTH TO DATE  542                       367    175      422
  SINCE SEP 1    651                       553     98      605
  SINCE JUL 1    652                       553     99      605
..................................................................


WIND (MPH)
  HIGHEST WIND SPEED    14   HIGHEST WIND DIRECTION     S (160)
  HIGHEST GUST SPEED    17   HIGHEST GUST DIRECTION    NW (310)
  AVERAGE WIND SPEED     7.9


SKY COVER
  POSSIBLE SUNSHINE  MM
  AVERAGE SKY COVER 0.9


WEATHER CONDITIONS
 THE FOLLOWING WEATHER WAS RECORDED TODAY.
  NO SIGNIFICANT WEATHER WAS OBSERVED.


RELATIVE HUMIDITY (PERCENT)
 HIGHEST    62           700 AM
 LOWEST     43          1200 AM
 AVERAGE    53

..........................................................


THE TULSA OKLAHOMA CLIMATE NORMALS FOR TOMORROW
                         NORMAL    RECORD    YEAR
 MAXIMUM TEMPERATURE (F)   55        77      1927
 MINIMUM TEMPERATURE (F)   35        16      1938


SUNRISE AND SUNSET
NOVEMBER 26 2014......SUNRISE   711 AM CST   SUNSET   510 PM CST
NOVEMBER 27 2014......SUNRISE   712 AM CST   SUNSET   510 PM CST


-  INDICATES NEGATIVE NUMBERS.
R  INDICATES RECORD WAS SET OR TIED.
MM INDICATES DATA IS MISSING.
T  INDICATES TRACE AMOUNT.




$$

&&
...........................................................

HOURLY TEMPERATURE DATA
 YESTERDAY
11AM NOON  1PM  2PM  3PM  4PM  5PM  6PM  7PM  8PM  9PM 10PM 11PM
  41   43   46   49   51   51   48   45   44   45   45   45   44

 TODAY
 MID  1AM  2AM  3AM  4AM  5AM  6AM  7AM  8AM  9AM
  43   42   42   41   40   41   41   42   44   46
...........................................................
ALL DATA MEASURED AT THE TULSA INTERNATIONAL AIRPORT...
EXCEPT SNOWFALL...WHICH IS MEASURED AT THE NWS OFFICE.
