000
CDUS44 KTSA 302137
CLITUL

CLIMATE REPORT
NATIONAL WEATHER SERVICE TULSA OK
418 PM CDT THU JUL 30 2015


...................................

...THE TULSA OKLAHOMA CLIMATE SUMMARY FOR JULY 30 2015...
VALID TODAY AS OF 0400 PM LOCAL TIME.

CLIMATE NORMAL PERIOD 1981 TO 2010
CLIMATE RECORD PERIOD 1882 TO 2015


WEATHER ITEM   OBSERVED TIME   RECORD YEAR NORMAL DEPARTURE LAST
                VALUE   (LST)  VALUE       VALUE  FROM      YEAR
                                                  NORMAL
..................................................................
TEMPERATURE (F)
 TODAY
  MAXIMUM         91    219 PM 110    1986  94     -3       78
  MINIMUM         75    455 AM  55    1971  73      2       67
  AVERAGE         83                        84     -1       73

PRECIPITATION (IN)
  TODAY            0.00          3.78 1981   0.09  -0.09     1.77
  MONTH TO DATE    6.72                      3.26   3.46     4.25
  SINCE JUN 1     11.49                      7.98   3.51     8.92
  SINCE JAN 1     36.39                     24.48  11.91    17.37

DEGREE DAYS
 COOLING
  TODAY           18                        19     -1        8
  MONTH TO DATE  583                       537     46      411
  SINCE JUN 1   1065                       916    149      814
  SINCE JAN 1   1270                      1150    120     1085
..................................................................


WIND (MPH)
  HIGHEST WIND SPEED    23   HIGHEST WIND DIRECTION    NW (330)
  HIGHEST GUST SPEED    26   HIGHEST GUST DIRECTION    NW (310)
  AVERAGE WIND SPEED     7.0


SKY COVER
  POSSIBLE SUNSHINE  MM
  AVERAGE SKY COVER 0.6


WEATHER CONDITIONS
 THE FOLLOWING WEATHER WAS RECORDED TODAY.
  THUNDERSTORM


RELATIVE HUMIDITY (PERCENT)
 HIGHEST    94           500 AM
 LOWEST     63           300 PM
 AVERAGE    79

..........................................................


THE TULSA OKLAHOMA CLIMATE NORMALS FOR TOMORROW
                         NORMAL    RECORD    YEAR
 MAXIMUM TEMPERATURE (F)   94       112      2012
 MINIMUM TEMPERATURE (F)   73        51      1971


SUNRISE AND SUNSET
JULY 30 2015..........SUNRISE   629 AM CDT   SUNSET   831 PM CDT
JULY 31 2015..........SUNRISE   630 AM CDT   SUNSET   830 PM CDT


-  INDICATES NEGATIVE NUMBERS.
R  INDICATES RECORD WAS SET OR TIED.
MM INDICATES DATA IS MISSING.
T  INDICATES TRACE AMOUNT.




$$

&&
...........................................................

TULSA RECORD LOW MAX AND HIGH MIN TEMPERATURES FOR TOMORROW
                      RECORD        YEAR
  LOW MAXIMUM           79          1925
  HIGH MINIMUM          81          *1958
...........................................................
ALL DATA MEASURED AT THE TULSA INTERNATIONAL AIRPORT...
EXCEPT SNOWFALL...WHICH IS MEASURED AT THE NWS OFFICE.
