000
CDUS44 KTSA 271413
CLITUL

CLIMATE REPORT
NATIONAL WEATHER SERVICE TULSA OK
912 AM CDT TUE JUN 27 2017


...................................

...THE TULSA OKLAHOMA CLIMATE SUMMARY FOR JUNE 27 2017...
VALID AS OF 0900 AM LOCAL TIME.

CLIMATE NORMAL PERIOD 1981 TO 2010
CLIMATE RECORD PERIOD 1882 TO 2017


WEATHER ITEM   OBSERVED TIME   RECORD YEAR NORMAL DEPARTURE LAST
                VALUE   (LST)  VALUE       VALUE  FROM      YEAR
                                                  NORMAL
..................................................................
TEMPERATURE (F)
 TODAY
  MAXIMUM         77   1202 AM 106    2011  91    -14       95
  MINIMUM         65    535 AM  53    1968  71     -6       74
  AVERAGE         71                        81    -10       85

PRECIPITATION (IN)
  TODAY            0.00          2.62 2007   0.13  -0.13      T
  MONTH TO DATE    1.62                      4.32  -2.70     0.72
  SINCE JUN 1      1.62                      4.32  -2.70     0.72
  SINCE JAN 1     25.55                     20.82   4.73    14.58

DEGREE DAYS
 COOLING
  TODAY            6                        16    -10       20
  MONTH TO DATE  344                       331     13      476
  SINCE JUN 1    344                       331     13      476
  SINCE JAN 1    631                       565     66      680
..................................................................


WIND (MPH)
  HIGHEST WIND SPEED    10   HIGHEST WIND DIRECTION     S (170)
  HIGHEST GUST SPEED    12   HIGHEST GUST DIRECTION     S (180)
  AVERAGE WIND SPEED     5.0


SKY COVER
  POSSIBLE SUNSHINE  MM
  AVERAGE SKY COVER 0.7


WEATHER CONDITIONS
 THE FOLLOWING WEATHER WAS RECORDED TODAY.
  NO SIGNIFICANT WEATHER WAS OBSERVED.


RELATIVE HUMIDITY (PERCENT)
 HIGHEST    93           500 AM
 LOWEST     64          1200 AM
 AVERAGE    79

..........................................................


THE TULSA OKLAHOMA CLIMATE NORMALS FOR TOMORROW
                         NORMAL    RECORD    YEAR
 MAXIMUM TEMPERATURE (F)   91       106      1925
                                             1918
 MINIMUM TEMPERATURE (F)   71        58      1985
                                             1974


SUNRISE AND SUNSET
JUNE 27 2017..........SUNRISE   608 AM CDT   SUNSET   845 PM CDT
JUNE 28 2017..........SUNRISE   609 AM CDT   SUNSET   845 PM CDT


-  INDICATES NEGATIVE NUMBERS.
R  INDICATES RECORD WAS SET OR TIED.
MM INDICATES DATA IS MISSING.
T  INDICATES TRACE AMOUNT.




$$

&&
ALL DATA MEASURED AT THE TULSA INTERNATIONAL AIRPORT...
EXCEPT SNOWFALL...WHICH IS MEASURED AT THE NWS OFFICE.
