000
CDUS44 KMEG 212254
CLITUP


CLIMATE REPORT
NATIONAL WEATHER SERVICE MEMPHIS TN
454 PM CST TUE FEB 21 2017


...................................

...THE TUPELO CLIMATE SUMMARY FOR FEBRUARY 21 2017...
VALID TODAY AS OF 0400 PM LOCAL TIME.

CLIMATE NORMAL PERIOD 1981 TO 2010
CLIMATE RECORD PERIOD 1930 TO 2017


WEATHER ITEM   OBSERVED TIME   RECORD YEAR NORMAL DEPARTURE LAST
                VALUE   (LST)  VALUE       VALUE  FROM      YEAR
                                                  NORMAL
..................................................................
TEMPERATURE (F)
 TODAY
  MAXIMUM         67   1245 AM  77    2007  58      9       69
                                      1981
  MINIMUM         58    652 AM  14    1977  37     21       60
  AVERAGE         63                        48     15       65

PRECIPITATION (IN)
  TODAY            0.07          2.67 1971   0.19  -0.12     0.02
  MONTH TO DATE    1.16                      3.61  -2.45     2.30
  SINCE DEC 1     11.83                     14.37  -2.54    13.50
  SINCE JAN 1      6.93                      8.09  -1.16     6.14

SNOWFALL (IN)
  TODAY            0.0

DEGREE DAYS
 HEATING
  TODAY            2                        17    -15        0
  MONTH TO DATE  249                       420   -171      377
  SINCE DEC 1   1268                      1794   -526     1485
  SINCE JUL 1   1562                      2316   -754     1826

 COOLING
  TODAY            0                         0      0        0
  MONTH TO DATE    0                         0      0        0
  SINCE DEC 1     15                         3     12       27
  SINCE JAN 1      8                         1      7        0
..................................................................


WIND (MPH)
  HIGHEST WIND SPEED    23   HIGHEST WIND DIRECTION     E (110)
  HIGHEST GUST SPEED    27   HIGHEST GUST DIRECTION     E (110)
  AVERAGE WIND SPEED     9.8


SKY COVER
  POSSIBLE SUNSHINE  MM
  AVERAGE SKY COVER 0.8


WEATHER CONDITIONS
 THE FOLLOWING WEATHER WAS RECORDED TODAY.
  LIGHT RAIN
  FOG
  HAZE


RELATIVE HUMIDITY (PERCENT)
 HIGHEST    90          1100 AM
 LOWEST     52          1200 AM
 AVERAGE    71

..........................................................


THE TUPELO CLIMATE NORMALS FOR TOMORROW
                         NORMAL    RECORD    YEAR
 MAXIMUM TEMPERATURE (F)   59        78      1980
 MINIMUM TEMPERATURE (F)   37         8      1963


SUNRISE AND SUNSET
FEBRUARY 21 2017......SUNRISE   633 AM CST   SUNSET   544 PM CST
FEBRUARY 22 2017......SUNRISE   632 AM CST   SUNSET   545 PM CST


-  INDICATES NEGATIVE NUMBERS.
R  INDICATES RECORD WAS SET OR TIED.
MM INDICATES DATA IS MISSING.
T  INDICATES TRACE AMOUNT.




$$
