000
CDUS44 KMEG 060740
CLITUP


CLIMATE REPORT
NATIONAL WEATHER SERVICE MEMPHIS TN
140 AM CST TUE DEC 6 2016


...................................

...THE TUPELO CLIMATE SUMMARY FOR DECEMBER 5 2016...

CLIMATE NORMAL PERIOD 1981 TO 2010
CLIMATE RECORD PERIOD 1930 TO 2016


WEATHER ITEM   OBSERVED TIME   RECORD YEAR NORMAL DEPARTURE LAST
                VALUE   (LST)  VALUE       VALUE  FROM      YEAR
                                                  NORMAL
..................................................................
TEMPERATURE (F)
 YESTERDAY
  MAXIMUM         52   1159 PM  78    1998  56     -4       60
  MINIMUM         46    802 AM  18    1974  36     10       28
  AVERAGE         49                        46      3       44

PRECIPITATION (IN)
  YESTERDAY        0.69          1.89 1942   0.22   0.47     0.00
  MONTH TO DATE    2.00                      1.09   0.91     0.39
  SINCE DEC 1      2.00                      1.09   0.91     0.39
  SINCE JAN 1     43.37                     49.82  -6.45    63.79

SNOWFALL (IN)
  YESTERDAY        0.0           T    1945   0.0    0.0      0.0
  MONTH TO DATE    0.0                       0.0    0.0      0.0
  SINCE DEC 1      0.0                       0.0    0.0      0.0
  SINCE JUL 1      0.0                       0.0    0.0      0.0
  SNOW DEPTH       0

DEGREE DAYS
 HEATING
  YESTERDAY       16                        19     -3       21
  MONTH TO DATE   94                        91      3       93
  SINCE DEC 1     94                        91      3       93
  SINCE JUL 1    388                       613   -225      434

 COOLING
  YESTERDAY        0                         0      0        0
  MONTH TO DATE    0                         0      0        0
  SINCE DEC 1      0                         0      0        0
  SINCE JAN 1   2539                      2044    495     2148
..................................................................


WIND (MPH)
  HIGHEST WIND SPEED    12   HIGHEST WIND DIRECTION     N (360)
  HIGHEST GUST SPEED    16   HIGHEST GUST DIRECTION     N (10)
  AVERAGE WIND SPEED     7.0


SKY COVER
  POSSIBLE SUNSHINE  MM
  AVERAGE SKY COVER 1.0


WEATHER CONDITIONS
 THE FOLLOWING WEATHER WAS RECORDED YESTERDAY.
  THUNDERSTORM
  HEAVY RAIN
  RAIN
  LIGHT RAIN
  FOG


RELATIVE HUMIDITY (PERCENT)
 HIGHEST    93          1200 AM
 LOWEST     86           100 AM
 AVERAGE    90

..........................................................


THE TUPELO CLIMATE NORMALS FOR TODAY
                         NORMAL    RECORD    YEAR
 MAXIMUM TEMPERATURE (F)   56        79      1998
                                             1951
 MINIMUM TEMPERATURE (F)   36        18      1937


SUNRISE AND SUNSET
DECEMBER  6 2016......SUNRISE   648 AM CST   SUNSET   445 PM CST
DECEMBER  7 2016......SUNRISE   648 AM CST   SUNSET   445 PM CST


-  INDICATES NEGATIVE NUMBERS.
R  INDICATES RECORD WAS SET OR TIED.
MM INDICATES DATA IS MISSING.
T  INDICATES TRACE AMOUNT.




$$
