000
CDUS44 KMEG 230739
CLITUP


CLIMATE REPORT
NATIONAL WEATHER SERVICE MEMPHIS TN
138 AM CST MON JAN 23 2017


...................................

...THE TUPELO CLIMATE SUMMARY FOR JANUARY 22 2017...

CLIMATE NORMAL PERIOD 1981 TO 2010
CLIMATE RECORD PERIOD 1930 TO 2017


WEATHER ITEM   OBSERVED TIME   RECORD YEAR NORMAL DEPARTURE LAST
                VALUE   (LST)  VALUE       VALUE  FROM      YEAR
                                                  NORMAL
..................................................................
TEMPERATURE (F)
 YESTERDAY
  MAXIMUM         60   1255 AM  75    1937  52      8       47
  MINIMUM         51    844 PM  10    1984  32     19       30
  AVERAGE         56                        42     14       39

PRECIPITATION (IN)
  YESTERDAY       MM             3.75 1999   0.14  MM        0.24
  MONTH TO DATE    4.08                      3.18   0.90     2.97
  SINCE DEC 1      8.98                      9.46  -0.48    10.33
  SINCE JAN 1      4.08                      3.18   0.90     2.97

SNOWFALL (IN)
  YESTERDAY        0.0           4.0  1935   0.1   -0.1       T
  MONTH TO DATE    T                         0.7   -0.7       T
  SINCE DEC 1      T                         1.0   -1.0       T
  SINCE JUL 1      T                         1.0   -1.0       T
  SNOW DEPTH       0

DEGREE DAYS
 HEATING
  YESTERDAY        9                        23    -14       26
  MONTH TO DATE  282                       520   -238      563
  SINCE DEC 1    858                      1171   -313      925
  SINCE JUL 1   1152                      1693   -541     1266

 COOLING
  YESTERDAY        0                         0      0        0
  MONTH TO DATE    8                         0      8        0
  SINCE DEC 1     15                         2     13       27
  SINCE JAN 1      8                         0      8        0
..................................................................


WIND (MPH)
  HIGHEST WIND SPEED    16   HIGHEST WIND DIRECTION    NW (300)
  HIGHEST GUST SPEED    23   HIGHEST GUST DIRECTION     W (290)
  AVERAGE WIND SPEED     6.7


SKY COVER
  POSSIBLE SUNSHINE  MM
  AVERAGE SKY COVER 0.8


WEATHER CONDITIONS
 THE FOLLOWING WEATHER WAS RECORDED YESTERDAY.
  THUNDERSTORM
  FOG
  HAZE


RELATIVE HUMIDITY (PERCENT)
 HIGHEST    96           500 PM
 LOWEST     86          1000 AM
 AVERAGE    91

..........................................................


THE TUPELO CLIMATE NORMALS FOR TODAY
                         NORMAL    RECORD    YEAR
 MAXIMUM TEMPERATURE (F)   52        79      1943
 MINIMUM TEMPERATURE (F)   32         2      1963


SUNRISE AND SUNSET
JANUARY 23 2017.......SUNRISE   658 AM CST   SUNSET   516 PM CST
JANUARY 24 2017.......SUNRISE   657 AM CST   SUNSET   517 PM CST


-  INDICATES NEGATIVE NUMBERS.
R  INDICATES RECORD WAS SET OR TIED.
MM INDICATES DATA IS MISSING.
T  INDICATES TRACE AMOUNT.




$$
