000
CDUS44 KMEG 200648
CLITUP


CLIMATE REPORT
NATIONAL WEATHER SERVICE MEMPHIS TN
147 AM CDT MON OCT 20 2014


...................................

...THE TUPELO CLIMATE SUMMARY FOR OCTOBER 19 2014...

CLIMATE NORMAL PERIOD 1981 TO 2010
CLIMATE RECORD PERIOD 1930 TO 2014


WEATHER ITEM   OBSERVED TIME   RECORD YEAR NORMAL DEPARTURE LAST
                VALUE   (LST)  VALUE       VALUE  FROM      YEAR
                                                  NORMAL
..................................................................
TEMPERATURE (F)
 YESTERDAY
  MAXIMUM         68    345 PM  90    2005  74     -6       67
  MINIMUM         45    619 AM  33    1978  50     -5       43
                                      1975
                                      1948
  AVERAGE         57                        62     -5       55

PRECIPITATION (IN)
  YESTERDAY        0.00          2.45 2004   0.14  -0.14     0.00
  MONTH TO DATE    4.90                      2.55   2.35     1.05
  SINCE SEP 1      8.13                      5.99   2.14     4.13
  SINCE JAN 1     44.06                     42.46   1.60    41.41

SNOWFALL (IN)
  YESTERDAY        0.0           0.0  2002   0.0    0.0      0.0
                                      2001
  MONTH TO DATE    0.0                       0.0    0.0      0.0
  SINCE SEP 1      0.0                       0.0    0.0      0.0
  SINCE JUL 1      0.0                       0.0    0.0      0.0
  SNOW DEPTH       0

DEGREE DAYS
 HEATING
  YESTERDAY        8                         5      3       10
  MONTH TO DATE   34                        59    -25       29
  SINCE SEP 1     35                        71    -36       29
  SINCE JUL 1     35                        71    -36       29

 COOLING
  YESTERDAY        0                         2     -2        0
  MONTH TO DATE   89                        59     30       93
  SINCE SEP 1    412                       345     67      424
  SINCE JAN 1   1959                      2017    -58     2019
..................................................................


WIND (MPH)
  HIGHEST WIND SPEED    10   HIGHEST WIND DIRECTION     E (90)
  HIGHEST GUST SPEED    13   HIGHEST GUST DIRECTION     E (70)
  AVERAGE WIND SPEED     3.9


SKY COVER
  POSSIBLE SUNSHINE  MM
  AVERAGE SKY COVER 0.0


WEATHER CONDITIONS
 THE FOLLOWING WEATHER WAS RECORDED YESTERDAY.
  NO SIGNIFICANT WEATHER WAS OBSERVED.


RELATIVE HUMIDITY (PERCENT)
 HIGHEST    93           100 AM
 LOWEST     45           100 PM
 AVERAGE    69

..........................................................


THE TUPELO CLIMATE NORMALS FOR TODAY
                         NORMAL    RECORD    YEAR
 MAXIMUM TEMPERATURE (F)   74        88      1941
 MINIMUM TEMPERATURE (F)   49        30      1981


SUNRISE AND SUNSET
OCTOBER 20 2014.......SUNRISE   704 AM CDT   SUNSET   615 PM CDT
OCTOBER 21 2014.......SUNRISE   705 AM CDT   SUNSET   614 PM CDT


-  INDICATES NEGATIVE NUMBERS.
R  INDICATES RECORD WAS SET OR TIED.
MM INDICATES DATA IS MISSING.
T  INDICATES TRACE AMOUNT.




$$
