000
CDUS44 KMEG 240622
CLITUP


CLIMATE REPORT
NATIONAL WEATHER SERVICE MEMPHIS TN
121 AM CDT FRI OCT 24 2014


...................................

...THE TUPELO CLIMATE SUMMARY FOR OCTOBER 23 2014...

CLIMATE NORMAL PERIOD 1981 TO 2010
CLIMATE RECORD PERIOD 1930 TO 2014


WEATHER ITEM   OBSERVED TIME   RECORD YEAR NORMAL DEPARTURE LAST
                VALUE   (LST)  VALUE       VALUE  FROM      YEAR
                                                  NORMAL
..................................................................
TEMPERATURE (F)
 YESTERDAY
  MAXIMUM         66    240 PM  93    1939  73     -7       61
  MINIMUM         39    510 AM  32    1974  48     -9       41
  AVERAGE         53                        61     -8       51

PRECIPITATION (IN)
  YESTERDAY        0.00          3.27 1985   0.13  -0.13     0.00
  MONTH TO DATE    7.60                      3.08   4.52     1.05
  SINCE SEP 1     10.83                      6.52   4.31     4.13
  SINCE JAN 1     46.76                     42.99   3.77    41.41

SNOWFALL (IN)
  YESTERDAY        0.0           0.0  2002   0.0    0.0      0.0
                                      2001
  MONTH TO DATE    0.0                       0.0    0.0      0.0
  SINCE SEP 1      0.0                       0.0    0.0      0.0
  SINCE JUL 1      0.0                       0.0    0.0      0.0
  SNOW DEPTH       0

DEGREE DAYS
 HEATING
  YESTERDAY       12                         6      6       14
  MONTH TO DATE   63                        81    -18       69
  SINCE SEP 1     64                        93    -29       69
  SINCE JUL 1     64                        93    -29       69

 COOLING
  YESTERDAY        0                         2     -2        0
  MONTH TO DATE   89                        67     22       93
  SINCE SEP 1    412                       353     59      424
  SINCE JAN 1   1959                      2025    -66     2019
..................................................................


WIND (MPH)
  HIGHEST WIND SPEED     9   HIGHEST WIND DIRECTION    NE (30)
  HIGHEST GUST SPEED    10   HIGHEST GUST DIRECTION    NE (30)
  AVERAGE WIND SPEED     3.6


SKY COVER
  POSSIBLE SUNSHINE  MM
  AVERAGE SKY COVER 0.0


WEATHER CONDITIONS
 THE FOLLOWING WEATHER WAS RECORDED YESTERDAY.
  NO SIGNIFICANT WEATHER WAS OBSERVED.


RELATIVE HUMIDITY (PERCENT)
 HIGHEST    93           300 AM
 LOWEST     44           300 PM
 AVERAGE    69

..........................................................


THE TUPELO CLIMATE NORMALS FOR TODAY
                         NORMAL    RECORD    YEAR
 MAXIMUM TEMPERATURE (F)   73        90      1939
 MINIMUM TEMPERATURE (F)   48        27      1937


SUNRISE AND SUNSET
OCTOBER 24 2014.......SUNRISE   708 AM CDT   SUNSET   610 PM CDT
OCTOBER 25 2014.......SUNRISE   709 AM CDT   SUNSET   609 PM CDT


-  INDICATES NEGATIVE NUMBERS.
R  INDICATES RECORD WAS SET OR TIED.
MM INDICATES DATA IS MISSING.
T  INDICATES TRACE AMOUNT.




$$
