000
CDUS44 KMEG 230634
CLITUP


CLIMATE REPORT
NATIONAL WEATHER SERVICE MEMPHIS TN
134 AM CDT MON OCT 23 2017


...................................

...THE TUPELO CLIMATE SUMMARY FOR OCTOBER 22 2017...

CLIMATE NORMAL PERIOD 1981 TO 2010
CLIMATE RECORD PERIOD 1930 TO 2017


WEATHER ITEM   OBSERVED TIME   RECORD YEAR NORMAL DEPARTURE LAST
                VALUE   (LST)  VALUE       VALUE  FROM      YEAR
                                                  NORMAL
..................................................................
TEMPERATURE (F)
 YESTERDAY
  MAXIMUM         76    241 PM  91    1939  73      3       71
  MINIMUM         63   1159 PM  30    1987  49     14       40
                                      1976
  AVERAGE         70                        61      9       56

PRECIPITATION (IN)
  YESTERDAY        0.24          2.71 2007   0.13   0.11     0.00
  MONTH TO DATE    0.89                      2.95  -2.06     0.44
  SINCE SEP 1      3.17                      6.39  -3.22     0.87
  SINCE JAN 1     39.22                     42.86  -3.64    36.72

SNOWFALL (IN)
  YESTERDAY        0.0           0.0  2002   0.0    0.0      0.0
                                      2001
  MONTH TO DATE    0.0                       0.0    0.0      0.0
  SINCE SEP 1      0.0                       0.0    0.0      0.0
  SINCE JUL 1      0.0                       0.0    0.0      0.0
  SNOW DEPTH       0

DEGREE DAYS
 HEATING
  YESTERDAY        0                         6     -6        9
  MONTH TO DATE   37                        75    -38       17
  SINCE SEP 1     42                        87    -45       17
  SINCE JUL 1     42                        87    -45       17

 COOLING
  YESTERDAY        5                         2      3        0
  MONTH TO DATE  128                        65     63      128
  SINCE SEP 1    406                       351     55      552
  SINCE JAN 1   2104                      2023     81     2475
..................................................................


WIND (MPH)
  HIGHEST WIND SPEED    21   HIGHEST WIND DIRECTION    SE (130)
  HIGHEST GUST SPEED    26   HIGHEST GUST DIRECTION     S (160)
  AVERAGE WIND SPEED     9.2


SKY COVER
  POSSIBLE SUNSHINE  MM
  AVERAGE SKY COVER 0.5


WEATHER CONDITIONS
 THE FOLLOWING WEATHER WAS RECORDED YESTERDAY.
  LIGHT RAIN
  FOG
  HAZE


RELATIVE HUMIDITY (PERCENT)
 HIGHEST    93          1100 PM
 LOWEST     68           800 AM
 AVERAGE    81

..........................................................


THE TUPELO CLIMATE NORMALS FOR TODAY
                         NORMAL    RECORD    YEAR
 MAXIMUM TEMPERATURE (F)   73        93      1939
 MINIMUM TEMPERATURE (F)   48        32      1974


SUNRISE AND SUNSET
OCTOBER 23 2017.......SUNRISE   707 AM CDT   SUNSET   611 PM CDT
OCTOBER 24 2017.......SUNRISE   708 AM CDT   SUNSET   610 PM CDT


-  INDICATES NEGATIVE NUMBERS.
R  INDICATES RECORD WAS SET OR TIED.
MM INDICATES DATA IS MISSING.
T  INDICATES TRACE AMOUNT.




$$
