000
CDUS44 KMEG 180734
CLITUP


CLIMATE REPORT
NATIONAL WEATHER SERVICE MEMPHIS TN
133 AM CST THU JAN 18 2018


...................................

...THE TUPELO CLIMATE SUMMARY FOR JANUARY 17 2018...

CLIMATE NORMAL PERIOD 1981 TO 2010
CLIMATE RECORD PERIOD 1930 TO 2018


WEATHER ITEM   OBSERVED TIME   RECORD YEAR NORMAL DEPARTURE LAST
                VALUE   (LST)  VALUE       VALUE  FROM      YEAR
                                                  NORMAL
..................................................................
TEMPERATURE (F)
 YESTERDAY
  MAXIMUM         27    424 PM  75    1937  52    -25       67
                                      1936
  MINIMUM          4    309 AM   1    1977  31    -27       55
  AVERAGE         16                        41    -25       61

PRECIPITATION (IN)
  YESTERDAY        0.00          2.06 2006   0.14  -0.14     0.65
  MONTH TO DATE    2.52                      2.46   0.06     1.88
  SINCE DEC 1      8.98                      8.74   0.24     6.78
  SINCE JAN 1      2.52                      2.46   0.06     1.88

SNOWFALL (IN)
  YESTERDAY        0.0           1.0  1930   0.0    0.0      0.0
  MONTH TO DATE    0.8                       0.5    0.3       T
  SINCE DEC 1      0.8                       0.8    0.0       T
  SINCE JUL 1      0.8                       0.8    0.0       T
  SNOW DEPTH       0

DEGREE DAYS
 HEATING
  YESTERDAY       49                        24     25        4
  MONTH TO DATE  538                       404    134      254
  SINCE DEC 1   1199                      1055    144      830
  SINCE JUL 1   1689                      1577    112     1124

 COOLING
  YESTERDAY        0                         0      0        0
  MONTH TO DATE    0                         0      0        8
  SINCE DEC 1      0                         2     -2       15
  SINCE JAN 1      0                         0      0        8
..................................................................


WIND (MPH)
  HIGHEST WIND SPEED    15   HIGHEST WIND DIRECTION     N (350)
  HIGHEST GUST SPEED    19   HIGHEST GUST DIRECTION     N (350)
  AVERAGE WIND SPEED     7.1


SKY COVER
  POSSIBLE SUNSHINE  MM
  AVERAGE SKY COVER 0.0


WEATHER CONDITIONS
 THE FOLLOWING WEATHER WAS RECORDED YESTERDAY.
  NO SIGNIFICANT WEATHER WAS OBSERVED.


RELATIVE HUMIDITY (PERCENT)
 HIGHEST    76           400 AM
 LOWEST     46           300 PM
 AVERAGE    61

..........................................................


THE TUPELO CLIMATE NORMALS FOR TODAY
                         NORMAL    RECORD    YEAR
 MAXIMUM TEMPERATURE (F)   52        74      1949
 MINIMUM TEMPERATURE (F)   31         3      1930


SUNRISE AND SUNSET
JANUARY 18 2018.......SUNRISE   700 AM CST   SUNSET   511 PM CST
JANUARY 19 2018.......SUNRISE   700 AM CST   SUNSET   512 PM CST


-  INDICATES NEGATIVE NUMBERS.
R  INDICATES RECORD WAS SET OR TIED.
MM INDICATES DATA IS MISSING.
T  INDICATES TRACE AMOUNT.




$$
