000
CDUS44 KMEG 032148
CLITUP


CLIMATE REPORT
NATIONAL WEATHER SERVICE MEMPHIS TN
445 PM CDT FRI JUL 3 2015


...................................

...THE TUPELO CLIMATE SUMMARY FOR JULY 3 2015...
VALID TODAY AS OF 0400 PM LOCAL TIME.

CLIMATE NORMAL PERIOD 1981 TO 2010
CLIMATE RECORD PERIOD 1930 TO 2015


WEATHER ITEM   OBSERVED TIME   RECORD YEAR NORMAL DEPARTURE LAST
                VALUE   (LST)  VALUE       VALUE  FROM      YEAR
                                                  NORMAL
..................................................................
TEMPERATURE (F)
 TODAY
  MAXIMUM         80    140 AM 100    2012  91    -11       84
  MINIMUM         70   1135 AM  60    1977  71     -1       65
                                      1930
  AVERAGE         75                        81     -6       75

PRECIPITATION (IN)
  TODAY            5.98R         2.55 1941   0.13   5.85     0.00
  MONTH TO DATE    5.99                      0.42   5.57     0.12
  SINCE JUN 1      9.37                      4.94   4.43     8.46
  SINCE JAN 1     41.78                     29.54  12.24    28.63

SNOWFALL (IN)
  TODAY            0.0

DEGREE DAYS
 HEATING
  TODAY            0                         0      0        0
  MONTH TO DATE    0                         0      0        0
  SINCE JUN 1      0                         0      0        0
  SINCE JUL 1      0                         0      0        0

 COOLING
  TODAY           10                        16     -6       10
  MONTH TO DATE   41                        48     -7       45
  SINCE JUN 1    474                       443     31      465
  SINCE JAN 1    779                       720     59      739
..................................................................


WIND (MPH)
  HIGHEST WIND SPEED    18   HIGHEST WIND DIRECTION     E (70)
  HIGHEST GUST SPEED    27   HIGHEST GUST DIRECTION    NW (320)
  AVERAGE WIND SPEED     6.0


SKY COVER
  POSSIBLE SUNSHINE  MM
  AVERAGE SKY COVER 0.9


WEATHER CONDITIONS
 THE FOLLOWING WEATHER WAS RECORDED TODAY.
  THUNDERSTORM
  HEAVY RAIN
  RAIN
  LIGHT RAIN
  FOG


RELATIVE HUMIDITY (PERCENT)
 HIGHEST   100          1100 AM
 LOWEST     74           200 AM
 AVERAGE    87

..........................................................


THE TUPELO CLIMATE NORMALS FOR TOMORROW
                         NORMAL    RECORD    YEAR
 MAXIMUM TEMPERATURE (F)   91       100      2012
                                             1956
 MINIMUM TEMPERATURE (F)   71        55      1961


SUNRISE AND SUNSET
JULY  3 2015..........SUNRISE   548 AM CDT   SUNSET   811 PM CDT
JULY  4 2015..........SUNRISE   548 AM CDT   SUNSET   811 PM CDT


-  INDICATES NEGATIVE NUMBERS.
R  INDICATES RECORD WAS SET OR TIED.
MM INDICATES DATA IS MISSING.
T  INDICATES TRACE AMOUNT.




$$
