000
CDUS44 KMEG 160643
CLITUP


CLIMATE REPORT
NATIONAL WEATHER SERVICE MEMPHIS TN
143 AM CDT WED APR 16 2014


...................................

...THE TUPELO CLIMATE SUMMARY FOR APRIL 15 2014...

CLIMATE NORMAL PERIOD 1981 TO 2010
CLIMATE RECORD PERIOD 1930 TO 2014


WEATHER ITEM   OBSERVED TIME   RECORD YEAR NORMAL DEPARTURE LAST
                VALUE   (LST)  VALUE       VALUE  FROM      YEAR
                                                  NORMAL
..................................................................
TEMPERATURE (F)
 YESTERDAY
  MAXIMUM         52    354 PM  88    2006  74    -22       79
                                      1936
  MINIMUM         33R  1130 PM  33    2008  50    -17       54
                                      1980
                                      1971
  AVERAGE         43                        62    -19       67

PRECIPITATION (IN)
  YESTERDAY        0.01          1.13 2011   0.15  -0.14     0.00
  MONTH TO DATE    4.86                      2.29   2.57     3.53
  SINCE MAR 1      7.94                      7.11   0.83     7.86
  SINCE JAN 1     14.03                     16.55  -2.52    20.29

SNOWFALL (IN)
  YESTERDAY        0.0          MM      MM   0.0    0.0      0.0
  MONTH TO DATE    0.0                       0.0    0.0      0.0
  SINCE MAR 1      T                         0.3   -0.3       T
  SINCE JUL 1      0.5                       2.1   -1.6       T
  SNOW DEPTH       0

DEGREE DAYS
 HEATING
  YESTERDAY       22                         5     17        0
  MONTH TO DATE  100                        96      4       94
  SINCE MAR 1    560                       451    109      609
  SINCE JUL 1   3390                      2882    508     2835

 COOLING
  YESTERDAY        0                         2     -2        2
  MONTH TO DATE   21                        21      0       24
  SINCE MAR 1     21                        35    -14       25
  SINCE JAN 1     21                        37    -16       31
..................................................................


WIND (MPH)
  HIGHEST WIND SPEED    26   HIGHEST WIND DIRECTION    NE (30)
  HIGHEST GUST SPEED    35   HIGHEST GUST DIRECTION    NE (30)
  AVERAGE WIND SPEED    14.0


SKY COVER
  POSSIBLE SUNSHINE  MM
  AVERAGE SKY COVER 0.3


WEATHER CONDITIONS
 THE FOLLOWING WEATHER WAS RECORDED YESTERDAY.
  LIGHT RAIN
  FOG


RELATIVE HUMIDITY (PERCENT)
 HIGHEST    89          1200 AM
 LOWEST     32           300 PM
 AVERAGE    61

..........................................................


THE TUPELO CLIMATE NORMALS FOR TODAY
                         NORMAL    RECORD    YEAR
 MAXIMUM TEMPERATURE (F)   74        88      1977
 MINIMUM TEMPERATURE (F)   50        28      1983


SUNRISE AND SUNSET
APRIL 16 2014.........SUNRISE   623 AM CDT   SUNSET   728 PM CDT
APRIL 17 2014.........SUNRISE   621 AM CDT   SUNSET   728 PM CDT


-  INDICATES NEGATIVE NUMBERS.
R  INDICATES RECORD WAS SET OR TIED.
MM INDICATES DATA IS MISSING.
T  INDICATES TRACE AMOUNT.




$$
