000
CDUS45 KTWC 270729
CLITUS

CLIMATE REPORT
NATIONAL WEATHER SERVICE TUCSON AZ
1229 AM MST WED JUL 27 2016


...................................

...THE TUCSON AZ CLIMATE SUMMARY FOR JULY 26 2016...

CLIMATE NORMAL PERIOD 1981 TO 2010
CLIMATE RECORD PERIOD 1895 TO 2016


WEATHER ITEM   OBSERVED TIME   RECORD YEAR NORMAL DEPARTURE LAST
                VALUE   (LST)  VALUE       VALUE  FROM      YEAR
                                                  NORMAL
..................................................................
TEMPERATURE (F)
 YESTERDAY
  MAXIMUM        105    537 PM 112    1995  98      7      102
  MINIMUM         78   1138 PM  59    1913  74      4       77
  AVERAGE         92                        86      6       90

PRECIPITATION (IN)
  YESTERDAY        0.02          2.00 1936   0.09  -0.07     0.00
  MONTH TO DATE    1.22                      1.77  -0.55     0.52
  SINCE OCT 1      8.22                      7.43   0.79     8.28
  SINCE JAN 1      5.34                      5.04   0.30     4.78

DEGREE DAYS
 HEATING
  YESTERDAY        0                         0      0        0
  MONTH TO DATE    0                         0      0        0
  SINCE JUN 1      0                         0      0        0
  SINCE JUL 1      0                         0      0        0

 COOLING
  YESTERDAY       27                        21      6       25
  MONTH TO DATE  679                       581     98      586
  SINCE JUN 1   1389                      1175    214     1299
  SINCE JAN 1   1956                      1677    279     1813
..................................................................


WIND (MPH)
  HIGHEST WIND SPEED    39   HIGHEST WIND DIRECTION    SE (140)
  HIGHEST GUST SPEED    51   HIGHEST GUST DIRECTION    SE (140)
  AVERAGE WIND SPEED     7.4


SKY COVER
  POSSIBLE SUNSHINE  MM
  AVERAGE SKY COVER 0.1


WEATHER CONDITIONS
 THE FOLLOWING WEATHER WAS RECORDED YESTERDAY.
  THUNDERSTORM
  LIGHT RAIN
  HAZE


RELATIVE HUMIDITY (PERCENT)
 HIGHEST    45
 LOWEST     19
 AVERAGE    32

..........................................................


THE TUCSON AZ CLIMATE NORMALS FOR TODAY
                         NORMAL    RECORD    YEAR
 MAXIMUM TEMPERATURE (F)   98       113      1995
 MINIMUM TEMPERATURE (F)   74        59      1913


SUNRISE AND SUNSET
JULY 27 2016..........SUNRISE   536 AM MST   SUNSET   724 PM MST
JULY 28 2016..........SUNRISE   537 AM MST   SUNSET   723 PM MST


-  INDICATES NEGATIVE NUMBERS.
R  INDICATES RECORD WAS SET OR TIED.
MM INDICATES DATA IS MISSING.
T  INDICATES TRACE AMOUNT.




$$
