333
CDUS45 KTWC 261427
CLITUS

CLIMATE REPORT
NATIONAL WEATHER SERVICE TUCSON AZ
727 AM MST TUE SEP 26 2017


...................................

...THE TUCSON AZ CLIMATE SUMMARY FOR SEPTEMBER 26 2017...
VALID AS OF 0700 AM LOCAL TIME.

CLIMATE NORMAL PERIOD 1981 TO 2010
CLIMATE RECORD PERIOD 1895 TO 2017


WEATHER ITEM   OBSERVED TIME   RECORD YEAR NORMAL DEPARTURE LAST
                VALUE   (LST)  VALUE       VALUE  FROM      YEAR
                                                  NORMAL
..................................................................
TEMPERATURE (F)
 TODAY
  MINIMUM         56    616 AM  43    1913  65     -9       68

PRECIPITATION (IN)
  TODAY            0.00          2.40 1962   0.04  -0.04      T
  MONTH TO DATE    0.03                      1.16  -1.13     1.30
  SINCE OCT 1     11.86                     11.46   0.40    12.71
  SINCE JAN 1     10.18                      9.07   1.11     9.83

DEGREE DAYS
 HEATING
  TODAY            5                         0      5        0

 COOLING
  TODAY            0                        13    -13        8
..................................................................


WIND (MPH)
  HIGHEST WIND SPEED    12   HIGHEST WIND DIRECTION    SE (150)
  HIGHEST GUST SPEED    14   HIGHEST GUST DIRECTION    SE (150)
  AVERAGE WIND SPEED     7.1


SKY COVER
  POSSIBLE SUNSHINE  MM
  AVERAGE SKY COVER 0.0


WEATHER CONDITIONS
 THE FOLLOWING WEATHER WAS RECORDED TODAY.
  NO SIGNIFICANT WEATHER WAS OBSERVED.


RELATIVE HUMIDITY (PERCENT)
 HIGHEST    25           600 AM

..........................................................


THE TUCSON AZ CLIMATE NORMALS FOR TOMORROW
                         NORMAL    RECORD    YEAR
 MAXIMUM TEMPERATURE (F)   91       102      1994
 MINIMUM TEMPERATURE (F)   65        46      1915


SUNRISE AND SUNSET
SEPTEMBER 26 2017.....SUNRISE   615 AM MST   SUNSET   615 PM MST
SEPTEMBER 27 2017.....SUNRISE   615 AM MST   SUNSET   613 PM MST


-  INDICATES NEGATIVE NUMBERS.
R  INDICATES RECORD WAS SET OR TIED.
MM INDICATES DATA IS MISSING.
T  INDICATES TRACE AMOUNT.




$$
