000
CDUS45 KTWC 250822
CLITUS

CLIMATE REPORT
NATIONAL WEATHER SERVICE TUCSON AZ
120 AM MST FRI JUL 25 2014


...................................

...THE TUCSON AZ CLIMATE SUMMARY FOR JULY 24 2014...

CLIMATE NORMAL PERIOD 1981 TO 2010
CLIMATE RECORD PERIOD 1895 TO 2014


WEATHER ITEM   OBSERVED TIME   RECORD YEAR NORMAL DEPARTURE LAST
                VALUE   (LST)  VALUE       VALUE  FROM      YEAR
                                                  NORMAL
..................................................................
TEMPERATURE (F)
 YESTERDAY
  MAXIMUM        107    433 PM 109    1987  98      9       93
  MINIMUM         80    612 AM  62    1913  75      5       77
  AVERAGE         94                        86      8       85

PRECIPITATION (IN)
  YESTERDAY        0.00          1.87 1948   0.09  -0.09      T
  MONTH TO DATE    1.41                      1.59  -0.18     2.57
  SINCE OCT 1      5.07                      7.25  -2.18     5.55
  SINCE JAN 1      2.02                      4.86  -2.84     4.34

DEGREE DAYS
 HEATING
  YESTERDAY        0                         0      0        0
  MONTH TO DATE    0                         0      0        0
  SINCE JUN 1      0                         0      0        0
  SINCE JUL 1      0                         0      0        0

 COOLING
  YESTERDAY       29                        21      8       20
  MONTH TO DATE  562                       539     23      558
  SINCE JUN 1   1287                      1133    154     1299
  SINCE JAN 1   1890                      1635    255     2010
..................................................................


WIND (MPH)
  HIGHEST WIND SPEED    23   HIGHEST WIND DIRECTION    SE (120)
  HIGHEST GUST SPEED    30   HIGHEST GUST DIRECTION    SW (230)
  AVERAGE WIND SPEED    10.8


SKY COVER
  POSSIBLE SUNSHINE  MM
  AVERAGE SKY COVER 0.0


WEATHER CONDITIONS
 THE FOLLOWING WEATHER WAS RECORDED YESTERDAY.
  NO SIGNIFICANT WEATHER WAS OBSERVED.


RELATIVE HUMIDITY (PERCENT)
 HIGHEST    54
 LOWEST      9
 AVERAGE    32

..........................................................


THE TUCSON AZ CLIMATE NORMALS FOR TODAY
                         NORMAL    RECORD    YEAR
 MAXIMUM TEMPERATURE (F)   98       109      1943
 MINIMUM TEMPERATURE (F)   75        65      1913


SUNRISE AND SUNSET
JULY 25 2014..........SUNRISE   534 AM MST   SUNSET   726 PM MST
JULY 26 2014..........SUNRISE   535 AM MST   SUNSET   725 PM MST


-  INDICATES NEGATIVE NUMBERS.
R  INDICATES RECORD WAS SET OR TIED.
MM INDICATES DATA IS MISSING.
T  INDICATES TRACE AMOUNT.

$$
