000
CDUS45 KTWC 030029 RRA
CLITUS

CLIMATE REPORT
NATIONAL WEATHER SERVICE TUCSON AZ
527 PM MST MON MAY 2 2016


...................................

...THE TUCSON AZ CLIMATE SUMMARY FOR MAY 2 2016...
VALID TODAY AS OF 0500 PM LOCAL TIME.

CLIMATE NORMAL PERIOD 1981 TO 2010
CLIMATE RECORD PERIOD 1895 TO 2016


WEATHER ITEM   OBSERVED TIME   RECORD YEAR NORMAL DEPARTURE LAST
                VALUE   (LST)  VALUE       VALUE  FROM      YEAR
                                                  NORMAL
..................................................................
TEMPERATURE (F)
 TODAY
  MAXIMUM         85    459 PM 102    1947  87     -2       93
  MINIMUM         53    602 AM  39    1967  57     -4       66
  AVERAGE         69                        72     -3       80

PRECIPITATION (IN)
  TODAY            0.00          0.17 1904   0.00   0.00      T
  MONTH TO DATE    0.00                      0.01  -0.01      T
  SINCE OCT 1      5.41                      5.24   0.17     7.11
  SINCE JAN 1      2.53                      2.85  -0.32     3.61

DEGREE DAYS
 HEATING
  TODAY            0                         1     -1        0
  MONTH TO DATE    0                         2     -2        0
  SINCE MAR 1     89                       241   -152       60
  SINCE JUL 1   1217                      1508   -291      902

 COOLING
  TODAY            4                         7     -3       15
  MONTH TO DATE    4                        14    -10       30
  SINCE MAR 1    219                       164     55      265
  SINCE JAN 1    253                       168     85      273
..................................................................


WIND (MPH)
  HIGHEST WIND SPEED    17   HIGHEST WIND DIRECTION    SE (140)
  HIGHEST GUST SPEED    22   HIGHEST GUST DIRECTION    SE (130)
  AVERAGE WIND SPEED     6.0


SKY COVER
  POSSIBLE SUNSHINE  MM
  AVERAGE SKY COVER 0.0


WEATHER CONDITIONS
 THE FOLLOWING WEATHER WAS RECORDED TODAY.
  NO SIGNIFICANT WEATHER WAS OBSERVED.


RELATIVE HUMIDITY (PERCENT)
 HIGHEST    46
 LOWEST     12
 AVERAGE    29

..........................................................


THE TUCSON AZ CLIMATE NORMALS FOR TOMORROW
                         NORMAL    RECORD    YEAR
 MAXIMUM TEMPERATURE (F)   87       105      1947
 MINIMUM TEMPERATURE (F)   57        32      1899


SUNRISE AND SUNSET
MAY  2 2016...........SUNRISE   536 AM MST   SUNSET   706 PM MST
MAY  3 2016...........SUNRISE   535 AM MST   SUNSET   706 PM MST


-  INDICATES NEGATIVE NUMBERS.
R  INDICATES RECORD WAS SET OR TIED.
MM INDICATES DATA IS MISSING.
T  INDICATES TRACE AMOUNT.




$$
