000
CDUS45 KTWC 230731
CLITUS

CLIMATE REPORT
NATIONAL WEATHER SERVICE TUCSON AZ
1230 AM MST SUN NOV 23 2014


...................................

...THE TUCSON AZ CLIMATE SUMMARY FOR NOVEMBER 22 2014...

CLIMATE NORMAL PERIOD 1981 TO 2010
CLIMATE RECORD PERIOD 1895 TO 2014


WEATHER ITEM   OBSERVED TIME   RECORD YEAR NORMAL DEPARTURE LAST
                VALUE   (LST)  VALUE       VALUE  FROM      YEAR
                                                  NORMAL
..................................................................
TEMPERATURE (F)
 YESTERDAY
  MAXIMUM         71    409 PM  90    1924  71      0       64
  MINIMUM         39    546 AM  24    1979  44     -5       48
                                      1898
  AVERAGE         55                        57     -2       56

PRECIPITATION (IN)
  YESTERDAY        0.00          2.09 1931   0.02  -0.02     0.87
  MONTH TO DATE    0.00                      0.38  -0.38     1.01
  SINCE OCT 1      1.33                      1.27   0.06     1.01
  SINCE JAN 1      8.02                     10.47  -2.45     6.49

DEGREE DAYS
 HEATING
  YESTERDAY       10                         8      2        9
  MONTH TO DATE   78                       108    -30       22
  SINCE SEP 1     78                       132    -54       35
  SINCE JUL 1     78                       132    -54       35

 COOLING
  YESTERDAY        0                         0      0        0
  MONTH TO DATE   41                        25     16       49
  SINCE SEP 1    924                       734    190      779
  SINCE JAN 1   3615                      3144    471     3653
..................................................................


WIND (MPH)
  HIGHEST WIND SPEED    10   HIGHEST WIND DIRECTION     W (270)
  HIGHEST GUST SPEED    14   HIGHEST GUST DIRECTION     W (270)
  AVERAGE WIND SPEED     5.7


SKY COVER
  POSSIBLE SUNSHINE  MM
  AVERAGE SKY COVER 0.0


WEATHER CONDITIONS
 THE FOLLOWING WEATHER WAS RECORDED YESTERDAY.
  NO SIGNIFICANT WEATHER WAS OBSERVED.


RELATIVE HUMIDITY (PERCENT)
 HIGHEST    73
 LOWEST     16
 AVERAGE    45

..........................................................


THE TUCSON AZ CLIMATE NORMALS FOR TODAY
                         NORMAL    RECORD    YEAR
 MAXIMUM TEMPERATURE (F)   70        87      1917
                                             1903
 MINIMUM TEMPERATURE (F)   43        25      1916
                                             1898


SUNRISE AND SUNSET
NOVEMBER 23 2014......SUNRISE   700 AM MST   SUNSET   520 PM MST
NOVEMBER 24 2014......SUNRISE   701 AM MST   SUNSET   520 PM MST


-  INDICATES NEGATIVE NUMBERS.
R  INDICATES RECORD WAS SET OR TIED.
MM INDICATES DATA IS MISSING.
T  INDICATES TRACE AMOUNT.




$$
