000
CDUS45 KTWC 050027
CLITUS

CLIMATE REPORT
NATIONAL WEATHER SERVICE TUCSON AZ
526 PM MST SAT JUL 4 2015


...................................

...THE TUCSON AZ CLIMATE SUMMARY FOR JULY 4 2015...
VALID TODAY AS OF 0500 PM LOCAL TIME.

CLIMATE NORMAL PERIOD 1981 TO 2010
CLIMATE RECORD PERIOD 1895 TO 2015


WEATHER ITEM   OBSERVED TIME   RECORD YEAR NORMAL DEPARTURE LAST
                VALUE   (LST)  VALUE       VALUE  FROM      YEAR
                                                  NORMAL
..................................................................
TEMPERATURE (F)
 TODAY
  MAXIMUM         94    334 PM 114    1989 102     -8       97
  MINIMUM         81    514 AM  59    1935  74      7       75
  AVERAGE         88                        88      0       86

PRECIPITATION (IN)
  TODAY            T             0.78 2012   0.04  -0.04      T
  MONTH TO DATE    T                         0.15  -0.15     0.16
  SINCE OCT 1      7.76                      5.81   1.95     3.82
  SINCE JAN 1      4.26                      3.42   0.84     0.77

DEGREE DAYS
 HEATING
  TODAY            0                         0      0        0
  MONTH TO DATE    0                         0      0        0
  SINCE JUN 1      0                         0      0        0
  SINCE JUL 1      0                         0      0        0

 COOLING
  TODAY           23                        23      0       21
  MONTH TO DATE   91                        92     -1      100
  SINCE JUN 1    804                       686    118      825
  SINCE JAN 1   1318                      1188    130     1428
..................................................................


WIND (MPH)
  HIGHEST WIND SPEED    22   HIGHEST WIND DIRECTION     S (190)
  HIGHEST GUST SPEED    28   HIGHEST GUST DIRECTION     S (200)
  AVERAGE WIND SPEED     8.1


SKY COVER
  POSSIBLE SUNSHINE  MM
  AVERAGE SKY COVER 0.2


WEATHER CONDITIONS
 THE FOLLOWING WEATHER WAS RECORDED TODAY.
  THUNDERSTORM
  LIGHT RAIN


RELATIVE HUMIDITY (PERCENT)
 HIGHEST    45
 LOWEST     28
 AVERAGE    37

..........................................................


THE TUCSON AZ CLIMATE NORMALS FOR TOMORROW
                         NORMAL    RECORD    YEAR
 MAXIMUM TEMPERATURE (F)  101       111      1992
                                             1983
 MINIMUM TEMPERATURE (F)   74        54      1912


SUNRISE AND SUNSET
JULY  4 2015..........SUNRISE   522 AM MST   SUNSET   734 PM MST
JULY  5 2015..........SUNRISE   523 AM MST   SUNSET   734 PM MST


-  INDICATES NEGATIVE NUMBERS.
R  INDICATES RECORD WAS SET OR TIED.
MM INDICATES DATA IS MISSING.
T  INDICATES TRACE AMOUNT.




$$
