000
CDUS45 KTWC 311429
CLITUS

CLIMATE REPORT
NATIONAL WEATHER SERVICE TUCSON AZ
727 AM MST MON AUG 31 2015


...................................

...THE TUCSON AZ CLIMATE SUMMARY FOR AUGUST 31 2015...
VALID AS OF 0700 AM LOCAL TIME.

CLIMATE NORMAL PERIOD 1981 TO 2010
CLIMATE RECORD PERIOD 1895 TO 2015


WEATHER ITEM   OBSERVED TIME   RECORD YEAR NORMAL DEPARTURE LAST
                VALUE   (LST)  VALUE       VALUE  FROM      YEAR
                                                  NORMAL
..................................................................
TEMPERATURE (F)
 TODAY
  MINIMUM         76    637 AM  62    1895  72      4       74

PRECIPITATION (IN)
  TODAY            0.00          1.66 1957   0.06  -0.06     0.00
  MONTH TO DATE    1.51                      2.39  -0.88     1.89
  SINCE OCT 1     11.35                     10.30   1.05     6.98
  SINCE JAN 1      7.85                      7.91  -0.06     3.93

DEGREE DAYS
 HEATING
  TODAY            0                         0      0        0

 COOLING
  TODAY           13                        20     -7       23
..................................................................


WIND (MPH)
  HIGHEST WIND SPEED    16   HIGHEST WIND DIRECTION    SE (140)
  HIGHEST GUST SPEED    18   HIGHEST GUST DIRECTION    SE (140)
  AVERAGE WIND SPEED     9.4


SKY COVER
  POSSIBLE SUNSHINE  MM
  AVERAGE SKY COVER 0.0


WEATHER CONDITIONS
 THE FOLLOWING WEATHER WAS RECORDED TODAY.
  NO SIGNIFICANT WEATHER WAS OBSERVED.


RELATIVE HUMIDITY (PERCENT)
 HIGHEST    64           400 AM

..........................................................


THE TUCSON AZ CLIMATE NORMALS FOR TOMORROW
                         NORMAL    RECORD    YEAR
 MAXIMUM TEMPERATURE (F)   97       107      1950
 MINIMUM TEMPERATURE (F)   72        58      1914


SUNRISE AND SUNSET
AUGUST 31 2015........SUNRISE   558 AM MST   SUNSET   649 PM MST
SEPTEMBER  1 2015.....SUNRISE   559 AM MST   SUNSET   648 PM MST


-  INDICATES NEGATIVE NUMBERS.
R  INDICATES RECORD WAS SET OR TIED.
MM INDICATES DATA IS MISSING.
T  INDICATES TRACE AMOUNT.




$$
