151
CDUS45 KTWC 070735
CLITUS

CLIMATE REPORT
NATIONAL WEATHER SERVICE TUCSON AZ
1234 AM MST WED DEC 7 2016

...................................

...THE TUCSON AZ CLIMATE SUMMARY FOR DECEMBER 6 2016...

CLIMATE NORMAL PERIOD 1981 TO 2010
CLIMATE RECORD PERIOD 1895 TO 2016


WEATHER ITEM   OBSERVED TIME   RECORD YEAR NORMAL DEPARTURE LAST
                VALUE   (LST)  VALUE       VALUE  FROM      YEAR
                                                  NORMAL
..................................................................
TEMPERATURE (F)
 YESTERDAY
  MAXIMUM         70    347 PM  84    1939  66      4       79
  MINIMUM         43    340 AM  18    1912  40      3       40
  AVERAGE         57                        53      4       60

PRECIPITATION (IN)
  YESTERDAY        0.00          0.81 1986   0.03  -0.03     0.00
  MONTH TO DATE    0.00                      0.17  -0.17     0.00
  SINCE OCT 1      0.60                      1.63  -1.03     2.41
  SINCE JAN 1     10.73                     10.83  -0.10    12.95

DEGREE DAYS
 HEATING
  YESTERDAY        8                        12     -4        5
  MONTH TO DATE   75                        69      6       47
  SINCE DEC 1     75                        69      6       47
  SINCE JUL 1    169                       275   -106      242

 COOLING
  YESTERDAY        0                         0      0        0
  MONTH TO DATE    0                         0      0        0
  SINCE DEC 1      0                         0      0        0
  SINCE JAN 1   3652                      3146    506     3522
..................................................................


WIND (MPH)
  HIGHEST WIND SPEED    17   HIGHEST WIND DIRECTION     S (190)
  HIGHEST GUST SPEED    25   HIGHEST GUST DIRECTION     W (270)
  AVERAGE WIND SPEED     6.7


SKY COVER
  POSSIBLE SUNSHINE  MM
  AVERAGE SKY COVER  MM


WEATHER CONDITIONS
 THE FOLLOWING WEATHER WAS RECORDED YESTERDAY.
  NO SIGNIFICANT WEATHER WAS OBSERVED.


RELATIVE HUMIDITY (PERCENT)
 HIGHEST    58
 LOWEST     19
 AVERAGE    39

..........................................................


THE TUCSON AZ CLIMATE NORMALS FOR TODAY
                         NORMAL    RECORD    YEAR
 MAXIMUM TEMPERATURE (F)   66        82      1970
                                             1939
 MINIMUM TEMPERATURE (F)   40        20      1960


SUNRISE AND SUNSET
DECEMBER  7 2016......SUNRISE   712 AM MST   SUNSET   519 PM MST
DECEMBER  8 2016......SUNRISE   713 AM MST   SUNSET   519 PM MST


-  INDICATES NEGATIVE NUMBERS.
R  INDICATES RECORD WAS SET OR TIED.
MM INDICATES DATA IS MISSING.
T  INDICATES TRACE AMOUNT.

$$
