000
CDUS45 KTWC 190736
CLITUS

CLIMATE REPORT
NATIONAL WEATHER SERVICE TUCSON AZ
1235 AM MST SAT APR 19 2014


...................................

...THE TUCSON AZ CLIMATE SUMMARY FOR APRIL 18 2014...

CLIMATE NORMAL PERIOD 1981 TO 2010
CLIMATE RECORD PERIOD 1895 TO 2014


WEATHER ITEM   OBSERVED TIME   RECORD YEAR NORMAL DEPARTURE LAST
                VALUE   (LST)  VALUE       VALUE  FROM      YEAR
                                                  NORMAL
..................................................................
TEMPERATURE (F)
 YESTERDAY
  MAXIMUM         77   1239 PM  98    1989  83     -6       72
  MINIMUM         63    603 AM  31    1896  53     10       45
  AVERAGE         70                        68      2       59

PRECIPITATION (IN)
  YESTERDAY        0.00          0.16 1917   0.00   0.00     0.00
  MONTH TO DATE    0.00                      0.23  -0.23     0.12
  SINCE OCT 1      3.64                      5.15  -1.51     2.94
  SINCE JAN 1      0.59                      2.76  -2.17     1.73

DEGREE DAYS
 HEATING
  YESTERDAY        0                         2     -2        6
  MONTH TO DATE   21                        47    -26       24
  SINCE MAR 1     63                       226   -163       85
  SINCE JUL 1    896                      1493   -597     1360

 COOLING
  YESTERDAY        5                         4      1        0
  MONTH TO DATE   88                        53     35       77
  SINCE MAR 1    118                        82     36      168
  SINCE JAN 1    142                        86     56      168
..................................................................


WIND (MPH)
  HIGHEST WIND SPEED    26   HIGHEST WIND DIRECTION     S (160)
  HIGHEST GUST SPEED    32   HIGHEST GUST DIRECTION    SE (150)
  AVERAGE WIND SPEED     7.7


SKY COVER
  POSSIBLE SUNSHINE  MM
  AVERAGE SKY COVER 0.1


WEATHER CONDITIONS
 THE FOLLOWING WEATHER WAS RECORDED YESTERDAY.
  NO SIGNIFICANT WEATHER WAS OBSERVED.


RELATIVE HUMIDITY (PERCENT)
 HIGHEST    45
 LOWEST     18
 AVERAGE    32

..........................................................


THE TUCSON AZ CLIMATE NORMALS FOR TODAY
                         NORMAL    RECORD    YEAR
 MAXIMUM TEMPERATURE (F)   83       101      1989
 MINIMUM TEMPERATURE (F)   53        33      1933
                                             1896


SUNRISE AND SUNSET
APRIL 19 2014.........SUNRISE   550 AM MST   SUNSET   656 PM MST
APRIL 20 2014.........SUNRISE   549 AM MST   SUNSET   657 PM MST


-  INDICATES NEGATIVE NUMBERS.
R  INDICATES RECORD WAS SET OR TIED.
MM INDICATES DATA IS MISSING.
T  INDICATES TRACE AMOUNT.




$$
