000
CDUS45 KTWC 250729
CLITUS

CLIMATE REPORT
NATIONAL WEATHER SERVICE TUCSON AZ
1229 AM MST THU MAY 25 2017


...................................

...THE TUCSON AZ CLIMATE SUMMARY FOR MAY 24 2017...

CLIMATE NORMAL PERIOD 1981 TO 2010
CLIMATE RECORD PERIOD 1895 TO 2017


WEATHER ITEM   OBSERVED TIME   RECORD YEAR NORMAL DEPARTURE LAST
                VALUE   (LST)  VALUE       VALUE  FROM      YEAR
                                                  NORMAL
..................................................................
TEMPERATURE (F)
 YESTERDAY
  MAXIMUM        103    406 PM 104    2001  94      9       90
                                      1984
                                      1983
  MINIMUM         68    547 AM  42    1909  63      5       60
  AVERAGE         86                        78      8       75

PRECIPITATION (IN)
  YESTERDAY        0.00          0.50 1967   0.00   0.00     0.00
  MONTH TO DATE    0.02                      0.17  -0.15     0.00
  SINCE OCT 1      3.29                      5.40  -2.11     5.41
  SINCE JAN 1      1.61                      3.01  -1.40     2.53

DEGREE DAYS
 HEATING
  YESTERDAY        0                         0      0        0
  MONTH TO DATE    8                         3      5        0
  SINCE MAR 1     71                       242   -171       89
  SINCE JUL 1    952                      1509   -557     1217

 COOLING
  YESTERDAY       21                        14      7       10
  MONTH TO DATE  245                       245      0      244
  SINCE MAR 1    595                       395    200      459
  SINCE JAN 1    604                       399    205      493
..................................................................


WIND (MPH)
  HIGHEST WIND SPEED    20   HIGHEST WIND DIRECTION     W (270)
  HIGHEST GUST SPEED    26   HIGHEST GUST DIRECTION     W (260)
  AVERAGE WIND SPEED     8.3


SKY COVER
  POSSIBLE SUNSHINE  MM
  AVERAGE SKY COVER 0.0


WEATHER CONDITIONS
 THE FOLLOWING WEATHER WAS RECORDED YESTERDAY.
  NO SIGNIFICANT WEATHER WAS OBSERVED.


RELATIVE HUMIDITY (PERCENT)
 HIGHEST    17
 LOWEST      5
 AVERAGE    11

..........................................................


THE TUCSON AZ CLIMATE NORMALS FOR TODAY
                         NORMAL    RECORD    YEAR
 MAXIMUM TEMPERATURE (F)   95       105      1896
 MINIMUM TEMPERATURE (F)   63        43      1980


SUNRISE AND SUNSET
MAY 25 2017...........SUNRISE   520 AM MST   SUNSET   721 PM MST
MAY 26 2017...........SUNRISE   520 AM MST   SUNSET   722 PM MST


-  INDICATES NEGATIVE NUMBERS.
R  INDICATES RECORD WAS SET OR TIED.
MM INDICATES DATA IS MISSING.
T  INDICATES TRACE AMOUNT.




$$
