000
CDUS43 KAPX 270529
CLITVC


CLIMATE REPORT
NATIONAL WEATHER SERVICE GAYLORD MI
127 AM EDT THU APR 27 2017


...................................

...THE TRAVERSE CITY MI CLIMATE SUMMARY FOR APRIL 26 2017...

CLIMATE NORMAL PERIOD 1981 TO 2010
CLIMATE RECORD PERIOD 1896 TO 2017


WEATHER ITEM   OBSERVED TIME   RECORD YEAR NORMAL DEPARTURE LAST
                VALUE   (LST)  VALUE       VALUE  FROM      YEAR
                                                  NORMAL
..................................................................
TEMPERATURE (F)
 YESTERDAY
  MAXIMUM         78    127 PM  87    1990  59     19       48
  MINIMUM         53    214 AM  22    1907  35     18       33
  AVERAGE         66                        47     19       41

PRECIPITATION (IN)
  YESTERDAY        0.00          1.29 1949   0.09  -0.09     0.00
  MONTH TO DATE    2.34                      2.44  -0.10     1.73
  SINCE MAR 1      4.07                      4.30  -0.23     5.55
  SINCE JAN 1      7.40                      8.62  -1.22     8.34

DEGREE DAYS
 HEATING
  YESTERDAY        0                        18    -18       24
  MONTH TO DATE  425                       596   -171      623
  SINCE MAR 1   1458                      1658   -200     1478
  SINCE JUL 1   5631                      6998  -1367     5788

 COOLING
  YESTERDAY        1                         0      1        0
  MONTH TO DATE    3                         0      3        0
  SINCE MAR 1      3                         0      3        0
  SINCE JAN 1      3                         0      3        0
..................................................................


WIND (MPH)
  HIGHEST WIND SPEED    24   HIGHEST WIND DIRECTION     W (260)
  HIGHEST GUST SPEED    33   HIGHEST GUST DIRECTION    SW (220)
  AVERAGE WIND SPEED     8.3




RELATIVE HUMIDITY (PERCENT)
 HIGHEST    77
 LOWEST     43
 AVERAGE    60

..........................................................


THE TRAVERSE CITY MI CLIMATE NORMALS FOR TODAY
                         NORMAL    RECORD    YEAR
 MAXIMUM TEMPERATURE (F)   59        88      1986
 MINIMUM TEMPERATURE (F)   36        22      1909


SUNRISE AND SUNSET
APRIL 27 2017.........SUNRISE   638 AM EDT   SUNSET   843 PM EDT
APRIL 28 2017.........SUNRISE   636 AM EDT   SUNSET   844 PM EDT


-  INDICATES NEGATIVE NUMBERS.
R  INDICATES RECORD WAS SET OR TIED.
MM INDICATES DATA IS MISSING.
T  INDICATES TRACE AMOUNT.




$$
