055
CDUS43 KAPX 270527
CLITVC


CLIMATE REPORT
NATIONAL WEATHER SERVICE GAYLORD MI
127 AM EDT MON MAR 27 2017


...................................

...THE TRAVERSE CITY MI CLIMATE SUMMARY FOR MARCH 26 2017...

CLIMATE NORMAL PERIOD 1981 TO 2010
CLIMATE RECORD PERIOD 1896 TO 2017


WEATHER ITEM   OBSERVED TIME   RECORD YEAR NORMAL DEPARTURE LAST
                VALUE   (LST)  VALUE       VALUE  FROM      YEAR
                                                  NORMAL
..................................................................
TEMPERATURE (F)
 YESTERDAY
  MAXIMUM         48    315 PM  75    1925  44      4       53
  MINIMUM         37    105 AM  -7    1923  25     12       23
  AVERAGE         43                        34      9       38

PRECIPITATION (IN)
  YESTERDAY        0.09          0.54 1948   0.07   0.02     0.00
  MONTH TO DATE    1.63                      1.52   0.11     2.00
  SINCE MAR 1      1.63                      1.52   0.11     2.00
  SINCE JAN 1      4.96                      5.84  -0.88     4.79

DEGREE DAYS
 HEATING
  YESTERDAY       22                        30     -8       27
  MONTH TO DATE  898                       916    -18      741
  SINCE MAR 1    898                       916    -18      741
  SINCE JUL 1   5071                      6256  -1185     5051

 COOLING
  YESTERDAY        0                         0      0        0
  MONTH TO DATE    0                         0      0        0
  SINCE MAR 1      0                         0      0        0
  SINCE JAN 1      0                         0      0        0
..................................................................


WIND (MPH)
  HIGHEST WIND SPEED    12   HIGHEST WIND DIRECTION     E (110)
  HIGHEST GUST SPEED    17   HIGHEST GUST DIRECTION     E (100)
  AVERAGE WIND SPEED     4.0




RELATIVE HUMIDITY (PERCENT)
 HIGHEST   100
 LOWEST     82
 AVERAGE    91

..........................................................


THE TRAVERSE CITY MI CLIMATE NORMALS FOR TODAY
                         NORMAL    RECORD    YEAR
 MAXIMUM TEMPERATURE (F)   45        81      1945
 MINIMUM TEMPERATURE (F)   25        -7      1965


SUNRISE AND SUNSET
MARCH 27 2017.........SUNRISE   732 AM EDT   SUNSET   804 PM EDT
MARCH 28 2017.........SUNRISE   730 AM EDT   SUNSET   805 PM EDT


-  INDICATES NEGATIVE NUMBERS.
R  INDICATES RECORD WAS SET OR TIED.
MM INDICATES DATA IS MISSING.
T  INDICATES TRACE AMOUNT.




$$
