000
CDUS43 KAPX 280539
CLITVC


CLIMATE REPORT
NATIONAL WEATHER SERVICE GAYLORD MI
1238 AM EST SUN DEC 28 2014


...................................

...THE TRAVERSE CITY MI CLIMATE SUMMARY FOR DECEMBER 27 2014...

CLIMATE NORMAL PERIOD 1981 TO 2010
CLIMATE RECORD PERIOD 1896 TO 2014


WEATHER ITEM   OBSERVED TIME   RECORD YEAR NORMAL DEPARTURE LAST
                VALUE   (LST)  VALUE       VALUE  FROM      YEAR
                                                  NORMAL
..................................................................
TEMPERATURE (F)
 YESTERDAY
  MAXIMUM         47    219 PM  53    2008  30     17       38
  MINIMUM         33   1159 PM -11    1980  18     15       12
  AVERAGE         40                        24     16       25

PRECIPITATION (IN)
  YESTERDAY        0.30          1.25 1942   0.08   0.22      T
  MONTH TO DATE    1.05                      2.15  -1.10     0.97
  SINCE DEC 1      1.05                      2.15  -1.10     0.97
  SINCE JAN 1     32.53                     32.71  -0.18    36.12

DEGREE DAYS
 HEATING
  YESTERDAY       25                        41    -16       40
  MONTH TO DATE  893                      1021   -128     1160
  SINCE DEC 1    893                      1021   -128     1160
  SINCE JUL 1   2572                      2640    -68     2651
..................................................................


WIND (MPH)
  HIGHEST WIND SPEED    23   HIGHEST WIND DIRECTION     W (270)
  HIGHEST GUST SPEED    32   HIGHEST GUST DIRECTION     W (250)
  AVERAGE WIND SPEED     6.3




RELATIVE HUMIDITY (PERCENT)
 HIGHEST    96
 LOWEST     85
 AVERAGE    91

..........................................................


THE TRAVERSE CITY MI CLIMATE NORMALS FOR TODAY
                         NORMAL    RECORD    YEAR
 MAXIMUM TEMPERATURE (F)   29        59      1984
 MINIMUM TEMPERATURE (F)   18        -8      1964


SUNRISE AND SUNSET
DECEMBER 28 2014......SUNRISE   819 AM EST   SUNSET   509 PM EST
DECEMBER 29 2014......SUNRISE   819 AM EST   SUNSET   510 PM EST


-  INDICATES NEGATIVE NUMBERS.
R  INDICATES RECORD WAS SET OR TIED.
MM INDICATES DATA IS MISSING.
T  INDICATES TRACE AMOUNT.




$$
