000
CDUS43 KAPX 042228
CLITVC


CLIMATE REPORT
NATIONAL WEATHER SERVICE GAYLORD MI
528 PM EST SUN DEC 4 2016


...................................

...THE TRAVERSE CITY MI CLIMATE SUMMARY FOR DECEMBER 4 2016...
VALID TODAY AS OF 0500 PM LOCAL TIME.

CLIMATE NORMAL PERIOD 1981 TO 2010
CLIMATE RECORD PERIOD 1896 TO 2016


WEATHER ITEM   OBSERVED TIME   RECORD YEAR NORMAL DEPARTURE LAST
                VALUE   (LST)  VALUE       VALUE  FROM      YEAR
                                                  NORMAL
..................................................................
TEMPERATURE (F)
 TODAY
  MAXIMUM         37   1245 PM  61    2012  36      1       49
                                      1962
  MINIMUM         33    459 PM  -5    1966  25      8       31
  AVERAGE         35                        30      5       40

PRECIPITATION (IN)
  TODAY            0.06          0.43 1973   0.08  -0.02     0.00
  MONTH TO DATE    0.17                      0.33  -0.16     0.16
  SINCE DEC 1      0.17                      0.33  -0.16     0.16
  SINCE JAN 1     25.34                     30.89  -5.55    21.63

SNOWFALL (IN)
  TODAY           MM            MM      MM   0.6   MM       MM
  MONTH TO DATE   MM                         2.4   MM       MM
  SINCE OCT 1     MM                        11.6   MM       MM
  SINCE JUL 1     MM                        11.6   MM       MM

DEGREE DAYS
 HEATING
  TODAY           30                        35     -5       25
  MONTH TO DATE  111                       137    -26      106
  SINCE DEC 1    111                       137    -26      106
  SINCE JUL 1   1070                      1756   -686     1286
..................................................................


WIND (MPH)
  RESULTANT WIND SPEED   2   RESULTANT WIND DIRECTION  SE (120)
  HIGHEST WIND SPEED     9   HIGHEST WIND DIRECTION    SE (150)
  HIGHEST GUST SPEED    14   HIGHEST GUST DIRECTION     S (170)
  AVERAGE WIND SPEED     2.4


SKY COVER
  POSSIBLE SUNSHINE  MM
  AVERAGE SKY COVER 1.0


WEATHER CONDITIONS
 THE FOLLOWING WEATHER WAS RECORDED TODAY.
  LIGHT SNOW
  FOG
  HAZE


RELATIVE HUMIDITY (PERCENT)
 HIGHEST    96           500 PM
 LOWEST     70          1000 AM
 AVERAGE    83

..........................................................




SUNRISE AND SUNSET
DECEMBER  4 2016......SUNRISE   803 AM EST   SUNSET   502 PM EST
DECEMBER  5 2016......SUNRISE   804 AM EST   SUNSET   502 PM EST


-  INDICATES NEGATIVE NUMBERS.
R  INDICATES RECORD WAS SET OR TIED.
MM INDICATES DATA IS MISSING.
T  INDICATES TRACE AMOUNT.




$$
