000
CDUS43 KAPX 290527
CLITVC


CLIMATE REPORT
NATIONAL WEATHER SERVICE GAYLORD MI
126 AM EDT SAT AUG 29 2015


...................................

...THE TRAVERSE CITY MI CLIMATE SUMMARY FOR AUGUST 28 2015...

CLIMATE NORMAL PERIOD 1981 TO 2010
CLIMATE RECORD PERIOD 1896 TO 2015


WEATHER ITEM   OBSERVED TIME   RECORD YEAR NORMAL DEPARTURE LAST
                VALUE   (LST)  VALUE       VALUE  FROM      YEAR
                                                  NORMAL
..................................................................
TEMPERATURE (F)
 YESTERDAY
  MAXIMUM         77    406 PM  95    1991  76      1       71
  MINIMUM         56    327 AM  36    1968  55      1       46
  AVERAGE         67                        66      1       59

PRECIPITATION (IN)
  YESTERDAY        0.04          2.01 1977   0.11  -0.07     0.00
  MONTH TO DATE    1.79                      3.05  -1.26     1.75
  SINCE JUN 1      4.88                      9.23  -4.35     6.52
  SINCE JAN 1     11.36                     20.78  -9.42    16.20

DEGREE DAYS
 HEATING
  YESTERDAY        0                         2     -2        6
  MONTH TO DATE   19                        33    -14       24
  SINCE JUN 1    135                       173    -38      151
  SINCE JUL 1     47                        61    -14       79

 COOLING
  YESTERDAY        2                         3     -1        0
  MONTH TO DATE  161                       108     53      107
  SINCE JUN 1    382                       341     41      305
  SINCE JAN 1    417                       361     56      314
..................................................................


WIND (MPH)
  HIGHEST WIND SPEED    10   HIGHEST WIND DIRECTION    SW (220)
  HIGHEST GUST SPEED    16   HIGHEST GUST DIRECTION    SW (220)
  AVERAGE WIND SPEED     4.4




RELATIVE HUMIDITY (PERCENT)
 HIGHEST    93
 LOWEST     50
 AVERAGE    72

..........................................................


THE TRAVERSE CITY MI CLIMATE NORMALS FOR TODAY
                         NORMAL    RECORD    YEAR
 MAXIMUM TEMPERATURE (F)   76        96      1991
 MINIMUM TEMPERATURE (F)   55        32      1982


SUNRISE AND SUNSET
AUGUST 29 2015........SUNRISE   701 AM EDT   SUNSET   825 PM EDT
AUGUST 30 2015........SUNRISE   702 AM EDT   SUNSET   823 PM EDT


-  INDICATES NEGATIVE NUMBERS.
R  INDICATES RECORD WAS SET OR TIED.
MM INDICATES DATA IS MISSING.
T  INDICATES TRACE AMOUNT.




$$
