000
CDUS43 KAPX 080531
CLITVC


CLIMATE REPORT
NATIONAL WEATHER SERVICE GAYLORD MI
1230 AM EST MON FEB 8 2016


...................................

...THE TRAVERSE CITY MI CLIMATE SUMMARY FOR FEBRUARY 7 2016...

CLIMATE NORMAL PERIOD 1981 TO 2010
CLIMATE RECORD PERIOD 1896 TO 2016


WEATHER ITEM   OBSERVED TIME   RECORD YEAR NORMAL DEPARTURE LAST
                VALUE   (LST)  VALUE       VALUE  FROM      YEAR
                                                  NORMAL
..................................................................
TEMPERATURE (F)
 YESTERDAY
  MAXIMUM         45    307 PM  50    2009  29     16       34
                                      1925
  MINIMUM         32    129 AM -22    1899  14     18       26
  AVERAGE         39                        22     17       30

PRECIPITATION (IN)
  YESTERDAY        0.00          0.29 1988   0.06  -0.06      T
  MONTH TO DATE    0.42                      0.41   0.01     0.01
  SINCE DEC 1      5.50                      5.72  -0.22     1.75
  SINCE JAN 1      2.51                      3.23  -0.72     0.69

DEGREE DAYS
 HEATING
  YESTERDAY       26                        44    -18       35
  MONTH TO DATE  245                       308    -63      334
  SINCE DEC 1   2300                      2845   -545     2841
  SINCE JUL 1   3480                      4464   -984     4520
..................................................................


WIND (MPH)
  HIGHEST WIND SPEED    14   HIGHEST WIND DIRECTION    SW (230)
  HIGHEST GUST SPEED    23   HIGHEST GUST DIRECTION    SW (210)
  AVERAGE WIND SPEED     6.6




RELATIVE HUMIDITY (PERCENT)
 HIGHEST    82
 LOWEST     58
 AVERAGE    70

..........................................................


THE TRAVERSE CITY MI CLIMATE NORMALS FOR TODAY
                         NORMAL    RECORD    YEAR
 MAXIMUM TEMPERATURE (F)   29        52      1925
 MINIMUM TEMPERATURE (F)   14       -18      1904


SUNRISE AND SUNSET
FEBRUARY  8 2016......SUNRISE   753 AM EST   SUNSET   600 PM EST
FEBRUARY  9 2016......SUNRISE   752 AM EST   SUNSET   602 PM EST


-  INDICATES NEGATIVE NUMBERS.
R  INDICATES RECORD WAS SET OR TIED.
MM INDICATES DATA IS MISSING.
T  INDICATES TRACE AMOUNT.




$$
