000
CDUS43 KAPX 150528
CLITVC


CLIMATE REPORT
NATIONAL WEATHER SERVICE GAYLORD MI
1228 AM EST FRI DEC 15 2017


...................................

...THE TRAVERSE CITY MI CLIMATE SUMMARY FOR DECEMBER 14 2017...

CLIMATE NORMAL PERIOD 1981 TO 2010
CLIMATE RECORD PERIOD 1896 TO 2017


WEATHER ITEM   OBSERVED TIME   RECORD YEAR NORMAL DEPARTURE LAST
                VALUE   (LST)  VALUE       VALUE  FROM      YEAR
                                                  NORMAL
..................................................................
TEMPERATURE (F)
 YESTERDAY
  MAXIMUM         23    414 PM  60    2015  33    -10       20
  MINIMUM         14    827 AM  -5    1937  21     -7        8
  AVERAGE         19                        27     -8       14

PRECIPITATION (IN)
  YESTERDAY        0.02          0.67 2015   0.08  -0.06      T
  MONTH TO DATE    0.98                      1.13  -0.15     0.57
  SINCE DEC 1      0.98                      1.13  -0.15     0.57
  SINCE JAN 1     32.27                     31.69   0.58    25.74

DEGREE DAYS
 HEATING
  YESTERDAY       46                        38      8       51
  MONTH TO DATE  493                       503    -10      488
  SINCE DEC 1    493                       503    -10      488
  SINCE JUL 1   1787                      2122   -335     1447
..................................................................


WIND (MPH)
  HIGHEST WIND SPEED    14   HIGHEST WIND DIRECTION    NE (60)
  HIGHEST GUST SPEED    17   HIGHEST GUST DIRECTION    NE (60)
  AVERAGE WIND SPEED     4.9




RELATIVE HUMIDITY (PERCENT)
 HIGHEST    88
 LOWEST     68
 AVERAGE    78

..........................................................


THE TRAVERSE CITY MI CLIMATE NORMALS FOR TODAY
                         NORMAL    RECORD    YEAR
 MAXIMUM TEMPERATURE (F)   32        54      1997
 MINIMUM TEMPERATURE (F)   21        -6      1901


SUNRISE AND SUNSET
DECEMBER 15 2017......SUNRISE   813 AM EST   SUNSET   502 PM EST
DECEMBER 16 2017......SUNRISE   814 AM EST   SUNSET   503 PM EST


-  INDICATES NEGATIVE NUMBERS.
R  INDICATES RECORD WAS SET OR TIED.
MM INDICATES DATA IS MISSING.
T  INDICATES TRACE AMOUNT.




$$
