000
CDUS43 KAPX 290537
CLITVC


CLIMATE REPORT
NATIONAL WEATHER SERVICE GAYLORD MI
137 AM EDT SUN MAR 29 2015


...................................

...THE TRAVERSE CITY MI CLIMATE SUMMARY FOR MARCH 28 2015...

CLIMATE NORMAL PERIOD 1981 TO 2010
CLIMATE RECORD PERIOD 1896 TO 2015


WEATHER ITEM   OBSERVED TIME   RECORD YEAR NORMAL DEPARTURE LAST
                VALUE   (LST)  VALUE       VALUE  FROM      YEAR
                                                  NORMAL
..................................................................
TEMPERATURE (F)
 YESTERDAY
  MAXIMUM         33    425 PM  78    1946  45    -12       39
  MINIMUM          6    535 AM  -1    1923  26    -20       29
  AVERAGE         20                        35    -15       34

PRECIPITATION (IN)
  YESTERDAY        0.00          0.40 1935   0.07  -0.07     0.13
  MONTH TO DATE    0.40                      1.65  -1.25     0.92
  SINCE MAR 1      0.40                      1.65  -1.25     0.92
  SINCE JAN 1      1.18                      5.97  -4.79     2.34

DEGREE DAYS
 HEATING
  YESTERDAY       45                        30     15       31
  MONTH TO DATE 1000                       976     24     1246
  SINCE MAR 1   1000                       976     24     1246
  SINCE JUL 1   6732                      6316    416     6968

 COOLING
  YESTERDAY        0                         0      0        0
  MONTH TO DATE    0                         0      0        0
  SINCE MAR 1      0                         0      0        0
  SINCE JAN 1      0                         0      0        0
..................................................................


WIND (MPH)
  HIGHEST WIND SPEED    12   HIGHEST WIND DIRECTION    NE (30)
  HIGHEST GUST SPEED    14   HIGHEST GUST DIRECTION    NE (30)
  AVERAGE WIND SPEED     3.4




RELATIVE HUMIDITY (PERCENT)
 HIGHEST    88
 LOWEST     38
 AVERAGE    63

..........................................................


THE TRAVERSE CITY MI CLIMATE NORMALS FOR TODAY
                         NORMAL    RECORD    YEAR
 MAXIMUM TEMPERATURE (F)   45        82      1910
 MINIMUM TEMPERATURE (F)   26         2      1970


SUNRISE AND SUNSET
MARCH 29 2015.........SUNRISE   729 AM EDT   SUNSET   806 PM EDT
MARCH 30 2015.........SUNRISE   727 AM EDT   SUNSET   807 PM EDT


-  INDICATES NEGATIVE NUMBERS.
R  INDICATES RECORD WAS SET OR TIED.
MM INDICATES DATA IS MISSING.
T  INDICATES TRACE AMOUNT.




$$
