000
CDUS43 KAPX 220527
CLITVC


CLIMATE REPORT
NATIONAL WEATHER SERVICE GAYLORD MI
126 AM EDT THU JUN 22 2017


...................................

...THE TRAVERSE CITY MI CLIMATE SUMMARY FOR JUNE 21 2017...

CLIMATE NORMAL PERIOD 1981 TO 2010
CLIMATE RECORD PERIOD 1896 TO 2017


WEATHER ITEM   OBSERVED TIME   RECORD YEAR NORMAL DEPARTURE LAST
                VALUE   (LST)  VALUE       VALUE  FROM      YEAR
                                                  NORMAL
..................................................................
TEMPERATURE (F)
 YESTERDAY
  MAXIMUM         75    425 PM  97    1988  77     -2       79
  MINIMUM         52    225 AM  30    1923  54     -2       55
  AVERAGE         64                        66     -2       67

PRECIPITATION (IN)
  YESTERDAY        0.00          0.83 1943   0.12  -0.12      T
  MONTH TO DATE    2.84                      2.11   0.73     1.68
  SINCE JUN 1      2.84                      2.11   0.73     1.68
  SINCE JAN 1     12.81                     13.66  -0.85    11.54

DEGREE DAYS
 HEATING
  YESTERDAY        1                         3     -2        0
  MONTH TO DATE   26                        96    -70       54
  SINCE JUN 1     26                        96    -70       54
  SINCE JUL 1   6101                      7532  -1431     6222

 COOLING
  YESTERDAY        0                         3     -3        2
  MONTH TO DATE   85                        43     42       57
  SINCE JUN 1     85                        43     42       57
  SINCE JAN 1    106                        63     43      107
..................................................................


WIND (MPH)
  HIGHEST WIND SPEED    12   HIGHEST WIND DIRECTION    NE (50)
  HIGHEST GUST SPEED    16   HIGHEST GUST DIRECTION    NE (30)
  AVERAGE WIND SPEED     3.3




RELATIVE HUMIDITY (PERCENT)
 HIGHEST    93
 LOWEST     49
 AVERAGE    71

..........................................................


THE TRAVERSE CITY MI CLIMATE NORMALS FOR TODAY
                         NORMAL    RECORD    YEAR
 MAXIMUM TEMPERATURE (F)   78        93      1966
 MINIMUM TEMPERATURE (F)   55        34      1992


SUNRISE AND SUNSET
JUNE 22 2017..........SUNRISE   557 AM EDT   SUNSET   932 PM EDT
JUNE 23 2017..........SUNRISE   557 AM EDT   SUNSET   932 PM EDT


-  INDICATES NEGATIVE NUMBERS.
R  INDICATES RECORD WAS SET OR TIED.
MM INDICATES DATA IS MISSING.
T  INDICATES TRACE AMOUNT.




$$
