000
CDUS43 KAPX 210533
CLITVC


CLIMATE REPORT
NATIONAL WEATHER SERVICE GAYLORD MI
130 AM EDT SAT OCT 21 2017


...................................

...THE TRAVERSE CITY MI CLIMATE SUMMARY FOR OCTOBER 20 2017...

CLIMATE NORMAL PERIOD 1981 TO 2010
CLIMATE RECORD PERIOD 1896 TO 2017


WEATHER ITEM   OBSERVED TIME   RECORD YEAR NORMAL DEPARTURE LAST
                VALUE   (LST)  VALUE       VALUE  FROM      YEAR
                                                  NORMAL
..................................................................
TEMPERATURE (F)
 YESTERDAY
  MAXIMUM         79R   326 PM  79    1953  56     23       55
  MINIMUM         50    500 AM  22    1972  38     12       47
  AVERAGE         65                        47     18       51

PRECIPITATION (IN)
  YESTERDAY        0.00          1.20 1923   0.10  -0.10     0.01
  MONTH TO DATE    2.28                      2.10   0.18     2.09
  SINCE SEP 1      4.68                      5.63  -0.95     5.86
  SINCE JAN 1     25.05                     26.74  -1.69    23.60

DEGREE DAYS
 HEATING
  YESTERDAY        0                        18    -18       14
  MONTH TO DATE  115                       302   -187      134
  SINCE SEP 1    216                       495   -279      183
  SINCE JUL 1    250                       564   -314      192

 COOLING
  YESTERDAY        0                         0      0        0
  MONTH TO DATE   15                         0     15        4
  SINCE SEP 1    139                        38    101      103
  SINCE JAN 1    522                       407    115      763
..................................................................


WIND (MPH)
  HIGHEST WIND SPEED    16   HIGHEST WIND DIRECTION    SW (220)
  HIGHEST GUST SPEED    24   HIGHEST GUST DIRECTION    SW (210)
  AVERAGE WIND SPEED     5.8




RELATIVE HUMIDITY (PERCENT)
 HIGHEST    63
 LOWEST     35
 AVERAGE    49

..........................................................


THE TRAVERSE CITY MI CLIMATE NORMALS FOR TODAY
                         NORMAL    RECORD    YEAR
 MAXIMUM TEMPERATURE (F)   55        82      1953
 MINIMUM TEMPERATURE (F)   38        21      1959


SUNRISE AND SUNSET
OCTOBER 21 2017.......SUNRISE   806 AM EDT   SUNSET   647 PM EDT
OCTOBER 22 2017.......SUNRISE   807 AM EDT   SUNSET   646 PM EDT


-  INDICATES NEGATIVE NUMBERS.
R  INDICATES RECORD WAS SET OR TIED.
MM INDICATES DATA IS MISSING.
T  INDICATES TRACE AMOUNT.




$$
