000
CDUS44 KJAN 032120
CLITVR


CLIMATE REPORT
NATIONAL WEATHER SERVICE JACKSON MS
417 PM CDT FRI JUL 3 2015


...................................

...THE VICKSBURG CLIMATE SUMMARY FOR JULY 3 2015...
VALID TODAY AS OF 0400 PM LOCAL TIME.

CLIMATE NORMAL PERIOD 1981 TO 2010
CLIMATE RECORD PERIOD 1948 TO 2015


WEATHER ITEM   OBSERVED TIME   RECORD YEAR NORMAL DEPARTURE LAST
                VALUE   (LST)  VALUE       VALUE  FROM      YEAR
                                                  NORMAL
..................................................................
TEMPERATURE (F)
 TODAY
  MAXIMUM         90    228 PM 102    1980  91     -1       89
  MINIMUM         77    540 AM  61    2013  70      7       65
  AVERAGE         84                        81      3       77

PRECIPITATION (IN)
  TODAY            0.00          0.96 1989   0.13  -0.13     0.00
  MONTH TO DATE    0.00                      0.38  -0.38     0.15
  SINCE JUN 1      5.25                      4.37   0.88     6.70
  SINCE JAN 1     35.52                     29.67   5.85    35.03

SNOWFALL (IN)
  TODAY            0.0

DEGREE DAYS
 HEATING
  TODAY            0                         0      0        0
  MONTH TO DATE    0                         0      0        0
  SINCE JUN 1      0                         0      0        0
  SINCE JUL 1      0                         0      0        0

 COOLING
  TODAY           19                        16      3       12
  MONTH TO DATE   53                        48      5       45
  SINCE JUN 1    537                       466     71      469
  SINCE JAN 1    983                       836    147      819
..................................................................


WIND (MPH)
  HIGHEST WIND SPEED    10   HIGHEST WIND DIRECTION    SW (230)
  HIGHEST GUST SPEED    17   HIGHEST GUST DIRECTION    SW (220)
  AVERAGE WIND SPEED     5.8


SKY COVER
  POSSIBLE SUNSHINE  MM
  AVERAGE SKY COVER 0.1


WEATHER CONDITIONS
 THE FOLLOWING WEATHER WAS RECORDED TODAY.
  NO SIGNIFICANT WEATHER WAS OBSERVED.


RELATIVE HUMIDITY (PERCENT)
 HIGHEST    85           100 AM
 LOWEST     64           100 PM
 AVERAGE    75

..........................................................


THE VICKSBURG CLIMATE NORMALS FOR TOMORROW
                         NORMAL    RECORD    YEAR
 MAXIMUM TEMPERATURE (F)   91       101      1970
 MINIMUM TEMPERATURE (F)   70        62      2014


SUNRISE AND SUNSET
JULY  3 2015..........SUNRISE   602 AM CDT   SUNSET   815 PM CDT
JULY  4 2015..........SUNRISE   602 AM CDT   SUNSET   815 PM CDT


-  INDICATES NEGATIVE NUMBERS.
R  INDICATES RECORD WAS SET OR TIED.
MM INDICATES DATA IS MISSING.
T  INDICATES TRACE AMOUNT.




$$
