000
CDUS44 KJAN 192113
CLITVR


CLIMATE REPORT
NATIONAL WEATHER SERVICE JACKSON MS
412 PM CDT TUE SEP 19 2017


...................................

...THE VICKSBURG CLIMATE SUMMARY FOR SEPTEMBER 19 2017...
VALID TODAY AS OF 0400 PM LOCAL TIME.

CLIMATE NORMAL PERIOD 1981 TO 2010
CLIMATE RECORD PERIOD 1948 TO 2017


WEATHER ITEM   OBSERVED TIME   RECORD YEAR NORMAL DEPARTURE LAST
                VALUE   (LST)  VALUE       VALUE  FROM      YEAR
                                                  NORMAL
..................................................................
TEMPERATURE (F)
 TODAY
  MAXIMUM         91    259 PM  97    2015  86      5       94
                                      2005
  MINIMUM         69    616 AM  45    1981  63      6       68
  AVERAGE         80                        74      6       81

PRECIPITATION (IN)
  TODAY            0.01          1.41 1987   0.06  -0.05     0.00
  MONTH TO DATE    1.73                      2.03  -0.30     0.12
  SINCE SEP 1      1.73                      2.03  -0.30     0.12
  SINCE JAN 1     51.15                     38.60  12.55    51.67

SNOWFALL (IN)
  TODAY            0.0

DEGREE DAYS
 HEATING
  TODAY            0                         0      0        0
  MONTH TO DATE    4                         0      4        0
  SINCE SEP 1      4                         0      4        0
  SINCE JUL 1      4                         0      4        0

 COOLING
  TODAY           15                         9      6       16
  MONTH TO DATE  195                       221    -26      344
  SINCE SEP 1    195                       221    -26      344
  SINCE JAN 1   2117                      2010    107     2591
..................................................................


WIND (MPH)
  HIGHEST WIND SPEED     8   HIGHEST WIND DIRECTION    SW (220)
  HIGHEST GUST SPEED    14   HIGHEST GUST DIRECTION     S (200)
  AVERAGE WIND SPEED     1.9


SKY COVER
  POSSIBLE SUNSHINE  MM
  AVERAGE SKY COVER 0.1


WEATHER CONDITIONS
 THE FOLLOWING WEATHER WAS RECORDED TODAY.
  LIGHT RAIN
  FOG


RELATIVE HUMIDITY (PERCENT)
 HIGHEST   100          1200 AM
 LOWEST     56           300 PM
 AVERAGE    78

..........................................................


THE VICKSBURG CLIMATE NORMALS FOR TOMORROW
                         NORMAL    RECORD    YEAR
 MAXIMUM TEMPERATURE (F)   86        99      2005
 MINIMUM TEMPERATURE (F)   62        45      2012
                                             1981


SUNRISE AND SUNSET
SEPTEMBER 19 2017.....SUNRISE   651 AM CDT   SUNSET   704 PM CDT
SEPTEMBER 20 2017.....SUNRISE   651 AM CDT   SUNSET   703 PM CDT


-  INDICATES NEGATIVE NUMBERS.
R  INDICATES RECORD WAS SET OR TIED.
MM INDICATES DATA IS MISSING.
T  INDICATES TRACE AMOUNT.




$$
