000
CDUS44 KJAN 010700
CLITVR


CLIMATE REPORT
NATIONAL WEATHER SERVICE JACKSON MS
153 AM CDT MON SEP 1 2014


...................................

...THE VICKSBURG CLIMATE SUMMARY FOR AUGUST 31 2014...

CLIMATE NORMAL PERIOD 1981 TO 2010
CLIMATE RECORD PERIOD 1948 TO 2014


WEATHER ITEM   OBSERVED TIME   RECORD YEAR NORMAL DEPARTURE LAST
                VALUE   (LST)  VALUE       VALUE  FROM      YEAR
                                                  NORMAL
..................................................................
TEMPERATURE (F)
 YESTERDAY
  MAXIMUM         88    317 PM 106    2000  90     -2       94
  MINIMUM         73    520 AM  58    1968  68      5       66
  AVERAGE         81                        79      2       80

PRECIPITATION (IN)
  YESTERDAY        0.00          1.16 1970   0.14  -0.14     0.00
  MONTH TO DATE    6.43                      3.65   2.78     1.05
  SINCE JUN 1     15.91                     11.27   4.64    12.83
  SINCE JAN 1     44.24                     36.57   7.67    48.15

SNOWFALL (IN)
  YESTERDAY        0.0

DEGREE DAYS
 HEATING
  YESTERDAY        0                         0      0        0
  MONTH TO DATE    0                         0      0        0
  SINCE JUN 1      0                         0      0        0
  SINCE JUL 1      0                         0      0        0

 COOLING
  YESTERDAY       16                        14      2       15
  MONTH TO DATE  477                       491    -14      487
  SINCE JUN 1   1308                      1419   -111     1377
  SINCE JAN 1   1658                      1789   -131     1707
..................................................................


WIND (MPH)
  HIGHEST WIND SPEED    14   HIGHEST WIND DIRECTION     S (170)
  HIGHEST GUST SPEED    17   HIGHEST GUST DIRECTION     S (180)
  AVERAGE WIND SPEED     5.4


SKY COVER
  POSSIBLE SUNSHINE  MM
  AVERAGE SKY COVER 0.3


WEATHER CONDITIONS
 THE FOLLOWING WEATHER WAS RECORDED YESTERDAY.
  NO SIGNIFICANT WEATHER WAS OBSERVED.


RELATIVE HUMIDITY (PERCENT)
 HIGHEST    94           900 PM
 LOWEST     65           500 PM
 AVERAGE    80

..........................................................


THE VICKSBURG CLIMATE NORMALS FOR TODAY
                         NORMAL    RECORD    YEAR
 MAXIMUM TEMPERATURE (F)   90       105      2000
 MINIMUM TEMPERATURE (F)   68        53      1954


SUNRISE AND SUNSET
SEPTEMBER  1 2014.....SUNRISE   639 AM CDT   SUNSET   728 PM CDT
SEPTEMBER  2 2014.....SUNRISE   640 AM CDT   SUNSET   727 PM CDT


-  INDICATES NEGATIVE NUMBERS.
R  INDICATES RECORD WAS SET OR TIED.
MM INDICATES DATA IS MISSING.
T  INDICATES TRACE AMOUNT.




$$
