000
CDUS44 KJAN 260813
CLITVR


CLIMATE REPORT
NATIONAL WEATHER SERVICE JACKSON MS
309 AM CDT SUN MAR 26 2017


...................................

...THE VICKSBURG CLIMATE SUMMARY FOR MARCH 25 2017...

CLIMATE NORMAL PERIOD 1981 TO 2010
CLIMATE RECORD PERIOD 1948 TO 2017


WEATHER ITEM   OBSERVED TIME   RECORD YEAR NORMAL DEPARTURE LAST
                VALUE   (LST)  VALUE       VALUE  FROM      YEAR
                                                  NORMAL
..................................................................
TEMPERATURE (F)
 YESTERDAY
  MAXIMUM         77    347 PM  83    1955  71      6       63
  MINIMUM         59    557 AM  28    1966  48     11       46
  AVERAGE         68                        59      9       55

PRECIPITATION (IN)
  YESTERDAY        0.81          3.75 2009   0.17   0.64     0.00
  MONTH TO DATE    2.16                      4.09  -1.93     8.98
  SINCE MAR 1      2.16                      4.09  -1.93     8.98
  SINCE JAN 1      8.92                     14.43  -5.51    18.98

SNOWFALL (IN)
  YESTERDAY        0.0

DEGREE DAYS
 HEATING
  YESTERDAY        0                         7     -7       10
  MONTH TO DATE  169                       229    -60      101
  SINCE MAR 1    169                       229    -60      101
  SINCE JUL 1   1445                      2205   -760     1479

 COOLING
  YESTERDAY        3                         1      2        0
  MONTH TO DATE   55                        22     33       57
  SINCE MAR 1     55                        22     33       57
  SINCE JAN 1    106                        31     75       69
..................................................................


WIND (MPH)
  HIGHEST WIND SPEED    24   HIGHEST WIND DIRECTION     W (260)
  HIGHEST GUST SPEED    38   HIGHEST GUST DIRECTION     W (260)
  AVERAGE WIND SPEED     9.3


SKY COVER
  POSSIBLE SUNSHINE  MM
  AVERAGE SKY COVER 0.7


WEATHER CONDITIONS
 THE FOLLOWING WEATHER WAS RECORDED YESTERDAY.
  THUNDERSTORM
  HEAVY RAIN
  RAIN
  LIGHT RAIN
  FOG


RELATIVE HUMIDITY (PERCENT)
 HIGHEST    93           500 AM
 LOWEST     58           400 PM
 AVERAGE    76

..........................................................


THE VICKSBURG CLIMATE NORMALS FOR TODAY
                         NORMAL    RECORD    YEAR
 MAXIMUM TEMPERATURE (F)   71        86      2011
 MINIMUM TEMPERATURE (F)   48        26      1955


SUNRISE AND SUNSET
MARCH 26 2017.........SUNRISE   700 AM CDT   SUNSET   720 PM CDT
MARCH 27 2017.........SUNRISE   658 AM CDT   SUNSET   721 PM CDT


-  INDICATES NEGATIVE NUMBERS.
R  INDICATES RECORD WAS SET OR TIED.
MM INDICATES DATA IS MISSING.
T  INDICATES TRACE AMOUNT.




$$
