000
CDUS44 KJAN 210857
CLITVR


CLIMATE REPORT
NATIONAL WEATHER SERVICE JACKSON MS
355 AM CDT FRI JUL 21 2017


...................................

...THE VICKSBURG CLIMATE SUMMARY FOR JULY 20 2017...

CLIMATE NORMAL PERIOD 1981 TO 2010
CLIMATE RECORD PERIOD 1948 TO 2017


WEATHER ITEM   OBSERVED TIME   RECORD YEAR NORMAL DEPARTURE LAST
                VALUE   (LST)  VALUE       VALUE  FROM      YEAR
                                                  NORMAL
..................................................................
TEMPERATURE (F)
 YESTERDAY
  MAXIMUM         98    339 PM 100    2000  92      6       99
  MINIMUM         73    515 AM  59    1984  71      2       75
  AVERAGE         86                        82      4       87

PRECIPITATION (IN)
  YESTERDAY        0.00          1.58 1953   0.12  -0.12      T
  MONTH TO DATE    1.02                      2.43  -1.41     1.47
  SINCE JUN 1      8.17                      6.42   1.75     4.98
  SINCE JAN 1     35.59                     31.72   3.87    40.45

SNOWFALL (IN)
  YESTERDAY        0.0

DEGREE DAYS
 HEATING
  YESTERDAY        0                         0      0        0
  MONTH TO DATE    0                         0      0        0
  SINCE JUN 1      0                         0      0        0
  SINCE JUL 1      0                         0      0        0

 COOLING
  YESTERDAY       21                        17      4       22
  MONTH TO DATE  358                       326     32      396
  SINCE JUN 1    752                       744      8      915
  SINCE JAN 1   1252                      1114    138     1430
..................................................................


WIND (MPH)
  HIGHEST WIND SPEED     9   HIGHEST WIND DIRECTION    NE (40)
  HIGHEST GUST SPEED    13   HIGHEST GUST DIRECTION    NE (40)
  AVERAGE WIND SPEED     1.6


SKY COVER
  POSSIBLE SUNSHINE  MM
  AVERAGE SKY COVER 0.0


WEATHER CONDITIONS
 THE FOLLOWING WEATHER WAS RECORDED YESTERDAY.
  FOG


RELATIVE HUMIDITY (PERCENT)
 HIGHEST   100           200 AM
 LOWEST     38           400 PM
 AVERAGE    69

..........................................................


THE VICKSBURG CLIMATE NORMALS FOR TODAY
                         NORMAL    RECORD    YEAR
 MAXIMUM TEMPERATURE (F)   92       101      2000
 MINIMUM TEMPERATURE (F)   71        61      1971


SUNRISE AND SUNSET
JULY 21 2017..........SUNRISE   612 AM CDT   SUNSET   809 PM CDT
JULY 22 2017..........SUNRISE   612 AM CDT   SUNSET   808 PM CDT


-  INDICATES NEGATIVE NUMBERS.
R  INDICATES RECORD WAS SET OR TIED.
MM INDICATES DATA IS MISSING.
T  INDICATES TRACE AMOUNT.




$$
