000
CDUS44 KJAN 310720
CLITVR


CLIMATE REPORT
NATIONAL WEATHER SERVICE JACKSON MS
218 AM CDT FRI OCT 31 2014


...................................

...THE VICKSBURG CLIMATE SUMMARY FOR OCTOBER 30 2014...

CLIMATE NORMAL PERIOD 1981 TO 2010
CLIMATE RECORD PERIOD 1948 TO 2014


WEATHER ITEM   OBSERVED TIME   RECORD YEAR NORMAL DEPARTURE LAST
                VALUE   (LST)  VALUE       VALUE  FROM      YEAR
                                                  NORMAL
..................................................................
TEMPERATURE (F)
 YESTERDAY
  MAXIMUM         74    235 PM  89    1951  74      0       76
  MINIMUM         37    631 AM  22    1952  48    -11       69
  AVERAGE         56                        61     -5       73

PRECIPITATION (IN)
  YESTERDAY        0.00          3.01 2009   0.13  -0.13     0.01
  MONTH TO DATE    4.86                      4.56   0.30     1.53
  SINCE SEP 1      5.86                      7.45  -1.59     7.18
  SINCE JAN 1     50.10                     44.02   6.08    55.33

SNOWFALL (IN)
  YESTERDAY        0.0

DEGREE DAYS
 HEATING
  YESTERDAY        9                         6      3        0
  MONTH TO DATE   73                        91    -18      101
  SINCE SEP 1     73                        96    -23      101
  SINCE JUL 1     73                        96    -23      101

 COOLING
  YESTERDAY        0                         2     -2        8
  MONTH TO DATE  138                       110     28      132
  SINCE SEP 1    524                       418    106      537
  SINCE JAN 1   2182                      2207    -25     2244
..................................................................


WIND (MPH)
  HIGHEST WIND SPEED     9   HIGHEST WIND DIRECTION     N (20)
  HIGHEST GUST SPEED    11   HIGHEST GUST DIRECTION    NE (30)
  AVERAGE WIND SPEED     1.4


SKY COVER
  POSSIBLE SUNSHINE  MM
  AVERAGE SKY COVER 0.0


WEATHER CONDITIONS
 THE FOLLOWING WEATHER WAS RECORDED YESTERDAY.
  FOG
  FOG W/VISIBILITY <= 1/4 MILE


RELATIVE HUMIDITY (PERCENT)
 HIGHEST   100          1000 PM
 LOWEST     29           300 PM
 AVERAGE    65

..........................................................


THE VICKSBURG CLIMATE NORMALS FOR TODAY
                         NORMAL    RECORD    YEAR
 MAXIMUM TEMPERATURE (F)   74        88      1984
 MINIMUM TEMPERATURE (F)   47        28      1993


SUNRISE AND SUNSET
OCTOBER 31 2014.......SUNRISE   720 AM CDT   SUNSET   615 PM CDT
NOVEMBER  1 2014......SUNRISE   721 AM CDT   SUNSET   614 PM CDT


-  INDICATES NEGATIVE NUMBERS.
R  INDICATES RECORD WAS SET OR TIED.
MM INDICATES DATA IS MISSING.
T  INDICATES TRACE AMOUNT.




$$
