000
CDUS44 KJAN 280712
CLITVR


CLIMATE REPORT
NATIONAL WEATHER SERVICE JACKSON MS
109 AM CST SAT FEB 28 2015


...................................

...THE VICKSBURG CLIMATE SUMMARY FOR FEBRUARY 27 2015...

CLIMATE NORMAL PERIOD 1981 TO 2010
CLIMATE RECORD PERIOD 1948 TO 2015


WEATHER ITEM   OBSERVED TIME   RECORD YEAR NORMAL DEPARTURE LAST
                VALUE   (LST)  VALUE       VALUE  FROM      YEAR
                                                  NORMAL
..................................................................
TEMPERATURE (F)
 YESTERDAY
  MAXIMUM         41    259 PM  84    2011  64    -23       52
  MINIMUM         28    752 AM  17    2014  42    -14       17
  AVERAGE         35                        53    -18       35

PRECIPITATION (IN)
  YESTERDAY        0.00          1.44 1984   0.19  -0.19     0.00
  MONTH TO DATE    5.68                      5.08   0.60     3.16
  SINCE DEC 1     15.84                     15.76   0.08     9.77
  SINCE JAN 1     11.25                     10.15   1.10     5.42

SNOWFALL (IN)
  YESTERDAY        0.0

DEGREE DAYS
 HEATING
  YESTERDAY       30                        12     18       30
  MONTH TO DATE  611                       419    192      497
  SINCE DEC 1   1700                      1561    139     1860
  SINCE JUL 1   2238                      1963    275     2390

 COOLING
  YESTERDAY        0                         0      0        0
  MONTH TO DATE    0                         0      0        7
  SINCE DEC 1      4                         9     -5       23
  SINCE JAN 1      0                         3     -3        7
..................................................................


WIND (MPH)
  HIGHEST WIND SPEED    22   HIGHEST WIND DIRECTION     N (10)
  HIGHEST GUST SPEED    26   HIGHEST GUST DIRECTION     N (10)
  AVERAGE WIND SPEED    12.7


SKY COVER
  POSSIBLE SUNSHINE  MM
  AVERAGE SKY COVER 0.7


WEATHER CONDITIONS
 THE FOLLOWING WEATHER WAS RECORDED YESTERDAY.
  NO SIGNIFICANT WEATHER WAS OBSERVED.


RELATIVE HUMIDITY (PERCENT)
 HIGHEST    82          1200 AM
 LOWEST     55           300 PM
 AVERAGE    69

..........................................................


THE VICKSBURG CLIMATE NORMALS FOR TODAY
                         NORMAL    RECORD    YEAR
 MAXIMUM TEMPERATURE (F)   64        83      1962
 MINIMUM TEMPERATURE (F)   43        20      2002


SUNRISE AND SUNSET
FEBRUARY 28 2015......SUNRISE   633 AM CST   SUNSET   601 PM CST
MARCH  1 2015.........SUNRISE   632 AM CST   SUNSET   602 PM CST


-  INDICATES NEGATIVE NUMBERS.
R  INDICATES RECORD WAS SET OR TIED.
MM INDICATES DATA IS MISSING.
T  INDICATES TRACE AMOUNT.




$$
