000
CDUS44 KJAN 212107
CLITVR


CLIMATE REPORT
NATIONAL WEATHER SERVICE JACKSON MS
405 PM CDT SUN SEP 21 2014


...................................

...THE VICKSBURG CLIMATE SUMMARY FOR SEPTEMBER 21 2014...
VALID TODAY AS OF 0400 PM LOCAL TIME.

CLIMATE NORMAL PERIOD 1981 TO 2010
CLIMATE RECORD PERIOD 1948 TO 2014


WEATHER ITEM   OBSERVED TIME   RECORD YEAR NORMAL DEPARTURE LAST
                VALUE   (LST)  VALUE       VALUE  FROM      YEAR
                                                  NORMAL
..................................................................
TEMPERATURE (F)
 TODAY
  MAXIMUM         93    250 PM  96    2005  86      7       80
  MINIMUM         65    615 AM  46    1956  62      3       63
  AVERAGE         79                        74      5       72

PRECIPITATION (IN)
  TODAY            0.00          3.50 1979   0.06  -0.06     0.77
  MONTH TO DATE    0.98                      2.15  -1.17     3.62
  SINCE SEP 1      0.98                      2.15  -1.17     3.62
  SINCE JAN 1     45.22                     38.72   6.50    51.77

SNOWFALL (IN)
  TODAY            0.0

DEGREE DAYS
 HEATING
  TODAY            0                         0      0        0
  MONTH TO DATE    0                         0      0        0
  SINCE SEP 1      0                         0      0        0
  SINCE JUL 1      0                         0      0        0

 COOLING
  TODAY           14                         9      5        7
  MONTH TO DATE  310                       239     71      327
  SINCE SEP 1    310                       239     71      327
  SINCE JAN 1   1968                      2028    -60     2034
..................................................................


WIND (MPH)
  HIGHEST WIND SPEED    12   HIGHEST WIND DIRECTION     E (70)
  HIGHEST GUST SPEED    15   HIGHEST GUST DIRECTION    NE (60)
  AVERAGE WIND SPEED     1.5


SKY COVER
  POSSIBLE SUNSHINE  MM
  AVERAGE SKY COVER 0.0


WEATHER CONDITIONS
 THE FOLLOWING WEATHER WAS RECORDED TODAY.
  NO SIGNIFICANT WEATHER WAS OBSERVED.


RELATIVE HUMIDITY (PERCENT)
 HIGHEST    93           100 AM
 LOWEST     41           200 PM
 AVERAGE    67

..........................................................


THE VICKSBURG CLIMATE NORMALS FOR TOMORROW
                         NORMAL    RECORD    YEAR
 MAXIMUM TEMPERATURE (F)   85        95      1980
 MINIMUM TEMPERATURE (F)   61        40      1983


SUNRISE AND SUNSET
SEPTEMBER 21 2014.....SUNRISE   652 AM CDT   SUNSET   702 PM CDT
SEPTEMBER 22 2014.....SUNRISE   652 AM CDT   SUNSET   701 PM CDT


-  INDICATES NEGATIVE NUMBERS.
R  INDICATES RECORD WAS SET OR TIED.
MM INDICATES DATA IS MISSING.
T  INDICATES TRACE AMOUNT.




$$
