000
CDUS44 KJAN 182215
CLITVR


CLIMATE REPORT
NATIONAL WEATHER SERVICE JACKSON MS
413 PM CST THU DEC 18 2014


...................................

...THE VICKSBURG CLIMATE SUMMARY FOR DECEMBER 18 2014...
VALID TODAY AS OF 0400 PM LOCAL TIME.

CLIMATE NORMAL PERIOD 1981 TO 2010
CLIMATE RECORD PERIOD 1948 TO 2014


WEATHER ITEM   OBSERVED TIME   RECORD YEAR NORMAL DEPARTURE LAST
                VALUE   (LST)  VALUE       VALUE  FROM      YEAR
                                                  NORMAL
..................................................................
TEMPERATURE (F)
 TODAY
  MAXIMUM         54    359 PM  78    1984  58     -4       67
  MINIMUM         45   1216 AM  11    1979  37      8       28
  AVERAGE         50                        47      3       48

PRECIPITATION (IN)
  TODAY            0.06          2.97 1967   0.19  -0.13     0.00
  MONTH TO DATE    0.93                      3.48  -2.55     2.53
  SINCE DEC 1      0.93                      3.48  -2.55     2.53
  SINCE JAN 1     54.84                     52.61   2.23    66.11

SNOWFALL (IN)
  TODAY            0.0

DEGREE DAYS
 HEATING
  TODAY           15                        18     -3       17
  MONTH TO DATE  246                       292    -46      358
  SINCE DEC 1    246                       292    -46      358
  SINCE JUL 1    784                       694     90      888

 COOLING
  TODAY            0                         0      0        0
  MONTH TO DATE    4                         0      4        8
  SINCE DEC 1      4                         0      4        8
  SINCE JAN 1   2193                      2225    -32     2272
..................................................................


WIND (MPH)
  HIGHEST WIND SPEED    12   HIGHEST WIND DIRECTION    SE (120)
  HIGHEST GUST SPEED    15   HIGHEST GUST DIRECTION    SE (120)
  AVERAGE WIND SPEED     6.7


SKY COVER
  POSSIBLE SUNSHINE  MM
  AVERAGE SKY COVER 1.0


WEATHER CONDITIONS
 THE FOLLOWING WEATHER WAS RECORDED TODAY.
  LIGHT RAIN
  FOG


RELATIVE HUMIDITY (PERCENT)
 HIGHEST    83          1200 AM
 LOWEST     71           800 AM
 AVERAGE    77

..........................................................


THE VICKSBURG CLIMATE NORMALS FOR TOMORROW
                         NORMAL    RECORD    YEAR
 MAXIMUM TEMPERATURE (F)   58        78      2012
 MINIMUM TEMPERATURE (F)   37        14      1981


SUNRISE AND SUNSET
DECEMBER 18 2014......SUNRISE   700 AM CST   SUNSET   502 PM CST
DECEMBER 19 2014......SUNRISE   700 AM CST   SUNSET   502 PM CST


-  INDICATES NEGATIVE NUMBERS.
R  INDICATES RECORD WAS SET OR TIED.
MM INDICATES DATA IS MISSING.
T  INDICATES TRACE AMOUNT.




$$
