000
CDUS44 KJAN 102138
CLITVR


CLIMATE REPORT
NATIONAL WEATHER SERVICE JACKSON MS
436 PM CDT THU JUL 10 2014


...................................

...THE VICKSBURG CLIMATE SUMMARY FOR JULY 10 2014...
VALID TODAY AS OF 0400 PM LOCAL TIME.

CLIMATE NORMAL PERIOD 1981 TO 2010
CLIMATE RECORD PERIOD 1948 TO 2014


WEATHER ITEM   OBSERVED TIME   RECORD YEAR NORMAL DEPARTURE LAST
                VALUE   (LST)  VALUE       VALUE  FROM      YEAR
                                                  NORMAL
..................................................................
TEMPERATURE (F)
 TODAY
  MAXIMUM         90    104 PM 100    1969  92     -2       93
  MINIMUM         71    639 AM  59    1952  71      0       73
  AVERAGE         81                        81      0       83

PRECIPITATION (IN)
  TODAY            0.24          4.16 1977   0.11   0.13     0.00
  MONTH TO DATE    0.42                      1.20  -0.78      T
  SINCE JUN 1      6.97                      5.19   1.78     5.33
  SINCE JAN 1     35.30                     30.49   4.81    40.65

SNOWFALL (IN)
  TODAY            0.0

DEGREE DAYS
 HEATING
  TODAY            0                         0      0        0
  MONTH TO DATE    0                         0      0        0
  SINCE JUN 1      0                         0      0        0
  SINCE JUL 1      0                         0      0        0

 COOLING
  TODAY           16                        16      0       18
  MONTH TO DATE  129                       160    -31      133
  SINCE JUN 1    553                       578    -25      574
  SINCE JAN 1    903                       948    -45      904
..................................................................


WIND (MPH)
  HIGHEST WIND SPEED    16   HIGHEST WIND DIRECTION     S (180)
  HIGHEST GUST SPEED    21   HIGHEST GUST DIRECTION     S (180)
  AVERAGE WIND SPEED     3.0


SKY COVER
  POSSIBLE SUNSHINE  MM
  AVERAGE SKY COVER 0.5


WEATHER CONDITIONS
 THE FOLLOWING WEATHER WAS RECORDED TODAY.
  HEAVY RAIN
  RAIN
  LIGHT RAIN
  FOG


RELATIVE HUMIDITY (PERCENT)
 HIGHEST    93          1200 AM
 LOWEST     64           100 PM
 AVERAGE    79

..........................................................


THE VICKSBURG CLIMATE NORMALS FOR TOMORROW
                         NORMAL    RECORD    YEAR
 MAXIMUM TEMPERATURE (F)   92        99      1980
                                             1969
                                             1966
 MINIMUM TEMPERATURE (F)   71        58      1953


SUNRISE AND SUNSET
JULY 10 2014..........SUNRISE   605 AM CDT   SUNSET   814 PM CDT
JULY 11 2014..........SUNRISE   606 AM CDT   SUNSET   813 PM CDT


-  INDICATES NEGATIVE NUMBERS.
R  INDICATES RECORD WAS SET OR TIED.
MM INDICATES DATA IS MISSING.
T  INDICATES TRACE AMOUNT.




$$
