000
CDUS45 KBOI 280930
CLITWF


CLIMATE REPORT
NATIONAL WEATHER SERVICE BOISE ID
330 AM MDT THU AUG 28 2014


...................................

...THE TWIN FALLS ID CLIMATE SUMMARY FOR AUGUST 27 2014...

CLIMATE NORMAL PERIOD 1981 TO 2010
CLIMATE RECORD PERIOD 9999 TO 9999


WEATHER ITEM   OBSERVED TIME   NORMAL DEPARTURE LAST
                VALUE   (LST)  VALUE  FROM      YEAR
                                      NORMAL
......................................................
TEMPERATURE (F)
 YESTERDAY
  MAXIMUM         82    511 PM  86     -4       93
  MINIMUM         55    604 AM  53      2       62
  AVERAGE         69

PRECIPITATION (IN)
  YESTERDAY        0.00          0.02  -0.02     0.00
  MONTH TO DATE    5.55          0.27   5.28      T
  SINCE OCT 1     12.70         10.08   2.62     6.37
  SINCE JAN 1     12.23          6.83   5.40     3.19

DEGREE DAYS
 HEATING
  YESTERDAY        0             1     -1        0
  MONTH TO DATE   16             5     11        0
  SINCE JUN 1     74            98    -24       55
  SINCE JUL 1     16            11      5        0

 COOLING
  YESTERDAY        4             5     -1       13
  MONTH TO DATE  185           212    -27      327
  SINCE JUN 1    706           576    130      958
  SINCE JAN 1    739           598    141      983
......................................................


WIND (MPH)
  HIGHEST WIND SPEED    16   HIGHEST WIND DIRECTION     S (190)
  HIGHEST GUST SPEED    21   HIGHEST GUST DIRECTION     S (180)
  AVERAGE WIND SPEED     8.0


SKY COVER
  AVERAGE SKY COVER 0.0


WEATHER CONDITIONS
 THE FOLLOWING WEATHER WAS RECORDED YESTERDAY.
  NO SIGNIFICANT WEATHER WAS OBSERVED.


RELATIVE HUMIDITY (PERCENT)
 HIGHEST    72           500 AM
 LOWEST     30           400 PM
 AVERAGE    51

..........................................................




SUNRISE AND SUNSET
AUGUST 28 2014........SUNRISE   659 AM MDT   SUNSET   819 PM MDT
AUGUST 29 2014........SUNRISE   700 AM MDT   SUNSET   817 PM MDT


-  INDICATES NEGATIVE NUMBERS.
R  INDICATES RECORD WAS SET OR TIED.
MM INDICATES DATA IS MISSING.
T  INDICATES TRACE AMOUNT.




$$
