000
CDUS45 KBOI 280931
CLITWF


CLIMATE REPORT
NATIONAL WEATHER SERVICE BOISE ID
330 AM MDT FRI APR 28 2017


...................................

...THE TWIN FALLS ID CLIMATE SUMMARY FOR APRIL 27 2017...

CLIMATE NORMAL PERIOD 1981 TO 2010
CLIMATE RECORD PERIOD 9999 TO 9999


WEATHER ITEM   OBSERVED TIME   NORMAL DEPARTURE LAST
                VALUE   (LST)  VALUE  FROM      YEAR
                                      NORMAL
......................................................
TEMPERATURE (F)
 YESTERDAY
  MAXIMUM         47    325 PM  64    -17       57
  MINIMUM         33   1140 PM  38     -5       38
  AVERAGE         40

PRECIPITATION (IN)
  YESTERDAY        0.00          0.05  -0.05     0.08
  MONTH TO DATE    1.14          1.01   0.13     1.46
  SINCE OCT 1      9.75          7.09   2.66     8.66
  SINCE JAN 1      5.25          3.84   1.41     4.28

DEGREE DAYS
 HEATING
  YESTERDAY       25            14     11       17
  MONTH TO DATE  530           468     62      353
  SINCE MAR 1   1144          1190    -46     1030
  SINCE JUL 1   5924          5757    167     5316

 COOLING
  YESTERDAY        0             0      0        0
  MONTH TO DATE    0             0      0        0
  SINCE MAR 1      0             0      0        0
  SINCE JAN 1      0             0      0        0
......................................................


WIND (MPH)
  HIGHEST WIND SPEED    36   HIGHEST WIND DIRECTION     W (270)
  HIGHEST GUST SPEED    42   HIGHEST GUST DIRECTION     W (250)
  AVERAGE WIND SPEED    24.0


SKY COVER
  AVERAGE SKY COVER 0.3


WEATHER CONDITIONS
 THE FOLLOWING WEATHER WAS RECORDED YESTERDAY.
  NO SIGNIFICANT WEATHER WAS OBSERVED.


RELATIVE HUMIDITY (PERCENT)
 HIGHEST    92          1200 AM
 LOWEST     37           600 PM
 AVERAGE    65

..........................................................




SUNRISE AND SUNSET
APRIL 28 2017.........SUNRISE   637 AM MDT   SUNSET   835 PM MDT
APRIL 29 2017.........SUNRISE   635 AM MDT   SUNSET   836 PM MDT


-  INDICATES NEGATIVE NUMBERS.
R  INDICATES RECORD WAS SET OR TIED.
MM INDICATES DATA IS MISSING.
T  INDICATES TRACE AMOUNT.




$$
