000
CDUS45 KBOI 300942
CLITWF


CLIMATE REPORT
NATIONAL WEATHER SERVICE BOISE ID
342 AM MDT TUE SEP 30 2014


...................................

...THE TWIN FALLS ID CLIMATE SUMMARY FOR SEPTEMBER 29 2014...

CLIMATE NORMAL PERIOD 1981 TO 2010
CLIMATE RECORD PERIOD 9999 TO 9999


WEATHER ITEM   OBSERVED TIME   NORMAL DEPARTURE LAST
                VALUE   (LST)  VALUE  FROM      YEAR
                                      NORMAL
......................................................
TEMPERATURE (F)
 YESTERDAY
  MAXIMUM         56    339 PM  71    -15       73
  MINIMUM         49    134 AM  43      6       56
  AVERAGE         53

PRECIPITATION (IN)
  YESTERDAY        0.43          0.02   0.41     0.01
  MONTH TO DATE    0.76          0.55   0.21     0.89
  SINCE OCT 1     13.48         10.68   2.80     7.26
  SINCE JAN 1     13.01          7.43   5.58     4.08

DEGREE DAYS
 HEATING
  YESTERDAY       12             9      3        0
  MONTH TO DATE   71           131    -60      100
  SINCE SEP 1     71           131    -60      100
  SINCE JUL 1     90           152    -62      100

 COOLING
  YESTERDAY        0             0      0        0
  MONTH TO DATE   86            61     25       99
  SINCE SEP 1     86            61     25       99
  SINCE JAN 1    845           678    167     1138
......................................................


WIND (MPH)
  HIGHEST WIND SPEED    10   HIGHEST WIND DIRECTION    SW (210)
  HIGHEST GUST SPEED    14   HIGHEST GUST DIRECTION    SW (220)
  AVERAGE WIND SPEED     5.9


SKY COVER
  AVERAGE SKY COVER 1.0


WEATHER CONDITIONS
 THE FOLLOWING WEATHER WAS RECORDED YESTERDAY.
  HEAVY RAIN
  RAIN
  LIGHT RAIN
  FOG


RELATIVE HUMIDITY (PERCENT)
 HIGHEST    89           800 AM
 LOWEST     83          1200 AM
 AVERAGE    86

..........................................................




SUNRISE AND SUNSET
SEPTEMBER 30 2014.....SUNRISE   734 AM MDT   SUNSET   721 PM MDT
OCTOBER  1 2014.......SUNRISE   735 AM MDT   SUNSET   719 PM MDT


-  INDICATES NEGATIVE NUMBERS.
R  INDICATES RECORD WAS SET OR TIED.
MM INDICATES DATA IS MISSING.
T  INDICATES TRACE AMOUNT.




$$
