000
CDUS45 KBOI 100932
CLITWF


CLIMATE REPORT
NATIONAL WEATHER SERVICE BOISE ID
232 AM MST WED FEB 10 2016


...................................

...THE TWIN FALLS ID CLIMATE SUMMARY FOR FEBRUARY 9 2016...

CLIMATE NORMAL PERIOD 1981 TO 2010
CLIMATE RECORD PERIOD 9999 TO 9999


WEATHER ITEM   OBSERVED TIME   NORMAL DEPARTURE LAST
                VALUE   (LST)  VALUE  FROM      YEAR
                                      NORMAL
......................................................
TEMPERATURE (F)
 YESTERDAY
  MAXIMUM         35    519 PM  41     -6       60
  MINIMUM         25   1145 PM  22      3       40
  AVERAGE         30

PRECIPITATION (IN)
  YESTERDAY        0.00          0.03  -0.03      T
  MONTH TO DATE    0.03          0.27  -0.24     0.45
  SINCE OCT 1      5.46          4.50   0.96     4.37
  SINCE JAN 1      1.08          1.25  -0.17     1.37

DEGREE DAYS
 HEATING
  YESTERDAY       35            34      1       15
  MONTH TO DATE  320           308     12      147
  SINCE DEC 1   2579          2538     41     2030
  SINCE JUL 1   3790          3976   -186     3222

 COOLING
  YESTERDAY        0             0      0        0
  MONTH TO DATE    0             0      0        0
  SINCE DEC 1      0             0      0        0
  SINCE JAN 1      0             0      0        0
......................................................


WIND (MPH)
  HIGHEST WIND SPEED    13   HIGHEST WIND DIRECTION    NE (50)
  HIGHEST GUST SPEED    15   HIGHEST GUST DIRECTION    NE (60)
  AVERAGE WIND SPEED     7.7


SKY COVER
  AVERAGE SKY COVER 0.7


WEATHER CONDITIONS
 THE FOLLOWING WEATHER WAS RECORDED YESTERDAY.
  FOG
  FOG W/VISIBILITY <= 1/4 MILE


RELATIVE HUMIDITY (PERCENT)
 HIGHEST   100          1200 AM
 LOWEST     85           600 PM
 AVERAGE    93

..........................................................




SUNRISE AND SUNSET
FEBRUARY 10 2016......SUNRISE   742 AM MST   SUNSET   603 PM MST
FEBRUARY 11 2016......SUNRISE   740 AM MST   SUNSET   604 PM MST


-  INDICATES NEGATIVE NUMBERS.
R  INDICATES RECORD WAS SET OR TIED.
MM INDICATES DATA IS MISSING.
T  INDICATES TRACE AMOUNT.




$$
