000
CDUS45 KBOI 180932
CLITWF


CLIMATE REPORT
NATIONAL WEATHER SERVICE BOISE ID
232 AM MST THU DEC 18 2014


...................................

...THE TWIN FALLS ID CLIMATE SUMMARY FOR DECEMBER 17 2014...

CLIMATE NORMAL PERIOD 1981 TO 2010
CLIMATE RECORD PERIOD 9999 TO 9999


WEATHER ITEM   OBSERVED TIME   NORMAL DEPARTURE LAST
                VALUE   (LST)  VALUE  FROM      YEAR
                                      NORMAL
......................................................
TEMPERATURE (F)
 YESTERDAY
  MAXIMUM         44    215 PM  37      7       41
  MINIMUM         23    531 AM  19      4       17
  AVERAGE         34

PRECIPITATION (IN)
  YESTERDAY        0.00          0.05  -0.05     0.00
  MONTH TO DATE    0.18          0.70  -0.52     0.06
  SINCE OCT 1      1.64          2.68  -1.04     0.41
  SINCE JAN 1     14.68         10.13   4.55     4.52

DEGREE DAYS
 HEATING
  YESTERDAY       31            37     -6       36
  MONTH TO DATE  395           612   -217      739
  SINCE DEC 1    395           612   -217      739
  SINCE JUL 1   1587          2050   -463     2095

 COOLING
  YESTERDAY        0             0      0        0
  MONTH TO DATE    0             0      0        0
  SINCE DEC 1      0             0      0        0
  SINCE JAN 1    851           680    171     1138
......................................................


WIND (MPH)
  HIGHEST WIND SPEED    13   HIGHEST WIND DIRECTION    SE (150)
  HIGHEST GUST SPEED    13   HIGHEST GUST DIRECTION    NE (30)
  AVERAGE WIND SPEED     5.3


SKY COVER
  AVERAGE SKY COVER 0.0


WEATHER CONDITIONS
 THE FOLLOWING WEATHER WAS RECORDED YESTERDAY.
  NO SIGNIFICANT WEATHER WAS OBSERVED.


RELATIVE HUMIDITY (PERCENT)
 HIGHEST    85          1200 AM
 LOWEST     62           300 PM
 AVERAGE    74

..........................................................




SUNRISE AND SUNSET
DECEMBER 18 2014......SUNRISE   803 AM MST   SUNSET   507 PM MST
DECEMBER 19 2014......SUNRISE   803 AM MST   SUNSET   507 PM MST


-  INDICATES NEGATIVE NUMBERS.
R  INDICATES RECORD WAS SET OR TIED.
MM INDICATES DATA IS MISSING.
T  INDICATES TRACE AMOUNT.




$$
