000
CDUS45 KBOI 290933
CLITWF


CLIMATE REPORT
NATIONAL WEATHER SERVICE BOISE ID
332 AM MDT WED JUL 29 2015


...................................

...THE TWIN FALLS ID CLIMATE SUMMARY FOR JULY 28 2015...

CLIMATE NORMAL PERIOD 1981 TO 2010
CLIMATE RECORD PERIOD 9999 TO 9999


WEATHER ITEM   OBSERVED TIME   NORMAL DEPARTURE LAST
                VALUE   (LST)  VALUE  FROM      YEAR
                                      NORMAL
......................................................
TEMPERATURE (F)
 YESTERDAY
  MAXIMUM         76    439 PM  91    -15       92
  MINIMUM         49    532 AM  59    -10       71
  AVERAGE         63

PRECIPITATION (IN)
  YESTERDAY        0.00          0.01  -0.01     0.00
  MONTH TO DATE    0.71          0.27   0.44     0.23
  SINCE OCT 1      8.11          9.78  -1.67     7.15
  SINCE JAN 1      5.11          6.53  -1.42     6.68

DEGREE DAYS
 HEATING
  YESTERDAY        2             0      2        0
  MONTH TO DATE    3             3      0        0
  SINCE JUN 1     10            90    -80       58
  SINCE JUL 1      3             3      0        0

 COOLING
  YESTERDAY        0            10    -10       17
  MONTH TO DATE  265           246     19      405
  SINCE JUN 1    531           333    198      492
  SINCE JAN 1    547           355    192      525
......................................................


WIND (MPH)
  HIGHEST WIND SPEED    15   HIGHEST WIND DIRECTION     S (200)
  HIGHEST GUST SPEED    16   HIGHEST GUST DIRECTION     S (190)
  AVERAGE WIND SPEED     7.5


SKY COVER
  AVERAGE SKY COVER 0.0


WEATHER CONDITIONS
 THE FOLLOWING WEATHER WAS RECORDED YESTERDAY.
  NO SIGNIFICANT WEATHER WAS OBSERVED.


RELATIVE HUMIDITY (PERCENT)
 HIGHEST    50           600 AM
 LOWEST     18           500 PM
 AVERAGE    34

..........................................................




SUNRISE AND SUNSET
JULY 29 2015..........SUNRISE   627 AM MDT   SUNSET   901 PM MDT
JULY 30 2015..........SUNRISE   628 AM MDT   SUNSET   900 PM MDT


-  INDICATES NEGATIVE NUMBERS.
R  INDICATES RECORD WAS SET OR TIED.
MM INDICATES DATA IS MISSING.
T  INDICATES TRACE AMOUNT.




$$
