000
CDUS45 KBOI 030931
CLITWF


CLIMATE REPORT
NATIONAL WEATHER SERVICE BOISE ID
331 AM MDT TUE MAY 3 2016


...................................

...THE TWIN FALLS ID CLIMATE SUMMARY FOR MAY 2 2016...

CLIMATE NORMAL PERIOD 1981 TO 2010
CLIMATE RECORD PERIOD 9999 TO 9999


WEATHER ITEM   OBSERVED TIME   NORMAL DEPARTURE LAST
                VALUE   (LST)  VALUE  FROM      YEAR
                                      NORMAL
......................................................
TEMPERATURE (F)
 YESTERDAY
  MAXIMUM         67    614 PM  66      1       80
  MINIMUM         33    459 AM  39     -6       46
  AVERAGE         50

PRECIPITATION (IN)
  YESTERDAY        0.00          0.05  -0.05     0.00
  MONTH TO DATE    0.00          0.11  -0.11     0.00
  SINCE OCT 1      8.67          7.33   1.34     4.86
  SINCE JAN 1      4.29          4.08   0.21     1.86

DEGREE DAYS
 HEATING
  YESTERDAY       15            13      2        2
  MONTH TO DATE   29            26      3        9
  SINCE MAR 1   1107          1257   -150      950
  SINCE JUL 1   5393          5824   -431     4643

 COOLING
  YESTERDAY        0             0      0        0
  MONTH TO DATE    0             0      0        0
  SINCE MAR 1      0             1     -1        0
  SINCE JAN 1      0             1     -1        0
......................................................


WIND (MPH)
  HIGHEST WIND SPEED    15   HIGHEST WIND DIRECTION     S (180)
  HIGHEST GUST SPEED    18   HIGHEST GUST DIRECTION     S (180)
  AVERAGE WIND SPEED     6.0


SKY COVER
  AVERAGE SKY COVER 0.0


WEATHER CONDITIONS
 THE FOLLOWING WEATHER WAS RECORDED YESTERDAY.
  NO SIGNIFICANT WEATHER WAS OBSERVED.


RELATIVE HUMIDITY (PERCENT)
 HIGHEST    82           200 AM
 LOWEST     28           400 PM
 AVERAGE    55

..........................................................




SUNRISE AND SUNSET
MAY  3 2016...........SUNRISE   629 AM MDT   SUNSET   841 PM MDT
MAY  4 2016...........SUNRISE   628 AM MDT   SUNSET   842 PM MDT


-  INDICATES NEGATIVE NUMBERS.
R  INDICATES RECORD WAS SET OR TIED.
MM INDICATES DATA IS MISSING.
T  INDICATES TRACE AMOUNT.




$$
