000
CDUS45 KBOI 250934
CLITWF


CLIMATE REPORT
NATIONAL WEATHER SERVICE BOISE ID
234 AM MST SUN JAN 25 2015


...................................

...THE TWIN FALLS ID CLIMATE SUMMARY FOR JANUARY 24 2015...

CLIMATE NORMAL PERIOD 1981 TO 2010
CLIMATE RECORD PERIOD 9999 TO 9999


WEATHER ITEM   OBSERVED TIME   NORMAL DEPARTURE LAST
                VALUE   (LST)  VALUE  FROM      YEAR
                                      NORMAL
......................................................
TEMPERATURE (F)
 YESTERDAY
  MAXIMUM         47    313 PM  38      9       28
  MINIMUM         28    456 AM  22      6       21
  AVERAGE         38

PRECIPITATION (IN)
  YESTERDAY        0.00          0.02  -0.02     0.00
  MONTH TO DATE    0.73          0.80  -0.07     0.28
  SINCE OCT 1      3.73          4.05  -0.32     0.75
  SINCE JAN 1      0.73          0.80  -0.07     0.28

DEGREE DAYS
 HEATING
  YESTERDAY       27            35     -8       40
  MONTH TO DATE  821           854    -33      733
  SINCE DEC 1   1702          1983   -281     1923
  SINCE JUL 1   2894          3421   -527     3279

 COOLING
  YESTERDAY        0             0      0        0
  MONTH TO DATE    0             0      0        0
  SINCE DEC 1      0             0      0        0
  SINCE JAN 1      0             0      0        0
......................................................


WIND (MPH)
  HIGHEST WIND SPEED    12   HIGHEST WIND DIRECTION     N (340)
  HIGHEST GUST SPEED    14   HIGHEST GUST DIRECTION     N (340)
  AVERAGE WIND SPEED     4.2


SKY COVER
  AVERAGE SKY COVER 0.8


WEATHER CONDITIONS
 THE FOLLOWING WEATHER WAS RECORDED YESTERDAY.
  FOG
  FOG W/VISIBILITY <= 1/4 MILE
  HAZE


RELATIVE HUMIDITY (PERCENT)
 HIGHEST   100          1200 PM
 LOWEST     60           300 PM
 AVERAGE    80

..........................................................




SUNRISE AND SUNSET
JANUARY 25 2015.......SUNRISE   758 AM MST   SUNSET   542 PM MST
JANUARY 26 2015.......SUNRISE   758 AM MST   SUNSET   544 PM MST


-  INDICATES NEGATIVE NUMBERS.
R  INDICATES RECORD WAS SET OR TIED.
MM INDICATES DATA IS MISSING.
T  INDICATES TRACE AMOUNT.




$$
