000
CDUS45 KBOI 020933
CLITWF


CLIMATE REPORT
NATIONAL WEATHER SERVICE BOISE ID
333 AM MDT SAT AUG 2 2014


...................................

...THE TWIN FALLS ID CLIMATE SUMMARY FOR AUGUST 1 2014...

CLIMATE NORMAL PERIOD 1981 TO 2010
CLIMATE RECORD PERIOD 9999 TO 9999


WEATHER ITEM   OBSERVED TIME   NORMAL DEPARTURE LAST
                VALUE   (LST)  VALUE  FROM      YEAR
                                      NORMAL
......................................................
TEMPERATURE (F)
 YESTERDAY
  MAXIMUM         95    418 PM  91      4       92
  MINIMUM         58    533 AM  59     -1       57
  AVERAGE         77

PRECIPITATION (IN)
  YESTERDAY        0.00          0.01  -0.01     0.00
  MONTH TO DATE    0.00          0.01  -0.01     0.00
  SINCE OCT 1      7.15          9.82  -2.67     6.37
  SINCE JAN 1      6.68          6.57   0.11     3.19

DEGREE DAYS
 HEATING
  YESTERDAY        0             0      0        0
  MONTH TO DATE    0             0      0        0
  SINCE JUN 1     58            93    -35       55
  SINCE JUL 1      0             6     -6        0

 COOLING
  YESTERDAY       12            10      2       10
  MONTH TO DATE   12            10      2       10
  SINCE JUN 1    533           374    159      641
  SINCE JAN 1    566           396    170      666
......................................................


WIND (MPH)
  HIGHEST WIND SPEED    13   HIGHEST WIND DIRECTION     E (80)
  HIGHEST GUST SPEED    19   HIGHEST GUST DIRECTION     E (70)
  AVERAGE WIND SPEED     6.3


SKY COVER
  AVERAGE SKY COVER 0.0


WEATHER CONDITIONS
 THE FOLLOWING WEATHER WAS RECORDED YESTERDAY.
  NO SIGNIFICANT WEATHER WAS OBSERVED.


RELATIVE HUMIDITY (PERCENT)
 HIGHEST    55           500 AM
 LOWEST     15           400 PM
 AVERAGE    35

..........................................................




SUNRISE AND SUNSET
AUGUST  2 2014........SUNRISE   631 AM MDT   SUNSET   856 PM MDT
AUGUST  3 2014........SUNRISE   632 AM MDT   SUNSET   855 PM MDT


-  INDICATES NEGATIVE NUMBERS.
R  INDICATES RECORD WAS SET OR TIED.
MM INDICATES DATA IS MISSING.
T  INDICATES TRACE AMOUNT.




$$
