059
CDUS44 KSHV 252238
CLITXK


CLIMATE REPORT
NATIONAL WEATHER SERVICE SHREVEPORT, LA
437 PM CST SUN FEB 25 2018


...................................

...THE TEXARKANA CLIMATE SUMMARY FOR FEBRUARY 25 2018...
VALID TODAY AS OF 0400 PM LOCAL TIME.

CLIMATE NORMAL PERIOD 1981 TO 2010
CLIMATE RECORD PERIOD 1896 TO 2018


WEATHER ITEM   OBSERVED TIME   RECORD YEAR NORMAL DEPARTURE LAST
                VALUE   (LST)  VALUE       VALUE  FROM      YEAR
                                                  NORMAL
..................................................................
TEMPERATURE (F)
 TODAY
  MAXIMUM         58    343 PM  88    1918  62     -4       54
  MINIMUM         46    700 AM  20    1965  40      6       33
  AVERAGE         52                        51      1       44

PRECIPITATION (IN)
  TODAY            0.00          2.50 1939   0.15  -0.15     0.00
  MONTH TO DATE   12.04                      3.53   8.51     2.56
  SINCE DEC 1     21.02                     11.98   9.04    13.25
  SINCE JAN 1     14.43                      6.93   7.50     6.83

SNOWFALL (IN)
  TODAY            0.0
  MONTH TO DATE    T
  SINCE DEC 1      2.0
  SINCE JUL 1      2.0
  SNOW DEPTH       0

DEGREE DAYS
 HEATING
  TODAY           13                        14     -1       21
  MONTH TO DATE  398                       431    -33      247
  SINCE DEC 1   1739                      1695     44     1192
  SINCE JUL 1   2095                      2153    -58     1426

 COOLING
  TODAY            0                         0      0        0
  MONTH TO DATE   13                         0     13       14
  SINCE DEC 1     15                         4     11       35
  SINCE JAN 1     13                         1     12       28
..................................................................


WIND (MPH)
  HIGHEST WIND SPEED    13   HIGHEST WIND DIRECTION    SE (150)
  HIGHEST GUST SPEED    17   HIGHEST GUST DIRECTION    SE (150)
  AVERAGE WIND SPEED     5.3


SKY COVER
  POSSIBLE SUNSHINE  MM
  AVERAGE SKY COVER 0.4


WEATHER CONDITIONS
 THE FOLLOWING WEATHER WAS RECORDED TODAY.
  NO SIGNIFICANT WEATHER WAS OBSERVED.


RELATIVE HUMIDITY (PERCENT)
 HIGHEST    96           100 AM
 LOWEST     71          1100 AM
 AVERAGE    84

..........................................................


THE TEXARKANA CLIMATE NORMALS FOR TOMORROW
                         NORMAL    RECORD    YEAR
 MAXIMUM TEMPERATURE (F)   62        87      1917
 MINIMUM TEMPERATURE (F)   40        14      1899


SUNRISE AND SUNSET
FEBRUARY 25 2018......SUNRISE   649 AM CST   SUNSET   609 PM CST
FEBRUARY 26 2018......SUNRISE   648 AM CST   SUNSET   610 PM CST


-  INDICATES NEGATIVE NUMBERS.
R  INDICATES RECORD WAS SET OR TIED.
MM INDICATES DATA IS MISSING.
T  INDICATES TRACE AMOUNT.




$$
