000
CDUS44 KSHV 080858
CLITXK


CLIMATE REPORT
NATIONAL WEATHER SERVICE SHREVEPORT, LA
251 AM CST THU DEC 8 2016


...................................

...THE TEXARKANA CLIMATE SUMMARY FOR DECEMBER 7 2016...

CLIMATE NORMAL PERIOD 1981 TO 2010
CLIMATE RECORD PERIOD 1896 TO 2016


WEATHER ITEM   OBSERVED TIME   RECORD YEAR NORMAL DEPARTURE LAST
                VALUE   (LST)  VALUE       VALUE  FROM      YEAR
                                                  NORMAL
..................................................................
TEMPERATURE (F)
 YESTERDAY
  MAXIMUM         48   1229 PM  84    1939  57     -9       66
  MINIMUM         39   1159 PM  13    1950  37      2       36
  AVERAGE         44                        47     -3       51

PRECIPITATION (IN)
  YESTERDAY        0.02          1.81 1947   0.17  -0.15     0.00
  MONTH TO DATE    1.23                      1.28  -0.05     0.00
  SINCE DEC 1      1.23                      1.28  -0.05     0.00
  SINCE JAN 1     44.14                     45.88  -1.74    57.56

SNOWFALL (IN)
  YESTERDAY       MM
  MONTH TO DATE    0.0
  SINCE DEC 1      0.0
  SINCE JUL 1      0.0
  SNOW DEPTH       0

DEGREE DAYS
 HEATING
  YESTERDAY       21                        18      3       14
  MONTH TO DATE  121                       121      0      130
  SINCE DEC 1    121                       121      0      130
  SINCE JUL 1    355                       579   -224      414

 COOLING
  YESTERDAY        0                         0      0        0
  MONTH TO DATE    0                         0      0        0
  SINCE DEC 1      0                         0      0        0
  SINCE JAN 1   2587                      2204    383     2530
..................................................................


WIND (MPH)
  HIGHEST WIND SPEED    15   HIGHEST WIND DIRECTION    NE (30)
  HIGHEST GUST SPEED    20   HIGHEST GUST DIRECTION     N (20)
  AVERAGE WIND SPEED     7.4


SKY COVER
  POSSIBLE SUNSHINE  MM
  AVERAGE SKY COVER 1.0


WEATHER CONDITIONS
 THE FOLLOWING WEATHER WAS RECORDED YESTERDAY.
  FOG


RELATIVE HUMIDITY (PERCENT)
 HIGHEST   100           300 AM
 LOWEST     82          1100 AM
 AVERAGE    91

..........................................................


THE TEXARKANA CLIMATE NORMALS FOR TODAY
                         NORMAL    RECORD    YEAR
 MAXIMUM TEMPERATURE (F)   57        80      1923
 MINIMUM TEMPERATURE (F)   37        14      1927


SUNRISE AND SUNSET
DECEMBER  8 2016......SUNRISE   708 AM CST   SUNSET   508 PM CST
DECEMBER  9 2016......SUNRISE   709 AM CST   SUNSET   508 PM CST


-  INDICATES NEGATIVE NUMBERS.
R  INDICATES RECORD WAS SET OR TIED.
MM INDICATES DATA IS MISSING.
T  INDICATES TRACE AMOUNT.




$$
