000
CDUS44 KSHV 310830
CLITXK


CLIMATE REPORT
NATIONAL WEATHER SERVICE SHREVEPORT, LA
230 AM CST SAT JAN 31 2015


...................................

...THE TEXARKANA CLIMATE SUMMARY FOR JANUARY 30 2015...

CLIMATE NORMAL PERIOD 1981 TO 2010
CLIMATE RECORD PERIOD 1896 TO 2015


WEATHER ITEM   OBSERVED TIME   RECORD YEAR NORMAL DEPARTURE LAST
                VALUE   (LST)  VALUE       VALUE  FROM      YEAR
                                                  NORMAL
..................................................................
TEMPERATURE (F)
 YESTERDAY
  MAXIMUM         54    332 PM  81    1917  55     -1       50
  MINIMUM         31    504 AM   9    1966  35     -4       24
  AVERAGE         43                        45     -2       37

PRECIPITATION (IN)
  YESTERDAY        0.00          2.03 1982   0.11  -0.11     0.00
  MONTH TO DATE    4.24                      3.28   0.96     0.73
  SINCE DEC 1      6.92                      8.33  -1.41     6.56
  SINCE JAN 1      4.24                      3.28   0.96     0.73

SNOWFALL (IN)
  YESTERDAY        0.0
  MONTH TO DATE    T
  SINCE DEC 1      T
  SINCE JUL 1      T
  SNOW DEPTH       0

DEGREE DAYS
 HEATING
  YESTERDAY       22                        20      2       28
  MONTH TO DATE  652                       639     13      727
  SINCE DEC 1   1203                      1248    -45     1366
  SINCE JUL 1   1713                      1706      7     1891

 COOLING
  YESTERDAY        0                         0      0        0
  MONTH TO DATE    0                         0      0        0
  SINCE DEC 1      1                         3     -2        2
  SINCE JAN 1      0                         0      0        0
..................................................................


WIND (MPH)
  HIGHEST WIND SPEED    16   HIGHEST WIND DIRECTION    NE (50)
  HIGHEST GUST SPEED    21   HIGHEST GUST DIRECTION    NE (60)
  AVERAGE WIND SPEED     4.4


SKY COVER
  POSSIBLE SUNSHINE  MM
  AVERAGE SKY COVER 0.0


WEATHER CONDITIONS
 THE FOLLOWING WEATHER WAS RECORDED YESTERDAY.
  NO SIGNIFICANT WEATHER WAS OBSERVED.


RELATIVE HUMIDITY (PERCENT)
 HIGHEST    89           400 AM
 LOWEST     38           300 PM
 AVERAGE    64

..........................................................


THE TEXARKANA CLIMATE NORMALS FOR TODAY
                         NORMAL    RECORD    YEAR
 MAXIMUM TEMPERATURE (F)   55        76      1974
 MINIMUM TEMPERATURE (F)   35        11      1936


SUNRISE AND SUNSET
JANUARY 31 2015.......SUNRISE   713 AM CST   SUNSET   546 PM CST
FEBRUARY  1 2015......SUNRISE   712 AM CST   SUNSET   547 PM CST


-  INDICATES NEGATIVE NUMBERS.
R  INDICATES RECORD WAS SET OR TIED.
MM INDICATES DATA IS MISSING.
T  INDICATES TRACE AMOUNT.




$$
