000
CDUS44 KSHV 280739
CLITXK


CLIMATE REPORT
NATIONAL WEATHER SERVICE SHREVEPORT, LA
237 AM CDT SAT MAY 28 2016


...................................

...THE TEXARKANA CLIMATE SUMMARY FOR MAY 27 2016...

CLIMATE NORMAL PERIOD 1981 TO 2010
CLIMATE RECORD PERIOD 1896 TO 2016


WEATHER ITEM   OBSERVED TIME   RECORD YEAR NORMAL DEPARTURE LAST
                VALUE   (LST)  VALUE       VALUE  FROM      YEAR
                                                  NORMAL
..................................................................
TEMPERATURE (F)
 YESTERDAY
  MAXIMUM         76    917 AM  97    1928  85     -9       85
  MINIMUM         64   1157 PM  46    1961  64      0       66
  AVERAGE         70                        74     -4       76

PRECIPITATION (IN)
  YESTERDAY        0.21          1.53 1990   0.15   0.06     0.00
  MONTH TO DATE    3.15                      4.52  -1.37     7.47
  SINCE DEC 1     31.53                     25.10   6.43    35.34
  SINCE JAN 1     25.55                     20.05   5.50    32.66

SNOWFALL (IN)
  YESTERDAY        0.0
  MONTH TO DATE    0.0
  SINCE MAR 1      0.0
  SINCE JUL 1      0.0
  SNOW DEPTH       0

DEGREE DAYS
 HEATING
  YESTERDAY        0                         0      0        0
  MONTH TO DATE   17                        12      5        8
  SINCE MAR 1    255                       421   -166      430
  SINCE JUL 1   1908                      2615   -707     2811

 COOLING
  YESTERDAY        5                        10     -5       11
  MONTH TO DATE  132                       182    -50      190
  SINCE MAR 1    241                       275    -34      287
  SINCE JAN 1    247                       279    -32      287
..................................................................


WIND (MPH)
  HIGHEST WIND SPEED    22   HIGHEST WIND DIRECTION     W (280)
  HIGHEST GUST SPEED    30   HIGHEST GUST DIRECTION    SE (150)
  AVERAGE WIND SPEED     8.1


SKY COVER
  POSSIBLE SUNSHINE  MM
  AVERAGE SKY COVER 0.3


WEATHER CONDITIONS
 THE FOLLOWING WEATHER WAS RECORDED YESTERDAY.
  THUNDERSTORM
  RAIN
  LIGHT RAIN
  FOG


RELATIVE HUMIDITY (PERCENT)
 HIGHEST   100          1200 AM
 LOWEST     79          1000 AM
 AVERAGE    90

..........................................................


THE TEXARKANA CLIMATE NORMALS FOR TODAY
                         NORMAL    RECORD    YEAR
 MAXIMUM TEMPERATURE (F)   85        97      1898
 MINIMUM TEMPERATURE (F)   64        45      1901


SUNRISE AND SUNSET
MAY 28 2016...........SUNRISE   608 AM CDT   SUNSET   819 PM CDT
MAY 29 2016...........SUNRISE   608 AM CDT   SUNSET   819 PM CDT


-  INDICATES NEGATIVE NUMBERS.
R  INDICATES RECORD WAS SET OR TIED.
MM INDICATES DATA IS MISSING.
T  INDICATES TRACE AMOUNT.




$$
