000
CDUS44 KSHV 100744
CLITXK


CLIMATE REPORT
NATIONAL WEATHER SERVICE SHREVEPORT, LA
237 AM CDT THU JUL 10 2014


...................................

...THE TEXARKANA CLIMATE SUMMARY FOR JULY 9 2014...

CLIMATE NORMAL PERIOD 1981 TO 2010
CLIMATE RECORD PERIOD 1896 TO 2014


WEATHER ITEM   OBSERVED TIME   RECORD YEAR NORMAL DEPARTURE LAST
                VALUE   (LST)  VALUE       VALUE  FROM      YEAR
                                                  NORMAL
..................................................................
TEMPERATURE (F)
 YESTERDAY
  MAXIMUM         83    458 PM 104    1969  92     -9       98
  MINIMUM         70    957 AM  64    1947  71     -1       75
  AVERAGE         77                        82     -5       87

PRECIPITATION (IN)
  YESTERDAY        0.14          1.19 1977   0.13   0.01     0.00
  MONTH TO DATE    0.16                      1.17  -1.01     0.00
  SINCE DEC 1     25.49                     31.29  -5.80    20.87
  SINCE JAN 1     19.66                     26.24  -6.58    16.41

SNOWFALL (IN)
  YESTERDAY        0.0
  MONTH TO DATE    0.0
  SINCE JUN 1      0.0
  SINCE JUL 1      0.0
  SNOW DEPTH       0

DEGREE DAYS
 HEATING
  YESTERDAY        0                         0      0        0
  MONTH TO DATE    0                         0      0        0
  SINCE JUN 1      0                         0      0        0
  SINCE JUL 1      0                         0      0        0

 COOLING
  YESTERDAY       12                        17     -5       22
  MONTH TO DATE  135                       148    -13      128
  SINCE JUN 1    564                       553     11      579
  SINCE JAN 1    858                       873    -15      877
..................................................................


WIND (MPH)
  HIGHEST WIND SPEED    17   HIGHEST WIND DIRECTION     N (350)
  HIGHEST GUST SPEED    25   HIGHEST GUST DIRECTION     N (20)
  AVERAGE WIND SPEED     5.3


SKY COVER
  POSSIBLE SUNSHINE  MM
  AVERAGE SKY COVER 0.6


WEATHER CONDITIONS
 THE FOLLOWING WEATHER WAS RECORDED YESTERDAY.
  THUNDERSTORM
  RAIN
  LIGHT RAIN
  FOG


RELATIVE HUMIDITY (PERCENT)
 HIGHEST    88           800 PM
 LOWEST     65           400 PM
 AVERAGE    77

..........................................................


THE TEXARKANA CLIMATE NORMALS FOR TODAY
                         NORMAL    RECORD    YEAR
 MAXIMUM TEMPERATURE (F)   92       104      1969
 MINIMUM TEMPERATURE (F)   72        60      1899


SUNRISE AND SUNSET
JULY 10 2014..........SUNRISE   614 AM CDT   SUNSET   828 PM CDT
JULY 11 2014..........SUNRISE   615 AM CDT   SUNSET   828 PM CDT


-  INDICATES NEGATIVE NUMBERS.
R  INDICATES RECORD WAS SET OR TIED.
MM INDICATES DATA IS MISSING.
T  INDICATES TRACE AMOUNT.




$$
