000
CDUS44 KSHV 230847
CLITXK


CLIMATE REPORT
NATIONAL WEATHER SERVICE SHREVEPORT, LA
343 AM CDT SAT AUG 23 2014


...................................

...THE TEXARKANA CLIMATE SUMMARY FOR AUGUST 22 2014...

CLIMATE NORMAL PERIOD 1981 TO 2010
CLIMATE RECORD PERIOD 1896 TO 2014


WEATHER ITEM   OBSERVED TIME   RECORD YEAR NORMAL DEPARTURE LAST
                VALUE   (LST)  VALUE       VALUE  FROM      YEAR
                                                  NORMAL
..................................................................
TEMPERATURE (F)
 YESTERDAY
  MAXIMUM         96    337 PM 105    2010  93      3       97
  MINIMUM         75    641 AM  56    1956  70      5       75
  AVERAGE         86                        82      4       86

PRECIPITATION (IN)
  YESTERDAY        0.00          1.34 1942   0.10  -0.10     0.00
  MONTH TO DATE    2.05                      1.98   0.07     0.27
  SINCE DEC 1     30.48                     35.54  -5.06    24.04
  SINCE JAN 1     24.65                     30.49  -5.84    19.58

SNOWFALL (IN)
  YESTERDAY        0.0
  MONTH TO DATE    0.0
  SINCE JUN 1      0.0
  SINCE JUL 1      0.0
  SNOW DEPTH       0

DEGREE DAYS
 HEATING
  YESTERDAY        0                         0      0        0
  MONTH TO DATE    0                         0      0        0
  SINCE JUN 1      0                         0      0        0
  SINCE JUL 1      0                         0      0        0

 COOLING
  YESTERDAY       21                        17      4       21
  MONTH TO DATE  346                       389    -43      386
  SINCE JUN 1   1193                      1329   -136     1335
  SINCE JAN 1   1487                      1649   -162     1633
..................................................................


WIND (MPH)
  HIGHEST WIND SPEED    15   HIGHEST WIND DIRECTION    SW (220)
  HIGHEST GUST SPEED    20   HIGHEST GUST DIRECTION    SW (220)
  AVERAGE WIND SPEED     7.6


SKY COVER
  POSSIBLE SUNSHINE  MM
  AVERAGE SKY COVER 0.0


WEATHER CONDITIONS
 THE FOLLOWING WEATHER WAS RECORDED YESTERDAY.
  NO SIGNIFICANT WEATHER WAS OBSERVED.


RELATIVE HUMIDITY (PERCENT)
 HIGHEST    94           300 AM
 LOWEST     43           400 PM
 AVERAGE    69

..........................................................


THE TEXARKANA CLIMATE NORMALS FOR TODAY
                         NORMAL    RECORD    YEAR
 MAXIMUM TEMPERATURE (F)   93       105      1921
 MINIMUM TEMPERATURE (F)   70        57      1956


SUNRISE AND SUNSET
AUGUST 23 2014........SUNRISE   644 AM CDT   SUNSET   753 PM CDT
AUGUST 24 2014........SUNRISE   645 AM CDT   SUNSET   751 PM CDT


-  INDICATES NEGATIVE NUMBERS.
R  INDICATES RECORD WAS SET OR TIED.
MM INDICATES DATA IS MISSING.
T  INDICATES TRACE AMOUNT.




$$
