000
CDUS44 KSHV 242235
CLITXK


CLIMATE REPORT
NATIONAL WEATHER SERVICE SHREVEPORT, LA
432 PM CST WED DEC 24 2014


...................................

...THE TEXARKANA CLIMATE SUMMARY FOR DECEMBER 24 2014...
VALID TODAY AS OF 0400 PM LOCAL TIME.

CLIMATE NORMAL PERIOD 1981 TO 2010
CLIMATE RECORD PERIOD 1896 TO 2014


WEATHER ITEM   OBSERVED TIME   RECORD YEAR NORMAL DEPARTURE LAST
                VALUE   (LST)  VALUE       VALUE  FROM      YEAR
                                                  NORMAL
..................................................................
TEMPERATURE (F)
 TODAY
  MAXIMUM         47   1247 PM  83    1955  54     -7       46
  MINIMUM         39    407 AM   7    1989  34      5       25
  AVERAGE         43                        44     -1       36

PRECIPITATION (IN)
  TODAY            T             1.30 1930   0.16  -0.16     0.00
  MONTH TO DATE    1.74                      4.13  -2.39     5.83
  SINCE DEC 1      1.74                      4.13  -2.39     5.83
  SINCE JAN 1     34.30                     48.73 -14.43    45.34

SNOWFALL (IN)
  TODAY            0.0
  MONTH TO DATE    0.0
  SINCE DEC 1      0.0
  SINCE JUL 1      T
  SNOW DEPTH       0

DEGREE DAYS
 HEATING
  TODAY           22                        21      1       29
  MONTH TO DATE  386                       459    -73      476
  SINCE DEC 1    386                       459    -73      476
  SINCE JUL 1    896                       917    -21     1001

 COOLING
  TODAY            0                         0      0        0
  MONTH TO DATE    1                         0      1        2
  SINCE DEC 1      1                         0      1        2
  SINCE JAN 1   2134                      2204    -70     2354
..................................................................


WIND (MPH)
  HIGHEST WIND SPEED    22   HIGHEST WIND DIRECTION     W (290)
  HIGHEST GUST SPEED    29   HIGHEST GUST DIRECTION     W (290)
  AVERAGE WIND SPEED    12.3


SKY COVER
  POSSIBLE SUNSHINE  MM
  AVERAGE SKY COVER 0.9


WEATHER CONDITIONS
 THE FOLLOWING WEATHER WAS RECORDED TODAY.
  NO SIGNIFICANT WEATHER WAS OBSERVED.


RELATIVE HUMIDITY (PERCENT)
 HIGHEST    79           800 AM
 LOWEST     58           400 PM
 AVERAGE    69

..........................................................


THE TEXARKANA CLIMATE NORMALS FOR TOMORROW
                         NORMAL    RECORD    YEAR
 MAXIMUM TEMPERATURE (F)   54        78      1922
 MINIMUM TEMPERATURE (F)   34         4      1983


SUNRISE AND SUNSET
DECEMBER 24 2014......SUNRISE   717 AM CST   SUNSET   514 PM CST
DECEMBER 25 2014......SUNRISE   718 AM CST   SUNSET   514 PM CST


-  INDICATES NEGATIVE NUMBERS.
R  INDICATES RECORD WAS SET OR TIED.
MM INDICATES DATA IS MISSING.
T  INDICATES TRACE AMOUNT.




$$
