000
CDUS44 KSHV 300748
CLITYR


CLIMATE REPORT
NATIONAL WEATHER SERVICE SHREVEPORT, LA
247 AM CDT SAT JUL 30 2016


...................................

...THE TYLER CLIMATE SUMMARY FOR JULY 29 2016...

CLIMATE NORMAL PERIOD 1981 TO 2010
CLIMATE RECORD PERIOD 1896 TO 2016


WEATHER ITEM   OBSERVED TIME   RECORD YEAR NORMAL DEPARTURE LAST
                VALUE   (LST)  VALUE       VALUE  FROM      YEAR
                                                  NORMAL
..................................................................
TEMPERATURE (F)
 YESTERDAY
  MAXIMUM         92   1152 AM 107    1912  94     -2      101
  MINIMUM         75    610 AM  60    1902  74      1       75
  AVERAGE         84                        84      0       88

PRECIPITATION (IN)
  YESTERDAY        0.00          3.70 1906   0.07  -0.07     0.00
  MONTH TO DATE    1.24                      2.51  -1.27     0.04
  SINCE DEC 1     36.12                     30.51   5.61    39.97
  SINCE JAN 1     26.35                     26.27   0.08    38.50

SNOWFALL (IN)
  YESTERDAY        0.0
  MONTH TO DATE    0.0
  SINCE JUN 1      0.0
  SINCE JUL 1      0.0
  SNOW DEPTH       0

DEGREE DAYS
 HEATING
  YESTERDAY        0                         0      0        0
  MONTH TO DATE    0                         0      0        0
  SINCE JUN 1      0                         0      0        0
  SINCE JUL 1      0                         0      0        0

 COOLING
  YESTERDAY       19                        19      0       23
  MONTH TO DATE  647                       520    127      626
  SINCE JUN 1   1186                       953    233     1129
  SINCE JAN 1   1634                      1322    312     1591
..................................................................


WIND (MPH)
  HIGHEST WIND SPEED    17   HIGHEST WIND DIRECTION     W (260)
  HIGHEST GUST SPEED    22   HIGHEST GUST DIRECTION    SW (210)
  AVERAGE WIND SPEED     7.9


SKY COVER
  POSSIBLE SUNSHINE  MM
  AVERAGE SKY COVER 0.3


WEATHER CONDITIONS
 THE FOLLOWING WEATHER WAS RECORDED YESTERDAY.
  NO SIGNIFICANT WEATHER WAS OBSERVED.


RELATIVE HUMIDITY (PERCENT)
 HIGHEST    91           800 AM
 LOWEST     52          1200 PM
 AVERAGE    72

..........................................................


THE TYLER CLIMATE NORMALS FOR TODAY
                         NORMAL    RECORD    YEAR
 MAXIMUM TEMPERATURE (F)   94       107      1930
 MINIMUM TEMPERATURE (F)   74        61      1984


SUNRISE AND SUNSET
JULY 30 2016..........SUNRISE   635 AM CDT   SUNSET   820 PM CDT
JULY 31 2016..........SUNRISE   636 AM CDT   SUNSET   820 PM CDT


-  INDICATES NEGATIVE NUMBERS.
R  INDICATES RECORD WAS SET OR TIED.
MM INDICATES DATA IS MISSING.
T  INDICATES TRACE AMOUNT.




$$
