000
CDUS44 KSHV 230735
CLITYR


CLIMATE REPORT
NATIONAL WEATHER SERVICE SHREVEPORT, LA
234 AM CDT THU OCT 23 2014


...................................

...THE TYLER CLIMATE SUMMARY FOR OCTOBER 22 2014...

CLIMATE NORMAL PERIOD 1981 TO 2010
CLIMATE RECORD PERIOD 1896 TO 2014


WEATHER ITEM   OBSERVED TIME   RECORD YEAR NORMAL DEPARTURE LAST
                VALUE   (LST)  VALUE       VALUE  FROM      YEAR
                                                  NORMAL
..................................................................
TEMPERATURE (F)
 YESTERDAY
  MAXIMUM         80    317 PM  96    1939  76      4       74
  MINIMUM         59    630 AM  33    1910  54      5       54
  AVERAGE         70                        65      5       64

PRECIPITATION (IN)
  YESTERDAY        0.00          2.34 1919   0.18  -0.18     0.00
  MONTH TO DATE    4.47                      3.35   1.12     3.39
  SINCE DEC 1     31.71                     40.19  -8.48    32.52
  SINCE JAN 1     28.69                     35.95  -7.26    29.63

SNOWFALL (IN)
  YESTERDAY        0.0
  MONTH TO DATE    0.0
  SINCE SEP 1      0.0
  SINCE JUL 1      0.0
  SNOW DEPTH       0

DEGREE DAYS
 HEATING
  YESTERDAY        0                         3     -3        1
  MONTH TO DATE    5                        34    -29       33
  SINCE SEP 1      5                        39    -34       33
  SINCE JUL 1      5                        39    -34       33

 COOLING
  YESTERDAY        5                         3      2        0
  MONTH TO DATE  155                       106     49      116
  SINCE SEP 1    591                       448    143      616
  SINCE JAN 1   2557                      2370    187     2732
..................................................................


WIND (MPH)
  HIGHEST WIND SPEED    14   HIGHEST WIND DIRECTION     E (100)
  HIGHEST GUST SPEED    18   HIGHEST GUST DIRECTION     E (100)
  AVERAGE WIND SPEED     4.7


SKY COVER
  POSSIBLE SUNSHINE  MM
  AVERAGE SKY COVER 0.0


WEATHER CONDITIONS
 THE FOLLOWING WEATHER WAS RECORDED YESTERDAY.
  FOG
  HAZE


RELATIVE HUMIDITY (PERCENT)
 HIGHEST    90           200 AM
 LOWEST     39           300 PM
 AVERAGE    65

..........................................................


THE TYLER CLIMATE NORMALS FOR TODAY
                         NORMAL    RECORD    YEAR
 MAXIMUM TEMPERATURE (F)   75        92      1939
 MINIMUM TEMPERATURE (F)   54        33      1938


SUNRISE AND SUNSET
OCTOBER 23 2014.......SUNRISE   731 AM CDT   SUNSET   640 PM CDT
OCTOBER 24 2014.......SUNRISE   732 AM CDT   SUNSET   639 PM CDT


-  INDICATES NEGATIVE NUMBERS.
R  INDICATES RECORD WAS SET OR TIED.
MM INDICATES DATA IS MISSING.
T  INDICATES TRACE AMOUNT.




$$
