000
CDUS44 KSHV 112133
CLITYR


CLIMATE REPORT
NATIONAL WEATHER SERVICE SHREVEPORT, LA
431 PM CDT FRI JUL 11 2014


...................................

...THE TYLER CLIMATE SUMMARY FOR JULY 11 2014...
VALID TODAY AS OF 0400 PM LOCAL TIME.

CLIMATE NORMAL PERIOD 1981 TO 2010
CLIMATE RECORD PERIOD 1896 TO 2014


WEATHER ITEM   OBSERVED TIME   RECORD YEAR NORMAL DEPARTURE LAST
                VALUE   (LST)  VALUE       VALUE  FROM      YEAR
                                                  NORMAL
..................................................................
TEMPERATURE (F)
 TODAY
  MAXIMUM         94    259 PM 105    1920  92      2       98
  MINIMUM         73    558 AM  58    1947  73      0       73
  AVERAGE         84                        83      1       86

PRECIPITATION (IN)
  TODAY            0.00          3.07 1945   0.11  -0.11     0.30
  MONTH TO DATE    0.28                      1.33  -1.05     0.32
  SINCE DEC 1     20.16                     29.33  -9.17    19.22
  SINCE JAN 1     17.14                     25.09  -7.95    16.33

DEGREE DAYS
 HEATING
  TODAY            0                         0      0        0
  MONTH TO DATE    0                         0      0        0
  SINCE JUN 1      0                         0      0        0
  SINCE JUL 1      0                         0      0        0

 COOLING
  TODAY           19                        18      1       21
  MONTH TO DATE  197                       189      8      196
  SINCE JUN 1    665                       622     43      708
  SINCE JAN 1   1058                       991     67     1105
..................................................................


WIND (MPH)
  HIGHEST WIND SPEED    12   HIGHEST WIND DIRECTION    SW (230)
  HIGHEST GUST SPEED    18   HIGHEST GUST DIRECTION    SW (230)
  AVERAGE WIND SPEED     6.4


SKY COVER
  POSSIBLE SUNSHINE  MM
  AVERAGE SKY COVER 0.0


WEATHER CONDITIONS
 THE FOLLOWING WEATHER WAS RECORDED TODAY.
  NO SIGNIFICANT WEATHER WAS OBSERVED.


RELATIVE HUMIDITY (PERCENT)
 HIGHEST    82           200 AM
 LOWEST     41           300 PM
 AVERAGE    62

..........................................................


THE TYLER CLIMATE NORMALS FOR TOMORROW
                         NORMAL    RECORD    YEAR
 MAXIMUM TEMPERATURE (F)   92       105      1954
 MINIMUM TEMPERATURE (F)   73        59      1898


SUNRISE AND SUNSET
JULY 11 2014..........SUNRISE   623 AM CDT   SUNSET   831 PM CDT
JULY 12 2014..........SUNRISE   624 AM CDT   SUNSET   831 PM CDT


-  INDICATES NEGATIVE NUMBERS.
R  INDICATES RECORD WAS SET OR TIED.
MM INDICATES DATA IS MISSING.
T  INDICATES TRACE AMOUNT.




$$
