000
CDUS44 KSHV 022132
CLITYR


CLIMATE REPORT
NATIONAL WEATHER SERVICE SHREVEPORT, LA
432 PM CDT SUN AUG 2 2015


...................................

...THE TYLER CLIMATE SUMMARY FOR AUGUST 2 2015...
VALID TODAY AS OF 0400 PM LOCAL TIME.

CLIMATE NORMAL PERIOD 1981 TO 2010
CLIMATE RECORD PERIOD 1896 TO 2015


WEATHER ITEM   OBSERVED TIME   RECORD YEAR NORMAL DEPARTURE LAST
                VALUE   (LST)  VALUE       VALUE  FROM      YEAR
                                                  NORMAL
..................................................................
TEMPERATURE (F)
 TODAY
  MAXIMUM         99    256 PM 110    2011  94      5       86
  MINIMUM         73    602 AM  56    1965  74     -1       69
  AVERAGE         86                        84      2       78

PRECIPITATION (IN)
  TODAY            0.00          1.52 1979   0.07  -0.07     0.03
  MONTH TO DATE    0.00                      0.14  -0.14     0.03
  SINCE DEC 1     39.97                     30.78   9.19    24.33
  SINCE JAN 1     38.50                     26.54  11.96    21.31

DEGREE DAYS
 HEATING
  TODAY            0                         0      0        0
  MONTH TO DATE    0                         0      0        0
  SINCE JUN 1      0                         0      0        0
  SINCE JUL 1      0                         0      0        0

 COOLING
  TODAY           21                        19      2       13
  MONTH TO DATE   42                        38      4       20
  SINCE JUN 1   1220                      1027    193     1007
  SINCE JAN 1   1682                      1396    286     1400
..................................................................


WIND (MPH)
  HIGHEST WIND SPEED    14   HIGHEST WIND DIRECTION     E (110)
  HIGHEST GUST SPEED    29   HIGHEST GUST DIRECTION     S (160)
  AVERAGE WIND SPEED     6.1


SKY COVER
  POSSIBLE SUNSHINE  MM
  AVERAGE SKY COVER 0.0


WEATHER CONDITIONS
 THE FOLLOWING WEATHER WAS RECORDED TODAY.
  NO SIGNIFICANT WEATHER WAS OBSERVED.


RELATIVE HUMIDITY (PERCENT)
 HIGHEST    64           400 AM
 LOWEST     24           300 PM
 AVERAGE    44

..........................................................


THE TYLER CLIMATE NORMALS FOR TOMORROW
                         NORMAL    RECORD    YEAR
 MAXIMUM TEMPERATURE (F)   94       110      2011
 MINIMUM TEMPERATURE (F)   74        58      1965


SUNRISE AND SUNSET
AUGUST  2 2015........SUNRISE   637 AM CDT   SUNSET   819 PM CDT
AUGUST  3 2015........SUNRISE   637 AM CDT   SUNSET   818 PM CDT


-  INDICATES NEGATIVE NUMBERS.
R  INDICATES RECORD WAS SET OR TIED.
MM INDICATES DATA IS MISSING.
T  INDICATES TRACE AMOUNT.




$$
