000
CDUS44 KSHV 280851
CLITYR


CLIMATE REPORT
NATIONAL WEATHER SERVICE SHREVEPORT, LA
246 AM CST SUN DEC 28 2014


...................................

...THE TYLER CLIMATE SUMMARY FOR DECEMBER 27 2014...

CLIMATE NORMAL PERIOD 1981 TO 2010
CLIMATE RECORD PERIOD 1896 TO 2014


WEATHER ITEM   OBSERVED TIME   RECORD YEAR NORMAL DEPARTURE LAST
                VALUE   (LST)  VALUE       VALUE  FROM      YEAR
                                                  NORMAL
..................................................................
TEMPERATURE (F)
 YESTERDAY
  MAXIMUM         62    728 AM  77    2005  56      6       57
  MINIMUM         38   1159 PM  17    1983  38      0       35
  AVERAGE         50                        47      3       46

PRECIPITATION (IN)
  YESTERDAY        0.46          3.12 1944   0.13   0.33     0.00
  MONTH TO DATE    1.36                      3.72  -2.36     3.02
  SINCE DEC 1      1.36                      3.72  -2.36     3.02
  SINCE JAN 1     34.16                     45.27 -11.11    42.03

SNOWFALL (IN)
  YESTERDAY       MM
  MONTH TO DATE    0.0
  SINCE DEC 1      0.0
  SINCE JUL 1      T
  SNOW DEPTH       0

DEGREE DAYS
 HEATING
  YESTERDAY       15                        18     -3       19
  MONTH TO DATE  311                       454   -143      483
  SINCE DEC 1    311                       454   -143      483
  SINCE JUL 1    692                       828   -136      873

 COOLING
  YESTERDAY        0                         0      0        0
  MONTH TO DATE    3                         0      3       10
  SINCE DEC 1      3                         0      3       10
  SINCE JAN 1   2608                      2411    197     2777
..................................................................


WIND (MPH)
  HIGHEST WIND SPEED    26   HIGHEST WIND DIRECTION    NW (310)
  HIGHEST GUST SPEED    34   HIGHEST GUST DIRECTION    NW (310)
  AVERAGE WIND SPEED    11.1


SKY COVER
  POSSIBLE SUNSHINE  MM
  AVERAGE SKY COVER 1.0


WEATHER CONDITIONS
 THE FOLLOWING WEATHER WAS RECORDED YESTERDAY.
  HEAVY RAIN
  RAIN
  LIGHT RAIN
  FOG


RELATIVE HUMIDITY (PERCENT)
 HIGHEST    93           300 AM
 LOWEST     76           200 PM
 AVERAGE    85

..........................................................


THE TYLER CLIMATE NORMALS FOR TODAY
                         NORMAL    RECORD    YEAR
 MAXIMUM TEMPERATURE (F)   56        79      1984
 MINIMUM TEMPERATURE (F)   38        17      1924


SUNRISE AND SUNSET
DECEMBER 28 2014......SUNRISE   722 AM CST   SUNSET   525 PM CST
DECEMBER 29 2014......SUNRISE   722 AM CST   SUNSET   525 PM CST


-  INDICATES NEGATIVE NUMBERS.
R  INDICATES RECORD WAS SET OR TIED.
MM INDICATES DATA IS MISSING.
T  INDICATES TRACE AMOUNT.




$$
