000
CDUS44 KSHV 202235
CLITYR


CLIMATE REPORT
NATIONAL WEATHER SERVICE SHREVEPORT, LA
431 PM CST MON FEB 20 2017


...................................

...THE TYLER CLIMATE SUMMARY FOR FEBRUARY 20 2017...
VALID TODAY AS OF 0400 PM LOCAL TIME.

CLIMATE NORMAL PERIOD 1981 TO 2010
CLIMATE RECORD PERIOD 1896 TO 2017


WEATHER ITEM   OBSERVED TIME   RECORD YEAR NORMAL DEPARTURE LAST
                VALUE   (LST)  VALUE       VALUE  FROM      YEAR
                                                  NORMAL
..................................................................
TEMPERATURE (F)
 TODAY
  MAXIMUM         70    236 AM  88    1986  62      8       70
  MINIMUM         58    901 AM  19    1978  42     16       64
  AVERAGE         64                        52     12       67

PRECIPITATION (IN)
  TODAY            1.35          2.23 1954   0.13   1.22      T
  MONTH TO DATE    2.25                      2.70  -0.45     0.37
  SINCE DEC 1     10.44                     10.00   0.44    11.57
  SINCE JAN 1      7.79                      5.76   2.03     1.80

SNOWFALL (IN)
  TODAY            0.0
  MONTH TO DATE    0.0
  SINCE DEC 1      T
  SINCE JUL 1      T
  SNOW DEPTH       0

DEGREE DAYS
 HEATING
  TODAY            1                        14    -13        0
  MONTH TO DATE  131                       312   -181      198
  SINCE DEC 1    911                      1416   -505     1027
  SINCE JUL 1   1042                      1790   -748     1220

 COOLING
  TODAY            0                         0      0        2
  MONTH TO DATE   30                         0     30        6
  SINCE DEC 1     71                        10     61       35
  SINCE JAN 1     49                         4     45        8
..................................................................


WIND (MPH)
  HIGHEST WIND SPEED    37   HIGHEST WIND DIRECTION     W (250)
  HIGHEST GUST SPEED    55   HIGHEST GUST DIRECTION     W (250)
  AVERAGE WIND SPEED     9.9


SKY COVER
  POSSIBLE SUNSHINE  MM
  AVERAGE SKY COVER 1.0


WEATHER CONDITIONS
 THE FOLLOWING WEATHER WAS RECORDED TODAY.
  THUNDERSTORM
  HEAVY RAIN
  RAIN
  LIGHT RAIN
  FOG


RELATIVE HUMIDITY (PERCENT)
 HIGHEST   100           700 AM
 LOWEST     84          1200 AM
 AVERAGE    92

..........................................................


THE TYLER CLIMATE NORMALS FOR TOMORROW
                         NORMAL    RECORD    YEAR
 MAXIMUM TEMPERATURE (F)   62        89      1986
 MINIMUM TEMPERATURE (F)   42        19      1978


SUNRISE AND SUNSET
FEBRUARY 20 2017......SUNRISE   659 AM CST   SUNSET   612 PM CST
FEBRUARY 21 2017......SUNRISE   658 AM CST   SUNSET   613 PM CST


-  INDICATES NEGATIVE NUMBERS.
R  INDICATES RECORD WAS SET OR TIED.
MM INDICATES DATA IS MISSING.
T  INDICATES TRACE AMOUNT.




$$
