000
CDUS44 KSHV 290744
CLITYR


CLIMATE REPORT
NATIONAL WEATHER SERVICE SHREVEPORT, LA
244 AM CDT WED MAR 29 2017


...................................

...THE TYLER CLIMATE SUMMARY FOR MARCH 28 2017...

CLIMATE NORMAL PERIOD 1981 TO 2010
CLIMATE RECORD PERIOD 1896 TO 2017


WEATHER ITEM   OBSERVED TIME   RECORD YEAR NORMAL DEPARTURE LAST
                VALUE   (LST)  VALUE       VALUE  FROM      YEAR
                                                  NORMAL
..................................................................
TEMPERATURE (F)
 YESTERDAY
  MAXIMUM         83    504 PM  87    1989  70     13       73
  MINIMUM         64   1249 AM  24    1955  49     15       42
  AVERAGE         74                        59     15       58

PRECIPITATION (IN)
  YESTERDAY        0.00          1.83 1921   0.11  -0.11     0.00
  MONTH TO DATE    1.66                      3.79  -2.13     7.98
  SINCE DEC 1     12.11                     14.90  -2.79    21.95
  SINCE JAN 1      9.46                     10.66  -1.20    12.18

SNOWFALL (IN)
  YESTERDAY        0.0
  MONTH TO DATE    0.0
  SINCE MAR 1      0.0
  SINCE JUL 1      T
  SNOW DEPTH       0

DEGREE DAYS
 HEATING
  YESTERDAY        0                         7     -7        7
  MONTH TO DATE  126                       254   -128      113
  SINCE MAR 1    126                       254   -128      113
  SINCE JUL 1   1209                      2146   -937     1422

 COOLING
  YESTERDAY        9                         1      8        0
  MONTH TO DATE  100                        16     84       33
  SINCE MAR 1    100                        16     84       33
  SINCE JAN 1    174                        28    146       43
..................................................................


WIND (MPH)
  HIGHEST WIND SPEED    23   HIGHEST WIND DIRECTION    SE (140)
  HIGHEST GUST SPEED    29   HIGHEST GUST DIRECTION    SE (150)
  AVERAGE WIND SPEED    10.7


SKY COVER
  POSSIBLE SUNSHINE  MM
  AVERAGE SKY COVER 0.7


WEATHER CONDITIONS
 THE FOLLOWING WEATHER WAS RECORDED YESTERDAY.
  FOG
  HAZE


RELATIVE HUMIDITY (PERCENT)
 HIGHEST    87          1200 AM
 LOWEST     51           400 PM
 AVERAGE    69

..........................................................


THE TYLER CLIMATE NORMALS FOR TODAY
                         NORMAL    RECORD    YEAR
 MAXIMUM TEMPERATURE (F)   70        88      1967
 MINIMUM TEMPERATURE (F)   50        26      1955


SUNRISE AND SUNSET
MARCH 29 2017.........SUNRISE   713 AM CDT   SUNSET   740 PM CDT
MARCH 30 2017.........SUNRISE   712 AM CDT   SUNSET   740 PM CDT


-  INDICATES NEGATIVE NUMBERS.
R  INDICATES RECORD WAS SET OR TIED.
MM INDICATES DATA IS MISSING.
T  INDICATES TRACE AMOUNT.




$$
