000
CDUS44 KSHV 282133
CLITYR


CLIMATE REPORT
NATIONAL WEATHER SERVICE SHREVEPORT, LA
431 PM CDT THU AUG 28 2014


...................................

...THE TYLER CLIMATE SUMMARY FOR AUGUST 28 2014...
VALID TODAY AS OF 0400 PM LOCAL TIME.

CLIMATE NORMAL PERIOD 1981 TO 2010
CLIMATE RECORD PERIOD 1896 TO 2014


WEATHER ITEM   OBSERVED TIME   RECORD YEAR NORMAL DEPARTURE LAST
                VALUE   (LST)  VALUE       VALUE  FROM      YEAR
                                                  NORMAL
..................................................................
TEMPERATURE (F)
 TODAY
  MAXIMUM         97    252 PM 106    2011  91      6       97
  MINIMUM         73    610 AM  56    1992  72      1       72
  AVERAGE         85                        82      3       85

PRECIPITATION (IN)
  TODAY            0.00          2.80 1946   0.10  -0.10     0.00
  MONTH TO DATE    0.04                      2.52  -2.48     0.23
  SINCE DEC 1     24.35                     33.16  -8.81    22.50
  SINCE JAN 1     21.33                     28.92  -7.59    19.61

DEGREE DAYS
 HEATING
  TODAY            0                         0      0        0
  MONTH TO DATE    0                         0      0        0
  SINCE JUN 1      0                         0      0        0
  SINCE JUL 1      0                         0      0        0

 COOLING
  TODAY           20                        17      3       20
  MONTH TO DATE  530                       516     14      583
  SINCE JUN 1   1517                      1505     12     1648
  SINCE JAN 1   1910                      1874     36     2045
..................................................................


WIND (MPH)
  HIGHEST WIND SPEED    15   HIGHEST WIND DIRECTION    SE (140)
  HIGHEST GUST SPEED    21   HIGHEST GUST DIRECTION     S (160)
  AVERAGE WIND SPEED     6.3


SKY COVER
  POSSIBLE SUNSHINE  MM
  AVERAGE SKY COVER 0.5


WEATHER CONDITIONS
 THE FOLLOWING WEATHER WAS RECORDED TODAY.
  NO SIGNIFICANT WEATHER WAS OBSERVED.


RELATIVE HUMIDITY (PERCENT)
 HIGHEST    79           500 AM
 LOWEST     39           200 PM
 AVERAGE    59

..........................................................


THE TYLER CLIMATE NORMALS FOR TOMORROW
                         NORMAL    RECORD    YEAR
 MAXIMUM TEMPERATURE (F)   91       103      1963
 MINIMUM TEMPERATURE (F)   72        55      1986


SUNRISE AND SUNSET
AUGUST 28 2014........SUNRISE   654 AM CDT   SUNSET   751 PM CDT
AUGUST 29 2014........SUNRISE   655 AM CDT   SUNSET   750 PM CDT


-  INDICATES NEGATIVE NUMBERS.
R  INDICATES RECORD WAS SET OR TIED.
MM INDICATES DATA IS MISSING.
T  INDICATES TRACE AMOUNT.




$$
