000
CDUS44 KSHV 250737
CLITYR


CLIMATE REPORT
NATIONAL WEATHER SERVICE SHREVEPORT, LA
234 AM CDT SAT OCT 25 2014


...................................

...THE TYLER CLIMATE SUMMARY FOR OCTOBER 24 2014...

CLIMATE NORMAL PERIOD 1981 TO 2010
CLIMATE RECORD PERIOD 1896 TO 2014


WEATHER ITEM   OBSERVED TIME   RECORD YEAR NORMAL DEPARTURE LAST
                VALUE   (LST)  VALUE       VALUE  FROM      YEAR
                                                  NORMAL
..................................................................
TEMPERATURE (F)
 YESTERDAY
  MAXIMUM         80    350 PM  88    2001  75      5       81
                                      1941
  MINIMUM         56    402 AM  28    1917  54      2       55
  AVERAGE         68                        64      4       68

PRECIPITATION (IN)
  YESTERDAY        0.00          3.13 1997   0.17  -0.17     0.00
  MONTH TO DATE    4.47                      3.70   0.77     3.39
  SINCE DEC 1     31.71                     40.54  -8.83    32.52
  SINCE JAN 1     28.69                     36.30  -7.61    29.63

SNOWFALL (IN)
  YESTERDAY        0.0
  MONTH TO DATE    0.0
  SINCE SEP 1      0.0
  SINCE JUL 1      0.0
  SNOW DEPTH       0

DEGREE DAYS
 HEATING
  YESTERDAY        0                         4     -4        0
  MONTH TO DATE    5                        41    -36       34
  SINCE SEP 1      5                        46    -41       34
  SINCE JUL 1      5                        46    -41       34

 COOLING
  YESTERDAY        3                         3      0        3
  MONTH TO DATE  161                       112     49      119
  SINCE SEP 1    597                       454    143      619
  SINCE JAN 1   2563                      2376    187     2735
..................................................................


WIND (MPH)
  HIGHEST WIND SPEED     8   HIGHEST WIND DIRECTION     S (170)
  HIGHEST GUST SPEED    11   HIGHEST GUST DIRECTION    SE (150)
  AVERAGE WIND SPEED     4.1


SKY COVER
  POSSIBLE SUNSHINE  MM
  AVERAGE SKY COVER 0.2


WEATHER CONDITIONS
 THE FOLLOWING WEATHER WAS RECORDED YESTERDAY.
  NO SIGNIFICANT WEATHER WAS OBSERVED.


RELATIVE HUMIDITY (PERCENT)
 HIGHEST    90          1100 PM
 LOWEST     42           200 PM
 AVERAGE    66

..........................................................


THE TYLER CLIMATE NORMALS FOR TODAY
                         NORMAL    RECORD    YEAR
 MAXIMUM TEMPERATURE (F)   75        91      1985
 MINIMUM TEMPERATURE (F)   53        26      1980


SUNRISE AND SUNSET
OCTOBER 25 2014.......SUNRISE   733 AM CDT   SUNSET   638 PM CDT
OCTOBER 26 2014.......SUNRISE   734 AM CDT   SUNSET   637 PM CDT


-  INDICATES NEGATIVE NUMBERS.
R  INDICATES RECORD WAS SET OR TIED.
MM INDICATES DATA IS MISSING.
T  INDICATES TRACE AMOUNT.




$$
