000
CDUS44 KSHV 282134
CLITYR


CLIMATE REPORT
NATIONAL WEATHER SERVICE SHREVEPORT, LA
431 PM CDT WED SEP 28 2016


...................................

...THE TYLER CLIMATE SUMMARY FOR SEPTEMBER 28 2016...
VALID TODAY AS OF 0400 PM LOCAL TIME.

CLIMATE NORMAL PERIOD 1981 TO 2010
CLIMATE RECORD PERIOD 1896 TO 2016


WEATHER ITEM   OBSERVED TIME   RECORD YEAR NORMAL DEPARTURE LAST
                VALUE   (LST)  VALUE       VALUE  FROM      YEAR
                                                  NORMAL
..................................................................
TEMPERATURE (F)
 TODAY
  MAXIMUM         87    244 PM  99    1953  83      4       89
  MINIMUM         54    620 AM  44    1967  62     -8       72
  AVERAGE         71                        72     -1       81

PRECIPITATION (IN)
  TODAY            0.00          2.77 1964   0.09  -0.09     0.09
  MONTH TO DATE    0.16                      3.14  -2.98     0.22
  SINCE DEC 1     41.37                     36.64   4.73    42.20
  SINCE JAN 1     31.60                     32.40  -0.80    40.73

DEGREE DAYS
 HEATING
  TODAY            0                         0      0        0
  MONTH TO DATE    0                         0      0        0
  SINCE SEP 1      0                         0      0        0
  SINCE JUL 1      0                         0      0        0

 COOLING
  TODAY            6                         8     -2       16
  MONTH TO DATE  470                       327    143      460
  SINCE SEP 1    470                       327    143      460
  SINCE JAN 1   2769                      2249    520     2730
..................................................................


WIND (MPH)
  HIGHEST WIND SPEED    10   HIGHEST WIND DIRECTION     W (270)
  HIGHEST GUST SPEED    17   HIGHEST GUST DIRECTION    SW (240)
  AVERAGE WIND SPEED     2.6


SKY COVER
  POSSIBLE SUNSHINE  MM
  AVERAGE SKY COVER 0.0


WEATHER CONDITIONS
 THE FOLLOWING WEATHER WAS RECORDED TODAY.
  NO SIGNIFICANT WEATHER WAS OBSERVED.


RELATIVE HUMIDITY (PERCENT)
 HIGHEST    93           300 AM
 LOWEST     27           300 PM
 AVERAGE    60

..........................................................


THE TYLER CLIMATE NORMALS FOR TOMORROW
                         NORMAL    RECORD    YEAR
 MAXIMUM TEMPERATURE (F)   83        99      2011
 MINIMUM TEMPERATURE (F)   61        38      1967


SUNRISE AND SUNSET
SEPTEMBER 28 2016.....SUNRISE   714 AM CDT   SUNSET   710 PM CDT
SEPTEMBER 29 2016.....SUNRISE   715 AM CDT   SUNSET   708 PM CDT


-  INDICATES NEGATIVE NUMBERS.
R  INDICATES RECORD WAS SET OR TIED.
MM INDICATES DATA IS MISSING.
T  INDICATES TRACE AMOUNT.




$$
