000
CDUS44 KSHV 232145
CLITYR


CLIMATE REPORT
NATIONAL WEATHER SERVICE SHREVEPORT, LA
444 PM CDT TUE AUG 23 2016


...................................

...THE TYLER CLIMATE SUMMARY FOR AUGUST 23 2016...
VALID TODAY AS OF 0400 PM LOCAL TIME.

CLIMATE NORMAL PERIOD 1981 TO 2010
CLIMATE RECORD PERIOD 1896 TO 2016


WEATHER ITEM   OBSERVED TIME   RECORD YEAR NORMAL DEPARTURE LAST
                VALUE   (LST)  VALUE       VALUE  FROM      YEAR
                                                  NORMAL
..................................................................
TEMPERATURE (F)
 TODAY
  MAXIMUM         93    226 PM 108    1921  92      1       96
  MINIMUM         74    402 AM  52    1956  73      1       78
  AVERAGE         84                        83      1       87

PRECIPITATION (IN)
  TODAY            0.00          1.87 1977   0.10  -0.10     0.00
  MONTH TO DATE    4.95                      2.01   2.94     1.45
  SINCE DEC 1     41.07                     32.65   8.42    41.42
  SINCE JAN 1     31.30                     28.41   2.89    39.95

DEGREE DAYS
 HEATING
  TODAY            0                         0      0        0
  MONTH TO DATE    0                         0      0        0
  SINCE JUN 1      0                         0      0        0
  SINCE JUL 1      0                         0      0        0

 COOLING
  TODAY           19                        18      1       22
  MONTH TO DATE  472                       431     41      495
  SINCE JUN 1   1703                      1420    283     1673
  SINCE JAN 1   2151                      1789    362     2135
..................................................................


WIND (MPH)
  HIGHEST WIND SPEED    16   HIGHEST WIND DIRECTION     S (190)
  HIGHEST GUST SPEED    22   HIGHEST GUST DIRECTION     S (190)
  AVERAGE WIND SPEED     9.9


SKY COVER
  POSSIBLE SUNSHINE  MM
  AVERAGE SKY COVER 0.4


WEATHER CONDITIONS
 THE FOLLOWING WEATHER WAS RECORDED TODAY.
  NO SIGNIFICANT WEATHER WAS OBSERVED.


RELATIVE HUMIDITY (PERCENT)
 HIGHEST   100           200 AM
 LOWEST     52           300 PM
 AVERAGE    76

..........................................................


THE TYLER CLIMATE NORMALS FOR TOMORROW
                         NORMAL    RECORD    YEAR
 MAXIMUM TEMPERATURE (F)   92       105      2011
 MINIMUM TEMPERATURE (F)   73        57      1956


SUNRISE AND SUNSET
AUGUST 23 2016........SUNRISE   651 AM CDT   SUNSET   756 PM CDT
AUGUST 24 2016........SUNRISE   652 AM CDT   SUNSET   755 PM CDT


-  INDICATES NEGATIVE NUMBERS.
R  INDICATES RECORD WAS SET OR TIED.
MM INDICATES DATA IS MISSING.
T  INDICATES TRACE AMOUNT.




$$
