000
CDUS44 KMRX 280824 RRA
CLITYS

CLIMATE REPORT
NATIONAL WEATHER SERVICE MORRISTOWN TN
422 AM EDT THU AUG 28 2014


...................................

...THE KNOXVILLE   CLIMATE SUMMARY FOR AUGUST 27 2014...

CLIMATE NORMAL PERIOD 1981 TO 2010
CLIMATE RECORD PERIOD 1871 TO 2014


WEATHER ITEM   OBSERVED TIME   RECORD YEAR NORMAL DEPARTURE LAST
                VALUE   (LST)  VALUE       VALUE  FROM      YEAR
                                                  NORMAL
..................................................................
TEMPERATURE (F)
 YESTERDAY
  MAXIMUM         88    349 PM 101    1943  87      1       86
  MINIMUM         63    605 AM  50    1879  67     -4       65
  AVERAGE         76                        77     -1       76

PRECIPITATION (IN)
  YESTERDAY        0.00          2.79 2009   0.08  -0.08     0.00
  MONTH TO DATE    3.31                      2.92   0.39     2.97
  SINCE JUN 1     12.53                     11.81   0.72    19.72
  SINCE JAN 1     28.56                     33.25  -4.69    51.14

SNOWFALL (IN)
  YESTERDAY        0.0                       0.0    0.0      0.0
  MONTH TO DATE    0.0                       0.0    0.0      0.0
  SINCE JUN 1      0.0                       0.0    0.0      0.0
  SINCE JUL 1      0.0                       0.0    0.0      0.0
  SNOW DEPTH       0

DEGREE DAYS
 HEATING
  YESTERDAY        0                         0      0        0
  MONTH TO DATE    0                         0      0        0
  SINCE JUN 1      0                         4     -4        0
  SINCE JUL 1      0                         0      0        0

 COOLING
  YESTERDAY       11                        12     -1       11
  MONTH TO DATE  294                       346    -52      302
  SINCE JUN 1    941                      1068   -127      972
  SINCE JAN 1   1146                      1230    -84     1128
..................................................................


WIND (MPH)
  HIGHEST WIND SPEED    10   HIGHEST WIND DIRECTION    NE (40)
  HIGHEST GUST SPEED    17   HIGHEST GUST DIRECTION     N (20)
  AVERAGE WIND SPEED     2.9


SKY COVER
  POSSIBLE SUNSHINE  MM
  AVERAGE SKY COVER 0.3


WEATHER CONDITIONS
 THE FOLLOWING WEATHER WAS RECORDED YESTERDAY.
  FOG


RELATIVE HUMIDITY (PERCENT)
 HIGHEST    93           100 AM
 LOWEST     42           300 PM
 AVERAGE    68

..........................................................


THE KNOXVILLE  CLIMATE NORMALS FOR TODAY
                         NORMAL    RECORD    YEAR
 MAXIMUM TEMPERATURE (F)   87        98      1936
 MINIMUM TEMPERATURE (F)   66        54      1927


SUNRISE AND SUNSET
AUGUST 28 2014........SUNRISE   705 AM EDT   SUNSET   809 PM EDT
AUGUST 29 2014........SUNRISE   706 AM EDT   SUNSET   807 PM EDT


-  INDICATES NEGATIVE NUMBERS.
R  INDICATES RECORD WAS SET OR TIED.
MM INDICATES DATA IS MISSING.
T  INDICATES TRACE AMOUNT.


$$
