000
CDUS44 KMRX 240829
CLITYS


CLIMATE REPORT
NATIONAL WEATHER SERVICE MORRISTOWN TN
428 AM EDT SAT JUN 24 2017


...................................

...THE KNOXVILLE    ASOS CLIMATE SUMMARY FOR JUNE 23 2017...

CLIMATE NORMAL PERIOD 1981 TO 2010
CLIMATE RECORD PERIOD 1871 TO 2017


WEATHER ITEM   OBSERVED TIME   RECORD YEAR NORMAL DEPARTURE LAST
                VALUE   (LST)  VALUE       VALUE  FROM      YEAR
                                                  NORMAL
..................................................................
TEMPERATURE (F)
 YESTERDAY
  MAXIMUM         88    435 PM 100    1988  87      1       95
  MINIMUM         72   1130 PM  52    1992  67      5       77
                                      1947
                                      1902
  AVERAGE         80                        77      3       86

PRECIPITATION (IN)
  YESTERDAY        0.20          2.31 1919   0.13   0.07      T
  MONTH TO DATE    3.41                      2.84   0.57     3.52
  SINCE JUN 1      3.41                      2.84   0.57     3.52
  SINCE JAN 1     27.54                     24.28   3.26    22.78

SNOWFALL (IN)
  YESTERDAY        0.0                       0.0    0.0      0.0
  MONTH TO DATE    0.0                       0.0    0.0      0.0
  SINCE JUN 1      0.0                       0.0    0.0      0.0
  SINCE JUL 1      2.3                       6.5   -4.2      5.2
  SNOW DEPTH       0

DEGREE DAYS
 HEATING
  YESTERDAY        0                         0      0        0
  MONTH TO DATE    0                         0      0        0
  SINCE JUN 1      0                         0      0        0
  SINCE JUL 1   2591                      3633  -1042     2955

 COOLING
  YESTERDAY       15                        12      3       21
  MONTH TO DATE  212                       218     -6      292
  SINCE JUN 1    212                       218     -6      292
  SINCE JAN 1    460                       380     80      503
..................................................................


WIND (MPH)
  HIGHEST WIND SPEED    35   HIGHEST WIND DIRECTION    SW (210)
  HIGHEST GUST SPEED    47   HIGHEST GUST DIRECTION    SW (210)
  AVERAGE WIND SPEED    16.6


SKY COVER
  POSSIBLE SUNSHINE  MM
  AVERAGE SKY COVER 0.9


WEATHER CONDITIONS
 THE FOLLOWING WEATHER WAS RECORDED YESTERDAY.
  HEAVY RAIN
  RAIN
  LIGHT RAIN
  FOG


RELATIVE HUMIDITY (PERCENT)
 HIGHEST   100           100 AM
 LOWEST     46           200 PM
 AVERAGE    73

..........................................................


THE KNOXVILLE    ASOS CLIMATE NORMALS FOR TODAY
                         NORMAL    RECORD    YEAR
 MAXIMUM TEMPERATURE (F)   87       102      1988
 MINIMUM TEMPERATURE (F)   67        51      1972


SUNRISE AND SUNSET
JUNE 24 2017..........SUNRISE   621 AM EDT   SUNSET   856 PM EDT
JUNE 25 2017..........SUNRISE   621 AM EDT   SUNSET   856 PM EDT


-  INDICATES NEGATIVE NUMBERS.
R  INDICATES RECORD WAS SET OR TIED.
MM INDICATES DATA IS MISSING.
T  INDICATES TRACE AMOUNT.




$$
