000
CDUS44 KMRX 272133
CLITYS


CLIMATE REPORT
NATIONAL WEATHER SERVICE MORRISTOWN TN
532 PM EDT FRI MAY 27 2016


...................................

...THE KNOXVILLE    ASOS CLIMATE SUMMARY FOR MAY 27 2016...
VALID TODAY AS OF 0500 PM LOCAL TIME.

CLIMATE NORMAL PERIOD 1981 TO 2010
CLIMATE RECORD PERIOD 1871 TO 2016


WEATHER ITEM   OBSERVED TIME   RECORD YEAR NORMAL DEPARTURE LAST
                VALUE   (LST)  VALUE       VALUE  FROM      YEAR
                                                  NORMAL
..................................................................
TEMPERATURE (F)
 TODAY
  MAXIMUM         84   1239 PM  94    1941  81      3       83
  MINIMUM         63    517 AM  39    1961  59      4       64
  AVERAGE         74                        70      4       74

PRECIPITATION (IN)
  TODAY            1.22          1.96 1973   0.14   1.08     0.00
  MONTH TO DATE    3.98                      3.96   0.02     0.62
  SINCE MAR 1      9.30                     12.31  -3.01     9.20
  SINCE JAN 1     19.18                     20.89  -1.71    16.34

SNOWFALL (IN)
  TODAY            0.0                       0.0    0.0      0.0
  MONTH TO DATE    0.0                       0.0    0.0      0.0
  SINCE MAR 1      0.0                       1.4   -1.4       T
  SINCE JUL 1      5.2                       6.5   -1.3      9.3
  SNOW DEPTH       0

DEGREE DAYS
 HEATING
  TODAY            0                         1     -1        0
  MONTH TO DATE   52                        56     -4       30
  SINCE MAR 1    522                       735   -213      580
  SINCE JUL 1   2955                      3631   -676     3845

 COOLING
  TODAY            9                         6      3        9
  MONTH TO DATE   95                        99     -4      171
  SINCE MAR 1    168                       136     32      196
  SINCE JAN 1    168                       136     32      196
..................................................................


WIND (MPH)
  HIGHEST WIND SPEED    25   HIGHEST WIND DIRECTION    SE (120)
  HIGHEST GUST SPEED    35   HIGHEST GUST DIRECTION    NE (40)
  AVERAGE WIND SPEED     4.6


SKY COVER
  POSSIBLE SUNSHINE  MM
  AVERAGE SKY COVER 0.6


WEATHER CONDITIONS
 THE FOLLOWING WEATHER WAS RECORDED TODAY.
  THUNDERSTORM
  HEAVY RAIN
  RAIN
  LIGHT RAIN
  FOG


RELATIVE HUMIDITY (PERCENT)
 HIGHEST    93           400 AM
 LOWEST     51          1200 PM
 AVERAGE    72

..........................................................


THE KNOXVILLE    ASOS CLIMATE NORMALS FOR TOMORROW
                         NORMAL    RECORD    YEAR
 MAXIMUM TEMPERATURE (F)   81        94      1914
 MINIMUM TEMPERATURE (F)   60        41      1961


SUNRISE AND SUNSET
MAY 27 2016...........SUNRISE   623 AM EDT   SUNSET   844 PM EDT
MAY 28 2016...........SUNRISE   622 AM EDT   SUNSET   845 PM EDT


-  INDICATES NEGATIVE NUMBERS.
R  INDICATES RECORD WAS SET OR TIED.
MM INDICATES DATA IS MISSING.
T  INDICATES TRACE AMOUNT.




$$
