000
CDUS44 KMRX 232227
CLITYS

CLIMATE REPORT
NATIONAL WEATHER SERVICE MORRISTOWN TN
525 PM EST SUN NOV 23 2014


...................................

...THE KNOXVILLE CLIMATE SUMMARY FOR NOVEMBER 23 2014...
VALID TODAY AS OF 500 PM LOCAL TIME.

CLIMATE NORMAL PERIOD 1981 TO 2010
CLIMATE RECORD PERIOD 1871 TO 2014


WEATHER ITEM   OBSERVED TIME   RECORD YEAR NORMAL DEPARTURE LAST
                VALUE   (LST)  VALUE       VALUE  FROM      YEAR
                                                  NORMAL
..................................................................
TEMPERATURE (F)
 TODAY
  MAXIMUM         54    359 PM  75    1979  57     -3       55
                                      1931
  MINIMUM         38    247 AM  17    1880  37      1       33
  AVERAGE         46                        47     -1       44

PRECIPITATION (IN)
  TODAY            0.14          1.38 1881   0.14   0.00      T
  MONTH TO DATE    1.66                      2.93  -1.27     1.98
  SINCE SEP 1      7.73                      8.68  -0.95     7.31
  SINCE JAN 1     36.99                     42.28  -5.29    58.69

SNOWFALL (IN)
  TODAY            0.0                       0.0    0.0      0.0
  MONTH TO DATE    T                         0.0    0.0      0.0
  SINCE SEP 1      T                         0.0    0.0      0.0
  SINCE JUL 1      T                         0.0    0.0      0.0
  SNOW DEPTH       0

DEGREE DAYS
 HEATING
  TODAY           19                        18      1       21
  MONTH TO DATE  522                       328    194      332
  SINCE SEP 1    700                       547    153      487
  SINCE JUL 1    700                       547    153      487

 COOLING
  TODAY            0                         0      0        0
  MONTH TO DATE    0                         0      0        0
  SINCE SEP 1    287                       242     45      258
  SINCE JAN 1   1486                      1523    -37     1445
..................................................................


WIND (MPH)
  HIGHEST WIND SPEED    13   HIGHEST WIND DIRECTION     N (20)
  HIGHEST GUST SPEED    16   HIGHEST GUST DIRECTION    NE (30)
  AVERAGE WIND SPEED     5.3


SKY COVER
  POSSIBLE SUNSHINE  MM
  AVERAGE SKY COVER  MM


WEATHER CONDITIONS
 THE FOLLOWING WEATHER WAS RECORDED TODAY.
  RAIN
  FOG


RELATIVE HUMIDITY (PERCENT)
 HIGHEST    93           400 PM
 LOWEST     58           600 AM
 AVERAGE    76

..........................................................


THE KNOXVILLE    ASOS CLIMATE NORMALS FOR TOMORROW
                         NORMAL    RECORD    YEAR
 MAXIMUM TEMPERATURE (F)   57        74      1900
 MINIMUM TEMPERATURE (F)   37        12      1950


SUNRISE AND SUNSET
NOVEMBER 23 2014......SUNRISE   720 AM EST   SUNSET   524 PM EST
NOVEMBER 24 2014......SUNRISE   721 AM EST   SUNSET   524 PM EST


-  INDICATES NEGATIVE NUMBERS.
R  INDICATES RECORD WAS SET OR TIED.
MM INDICATES DATA IS MISSING.
T  INDICATES TRACE AMOUNT.




$$
