000
CDUS43 KLOT 040642
CLIUGN


CLIMATE REPORT
NATIONAL WEATHER SERVICE CHICAGO IL
142 AM CDT TUE AUG 4 2015


...................................

...THE WAUKEGAN   CLIMATE SUMMARY FOR AUGUST 3 2015...

CLIMATE NORMAL PERIOD 1981 TO 2010
CLIMATE RECORD PERIOD 2000 TO 2015


WEATHER ITEM   OBSERVED TIME   RECORD YEAR NORMAL DEPARTURE LAST
                VALUE   (LST)  VALUE       VALUE  FROM      YEAR
                                                  NORMAL
..................................................................
TEMPERATURE (F)
 YESTERDAY
  MAXIMUM         79    418 PM  95    2005  80     -1       87
  MINIMUM         61   1159 PM  53    2000  62     -1       61
  AVERAGE         70

PRECIPITATION (IN)
  YESTERDAY        0.00          0.84 2006   0.11  -0.11     0.00
  MONTH TO DATE    0.82                      0.33   0.49      T
  SINCE JUN 1      9.37                      8.09   1.28     8.40
  SINCE JAN 1     18.77                     20.95  -2.18    19.24

DEGREE DAYS
 HEATING
  YESTERDAY        0                         0      0        0
  MONTH TO DATE    0                         0      0        0
  SINCE JUN 1    148                        98     50      107
  SINCE JUL 1     45                        12     33       34

 COOLING
  YESTERDAY        5                         6     -1        9
  MONTH TO DATE   26                        18      8       16
  SINCE JUN 1    234                       328    -94      200
  SINCE JAN 1    259                       353    -94      223
..................................................................


WIND (MPH)
  RESULTANT WIND SPEED   4   RESULTANT WIND DIRECTION   W (280)
  HIGHEST WIND SPEED    15   HIGHEST WIND DIRECTION    NW (300)
  HIGHEST GUST SPEED    23   HIGHEST GUST DIRECTION     W (270)
  AVERAGE WIND SPEED     5.3


SKY COVER
  POSSIBLE SUNSHINE  MM
  AVERAGE SKY COVER 0.2


WEATHER CONDITIONS
 THE FOLLOWING WEATHER WAS RECORDED YESTERDAY.
  FOG


RELATIVE HUMIDITY (PERCENT)
 HIGHEST    93
 LOWEST     35
 AVERAGE    64

..........................................................


THE WAUKEGAN   CLIMATE NORMALS FOR TODAY
                         NORMAL    RECORD    YEAR
 MAXIMUM TEMPERATURE (F)   80        90      2005
 MINIMUM TEMPERATURE (F)   62        53      2000


SUNRISE AND SUNSET
AUGUST  4 2015........SUNRISE   547 AM CDT   SUNSET   808 PM CDT
AUGUST  5 2015........SUNRISE   548 AM CDT   SUNSET   807 PM CDT


-  INDICATES NEGATIVE NUMBERS.
R  INDICATES RECORD WAS SET OR TIED.
MM INDICATES DATA IS MISSING.
T  INDICATES TRACE AMOUNT.




$$
