000
CDUS43 KLOT 220632
CLIUGN


CLIMATE REPORT
NATIONAL WEATHER SERVICE CHICAGO IL
132 AM CDT FRI MAY 22 2015


...................................

...THE WAUKEGAN   CLIMATE SUMMARY FOR MAY 21 2015...

CLIMATE NORMAL PERIOD 1981 TO 2010
CLIMATE RECORD PERIOD 2000 TO 2015


WEATHER ITEM   OBSERVED TIME   RECORD YEAR NORMAL DEPARTURE LAST
                VALUE   (LST)  VALUE       VALUE  FROM      YEAR
                                                  NORMAL
..................................................................
TEMPERATURE (F)
 YESTERDAY
  MAXIMUM         68    430 PM  84    2014  67      1       84
                                      2009
  MINIMUM         44    615 AM  28    2002  46     -2       53
  AVERAGE         56

PRECIPITATION (IN)
  YESTERDAY        0.01          1.67 2004   0.15  -0.14     0.13
  MONTH TO DATE    3.04                      2.71   0.33     4.25
  SINCE MAR 1      7.92                      8.51  -0.59     8.03
  SINCE JAN 1      8.46                     11.56  -3.10    10.05

DEGREE DAYS
 HEATING
  YESTERDAY        9                         9      0        0
  MONTH TO DATE  217                       235    -18      237
  SINCE MAR 1   1801                      1731     70     2009
  SINCE JUL 1   7326                      6677    649     7878

 COOLING
  YESTERDAY        0                         1     -1        4
  MONTH TO DATE    9                         8      1       12
  SINCE MAR 1      9                        12     -3       12
  SINCE JAN 1      9                        12     -3       12
..................................................................


WIND (MPH)
  RESULTANT WIND SPEED   3   RESULTANT WIND DIRECTION  SW (220)
  HIGHEST WIND SPEED    17   HIGHEST WIND DIRECTION     N (360)
  HIGHEST GUST SPEED    22   HIGHEST GUST DIRECTION     N (360)
  AVERAGE WIND SPEED     7.3


SKY COVER
  POSSIBLE SUNSHINE  MM
  AVERAGE SKY COVER 0.4


WEATHER CONDITIONS
 THE FOLLOWING WEATHER WAS RECORDED YESTERDAY.
  LIGHT RAIN


RELATIVE HUMIDITY (PERCENT)
 HIGHEST    89
 LOWEST     35
 AVERAGE    62

..........................................................


THE WAUKEGAN   CLIMATE NORMALS FOR TODAY
                         NORMAL    RECORD    YEAR
 MAXIMUM TEMPERATURE (F)   68        80      2011
                                             2005
 MINIMUM TEMPERATURE (F)   47        33      2006


SUNRISE AND SUNSET
MAY 22 2015...........SUNRISE   524 AM CDT   SUNSET   813 PM CDT
MAY 23 2015...........SUNRISE   523 AM CDT   SUNSET   814 PM CDT


-  INDICATES NEGATIVE NUMBERS.
R  INDICATES RECORD WAS SET OR TIED.
MM INDICATES DATA IS MISSING.
T  INDICATES TRACE AMOUNT.




$$
