959
CDUS43 KLOT 240644
CLIUGN


CLIMATE REPORT
NATIONAL WEATHER SERVICE CHICAGO IL
143 AM CDT FRI MAR 24 2017


...................................

...THE WAUKEGAN   CLIMATE SUMMARY FOR MARCH 23 2017...

CLIMATE NORMAL PERIOD 1981 TO 2010
CLIMATE RECORD PERIOD 2000 TO 2017


WEATHER ITEM   OBSERVED TIME   RECORD YEAR NORMAL DEPARTURE LAST
                VALUE   (LST)  VALUE       VALUE  FROM      YEAR
                                                  NORMAL
..................................................................
TEMPERATURE (F)
 YESTERDAY
  MAXIMUM         46   1159 PM  61    2003  46      0       38
  MINIMUM         23   1247 AM  17    2015  28     -5       35
                                      2014
  AVERAGE         35

PRECIPITATION (IN)
  YESTERDAY        0.03          0.99 2012   0.08  -0.05     0.19
  MONTH TO DATE    0.50                      1.58  -1.08     1.54
  SINCE MAR 1      0.50                      1.58  -1.08     1.54
  SINCE JAN 1      4.72                      4.63   0.09     3.05

DEGREE DAYS
 HEATING
  YESTERDAY       30                        28      2       28
  MONTH TO DATE  713                       716     -3      589
  SINCE MAR 1    713                       716     -3      589
  SINCE JUL 1   4825                      5662   -837     4934

 COOLING
  YESTERDAY        0                         0      0        0
  MONTH TO DATE    0                         0      0        0
  SINCE MAR 1      0                         0      0        0
  SINCE JAN 1      0                         0      0        0
..................................................................


WIND (MPH)
  RESULTANT WIND SPEED  11   RESULTANT WIND DIRECTION  SE (140)
  HIGHEST WIND SPEED    21   HIGHEST WIND DIRECTION     S (190)
  HIGHEST GUST SPEED    27   HIGHEST GUST DIRECTION     S (160)
  AVERAGE WIND SPEED    11.7


SKY COVER
  POSSIBLE SUNSHINE  MM
  AVERAGE SKY COVER 0.7


WEATHER CONDITIONS
 THE FOLLOWING WEATHER WAS RECORDED YESTERDAY.
  THUNDERSTORM
  LIGHT RAIN


RELATIVE HUMIDITY (PERCENT)
 HIGHEST    88
 LOWEST     54
 AVERAGE    71

..........................................................


THE WAUKEGAN   CLIMATE NORMALS FOR TODAY
                         NORMAL    RECORD    YEAR
 MAXIMUM TEMPERATURE (F)   47        71      2003
 MINIMUM TEMPERATURE (F)   29        10      2015


SUNRISE AND SUNSET
MARCH 24 2017.........SUNRISE   647 AM CDT   SUNSET   709 PM CDT
MARCH 25 2017.........SUNRISE   646 AM CDT   SUNSET   710 PM CDT


-  INDICATES NEGATIVE NUMBERS.
R  INDICATES RECORD WAS SET OR TIED.
MM INDICATES DATA IS MISSING.
T  INDICATES TRACE AMOUNT.




$$
