000
CDUS43 KLOT 060648
CLIUGN


CLIMATE REPORT
NATIONAL WEATHER SERVICE CHICAGO IL
1246 AM CST TUE DEC 6 2016


...................................

...THE WAUKEGAN   CLIMATE SUMMARY FOR DECEMBER 5 2016...

CLIMATE NORMAL PERIOD 1981 TO 2010
CLIMATE RECORD PERIOD 2000 TO 2016


WEATHER ITEM   OBSERVED TIME   RECORD YEAR NORMAL DEPARTURE LAST
                VALUE   (LST)  VALUE       VALUE  FROM      YEAR
                                                  NORMAL
..................................................................
TEMPERATURE (F)
 YESTERDAY
  MAXIMUM         36   1159 PM  69    2001  37     -1       44
  MINIMUM         32    617 PM   2    2007  23      9       31
                                      2005
  AVERAGE         34

PRECIPITATION (IN)
  YESTERDAY        0.00          0.68 1999   0.08  -0.08     0.00
  MONTH TO DATE    0.35                      0.42  -0.07     0.51
  SINCE DEC 1      0.35                      0.42  -0.07     0.51
  SINCE JAN 1     27.88                     34.01  -6.13    33.59

DEGREE DAYS
 HEATING
  YESTERDAY       31                        35     -4       27
  MONTH TO DATE  153                       171    -18      144
  SINCE DEC 1    153                       171    -18      144
  SINCE JUL 1   1040                      1556   -516     1302

 COOLING
  YESTERDAY        0                         0      0        0
  MONTH TO DATE    0                         0      0        0
  SINCE DEC 1      0                         0      0        0
  SINCE JAN 1    855                       564    291      483
..................................................................


WIND (MPH)
  RESULTANT WIND SPEED   6   RESULTANT WIND DIRECTION   S (200)
  HIGHEST WIND SPEED    16   HIGHEST WIND DIRECTION     S (160)
  HIGHEST GUST SPEED    25   HIGHEST GUST DIRECTION     W (280)
  AVERAGE WIND SPEED     7.7


SKY COVER
  POSSIBLE SUNSHINE  MM
  AVERAGE SKY COVER 1.0


WEATHER CONDITIONS
 THE FOLLOWING WEATHER WAS RECORDED YESTERDAY.
  FOG


RELATIVE HUMIDITY (PERCENT)
 HIGHEST    96
 LOWEST     89
 AVERAGE    93

..........................................................


THE WAUKEGAN   CLIMATE NORMALS FOR TODAY
                         NORMAL    RECORD    YEAR
 MAXIMUM TEMPERATURE (F)   37        50      2001
 MINIMUM TEMPERATURE (F)   23        -2      2007
                                             2005


SUNRISE AND SUNSET
DECEMBER  6 2016......SUNRISE   707 AM CST   SUNSET   419 PM CST
DECEMBER  7 2016......SUNRISE   708 AM CST   SUNSET   419 PM CST


-  INDICATES NEGATIVE NUMBERS.
R  INDICATES RECORD WAS SET OR TIED.
MM INDICATES DATA IS MISSING.
T  INDICATES TRACE AMOUNT.




$$
