000
CDUS43 KLOT 250636
CLIUGN


CLIMATE REPORT
NATIONAL WEATHER SERVICE CHICAGO IL
1235 AM CST SAT NOV 25 2017


...................................

...THE WAUKEGAN   CLIMATE SUMMARY FOR NOVEMBER 24 2017...

CLIMATE NORMAL PERIOD 1981 TO 2010
CLIMATE RECORD PERIOD 2000 TO 2017


WEATHER ITEM   OBSERVED TIME   RECORD YEAR NORMAL DEPARTURE LAST
                VALUE   (LST)  VALUE       VALUE  FROM      YEAR
                                                  NORMAL
..................................................................
TEMPERATURE (F)
 YESTERDAY
  MAXIMUM         63R   304 PM  62    2001  42     21       43
  MINIMUM         32    155 AM   8    2013  28      4       36
  AVERAGE         48                        35     13       40

PRECIPITATION (IN)
  YESTERDAY        T             0.72 2009   0.07  -0.07     0.00
  MONTH TO DATE    1.89                      2.26  -0.37     1.45
  SINCE SEP 1      7.44                      8.64  -1.20     7.31
  SINCE JAN 1     36.28                     33.09   3.19    26.62

DEGREE DAYS
 HEATING
  YESTERDAY       17                        30    -13       25
  MONTH TO DATE  665                       588     77      399
  SINCE SEP 1   1066                      1166   -100      736
  SINCE JUL 1   1088                      1194   -106      747

 COOLING
  YESTERDAY        0                         0      0        0
  MONTH TO DATE    0                         0      0        3
  SINCE SEP 1    125                        62     63      140
  SINCE JAN 1    571                       564      7      855
..................................................................


WIND (MPH)
  RESULTANT WIND SPEED  14   RESULTANT WIND DIRECTION  SW (210)
  HIGHEST WIND SPEED    28   HIGHEST WIND DIRECTION    SW (210)
  HIGHEST GUST SPEED    37   HIGHEST GUST DIRECTION    SW (210)
  AVERAGE WIND SPEED    15.6


SKY COVER
  POSSIBLE SUNSHINE  MM
  AVERAGE SKY COVER 0.0


WEATHER CONDITIONS
 THE FOLLOWING WEATHER WAS RECORDED YESTERDAY.
  LIGHT RAIN


RELATIVE HUMIDITY (PERCENT)
 HIGHEST    82
 LOWEST     39
 AVERAGE    61

..........................................................


THE WAUKEGAN   CLIMATE NORMALS FOR TODAY
                         NORMAL    RECORD    YEAR
 MAXIMUM TEMPERATURE (F)   41        57      2006
 MINIMUM TEMPERATURE (F)   27        12      2005


SUNRISE AND SUNSET
NOVEMBER 25 2017......SUNRISE   655 AM CST   SUNSET   422 PM CST
NOVEMBER 26 2017......SUNRISE   656 AM CST   SUNSET   422 PM CST


-  INDICATES NEGATIVE NUMBERS.
R  INDICATES RECORD WAS SET OR TIED.
MM INDICATES DATA IS MISSING.
T  INDICATES TRACE AMOUNT.




$$
