000
CDUS43 KLOT 270637
CLIUGN


CLIMATE REPORT
NATIONAL WEATHER SERVICE CHICAGO IL
136 AM CDT SAT MAY 27 2017


...................................

...THE WAUKEGAN   CLIMATE SUMMARY FOR MAY 26 2017...

CLIMATE NORMAL PERIOD 1981 TO 2010
CLIMATE RECORD PERIOD 2000 TO 2017


WEATHER ITEM   OBSERVED TIME   RECORD YEAR NORMAL DEPARTURE LAST
                VALUE   (LST)  VALUE       VALUE  FROM      YEAR
                                                  NORMAL
..................................................................
TEMPERATURE (F)
 YESTERDAY
  MAXIMUM         61    955 AM  83    2014  69     -8       82
  MINIMUM         47    147 AM  36    2013  48     -1       63
  AVERAGE         54

PRECIPITATION (IN)
  YESTERDAY        0.23          1.08 2009   0.12   0.11     0.01
  MONTH TO DATE    2.37                      3.38  -1.01     3.52
  SINCE MAR 1      9.86                      9.18   0.68     9.83
  SINCE JAN 1     14.08                     12.23   1.85    11.34

DEGREE DAYS
 HEATING
  YESTERDAY       11                         8      3        0
  MONTH TO DATE  329                       276     53      299
  SINCE MAR 1   1671                      1772   -101     1712
  SINCE JUL 1   5783                      6718   -935     6057

 COOLING
  YESTERDAY        0                         1     -1        8
  MONTH TO DATE   17                        13      4       19
  SINCE MAR 1     21                        17      4       19
  SINCE JAN 1     21                        17      4       19
..................................................................


WIND (MPH)
  RESULTANT WIND SPEED   4   RESULTANT WIND DIRECTION   E (80)
  HIGHEST WIND SPEED    12   HIGHEST WIND DIRECTION     E (80)
  HIGHEST GUST SPEED    15   HIGHEST GUST DIRECTION     E (80)
  AVERAGE WIND SPEED     5.0


SKY COVER
  POSSIBLE SUNSHINE  MM
  AVERAGE SKY COVER 0.5


WEATHER CONDITIONS
 THE FOLLOWING WEATHER WAS RECORDED YESTERDAY.
  LIGHT RAIN
  FOG


RELATIVE HUMIDITY (PERCENT)
 HIGHEST   100
 LOWEST     78
 AVERAGE    89

..........................................................


THE WAUKEGAN   CLIMATE NORMALS FOR TODAY
                         NORMAL    RECORD    YEAR
 MAXIMUM TEMPERATURE (F)   69        86      2012
 MINIMUM TEMPERATURE (F)   48        41      2008


SUNRISE AND SUNSET
MAY 27 2017...........SUNRISE   520 AM CDT   SUNSET   818 PM CDT
MAY 28 2017...........SUNRISE   519 AM CDT   SUNSET   819 PM CDT


-  INDICATES NEGATIVE NUMBERS.
R  INDICATES RECORD WAS SET OR TIED.
MM INDICATES DATA IS MISSING.
T  INDICATES TRACE AMOUNT.




$$
