000
CDUS43 KLOT 030634
CLIUGN


CLIMATE REPORT
NATIONAL WEATHER SERVICE CHICAGO IL
133 AM CDT TUE MAY 3 2016


...................................

...THE WAUKEGAN   CLIMATE SUMMARY FOR MAY 2 2016...

CLIMATE NORMAL PERIOD 1981 TO 2010
CLIMATE RECORD PERIOD 2000 TO 2016


WEATHER ITEM   OBSERVED TIME   RECORD YEAR NORMAL DEPARTURE LAST
                VALUE   (LST)  VALUE       VALUE  FROM      YEAR
                                                  NORMAL
..................................................................
TEMPERATURE (F)
 YESTERDAY
  MAXIMUM         57    313 PM  81    2001  62     -5       75
  MINIMUM         37   1151 PM  28    2004  42     -5       47
  AVERAGE         47

PRECIPITATION (IN)
  YESTERDAY        0.00          0.45 2008   0.13  -0.13     0.00
  MONTH TO DATE    0.44                      0.26   0.18     0.00
  SINCE MAR 1      6.75                      6.06   0.69     4.88
  SINCE JAN 1      8.26                      9.11  -0.85     5.42

DEGREE DAYS
 HEATING
  YESTERDAY       18                        13      5        4
  MONTH TO DATE   38                        27     11       22
  SINCE MAR 1   1451                      1523    -72     1606
  SINCE JUL 1   5796                      6469   -673     7131

 COOLING
  YESTERDAY        0                         0      0        0
  MONTH TO DATE    0                         0      0        0
  SINCE MAR 1      0                         4     -4        0
  SINCE JAN 1      0                         4     -4        0
..................................................................


WIND (MPH)
  RESULTANT WIND SPEED   7   RESULTANT WIND DIRECTION  NE (30)
  HIGHEST WIND SPEED    16   HIGHEST WIND DIRECTION    NE (30)
  HIGHEST GUST SPEED    21   HIGHEST GUST DIRECTION     N (20)
  AVERAGE WIND SPEED     7.2


SKY COVER
  POSSIBLE SUNSHINE  MM
  AVERAGE SKY COVER 0.2


WEATHER CONDITIONS
 THE FOLLOWING WEATHER WAS RECORDED YESTERDAY.
  NO SIGNIFICANT WEATHER WAS OBSERVED.


RELATIVE HUMIDITY (PERCENT)
 HIGHEST    96
 LOWEST     43
 AVERAGE    70

..........................................................


THE WAUKEGAN   CLIMATE NORMALS FOR TODAY
                         NORMAL    RECORD    YEAR
 MAXIMUM TEMPERATURE (F)   62        85      2012
 MINIMUM TEMPERATURE (F)   43        25      2004


SUNRISE AND SUNSET
MAY  3 2016...........SUNRISE   543 AM CDT   SUNSET   754 PM CDT
MAY  4 2016...........SUNRISE   542 AM CDT   SUNSET   755 PM CDT


-  INDICATES NEGATIVE NUMBERS.
R  INDICATES RECORD WAS SET OR TIED.
MM INDICATES DATA IS MISSING.
T  INDICATES TRACE AMOUNT.




$$
