000
CDUS43 KLOT 190639
CLIUGN


CLIMATE REPORT
NATIONAL WEATHER SERVICE CHICAGO IL
1239 AM CST SUN FEB 19 2017


...................................

...THE WAUKEGAN   CLIMATE SUMMARY FOR FEBRUARY 18 2017...

CLIMATE NORMAL PERIOD 1981 TO 2010
CLIMATE RECORD PERIOD 2000 TO 2017


WEATHER ITEM   OBSERVED TIME   RECORD YEAR NORMAL DEPARTURE LAST
                VALUE   (LST)  VALUE       VALUE  FROM      YEAR
                                                  NORMAL
..................................................................
TEMPERATURE (F)
 YESTERDAY
  MAXIMUM         67R   325 PM  52    2002  34     33       38
  MINIMUM         36   1120 PM -10    2006  19     17        9
  AVERAGE         52

PRECIPITATION (IN)
  YESTERDAY        0.00          0.36 2013   0.06  -0.06     0.00
  MONTH TO DATE    0.50                      1.03  -0.53     0.72
  SINCE DEC 1      3.90                      4.42  -0.52     6.15
  SINCE JAN 1      3.00                      2.42   0.58     1.35

DEGREE DAYS
 HEATING
  YESTERDAY       13                        38    -25       41
  MONTH TO DATE  603                       731   -128      761
  SINCE DEC 1   2995                      3197   -202     2887
  SINCE JUL 1   3882                      4582   -700     4045

 COOLING
  YESTERDAY        0                         0      0        0
  MONTH TO DATE    0                         0      0        0
  SINCE DEC 1      0                         0      0        0
  SINCE JAN 1      0                         0      0        0
..................................................................


WIND (MPH)
  RESULTANT WIND SPEED   4   RESULTANT WIND DIRECTION   W (260)
  HIGHEST WIND SPEED    16   HIGHEST WIND DIRECTION    SW (230)
  HIGHEST GUST SPEED    22   HIGHEST GUST DIRECTION    SW (230)
  AVERAGE WIND SPEED     5.3


SKY COVER
  POSSIBLE SUNSHINE  MM
  AVERAGE SKY COVER 0.0


WEATHER CONDITIONS
 THE FOLLOWING WEATHER WAS RECORDED YESTERDAY.
  HAZE


RELATIVE HUMIDITY (PERCENT)
 HIGHEST    92
 LOWEST     34
 AVERAGE    63

..........................................................


THE WAUKEGAN   CLIMATE NORMALS FOR TODAY
                         NORMAL    RECORD    YEAR
 MAXIMUM TEMPERATURE (F)   35        60      2016
 MINIMUM TEMPERATURE (F)   19       -14      2015


SUNRISE AND SUNSET
FEBRUARY 19 2017......SUNRISE   642 AM CST   SUNSET   529 PM CST
FEBRUARY 20 2017......SUNRISE   640 AM CST   SUNSET   530 PM CST


-  INDICATES NEGATIVE NUMBERS.
R  INDICATES RECORD WAS SET OR TIED.
MM INDICATES DATA IS MISSING.
T  INDICATES TRACE AMOUNT.




$$
