000
CDUS46 KSEW 140829
CLIUIL


CLIMATE REPORT
NATIONAL WEATHER SERVICE SEATTLE WA
1229 AM PST THU DEC 14 2017


...................................

...THE QUILLAYUTE WA AIRPORT CLIMATE SUMMARY FOR DECEMBER 13 2017...

CLIMATE NORMAL PERIOD 1981 TO 2010
CLIMATE RECORD PERIOD 1966 TO 2017


WEATHER ITEM   OBSERVED TIME   RECORD YEAR NORMAL DEPARTURE LAST
                VALUE   (LST)  VALUE       VALUE  FROM      YEAR
                                                  NORMAL
..................................................................
TEMPERATURE (F)
 YESTERDAY
  MAXIMUM         46    310 PM  62    1997  46      0       40
  MINIMUM         32   1145 PM  20    1978  34     -2       31
  AVERAGE         39                        40     -1       36

PRECIPITATION (IN)
  YESTERDAY        0.00          4.46 1979   0.41  -0.41     0.00
  MONTH TO DATE    2.43                      5.74  -3.31     6.40
  SINCE OCT 1     29.60                     31.75  -2.15    53.20
  SINCE JAN 1    100.99                     92.29   8.70   115.57

DEGREE DAYS
 HEATING
  YESTERDAY       26                        25      1       29
  MONTH TO DATE  307                       317    -10      348
  SINCE DEC 1    307                       317    -10      348
  SINCE JUL 1   1841                      2031   -190     1775

 COOLING
  YESTERDAY        0                         0      0        0
  MONTH TO DATE    0                         0      0        0
  SINCE DEC 1      0                         0      0        0
  SINCE JAN 1     73                        19     54       54
..................................................................


WIND (MPH)
  RESULTANT WIND SPEED   0   RESULTANT WIND DIRECTION  SW (230)
  HIGHEST WIND SPEED     8   HIGHEST WIND DIRECTION    SW (240)
  HIGHEST GUST SPEED     9   HIGHEST GUST DIRECTION    SW (240)
  AVERAGE WIND SPEED     0.6


SKY COVER
  AVERAGE SKY COVER 0.8


WEATHER CONDITIONS
 THE FOLLOWING WEATHER WAS RECORDED YESTERDAY.
  FOG
  FOG W/VISIBILITY <= 1/4 MILE


RELATIVE HUMIDITY (PERCENT)
 HIGHEST   100          1200 AM
 LOWEST     92           300 AM
 AVERAGE    96

..........................................................


THE QUILLAYUTE WA AIRPORT CLIMATE NORMALS FOR TODAY
                         NORMAL    RECORD    YEAR
 MAXIMUM TEMPERATURE (F)   46        55      2002
                                             1997
 MINIMUM TEMPERATURE (F)   34        22      1972


SUNRISE AND SUNSET
DECEMBER 14 2017......SUNRISE   801 AM PST   SUNSET   425 PM PST
DECEMBER 15 2017......SUNRISE   801 AM PST   SUNSET   426 PM PST


-  INDICATES NEGATIVE NUMBERS.
R  INDICATES RECORD WAS SET OR TIED.
MM INDICATES DATA IS MISSING.
T  INDICATES TRACE AMOUNT.




$$
