000
CDUS46 KSEW 020120
CLIUIL


CLIMATE REPORT
NATIONAL WEATHER SERVICE SEATTLE WA
519 PM PST SUN MAR 1 2015


...................................

...THE QUILLAYUTE WA AIRPORT CLIMATE SUMMARY FOR MARCH 1 2015...
VALID TODAY AS OF 0500 PM LOCAL TIME.

CLIMATE NORMAL PERIOD 1981 TO 2010
CLIMATE RECORD PERIOD 1966 TO 2015


WEATHER ITEM   OBSERVED TIME   RECORD YEAR NORMAL DEPARTURE LAST
                VALUE   (LST)  VALUE       VALUE  FROM      YEAR
                                                  NORMAL
..................................................................
TEMPERATURE (F)
 TODAY
  MAXIMUM         51    109 PM  64    1990  50      1       50
  MINIMUM         26    715 AM  19    1971  36    -10       42
  AVERAGE         39                        43     -4       46

PRECIPITATION (IN)
  TODAY            T             2.90 1994   0.37  -0.37     0.00
  MONTH TO DATE    T                         0.37  -0.37     0.00
  SINCE OCT 1     64.58                     64.33   0.25    39.80
  SINCE JAN 1     19.83                     25.33  -5.50    22.57

DEGREE DAYS
 HEATING
  TODAY           26                        22      4       19
  MONTH TO DATE   26                        22      4       19
  SINCE MAR 1     26                        22      4       19
  SINCE JUL 1   2936                      3867   -931     3213

 COOLING
  TODAY            0                         0      0        0
  MONTH TO DATE    0                         0      0        0
  SINCE MAR 1      0                         0      0        0
  SINCE JAN 1      0                         0      0        0
..................................................................


WIND (MPH)
  RESULTANT WIND SPEED   0   RESULTANT WIND DIRECTION   W (270)
  HIGHEST WIND SPEED     9   HIGHEST WIND DIRECTION    SW (230)
  HIGHEST GUST SPEED    13   HIGHEST GUST DIRECTION     S (170)
  AVERAGE WIND SPEED     2.5


SKY COVER
  AVERAGE SKY COVER 0.2


WEATHER CONDITIONS
 THE FOLLOWING WEATHER WAS RECORDED TODAY.
  LIGHT RAIN
  FOG


RELATIVE HUMIDITY (PERCENT)
 HIGHEST    92           200 AM
 LOWEST     50          1100 AM
 AVERAGE    71

..........................................................


THE QUILLAYUTE WA AIRPORT CLIMATE NORMALS FOR TOMORROW
                         NORMAL    RECORD    YEAR
 MAXIMUM TEMPERATURE (F)   50        69      1986
 MINIMUM TEMPERATURE (F)   36        22      1989
                                             1985


SUNRISE AND SUNSET
MARCH  1 2015.........SUNRISE   659 AM PST   SUNSET   602 PM PST
MARCH  2 2015.........SUNRISE   657 AM PST   SUNSET   604 PM PST


-  INDICATES NEGATIVE NUMBERS.
R  INDICATES RECORD WAS SET OR TIED.
MM INDICATES DATA IS MISSING.
T  INDICATES TRACE AMOUNT.




$$
