000
CDUS46 KSEW 270833
CLIUIL


CLIMATE REPORT
NATIONAL WEATHER SERVICE SEATTLE WA
133 AM PDT MON MAR 27 2017


...................................

...THE QUILLAYUTE WA AIRPORT CLIMATE SUMMARY FOR MARCH 26 2017...

CLIMATE NORMAL PERIOD 1981 TO 2010
CLIMATE RECORD PERIOD 1966 TO 2017


WEATHER ITEM   OBSERVED TIME   RECORD YEAR NORMAL DEPARTURE LAST
                VALUE   (LST)  VALUE       VALUE  FROM      YEAR
                                                  NORMAL
..................................................................
TEMPERATURE (F)
 YESTERDAY
  MAXIMUM         51    136 PM  69    1969  52     -1       58
  MINIMUM         39    147 AM  25    1972  38      1       43
  AVERAGE         45                        45      0       51

PRECIPITATION (IN)
  YESTERDAY        0.37          2.68 1968   0.33   0.04     0.24
  MONTH TO DATE   16.13                      9.19   6.94    15.62
  SINCE OCT 1     96.11                     73.15  22.96    91.06
  SINCE JAN 1     36.18                     34.15   2.03    47.08

DEGREE DAYS
 HEATING
  YESTERDAY       20                        20      0       14
  MONTH TO DATE  567                       548     19      452
  SINCE MAR 1    567                       548     19      452
  SINCE JUL 1   4389                      4393     -4     3575

 COOLING
  YESTERDAY        0                         0      0        0
  MONTH TO DATE    0                         0      0        0
  SINCE MAR 1      0                         0      0        0
  SINCE JAN 1      0                         0      0        0
..................................................................


WIND (MPH)
  RESULTANT WIND SPEED   7   RESULTANT WIND DIRECTION  SE (120)
  HIGHEST WIND SPEED    16   HIGHEST WIND DIRECTION    SE (140)
  HIGHEST GUST SPEED    25   HIGHEST GUST DIRECTION    SE (140)
  AVERAGE WIND SPEED     8.0


SKY COVER
  AVERAGE SKY COVER 1.0


WEATHER CONDITIONS
 THE FOLLOWING WEATHER WAS RECORDED YESTERDAY.
  HEAVY RAIN
  LIGHT RAIN
  FOG


RELATIVE HUMIDITY (PERCENT)
 HIGHEST    93           600 AM
 LOWEST     77           300 PM
 AVERAGE    85

..........................................................


THE QUILLAYUTE WA AIRPORT CLIMATE NORMALS FOR TODAY
                         NORMAL    RECORD    YEAR
 MAXIMUM TEMPERATURE (F)   52        72      1994
 MINIMUM TEMPERATURE (F)   38        25      1975


SUNRISE AND SUNSET
MARCH 27 2017.........SUNRISE   706 AM PDT   SUNSET   742 PM PDT
MARCH 28 2017.........SUNRISE   704 AM PDT   SUNSET   743 PM PDT


-  INDICATES NEGATIVE NUMBERS.
R  INDICATES RECORD WAS SET OR TIED.
MM INDICATES DATA IS MISSING.
T  INDICATES TRACE AMOUNT.




$$
