000
CDUS46 KSEW 300138
CLIUIL


CLIMATE REPORT
NATIONAL WEATHER SERVICE SEATTLE WA
637 PM PDT MON SEP 29 2014


...................................

...THE QUILLAYUTE WA AIRPORT CLIMATE SUMMARY FOR SEPTEMBER 29 2014...
VALID TODAY AS OF 0600 PM LOCAL TIME.

CLIMATE NORMAL PERIOD 1981 TO 2010
CLIMATE RECORD PERIOD 1966 TO 2014


WEATHER ITEM   OBSERVED TIME   RECORD YEAR NORMAL DEPARTURE LAST
                VALUE   (LST)  VALUE       VALUE  FROM      YEAR
                                                  NORMAL
..................................................................
TEMPERATURE (F)
 TODAY
  MAXIMUM         65    220 PM  83    2008  63      2       59
  MINIMUM         51   1245 AM  31    1983  44      7       53
  AVERAGE         58                        54      4       56

PRECIPITATION (IN)
  TODAY            0.17          3.48 2005   0.18  -0.01     1.77
  MONTH TO DATE    4.55                      3.64   0.91     9.16
  SINCE OCT 1     77.63                     99.36 -21.73   117.95
  SINCE JAN 1     60.40                     60.36   0.04    70.98

DEGREE DAYS
 HEATING
  TODAY            7                        11     -4        9
  MONTH TO DATE  130                       245   -115      109
  SINCE SEP 1    130                       245   -115      109
  SINCE JUL 1    380                       614   -234      281

 COOLING
  TODAY            0                         0      0        0
  MONTH TO DATE    7                         0      7       14
  SINCE SEP 1      7                         0      7       14
  SINCE JAN 1     25                        17      8       39
..................................................................


WIND (MPH)
  RESULTANT WIND SPEED   3   RESULTANT WIND DIRECTION  NW (310)
  HIGHEST WIND SPEED    15   HIGHEST WIND DIRECTION    NW (310)
  HIGHEST GUST SPEED    22   HIGHEST GUST DIRECTION     S (160)
  AVERAGE WIND SPEED     5.7


SKY COVER
  AVERAGE SKY COVER 0.9


WEATHER CONDITIONS
 THE FOLLOWING WEATHER WAS RECORDED TODAY.
  LIGHT RAIN
  FOG


RELATIVE HUMIDITY (PERCENT)
 HIGHEST   100          1200 AM
 LOWEST     72           400 PM
 AVERAGE    86

..........................................................


THE QUILLAYUTE WA AIRPORT CLIMATE NORMALS FOR TOMORROW
                         NORMAL    RECORD    YEAR
 MAXIMUM TEMPERATURE (F)   63        90      1987
 MINIMUM TEMPERATURE (F)   44        33      1999


SUNRISE AND SUNSET
SEPTEMBER 29 2014.....SUNRISE   715 AM PDT   SUNSET   701 PM PDT
SEPTEMBER 30 2014.....SUNRISE   716 AM PDT   SUNSET   659 PM PDT


-  INDICATES NEGATIVE NUMBERS.
R  INDICATES RECORD WAS SET OR TIED.
MM INDICATES DATA IS MISSING.
T  INDICATES TRACE AMOUNT.




$$
