000
CDUS46 KSEW 310830
CLIUIL


CLIMATE REPORT
NATIONAL WEATHER SERVICE SEATTLE WA
130 AM PDT TUE MAY 31 2016


...................................

...THE QUILLAYUTE WA AIRPORT CLIMATE SUMMARY FOR MAY 30 2016...

CLIMATE NORMAL PERIOD 1981 TO 2010
CLIMATE RECORD PERIOD 1966 TO 2016


WEATHER ITEM   OBSERVED TIME   RECORD YEAR NORMAL DEPARTURE LAST
                VALUE   (LST)  VALUE       VALUE  FROM      YEAR
                                                  NORMAL
..................................................................
TEMPERATURE (F)
 YESTERDAY
  MAXIMUM         67    343 PM  90    1986  61      6       60
  MINIMUM         39    459 AM  33    1999  46     -7       50
  AVERAGE         53                        53      0       55

PRECIPITATION (IN)
  YESTERDAY        0.00          2.06 1997   0.16  -0.16     0.00
  MONTH TO DATE    2.32                      4.96  -2.64     0.67
  SINCE OCT 1     95.81                     87.60   8.21    86.15
  SINCE JAN 1     51.83                     48.60   3.23    41.40

DEGREE DAYS
 HEATING
  YESTERDAY       12                        12      0       10
  MONTH TO DATE  344                       414    -70      352
  SINCE MAR 1   1260                      1611   -351     1411
  SINCE JUL 1   4383                      5456  -1073     4321

 COOLING
  YESTERDAY        0                         0      0        0
  MONTH TO DATE    0                         0      0        0
  SINCE MAR 1      0                         0      0        0
  SINCE JAN 1      0                         0      0        0
..................................................................


WIND (MPH)
  RESULTANT WIND SPEED   2   RESULTANT WIND DIRECTION  NW (320)
  HIGHEST WIND SPEED    12   HIGHEST WIND DIRECTION    NW (330)
  HIGHEST GUST SPEED    16   HIGHEST GUST DIRECTION    NW (330)
  AVERAGE WIND SPEED     4.3


SKY COVER
  AVERAGE SKY COVER 0.1


WEATHER CONDITIONS
 THE FOLLOWING WEATHER WAS RECORDED YESTERDAY.
  FOG


RELATIVE HUMIDITY (PERCENT)
 HIGHEST    96           300 AM
 LOWEST     52           200 PM
 AVERAGE    74

..........................................................


THE QUILLAYUTE WA AIRPORT CLIMATE NORMALS FOR TODAY
                         NORMAL    RECORD    YEAR
 MAXIMUM TEMPERATURE (F)   61        83      1975
 MINIMUM TEMPERATURE (F)   46        33      1974


SUNRISE AND SUNSET
MAY 31 2016...........SUNRISE   523 AM PDT   SUNSET   909 PM PDT
JUNE  1 2016..........SUNRISE   523 AM PDT   SUNSET   910 PM PDT


-  INDICATES NEGATIVE NUMBERS.
R  INDICATES RECORD WAS SET OR TIED.
MM INDICATES DATA IS MISSING.
T  INDICATES TRACE AMOUNT.




$$
