000
CDUS46 KSEW 010832
CLIUIL


CLIMATE REPORT
NATIONAL WEATHER SERVICE SEATTLE WA
132 AM PDT SUN MAY 1 2016


...................................

...THE QUILLAYUTE WA AIRPORT CLIMATE SUMMARY FOR APRIL 30 2016...

CLIMATE NORMAL PERIOD 1981 TO 2010
CLIMATE RECORD PERIOD 1966 TO 2016


WEATHER ITEM   OBSERVED TIME   RECORD YEAR NORMAL DEPARTURE LAST
                VALUE   (LST)  VALUE       VALUE  FROM      YEAR
                                                  NORMAL
..................................................................
TEMPERATURE (F)
 YESTERDAY
  MAXIMUM         63    244 PM  84    2014  57      6       59
  MINIMUM         45   1159 PM  26    1986  40      5       43
  AVERAGE         54                        49      5       51

PRECIPITATION (IN)
  YESTERDAY        0.00          1.35 1984   0.21  -0.21      T
  MONTH TO DATE    2.21                      7.85  -5.64     6.19
  SINCE OCT 1     93.49                     82.64  10.85    85.48
  SINCE JAN 1     49.51                     43.64   5.87    40.73

DEGREE DAYS
 HEATING
  YESTERDAY       11                        16     -5       14
  MONTH TO DATE  388                       549   -161      521
  SINCE MAR 1    916                      1197   -281     1059
  SINCE JUL 1   4039                      5042  -1003     3969

 COOLING
  YESTERDAY        0                         0      0        0
  MONTH TO DATE    0                         0      0        0
  SINCE MAR 1      0                         0      0        0
  SINCE JAN 1      0                         0      0        0
..................................................................


WIND (MPH)
  RESULTANT WIND SPEED   3   RESULTANT WIND DIRECTION  NW (310)
  HIGHEST WIND SPEED    14   HIGHEST WIND DIRECTION    NW (320)
  HIGHEST GUST SPEED    20   HIGHEST GUST DIRECTION     W (250)
  AVERAGE WIND SPEED     5.9


SKY COVER
  AVERAGE SKY COVER 0.4


WEATHER CONDITIONS
 THE FOLLOWING WEATHER WAS RECORDED YESTERDAY.
  NO SIGNIFICANT WEATHER WAS OBSERVED.


RELATIVE HUMIDITY (PERCENT)
 HIGHEST    93           900 PM
 LOWEST     56           300 PM
 AVERAGE    75

..........................................................


THE QUILLAYUTE WA AIRPORT CLIMATE NORMALS FOR TODAY
                         NORMAL    RECORD    YEAR
 MAXIMUM TEMPERATURE (F)   57        83      2014
 MINIMUM TEMPERATURE (F)   40        29      2011


SUNRISE AND SUNSET
MAY  1 2016...........SUNRISE   559 AM PDT   SUNSET   832 PM PDT
MAY  2 2016...........SUNRISE   558 AM PDT   SUNSET   834 PM PDT


-  INDICATES NEGATIVE NUMBERS.
R  INDICATES RECORD WAS SET OR TIED.
MM INDICATES DATA IS MISSING.
T  INDICATES TRACE AMOUNT.




$$
