000
CDUS46 KSEW 230830
CLIUIL


CLIMATE REPORT
NATIONAL WEATHER SERVICE SEATTLE WA
130 AM PDT SAT AUG 23 2014


...................................

...THE QUILLAYUTE WA AIRPORT CLIMATE SUMMARY FOR AUGUST 22 2014...

CLIMATE NORMAL PERIOD 1981 TO 2010
CLIMATE RECORD PERIOD 1966 TO 2014


WEATHER ITEM   OBSERVED TIME   RECORD YEAR NORMAL DEPARTURE LAST
                VALUE   (LST)  VALUE       VALUE  FROM      YEAR
                                                  NORMAL
..................................................................
TEMPERATURE (F)
 YESTERDAY
  MAXIMUM         69    259 PM  87    1988  69      0       83
  MINIMUM         49    143 AM  38    1987  50     -1       48
                                      1985
                                      1973
  AVERAGE         59                        59      0       66

PRECIPITATION (IN)
  YESTERDAY        0.00          3.22 2011   0.08  -0.08     0.00
  MONTH TO DATE    0.52                      1.59  -1.07     0.45
  SINCE OCT 1     72.91                     94.82 -21.91   106.23
  SINCE JAN 1     55.68                     55.82  -0.14    59.26

DEGREE DAYS
 HEATING
  YESTERDAY        6                         6      0        0
  MONTH TO DATE   77                       120    -43       43
  SINCE JUN 1    462                       608   -146      336
  SINCE JUL 1    213                       314   -101      156

 COOLING
  YESTERDAY        0                         0      0        1
  MONTH TO DATE    8                         0      8        4
  SINCE JUN 1     14                        10      4       17
  SINCE JAN 1     18                        11      7       20
..................................................................


WIND (MPH)
  RESULTANT WIND SPEED   2   RESULTANT WIND DIRECTION   W (250)
  HIGHEST WIND SPEED    12   HIGHEST WIND DIRECTION    SW (230)
  HIGHEST GUST SPEED    14   HIGHEST GUST DIRECTION    SW (220)
  AVERAGE WIND SPEED     3.5


SKY COVER
  AVERAGE SKY COVER 0.5


WEATHER CONDITIONS
 THE FOLLOWING WEATHER WAS RECORDED YESTERDAY.
  FOG
  FOG W/VISIBILITY <= 1/4 MILE


RELATIVE HUMIDITY (PERCENT)
 HIGHEST   100          1200 AM
 LOWEST     68          1200 PM
 AVERAGE    84

..........................................................


THE QUILLAYUTE WA AIRPORT CLIMATE NORMALS FOR TODAY
                         NORMAL    RECORD    YEAR
 MAXIMUM TEMPERATURE (F)   69        85      1988
                                             1985
 MINIMUM TEMPERATURE (F)   50        39      1973


SUNRISE AND SUNSET
AUGUST 23 2014........SUNRISE   624 AM PDT   SUNSET   816 PM PDT
AUGUST 24 2014........SUNRISE   626 AM PDT   SUNSET   814 PM PDT


-  INDICATES NEGATIVE NUMBERS.
R  INDICATES RECORD WAS SET OR TIED.
MM INDICATES DATA IS MISSING.
T  INDICATES TRACE AMOUNT.




$$
