092
CDUS46 KSEW 260120
CLIUIL


CLIMATE REPORT
NATIONAL WEATHER SERVICE SEATTLE WA
620 PM PDT SUN JUN 25 2017


...................................

...THE QUILLAYUTE WA AIRPORT CLIMATE SUMMARY FOR JUNE 25 2017...
VALID TODAY AS OF 0600 PM LOCAL TIME.

CLIMATE NORMAL PERIOD 1981 TO 2010
CLIMATE RECORD PERIOD 1966 TO 2017


WEATHER ITEM   OBSERVED TIME   RECORD YEAR NORMAL DEPARTURE LAST
                VALUE   (LST)  VALUE       VALUE  FROM      YEAR
                                                  NORMAL
..................................................................
TEMPERATURE (F)
 TODAY
  MAXIMUM         86R   126 PM  81    2000  64     22       65
                                      1987
  MINIMUM         54    439 AM  40    2000  49      5       52
  AVERAGE         70                        56     14       59

PRECIPITATION (IN)
  TODAY            0.00          0.70 1975   0.09  -0.09     0.00
  MONTH TO DATE    4.30                      3.05   1.25     3.49
  SINCE OCT 1    126.83                     90.80  36.03    99.30
  SINCE JAN 1     66.90                     51.80  15.10    55.32

DEGREE DAYS
 HEATING
  TODAY            0                         9     -9        6
  MONTH TO DATE  234                       253    -19      215
  SINCE JUN 1    234                       253    -19      215
  SINCE JUL 1   5637                      5721    -84     4604

 COOLING
  TODAY            5                         0      5        0
  MONTH TO DATE   11                         0     11       11
  SINCE JUN 1     11                         0     11       11
  SINCE JAN 1     11                         1     10       11
..................................................................


WIND (MPH)
  RESULTANT WIND SPEED   3   RESULTANT WIND DIRECTION   W (280)
  HIGHEST WIND SPEED    15   HIGHEST WIND DIRECTION    NW (310)
  HIGHEST GUST SPEED    21   HIGHEST GUST DIRECTION    NW (330)
  AVERAGE WIND SPEED     4.8


SKY COVER
  AVERAGE SKY COVER 0.0


WEATHER CONDITIONS
 THE FOLLOWING WEATHER WAS RECORDED TODAY.
  NO SIGNIFICANT WEATHER WAS OBSERVED.


RELATIVE HUMIDITY (PERCENT)
 HIGHEST    80           100 AM
 LOWEST     31           200 PM
 AVERAGE    56

..........................................................


THE QUILLAYUTE WA AIRPORT CLIMATE NORMALS FOR TOMORROW
                         NORMAL    RECORD    YEAR
 MAXIMUM TEMPERATURE (F)   65        90      2006
 MINIMUM TEMPERATURE (F)   49        38      1985


SUNRISE AND SUNSET
JUNE 25 2017..........SUNRISE   520 AM PDT   SUNSET   922 PM PDT
JUNE 26 2017..........SUNRISE   521 AM PDT   SUNSET   922 PM PDT


-  INDICATES NEGATIVE NUMBERS.
R  INDICATES RECORD WAS SET OR TIED.
MM INDICATES DATA IS MISSING.
T  INDICATES TRACE AMOUNT.




$$
