000
CDUS46 KSEW 240833
CLIUIL


CLIMATE REPORT
NATIONAL WEATHER SERVICE SEATTLE WA
133 AM PDT THU AUG 24 2017


...................................

...THE QUILLAYUTE WA AIRPORT CLIMATE SUMMARY FOR AUGUST 23 2017...

CLIMATE NORMAL PERIOD 1981 TO 2010
CLIMATE RECORD PERIOD 1966 TO 2017


WEATHER ITEM   OBSERVED TIME   RECORD YEAR NORMAL DEPARTURE LAST
                VALUE   (LST)  VALUE       VALUE  FROM      YEAR
                                                  NORMAL
..................................................................
TEMPERATURE (F)
 YESTERDAY
  MAXIMUM         71   1049 AM  85    1988  69      2       76
                                      1985
  MINIMUM         49   1159 PM  39    1973  50     -1       43
  AVERAGE         60                        59      1       60

PRECIPITATION (IN)
  YESTERDAY        T             1.11 1978   0.09  -0.09     0.00
  MONTH TO DATE    0.41                      1.68  -1.27     0.30
  SINCE OCT 1    127.48                     94.91  32.57   101.80
  SINCE JAN 1     67.55                     55.91  11.64    57.82

DEGREE DAYS
 HEATING
  YESTERDAY        5                         6     -1        5
  MONTH TO DATE   92                       126    -34       94
  SINCE JUN 1    544                       614    -70      498
  SINCE JUL 1    276                       320    -44      249

 COOLING
  YESTERDAY        0                         0      0        0
  MONTH TO DATE   28                         0     28       26
  SINCE JUN 1     39                        10     29       37
  SINCE JAN 1     39                        11     28       37
..................................................................


WIND (MPH)
  RESULTANT WIND SPEED   2   RESULTANT WIND DIRECTION   W (290)
  HIGHEST WIND SPEED    14   HIGHEST WIND DIRECTION    NE (33)
  HIGHEST GUST SPEED    17   HIGHEST GUST DIRECTION     N (340)
  AVERAGE WIND SPEED     3.4


SKY COVER
  AVERAGE SKY COVER 0.9


WEATHER CONDITIONS
 THE FOLLOWING WEATHER WAS RECORDED YESTERDAY.
  HAZE


RELATIVE HUMIDITY (PERCENT)
 HIGHEST    93          1200 AM
 LOWEST     64           500 PM
 AVERAGE    79

..........................................................


THE QUILLAYUTE WA AIRPORT CLIMATE NORMALS FOR TODAY
                         NORMAL    RECORD    YEAR
 MAXIMUM TEMPERATURE (F)   69        91      2016
 MINIMUM TEMPERATURE (F)   50        39      1973


SUNRISE AND SUNSET
AUGUST 24 2017........SUNRISE   626 AM PDT   SUNSET   814 PM PDT
AUGUST 25 2017........SUNRISE   627 AM PDT   SUNSET   812 PM PDT


-  INDICATES NEGATIVE NUMBERS.
R  INDICATES RECORD WAS SET OR TIED.
MM INDICATES DATA IS MISSING.
T  INDICATES TRACE AMOUNT.




$$
