000
CDUS46 KSEW 280828
CLIUIL


CLIMATE REPORT
NATIONAL WEATHER SERVICE SEATTLE WA
1227 AM PST FRI NOV 28 2014


...................................

...THE QUILLAYUTE WA AIRPORT CLIMATE SUMMARY FOR NOVEMBER 27 2014...

CLIMATE NORMAL PERIOD 1981 TO 2010
CLIMATE RECORD PERIOD 1966 TO 2014


WEATHER ITEM   OBSERVED TIME   RECORD YEAR NORMAL DEPARTURE LAST
                VALUE   (LST)  VALUE       VALUE  FROM      YEAR
                                                  NORMAL
..................................................................
TEMPERATURE (F)
 YESTERDAY
  MAXIMUM         57    149 AM  62    2002  48      9       59
  MINIMUM         53   1136 PM  19    1985  36     17       40
  AVERAGE         55                        42     13       50

PRECIPITATION (IN)
  YESTERDAY        0.81          3.50 1996   0.52   0.29     0.26
  MONTH TO DATE   12.74                     13.95  -1.21     7.07
  SINCE OCT 1     30.10                     24.44   5.66    10.22
  SINCE JAN 1     90.50                     84.98   5.52    81.63

DEGREE DAYS
 HEATING
  YESTERDAY       10                        23    -13       15
  MONTH TO DATE  491                       555    -64      469
  SINCE SEP 1    890                      1276   -386      976
  SINCE JUL 1   1140                      1645   -505     1148

 COOLING
  YESTERDAY        0                         0      0        0
  MONTH TO DATE    0                         0      0        0
  SINCE SEP 1      7                         2      5       14
  SINCE JAN 1     25                        19      6       39
..................................................................


WIND (MPH)
  RESULTANT WIND SPEED  14   RESULTANT WIND DIRECTION  SW (210)
  HIGHEST WIND SPEED    23   HIGHEST WIND DIRECTION    SW (220)
  HIGHEST GUST SPEED    33   HIGHEST GUST DIRECTION    SW (220)
  AVERAGE WIND SPEED    12.7


SKY COVER
  AVERAGE SKY COVER 0.7


WEATHER CONDITIONS
 THE FOLLOWING WEATHER WAS RECORDED YESTERDAY.
  RAIN
  LIGHT RAIN
  FOG


RELATIVE HUMIDITY (PERCENT)
 HIGHEST   100           600 AM
 LOWEST    100           600 AM
 AVERAGE   100

..........................................................


THE QUILLAYUTE WA AIRPORT CLIMATE NORMALS FOR TODAY
                         NORMAL    RECORD    YEAR
 MAXIMUM TEMPERATURE (F)   48        60      2013
                                             2002
 MINIMUM TEMPERATURE (F)   36        21      2006
                                             1985


SUNRISE AND SUNSET
NOVEMBER 28 2014......SUNRISE   743 AM PST   SUNSET   429 PM PST
NOVEMBER 29 2014......SUNRISE   744 AM PST   SUNSET   428 PM PST


-  INDICATES NEGATIVE NUMBERS.
R  INDICATES RECORD WAS SET OR TIED.
MM INDICATES DATA IS MISSING.
T  INDICATES TRACE AMOUNT.




$$
