000
CDUS43 KLSX 220729
CLIUIN


CLIMATE REPORT
NATIONAL WEATHER SERVICE ST LOUIS MO
128 AM CST MON JAN 22 2018


...................................

...THE QUINCY IL CLIMATE SUMMARY FOR JANUARY 21 2018...

CLIMATE NORMAL PERIOD 1981 TO 2010
CLIMATE RECORD PERIOD 1901 TO 2018


WEATHER ITEM   OBSERVED TIME   RECORD YEAR NORMAL DEPARTURE LAST
                VALUE   (LST)  VALUE       VALUE  FROM      YEAR
                                                  NORMAL
..................................................................
TEMPERATURE (F)
 YESTERDAY
  MAXIMUM         63    329 PM  69    1957  34     29       58
  MINIMUM         36   1255 AM -16    1970  18     18       42
  AVERAGE         50                        26     24

PRECIPITATION (IN)
  YESTERDAY        0.20          1.13 1916   0.05   0.15     0.00
  MONTH TO DATE    0.74                      1.05  -0.31     1.18
  SINCE DEC 1      0.91                      3.30  -2.39     2.21
  SINCE JAN 1      0.74                      1.05  -0.31     1.18

DEGREE DAYS
 HEATING
  YESTERDAY       15                        39    -24
  MONTH TO DATE  938                       815    123
  SINCE DEC 1   2020                      1906    114
  SINCE JUL 1   2967                      3006    -39

 COOLING
  YESTERDAY        0                         0      0
  MONTH TO DATE    0                         0      0
  SINCE DEC 1      0                         0      0
  SINCE JAN 1      0                         0      0
..................................................................


WIND (MPH)
  HIGHEST WIND SPEED    18   HIGHEST WIND DIRECTION     S (200)
  HIGHEST GUST SPEED    27   HIGHEST GUST DIRECTION     S (190)
  AVERAGE WIND SPEED     9.1


SKY COVER
  AVERAGE SKY COVER 0.8



RELATIVE HUMIDITY (PERCENT)
 HIGHEST   100           100 AM
 LOWEST     67           200 PM
 AVERAGE    84

..........................................................


THE QUINCY IL CLIMATE NORMALS FOR TODAY
                         NORMAL    RECORD    YEAR
 MAXIMUM TEMPERATURE (F)   34        70      1967
 MINIMUM TEMPERATURE (F)   18       -14      1930


SUNRISE AND SUNSET
JANUARY 22 2018.......SUNRISE   721 AM CST   SUNSET   512 PM CST
JANUARY 23 2018.......SUNRISE   720 AM CST   SUNSET   513 PM CST


-  INDICATES NEGATIVE NUMBERS.
R  INDICATES RECORD WAS SET OR TIED.
MM INDICATES DATA IS MISSING.
T  INDICATES TRACE AMOUNT.




$$
