000
CDUS43 KLSX 230728
CLIUIN


CLIMATE REPORT
NATIONAL WEATHER SERVICE ST LOUIS MO
227 AM CDT FRI JUN 23 2017


...................................

...THE QUINCY IL CLIMATE SUMMARY FOR JUNE 22 2017...

CLIMATE NORMAL PERIOD 1981 TO 2010
CLIMATE RECORD PERIOD 1901 TO 2017


WEATHER ITEM   OBSERVED TIME   RECORD YEAR NORMAL DEPARTURE LAST
                VALUE   (LST)  VALUE       VALUE  FROM      YEAR
                                                  NORMAL
..................................................................
TEMPERATURE (F)
 YESTERDAY
  MAXIMUM         83    604 PM 100    1930  84     -1       96
  MINIMUM         73    630 AM  45    1902  64      9       71
  AVERAGE         78                        74      4

PRECIPITATION (IN)
  YESTERDAY        0.00          1.53 1998   0.13  -0.13     0.00
  MONTH TO DATE    2.08                      3.00  -0.92     0.57
  SINCE JUN 1      2.08                      3.00  -0.92     0.57
  SINCE JAN 1     18.86                     17.09   1.77     9.25

DEGREE DAYS
 HEATING
  YESTERDAY        0                         0      0
  MONTH TO DATE    0                        14    -14
  SINCE JUN 1      0                        14    -14
  SINCE JUL 1   4433                      5580  -1147

 COOLING
  YESTERDAY       13                         9      4
  MONTH TO DATE  230                       149     81
  SINCE JUN 1    230                       149     81
  SINCE JAN 1    339                       235    104
..................................................................


WIND (MPH)
  HIGHEST WIND SPEED    17   HIGHEST WIND DIRECTION     S (190)
  HIGHEST GUST SPEED    24   HIGHEST GUST DIRECTION     S (170)
  AVERAGE WIND SPEED     9.5


SKY COVER
  AVERAGE SKY COVER 0.4



RELATIVE HUMIDITY (PERCENT)
 HIGHEST    87          1100 PM
 LOWEST     69          1200 AM
 AVERAGE    78

..........................................................


THE QUINCY IL CLIMATE NORMALS FOR TODAY
                         NORMAL    RECORD    YEAR
 MAXIMUM TEMPERATURE (F)   84       100      1934
                                             1923
 MINIMUM TEMPERATURE (F)   65        50      1905


SUNRISE AND SUNSET
JUNE 23 2017..........SUNRISE   537 AM CDT   SUNSET   837 PM CDT
JUNE 24 2017..........SUNRISE   537 AM CDT   SUNSET   837 PM CDT


-  INDICATES NEGATIVE NUMBERS.
R  INDICATES RECORD WAS SET OR TIED.
MM INDICATES DATA IS MISSING.
T  INDICATES TRACE AMOUNT.




$$
