000
CDUS43 KLSX 232229
CLIUIN


CLIMATE REPORT
NATIONAL WEATHER SERVICE ST LOUIS MO
528 PM CDT MON OCT 23 2017


...................................

...THE QUINCY IL CLIMATE SUMMARY FOR OCTOBER 23 2017...
VALID TODAY AS OF 0500 PM LOCAL TIME.

CLIMATE NORMAL PERIOD 1981 TO 2010
CLIMATE RECORD PERIOD 1901 TO 2017


WEATHER ITEM   OBSERVED TIME   RECORD YEAR NORMAL DEPARTURE LAST
                VALUE   (LST)  VALUE       VALUE  FROM      YEAR
                                                  NORMAL
..................................................................
TEMPERATURE (F)
 TODAY
  MAXIMUM         68   1239 PM  86    1939  63      5       74
  MINIMUM         46    639 AM  23    1981  42      4       50
  AVERAGE         57                        53      4       62

PRECIPITATION (IN)
  TODAY            T             1.34 1957   0.10  -0.10     0.00
  MONTH TO DATE    4.48                      2.25   2.23     1.82
  SINCE SEP 1      5.15                      5.55  -0.40     4.91
  SINCE JAN 1     31.30                     31.30   0.00    28.60

DEGREE DAYS
 HEATING
  TODAY            8                        13     -5
  MONTH TO DATE   76                       222   -146
  SINCE SEP 1    107                       304   -197
  SINCE JUL 1    107                       309   -202

 COOLING
  TODAY            0                         0      0
  MONTH TO DATE   54                        14     40
  SINCE SEP 1    234                       137     97
  SINCE JAN 1   1229                      1090    139
..................................................................


WIND (MPH)
  HIGHEST WIND SPEED    22   HIGHEST WIND DIRECTION     W (280)
  HIGHEST GUST SPEED    25   HIGHEST GUST DIRECTION    NW (310)
  AVERAGE WIND SPEED     9.0


SKY COVER
  AVERAGE SKY COVER 0.1



RELATIVE HUMIDITY (PERCENT)
 HIGHEST    93          1200 AM
 LOWEST     39          1200 PM
 AVERAGE    66

..........................................................


THE QUINCY IL CLIMATE NORMALS FOR TOMORROW
                         NORMAL    RECORD    YEAR
 MAXIMUM TEMPERATURE (F)   62        84      1940
 MINIMUM TEMPERATURE (F)   42        23      1981


SUNRISE AND SUNSET
OCTOBER 23 2017.......SUNRISE   724 AM CDT   SUNSET   613 PM CDT
OCTOBER 24 2017.......SUNRISE   725 AM CDT   SUNSET   612 PM CDT


-  INDICATES NEGATIVE NUMBERS.
R  INDICATES RECORD WAS SET OR TIED.
MM INDICATES DATA IS MISSING.
T  INDICATES TRACE AMOUNT.




$$
