000
CDUS43 KLSX 282228
CLIUIN


CLIMATE REPORT
NATIONAL WEATHER SERVICE ST LOUIS MO
525 PM CDT SAT MAR 28 2015


...................................

...THE QUINCY IL CLIMATE SUMMARY FOR MARCH 28 2015...
VALID TODAY AS OF 0500 PM LOCAL TIME.

CLIMATE NORMAL PERIOD 1981 TO 2010
CLIMATE RECORD PERIOD 1901 TO 2015


WEATHER ITEM   OBSERVED TIME   RECORD YEAR NORMAL DEPARTURE LAST
                VALUE   (LST)  VALUE       VALUE  FROM      YEAR
                                                  NORMAL
..................................................................
TEMPERATURE (F)
 TODAY
  MAXIMUM         44    352 PM  84    1985  57    -13       45
                                      1910
  MINIMUM         25    316 AM  17    1955  37    -12       37
  AVERAGE         35                        47    -12       41

PRECIPITATION (IN)
  TODAY            0.00          2.27 1977   0.09  -0.09     0.00
  MONTH TO DATE    0.95                      2.18  -1.23     0.68
  SINCE MAR 1      0.95                      2.18  -1.23     0.68
  SINCE JAN 1      2.99                      5.58  -2.59     2.80

DEGREE DAYS
 HEATING
  TODAY           30                        19     11
  MONTH TO DATE  673                       666      7
  SINCE MAR 1    673                       666      7
  SINCE JUL 1   5339                      5008    331

 COOLING
  TODAY            0                         0      0
  MONTH TO DATE    0                         0      0
  SINCE MAR 1      0                         0      0
  SINCE JAN 1      0                         0      0
..................................................................


WIND (MPH)
  HIGHEST WIND SPEED    13   HIGHEST WIND DIRECTION     E (110)
  HIGHEST GUST SPEED    16   HIGHEST GUST DIRECTION    SE (120)
  AVERAGE WIND SPEED     8.1


SKY COVER
  AVERAGE SKY COVER 0.0



RELATIVE HUMIDITY (PERCENT)
 HIGHEST    63           300 AM
 LOWEST     33           300 PM
 AVERAGE    48

..........................................................


THE QUINCY IL CLIMATE NORMALS FOR TOMORROW
                         NORMAL    RECORD    YEAR
 MAXIMUM TEMPERATURE (F)   57        85      1986
 MINIMUM TEMPERATURE (F)   37        18      1969


SUNRISE AND SUNSET
MARCH 28 2015.........SUNRISE   656 AM CDT   SUNSET   725 PM CDT
MARCH 29 2015.........SUNRISE   654 AM CDT   SUNSET   726 PM CDT


-  INDICATES NEGATIVE NUMBERS.
R  INDICATES RECORD WAS SET OR TIED.
MM INDICATES DATA IS MISSING.
T  INDICATES TRACE AMOUNT.




$$
