000
CDUS46 KEKA 181401
CLIUKI


CLIMATE REPORT
NATIONAL WEATHER SERVICE EUREKA CA
700 AM PDT THU SEP 18 2014


...................................

...THE UKIAH CA CLIMATE SUMMARY FOR SEPTEMBER 17 2014...

CLIMATE NORMAL PERIOD 1981 TO 2010
CLIMATE RECORD PERIOD 1903 TO 2014


WEATHER ITEM   OBSERVED TIME   RECORD YEAR NORMAL DEPARTURE LAST
                VALUE   (LST)  VALUE       VALUE  FROM      YEAR
                                                  NORMAL
..................................................................
TEMPERATURE (F)
 YESTERDAY
  MAXIMUM         84    257 PM 104    1984  87     -3       75
  MINIMUM         55    616 AM  38    1921  49      6       54
  AVERAGE         70                        68      2       65

PRECIPITATION (IN)
  YESTERDAY        T             1.03 1986   0.02  -0.02     0.00
  MONTH TO DATE    T                         0.23  -0.23     0.00
  SINCE JUL 1      0.01                      0.37  -0.36     0.03
  SINCE JAN 1     16.64                     23.75  -7.11     5.61

SNOWFALL (IN)
  YESTERDAY        0.0          MM      MM  MM     MM        0.0
  MONTH TO DATE    0.0                      MM     MM        0.0
  SINCE SEP 1      0.0                      MM     MM        0.0
  SINCE JUL 1      0.0                      MM     MM        0.0
  SNOW DEPTH       0

DEGREE DAYS
 HEATING
  YESTERDAY        0                         1     -1        0
  MONTH TO DATE    0                         7     -7        0
  SINCE SEP 1      0                         7     -7        0
  SINCE JUL 1      0                        10    -10        0

 COOLING
  YESTERDAY        5                         4      1        0
  MONTH TO DATE  153                        89     64      119
  SINCE SEP 1    153                        89     64      119
  SINCE JAN 1   1153                       772    381      966
..................................................................


WIND (MPH)
  HIGHEST WIND SPEED    16   HIGHEST WIND DIRECTION    SE (140)
  HIGHEST GUST SPEED    25   HIGHEST GUST DIRECTION    SE (130)
  AVERAGE WIND SPEED     7.5


SKY COVER
  AVERAGE SKY COVER 0.4


WEATHER CONDITIONS
 THE FOLLOWING WEATHER WAS RECORDED YESTERDAY.
  LIGHT RAIN
  FOG


RELATIVE HUMIDITY (PERCENT)
 HIGHEST    93
 LOWEST     32
 AVERAGE    63

..........................................................


THE UKIAH CA CLIMATE NORMALS FOR TODAY
                         NORMAL    RECORD    YEAR
 MAXIMUM TEMPERATURE (F)   87       104      1936
 MINIMUM TEMPERATURE (F)   49        34      1911


SUNRISE AND SUNSET
SEPTEMBER 18 2014.....SUNRISE   657 AM PDT   SUNSET   716 PM PDT
SEPTEMBER 19 2014.....SUNRISE   658 AM PDT   SUNSET   714 PM PDT


-  INDICATES NEGATIVE NUMBERS.
R  INDICATES RECORD WAS SET OR TIED.
MM INDICATES DATA IS MISSING.
T  INDICATES TRACE AMOUNT.




$$
