000
CDUS46 KEKA 271211
CLIUKI


CLIMATE REPORT
NATIONAL WEATHER SERVICE EUREKA CA
510 AM PDT FRI MAY 27 2016


...................................

...THE UKIAH CA CLIMATE SUMMARY FOR MAY 26 2016...

CLIMATE NORMAL PERIOD 1981 TO 2010
CLIMATE RECORD PERIOD 1903 TO 2016


WEATHER ITEM   OBSERVED TIME   RECORD YEAR NORMAL DEPARTURE LAST
                VALUE   (LST)  VALUE       VALUE  FROM      YEAR
                                                  NORMAL
..................................................................
TEMPERATURE (F)
 YESTERDAY
  MAXIMUM         82    310 PM  99    1951  79      3       83
  MINIMUM         49    519 AM  34    1920  48      1       51
  AVERAGE         66                        63      3       67

PRECIPITATION (IN)
  YESTERDAY        0.00          1.50 1993   0.03  -0.03     0.00
  MONTH TO DATE    0.45                      1.29  -0.84     0.40
  SINCE OCT 1     36.16                     36.29  -0.13    25.84
  SINCE JAN 1     23.95                     22.91   1.04     8.07

SNOWFALL (IN)
  YESTERDAY        0.0          MM      MM  MM     MM        0.0
  MONTH TO DATE    0.0                      MM     MM        0.0
  SINCE MAR 1      0.0                      MM     MM        0.0
  SINCE JUL 1      0.0                      MM     MM        0.0
  SNOW DEPTH       0

DEGREE DAYS
 HEATING
  YESTERDAY        0                         3     -3        0
  MONTH TO DATE   72                       126    -54       80
  SINCE MAR 1    596                       839   -243      483
  SINCE JUL 1   2535                      3072   -537     1997

 COOLING
  YESTERDAY        1                         2     -1        2
  MONTH TO DATE   26                        38    -12       13
  SINCE MAR 1     33                        46    -13       27
  SINCE JAN 1     33                        46    -13       27
..................................................................


WIND (MPH)
  HIGHEST WIND SPEED    15   HIGHEST WIND DIRECTION     N (340)
  HIGHEST GUST SPEED    19   HIGHEST GUST DIRECTION    NW (330)
  AVERAGE WIND SPEED     4.0


SKY COVER
  AVERAGE SKY COVER 0.0


WEATHER CONDITIONS
 THE FOLLOWING WEATHER WAS RECORDED YESTERDAY.
  NO SIGNIFICANT WEATHER WAS OBSERVED.


RELATIVE HUMIDITY (PERCENT)
 HIGHEST    89
 LOWEST     28
 AVERAGE    59

..........................................................


THE UKIAH CA CLIMATE NORMALS FOR TODAY
                         NORMAL    RECORD    YEAR
 MAXIMUM TEMPERATURE (F)   79       101      1984
 MINIMUM TEMPERATURE (F)   48        35      1929


SUNRISE AND SUNSET
MAY 27 2016...........SUNRISE   551 AM PDT   SUNSET   830 PM PDT
MAY 28 2016...........SUNRISE   550 AM PDT   SUNSET   831 PM PDT


-  INDICATES NEGATIVE NUMBERS.
R  INDICATES RECORD WAS SET OR TIED.
MM INDICATES DATA IS MISSING.
T  INDICATES TRACE AMOUNT.




$$
