000
CDUS46 KEKA 300017
CLIUKI


CLIMATE REPORT
NATIONAL WEATHER SERVICE EUREKA CA
511 PM PDT MON SEP 29 2014


...................................

...THE UKIAH CA CLIMATE SUMMARY FOR SEPTEMBER 29 2014...
VALID TODAY AS OF 0500 PM LOCAL TIME.

CLIMATE NORMAL PERIOD 1981 TO 2010
CLIMATE RECORD PERIOD 1903 TO 2014


WEATHER ITEM   OBSERVED RECORD YEAR NORMAL DEPARTURE LAST
                VALUE   VALUE       VALUE  FROM      YEAR
                                           NORMAL
...........................................................
TEMPERATURE (F)
 TODAY
  MAXIMUM         83    106    1966  84     -1       71
  MINIMUM         52     35    1929  47      5       59
  AVERAGE         68                 65      3       65

PRECIPITATION (IN)
  TODAY            0.00   0.44 1989   0.01  -0.01     0.15
  MONTH TO DATE    0.68               0.43   0.25     0.44
  SINCE JUL 1      0.69               0.57   0.12     0.47
  SINCE JAN 1     17.32              23.95  -6.63     6.05

SNOWFALL (IN)
  TODAY            0.0   MM          MM     MM        0.0
  MONTH TO DATE    0.0               MM     MM        0.0
  SINCE SEP 1      0.0               MM     MM        0.0
  SINCE JUL 1      0.0               MM     MM        0.0
  SNOW DEPTH       0

...........................................................


WIND (MPH)
  HIGHEST WIND SPEED    14   HIGHEST WIND DIRECTION    NW (320)
  HIGHEST GUST SPEED    17   HIGHEST GUST DIRECTION    NW (300)
  AVERAGE WIND SPEED     2.8


SKY COVER
  AVERAGE SKY COVER 0.0


WEATHER CONDITIONS
 THE FOLLOWING WEATHER WAS RECORDED TODAY.
  NO SIGNIFICANT WEATHER WAS OBSERVED.


RELATIVE HUMIDITY (PERCENT)
 HIGHEST    93
 LOWEST     28
 AVERAGE    61

..........................................................


THE UKIAH CA CLIMATE NORMALS FOR TOMORROW
                         NORMAL    RECORD    YEAR
 MAXIMUM TEMPERATURE (F)   84       102      1952
 MINIMUM TEMPERATURE (F)   46        30      1926


SUNRISE AND SUNSET
SEPTEMBER 29 2014.....SUNRISE   707 AM PDT   SUNSET   658 PM PDT
SEPTEMBER 30 2014.....SUNRISE   708 AM PDT   SUNSET   657 PM PDT


-  INDICATES NEGATIVE NUMBERS.
R  INDICATES RECORD WAS SET OR TIED.
MM INDICATES DATA IS MISSING.
T  INDICATES TRACE AMOUNT.




$$
