000
CDUS46 KEKA 200023
CLIUKI


CLIMATE REPORT
NATIONAL WEATHER SERVICE EUREKA CA
523 PM PDT SAT AUG 19 2017


...................................

...THE UKIAH CA CLIMATE SUMMARY FOR AUGUST 19 2017...
VALID TODAY AS OF 0500 PM LOCAL TIME.

CLIMATE NORMAL PERIOD 1981 TO 2010
CLIMATE RECORD PERIOD 1903 TO 2017


WEATHER ITEM   OBSERVED RECORD YEAR NORMAL DEPARTURE LAST
                VALUE   VALUE       VALUE  FROM      YEAR
                                           NORMAL
...........................................................
TEMPERATURE (F)
 TODAY
  MAXIMUM         92    109    1950  91      1       96
  MINIMUM         57     40    1910  53      4       59
  AVERAGE         75                 72      3       78

PRECIPITATION (IN)
  TODAY            0.00   0.29 1968   0.00   0.00     0.00
  MONTH TO DATE    T                  0.01  -0.01     0.00
  SINCE OCT 1     51.62              36.81  14.81    36.52
  SINCE JAN 1     34.51              23.43  11.08    24.31

SNOWFALL (IN)
  TODAY            0.0   MM          MM     MM        0.0
  MONTH TO DATE    0.0               MM     MM        0.0
  SINCE JUN 1      0.0               MM     MM        0.0
  SINCE JUL 1      0.0               MM     MM        0.0
  SNOW DEPTH       0

...........................................................


WIND (MPH)
  HIGHEST WIND SPEED    13   HIGHEST WIND DIRECTION    SE (130)
  HIGHEST GUST SPEED    16   HIGHEST GUST DIRECTION    SE (140)
  AVERAGE WIND SPEED     4.0


SKY COVER
  AVERAGE SKY COVER 0.2


WEATHER CONDITIONS
 THE FOLLOWING WEATHER WAS RECORDED TODAY.
  HAZE


RELATIVE HUMIDITY (PERCENT)
 HIGHEST    93
 LOWEST     30
 AVERAGE    62

..........................................................


THE UKIAH CA CLIMATE NORMALS FOR TOMORROW
                         NORMAL    RECORD    YEAR
 MAXIMUM TEMPERATURE (F)   91       111      1950
 MINIMUM TEMPERATURE (F)   53        40      1910


SUNRISE AND SUNSET
AUGUST 19 2017........SUNRISE   630 AM PDT   SUNSET   802 PM PDT
AUGUST 20 2017........SUNRISE   631 AM PDT   SUNSET   801 PM PDT


-  INDICATES NEGATIVE NUMBERS.
R  INDICATES RECORD WAS SET OR TIED.
MM INDICATES DATA IS MISSING.
T  INDICATES TRACE AMOUNT.




$$
