000
CDUS46 KEKA 171225
CLIUKI


CLIMATE REPORT
NATIONAL WEATHER SERVICE EUREKA CA
515 AM PDT TUE OCT 17 2017


...................................

...THE UKIAH CA CLIMATE SUMMARY FOR OCTOBER 16 2017...

CLIMATE NORMAL PERIOD 1981 TO 2010
CLIMATE RECORD PERIOD 1903 TO 2017


WEATHER ITEM   OBSERVED TIME   RECORD YEAR NORMAL DEPARTURE LAST
                VALUE   (LST)  VALUE       VALUE  FROM      YEAR
                                                  NORMAL
..................................................................
TEMPERATURE (F)
 YESTERDAY
  MAXIMUM         86    323 PM  97    1961  77      9       66
  MINIMUM         38    707 AM  33    1938  44     -6       51
  AVERAGE         62                        60      2       59

PRECIPITATION (IN)
  YESTERDAY        0.00          2.01 1947   0.07  -0.07     0.46
  MONTH TO DATE    0.00                      0.50  -0.50     2.72
  SINCE OCT 1      0.00                      0.50  -0.50     2.72
  SINCE JAN 1     34.54                     24.47  10.07    27.03

SNOWFALL (IN)
  YESTERDAY        0.0          MM      MM  MM     MM        0.0
  MONTH TO DATE    0.0                      MM     MM        0.0
  SINCE SEP 1      0.0                      MM     MM        0.0
  SINCE JUL 1      0.0                      MM     MM        0.0
  SNOW DEPTH       0

DEGREE DAYS
 HEATING
  YESTERDAY        3                         5     -2        6
  MONTH TO DATE   83                        57     26       77
  SINCE SEP 1    117                        87     30       93
  SINCE JUL 1    117                        90     27       93

 COOLING
  YESTERDAY        0                         0      0        0
  MONTH TO DATE    0                        19    -19       12
  SINCE SEP 1    183                       149     34      176
  SINCE JAN 1   1273                       832    441     1004
..................................................................


WIND (MPH)
  HIGHEST WIND SPEED     6   HIGHEST WIND DIRECTION     W (290)
  HIGHEST GUST SPEED     8   HIGHEST GUST DIRECTION    NW (330)
  AVERAGE WIND SPEED     0.6


SKY COVER
  AVERAGE SKY COVER 0.0


WEATHER CONDITIONS
 THE FOLLOWING WEATHER WAS RECORDED YESTERDAY.
  HAZE


RELATIVE HUMIDITY (PERCENT)
 HIGHEST    85
 LOWEST     12
 AVERAGE    49

..........................................................


THE UKIAH CA CLIMATE NORMALS FOR TODAY
                         NORMAL    RECORD    YEAR
 MAXIMUM TEMPERATURE (F)   77        97      1974
 MINIMUM TEMPERATURE (F)   43        30      1919


SUNRISE AND SUNSET
OCTOBER 17 2017.......SUNRISE   725 AM PDT   SUNSET   631 PM PDT
OCTOBER 18 2017.......SUNRISE   726 AM PDT   SUNSET   629 PM PDT


-  INDICATES NEGATIVE NUMBERS.
R  INDICATES RECORD WAS SET OR TIED.
MM INDICATES DATA IS MISSING.
T  INDICATES TRACE AMOUNT.




$$
