097
CDUS46 KEKA 071212
CLIUKI


CLIMATE REPORT
NATIONAL WEATHER SERVICE EUREKA CA
411 AM PST SUN FEB 7 2016


...................................

...THE UKIAH CA CLIMATE SUMMARY FOR FEBRUARY 6 2016...

CLIMATE NORMAL PERIOD 1981 TO 2010
CLIMATE RECORD PERIOD 1903 TO 2016


WEATHER ITEM   OBSERVED TIME   RECORD YEAR NORMAL DEPARTURE LAST
                VALUE   (LST)  VALUE       VALUE  FROM      YEAR
                                                  NORMAL
..................................................................
TEMPERATURE (F)
 YESTERDAY
  MAXIMUM         70    347 PM  76    2011  59     11       63
  MINIMUM         37    740 AM  18    1989  38     -1       55
  AVERAGE         54                        49      5       59

PRECIPITATION (IN)
  YESTERDAY        0.00          3.25 2015   0.23  -0.23     3.25
  MONTH TO DATE    0.29                      1.17  -0.88     3.25
  SINCE OCT 1     23.28                     21.56   1.72    21.48
  SINCE JAN 1     11.07                      8.18   2.89     3.71

SNOWFALL (IN)
  YESTERDAY        0.0          MM      MM  MM     MM        0.0
  MONTH TO DATE    0.0                      MM     MM        0.0
  SINCE DEC 1      0.0                      MM     MM        0.0
  SINCE JUL 1      0.0                      MM     MM        0.0
  SNOW DEPTH       0

DEGREE DAYS
 HEATING
  YESTERDAY       11                        16     -5        6
  MONTH TO DATE   98                       101     -3       44
  SINCE DEC 1   1197                      1278    -81      890
  SINCE JUL 1   1720                      1901   -181     1291

 COOLING
  YESTERDAY        0                         0      0        0
  MONTH TO DATE    0                         0      0        0
  SINCE DEC 1      0                         0      0        0
  SINCE JAN 1      0                         0      0        0
..................................................................


WIND (MPH)
  HIGHEST WIND SPEED     8   HIGHEST WIND DIRECTION     W (270)
  HIGHEST GUST SPEED     9   HIGHEST GUST DIRECTION     W (280)
  AVERAGE WIND SPEED     0.7


SKY COVER
  AVERAGE SKY COVER 0.0


WEATHER CONDITIONS
 THE FOLLOWING WEATHER WAS RECORDED YESTERDAY.
  NO SIGNIFICANT WEATHER WAS OBSERVED.


RELATIVE HUMIDITY (PERCENT)
 HIGHEST    96
 LOWEST     39
 AVERAGE    68

..........................................................


THE UKIAH CA CLIMATE NORMALS FOR TODAY
                         NORMAL    RECORD    YEAR
 MAXIMUM TEMPERATURE (F)   59        79      1954
 MINIMUM TEMPERATURE (F)   38        18      1989


SUNRISE AND SUNSET
FEBRUARY  7 2016......SUNRISE   714 AM PST   SUNSET   540 PM PST
FEBRUARY  8 2016......SUNRISE   713 AM PST   SUNSET   542 PM PST


-  INDICATES NEGATIVE NUMBERS.
R  INDICATES RECORD WAS SET OR TIED.
MM INDICATES DATA IS MISSING.
T  INDICATES TRACE AMOUNT.




$$
