000
CDUS43 KSGF 290628
CLIUNO


CLIMATE REPORT
NATIONAL WEATHER SERVICE SPRINGFIELD MO
1227 AM CST THU JAN 29 2015


...................................

...THE WEST PLAINS MO CLIMATE SUMMARY FOR JANUARY 28 2015...

CLIMATE NORMAL PERIOD 1981 TO 2010
CLIMATE RECORD PERIOD 1947 TO 2015


WEATHER ITEM   OBSERVED TIME   RECORD YEAR NORMAL DEPARTURE LAST
                VALUE   (LST)  VALUE       VALUE  FROM      YEAR
                                                  NORMAL
..................................................................
TEMPERATURE (F)
 YESTERDAY
  MAXIMUM         55    328 PM  74    1970  45     10       25
  MINIMUM         31    754 AM  -7    1961  24      7        8
  AVERAGE         43                        35      8       17

PRECIPITATION (IN)
  YESTERDAY        0.00          1.29 2006   0.12  -0.12     0.00
  MONTH TO DATE    2.02                      2.31  -0.29     1.57
  SINCE DEC 1      4.99                      5.95  -0.96     3.88
  SINCE JAN 1      2.02                      2.31  -0.29     1.57

DEGREE DAYS
 HEATING
  YESTERDAY       22                        30     -8       48
  MONTH TO DATE  863                       867     -4      988
  SINCE DEC 1   1693                      1760    -67     1833
  SINCE JUL 1   2705                      2612     93     2745

 COOLING
  YESTERDAY        0                         0      0        0
  MONTH TO DATE    0                         0      0        0
  SINCE DEC 1      0                         0      0        0
  SINCE JAN 1      0                         0      0        0
..................................................................


WIND (MPH)
  HIGHEST WIND SPEED    17   HIGHEST WIND DIRECTION    SE (150)
  HIGHEST GUST SPEED    25   HIGHEST GUST DIRECTION     S (160)
  AVERAGE WIND SPEED     9.7


SKY COVER
  AVERAGE SKY COVER 0.0


WEATHER CONDITIONS
 THE FOLLOWING WEATHER WAS RECORDED YESTERDAY.
  FOG


RELATIVE HUMIDITY (PERCENT)
 HIGHEST    85           600 AM
 LOWEST     53          1200 PM
 AVERAGE    69

..........................................................


THE WEST PLAINS MO CLIMATE NORMALS FOR TODAY
                         NORMAL    RECORD    YEAR
 MAXIMUM TEMPERATURE (F)   46        74      2002
 MINIMUM TEMPERATURE (F)   24        -4      1966


SUNRISE AND SUNSET
JANUARY 29 2015.......SUNRISE   712 AM CST   SUNSET   530 PM CST
JANUARY 30 2015.......SUNRISE   712 AM CST   SUNSET   531 PM CST


-  INDICATES NEGATIVE NUMBERS.
R  INDICATES RECORD WAS SET OR TIED.
MM INDICATES DATA IS MISSING.
T  INDICATES TRACE AMOUNT.




$$
