000
CDUS43 KSGF 260626
CLIUNO


CLIMATE REPORT
NATIONAL WEATHER SERVICE SPRINGFIELD MO
125 AM CDT TUE SEP 26 2017


...................................

...THE WEST PLAINS MO CLIMATE SUMMARY FOR SEPTEMBER 25 2017...

CLIMATE NORMAL PERIOD 1981 TO 2010
CLIMATE RECORD PERIOD 1947 TO 2017


WEATHER ITEM   OBSERVED TIME   RECORD YEAR NORMAL DEPARTURE LAST
                VALUE   (LST)  VALUE       VALUE  FROM      YEAR
                                                  NORMAL
..................................................................
TEMPERATURE (F)
 YESTERDAY
  MAXIMUM         88    328 PM  90    1954  77     11       88
  MINIMUM         61    613 AM  34    1950  53      8       64
  AVERAGE         75                        65     10       76

PRECIPITATION (IN)
  YESTERDAY        0.00          3.86 1993   0.13  -0.13     0.00
  MONTH TO DATE    0.51                      3.37  -2.86     1.29
  SINCE SEP 1      0.51                      3.37  -2.86     1.29
  SINCE JAN 1     42.70                     33.44   9.26    33.41

DEGREE DAYS
 HEATING
  YESTERDAY        0                         3     -3        0
  MONTH TO DATE    5                        21    -16        0
  SINCE SEP 1      5                        21    -16        0
  SINCE JUL 1      6                        22    -16        0

 COOLING
  YESTERDAY       10                         3      7       11
  MONTH TO DATE  186                       146     40      226
  SINCE SEP 1    186                       146     40      226
  SINCE JAN 1   1287                      1318    -31     1515
..................................................................


WIND (MPH)
  HIGHEST WIND SPEED    16   HIGHEST WIND DIRECTION    SE (120)
  HIGHEST GUST SPEED    22   HIGHEST GUST DIRECTION    SE (150)
  AVERAGE WIND SPEED     3.5


SKY COVER
  AVERAGE SKY COVER 0.1


WEATHER CONDITIONS
 THE FOLLOWING WEATHER WAS RECORDED YESTERDAY.
  FOG


RELATIVE HUMIDITY (PERCENT)
 HIGHEST   100           600 AM
 LOWEST     36           200 PM
 AVERAGE    68

..........................................................


THE WEST PLAINS MO CLIMATE NORMALS FOR TODAY
                         NORMAL    RECORD    YEAR
 MAXIMUM TEMPERATURE (F)   77        90      1954
 MINIMUM TEMPERATURE (F)   52        37      1985
                                             2001


SUNRISE AND SUNSET
SEPTEMBER 26 2017.....SUNRISE   659 AM CDT   SUNSET   658 PM CDT
SEPTEMBER 27 2017.....SUNRISE   700 AM CDT   SUNSET   657 PM CDT


-  INDICATES NEGATIVE NUMBERS.
R  INDICATES RECORD WAS SET OR TIED.
MM INDICATES DATA IS MISSING.
T  INDICATES TRACE AMOUNT.




$$
