000
CDUS43 KSGF 230627
CLIUNO


CLIMATE REPORT
NATIONAL WEATHER SERVICE SPRINGFIELD MO
1226 AM CST THU NOV 23 2017


...................................

...THE WEST PLAINS MO CLIMATE SUMMARY FOR NOVEMBER 22 2017...

CLIMATE NORMAL PERIOD 1981 TO 2010
CLIMATE RECORD PERIOD 1947 TO 2017


WEATHER ITEM   OBSERVED TIME   RECORD YEAR NORMAL DEPARTURE LAST
                VALUE   (LST)  VALUE       VALUE  FROM      YEAR
                                                  NORMAL
..................................................................
TEMPERATURE (F)
 YESTERDAY
  MAXIMUM         49    300 PM  75    1973  54     -5       57
  MINIMUM         24    708 AM   8    1964  34    -10       39
  AVERAGE         37                        44     -7       48

PRECIPITATION (IN)
  YESTERDAY        0.00          4.42 1963   0.16  -0.16     0.21
  MONTH TO DATE    0.45                      3.32  -2.87     0.61
  SINCE SEP 1      2.66                     11.25  -8.59     4.02
  SINCE JAN 1     44.85                     41.32   3.53    36.14

DEGREE DAYS
 HEATING
  YESTERDAY       28                        21      7       17
  MONTH TO DATE  331                       367    -36      248
  SINCE SEP 1    558                       669   -111      360
  SINCE JUL 1    559                       670   -111      360

 COOLING
  YESTERDAY        0                         0      0        0
  MONTH TO DATE    6                         0      6       16
  SINCE SEP 1    288                       180    108      315
  SINCE JAN 1   1389                      1352     37     1604
..................................................................


WIND (MPH)
  HIGHEST WIND SPEED    15   HIGHEST WIND DIRECTION     N (10)
  HIGHEST GUST SPEED    20   HIGHEST GUST DIRECTION     N (360)
  AVERAGE WIND SPEED     4.4


SKY COVER
  AVERAGE SKY COVER 0.0


WEATHER CONDITIONS
 THE FOLLOWING WEATHER WAS RECORDED YESTERDAY.
  NO SIGNIFICANT WEATHER WAS OBSERVED.


RELATIVE HUMIDITY (PERCENT)
 HIGHEST    68           500 AM
 LOWEST     23           300 PM
 AVERAGE    46

..........................................................


THE WEST PLAINS MO CLIMATE NORMALS FOR TODAY
                         NORMAL    RECORD    YEAR
 MAXIMUM TEMPERATURE (F)   53        70      1965
 MINIMUM TEMPERATURE (F)   34        12      1950


SUNRISE AND SUNSET
NOVEMBER 23 2017......SUNRISE   654 AM CST   SUNSET   454 PM CST
NOVEMBER 24 2017......SUNRISE   655 AM CST   SUNSET   453 PM CST


-  INDICATES NEGATIVE NUMBERS.
R  INDICATES RECORD WAS SET OR TIED.
MM INDICATES DATA IS MISSING.
T  INDICATES TRACE AMOUNT.




$$
