000
CDUS43 KSGF 020627
CLIUNO


CLIMATE REPORT
NATIONAL WEATHER SERVICE SPRINGFIELD MO
127 AM CDT TUE SEP 2 2014


...................................

...THE WEST PLAINS MO CLIMATE SUMMARY FOR SEPTEMBER 1 2014...

CLIMATE NORMAL PERIOD 1981 TO 2010
CLIMATE RECORD PERIOD 1947 TO 2014


WEATHER ITEM   OBSERVED TIME   RECORD YEAR NORMAL DEPARTURE LAST
                VALUE   (LST)  VALUE       VALUE  FROM      YEAR
                                                  NORMAL
..................................................................
TEMPERATURE (F)
 YESTERDAY
  MAXIMUM         86    347 PM 101    2000  86      0       86
  MINIMUM         66    648 AM  42    1949  63      3       72
  AVERAGE         76                        74      2       79

PRECIPITATION (IN)
  YESTERDAY        0.13          2.40 1997   0.14  -0.01     0.08
  MONTH TO DATE    0.13                      0.14  -0.01     0.08
  SINCE SEP 1      0.13                      0.14  -0.01     0.08
  SINCE JAN 1     21.75                     30.21  -8.46    42.31

DEGREE DAYS
 HEATING
  YESTERDAY        0                         0      0        0
  MONTH TO DATE    0                         0      0        0
  SINCE SEP 1      0                         0      0        0
  SINCE JUL 1      2                         1      1        4

 COOLING
  YESTERDAY       11                        10      1       14
  MONTH TO DATE   11                        10      1       14
  SINCE SEP 1     11                        10      1       14
  SINCE JAN 1   1066                      1182   -116      856
..................................................................


WIND (MPH)
  HIGHEST WIND SPEED    20   HIGHEST WIND DIRECTION     N (350)
  HIGHEST GUST SPEED    27   HIGHEST GUST DIRECTION     N (340)
  AVERAGE WIND SPEED     7.6


SKY COVER
  AVERAGE SKY COVER 0.3


WEATHER CONDITIONS
 THE FOLLOWING WEATHER WAS RECORDED YESTERDAY.
  RAIN
  LIGHT RAIN
  FOG


RELATIVE HUMIDITY (PERCENT)
 HIGHEST    93           400 AM
 LOWEST     51           200 PM
 AVERAGE    72

..........................................................


THE WEST PLAINS MO CLIMATE NORMALS FOR TODAY
                         NORMAL    RECORD    YEAR
 MAXIMUM TEMPERATURE (F)   86       101      2000
 MINIMUM TEMPERATURE (F)   62        42      1949


SUNRISE AND SUNSET
SEPTEMBER  2 2014.....SUNRISE   639 AM CDT   SUNSET   734 PM CDT
SEPTEMBER  3 2014.....SUNRISE   640 AM CDT   SUNSET   733 PM CDT


-  INDICATES NEGATIVE NUMBERS.
R  INDICATES RECORD WAS SET OR TIED.
MM INDICATES DATA IS MISSING.
T  INDICATES TRACE AMOUNT.




$$
