000
CDUS43 KSGF 300626
CLIUNO


CLIMATE REPORT
NATIONAL WEATHER SERVICE SPRINGFIELD MO
125 AM CDT WED JUL 30 2014


...................................

...THE WEST PLAINS MO CLIMATE SUMMARY FOR JULY 29 2014...

CLIMATE NORMAL PERIOD 1981 TO 2010
CLIMATE RECORD PERIOD 1947 TO 2014


WEATHER ITEM   OBSERVED TIME   RECORD YEAR NORMAL DEPARTURE LAST
                VALUE   (LST)  VALUE       VALUE  FROM      YEAR
                                                  NORMAL
..................................................................
TEMPERATURE (F)
 YESTERDAY
  MAXIMUM         82    323 PM 104    1999  91     -9       79
  MINIMUM         55R   516 AM  55    1994  66    -11       64
  AVERAGE         69                        78     -9       72

PRECIPITATION (IN)
  YESTERDAY        0.00          1.82 1963   0.10  -0.10      T
  MONTH TO DATE    1.62                      3.36  -1.74     4.05
  SINCE JUN 1      6.85                      7.38  -0.53     7.72
  SINCE JAN 1     18.83                     26.65  -7.82    29.54

DEGREE DAYS
 HEATING
  YESTERDAY        0                         0      0        0
  MONTH TO DATE    2                         0      2        0
  SINCE JUN 1      4                         5     -1        9
  SINCE JUL 1      2                         0      2        0

 COOLING
  YESTERDAY        4                        13     -9        7
  MONTH TO DATE  229                       373   -144      251
  SINCE JUN 1    494                       639   -145      399
  SINCE JAN 1    644                       761   -117      511
..................................................................


WIND (MPH)
  HIGHEST WIND SPEED    10   HIGHEST WIND DIRECTION    NW (330)
  HIGHEST GUST SPEED    15   HIGHEST GUST DIRECTION     N (340)
  AVERAGE WIND SPEED     3.6


SKY COVER
  AVERAGE SKY COVER 0.2


WEATHER CONDITIONS
 THE FOLLOWING WEATHER WAS RECORDED YESTERDAY.
  NO SIGNIFICANT WEATHER WAS OBSERVED.


RELATIVE HUMIDITY (PERCENT)
 HIGHEST    93           500 AM
 LOWEST     39           400 PM
 AVERAGE    66

..........................................................


THE WEST PLAINS MO CLIMATE NORMALS FOR TODAY
                         NORMAL    RECORD    YEAR
 MAXIMUM TEMPERATURE (F)   91       107      2012
 MINIMUM TEMPERATURE (F)   66        53      1971
                                             1991


SUNRISE AND SUNSET
JULY 30 2014..........SUNRISE   612 AM CDT   SUNSET   816 PM CDT
JULY 31 2014..........SUNRISE   612 AM CDT   SUNSET   815 PM CDT


-  INDICATES NEGATIVE NUMBERS.
R  INDICATES RECORD WAS SET OR TIED.
MM INDICATES DATA IS MISSING.
T  INDICATES TRACE AMOUNT.




$$
