300
CDUS43 KSGF 220630
CLIUNO


CLIMATE REPORT
NATIONAL WEATHER SERVICE SPRINGFIELD MO
130 AM CDT SAT JUL 22 2017


...................................

...THE WEST PLAINS MO CLIMATE SUMMARY FOR JULY 21 2017...

CLIMATE NORMAL PERIOD 1981 TO 2010
CLIMATE RECORD PERIOD 1947 TO 2017


WEATHER ITEM   OBSERVED TIME   RECORD YEAR NORMAL DEPARTURE LAST
                VALUE   (LST)  VALUE       VALUE  FROM      YEAR
                                                  NORMAL
..................................................................
TEMPERATURE (F)
 YESTERDAY
  MAXIMUM         95    225 PM 100    1964  90      5       95
  MINIMUM         74    551 AM  54    1970  67      7       71
  AVERAGE         85                        78      7       83

PRECIPITATION (IN)
  YESTERDAY        0.00          2.03 2013   0.12  -0.12     0.00
  MONTH TO DATE    2.13                      2.52  -0.39     2.93
  SINCE JUN 1      3.80                      6.54  -2.74     7.34
  SINCE JAN 1     39.21                     25.81  13.40    22.08

DEGREE DAYS
 HEATING
  YESTERDAY        0                         0      0        0
  MONTH TO DATE    0                         0      0        0
  SINCE JUN 1      0                         5     -5        0
  SINCE JUL 1      0                         0      0        0

 COOLING
  YESTERDAY       20                        13      7       18
  MONTH TO DATE  299                       269     30      291
  SINCE JUN 1    553                       535     18      641
  SINCE JAN 1    675                       657     18      734
..................................................................


WIND (MPH)
  HIGHEST WIND SPEED    14   HIGHEST WIND DIRECTION    SW (220)
  HIGHEST GUST SPEED    20   HIGHEST GUST DIRECTION    SW (230)
  AVERAGE WIND SPEED     5.9


SKY COVER
  AVERAGE SKY COVER 0.0


WEATHER CONDITIONS
 THE FOLLOWING WEATHER WAS RECORDED YESTERDAY.
  FOG
  HAZE


RELATIVE HUMIDITY (PERCENT)
 HIGHEST    94           300 AM
 LOWEST     36           400 PM
 AVERAGE    65

..........................................................


THE WEST PLAINS MO CLIMATE NORMALS FOR TODAY
                         NORMAL    RECORD    YEAR
 MAXIMUM TEMPERATURE (F)   90        99      2005
 MINIMUM TEMPERATURE (F)   67        49      1970


SUNRISE AND SUNSET
JULY 22 2017..........SUNRISE   605 AM CDT   SUNSET   822 PM CDT
JULY 23 2017..........SUNRISE   606 AM CDT   SUNSET   822 PM CDT


-  INDICATES NEGATIVE NUMBERS.
R  INDICATES RECORD WAS SET OR TIED.
MM INDICATES DATA IS MISSING.
T  INDICATES TRACE AMOUNT.




$$
