000
CDUS43 KSGF 240626
CLIUNO


CLIMATE REPORT
NATIONAL WEATHER SERVICE SPRINGFIELD MO
1226 AM CST SAT FEB 24 2018


...................................

...THE WEST PLAINS MO CLIMATE SUMMARY FOR FEBRUARY 23 2018...

CLIMATE NORMAL PERIOD 1981 TO 2010
CLIMATE RECORD PERIOD 1947 TO 2018


WEATHER ITEM   OBSERVED TIME   RECORD YEAR NORMAL DEPARTURE LAST
                VALUE   (LST)  VALUE       VALUE  FROM      YEAR
                                                  NORMAL
..................................................................
TEMPERATURE (F)
 YESTERDAY
  MAXIMUM         49    332 PM  82    1996  52     -3       76
                                      1982
  MINIMUM         44    814 AM   6    1989  28     16       51
  AVERAGE         47                        40      7       64

PRECIPITATION (IN)
  YESTERDAY        0.25          2.06 1985   0.11   0.14     0.00
  MONTH TO DATE    5.31                      2.33   2.98     2.58
  SINCE DEC 1      9.36                      8.69   0.67     5.64
  SINCE JAN 1      7.33                      5.05   2.28     4.62

DEGREE DAYS
 HEATING
  YESTERDAY       18                        25     -7        1
  MONTH TO DATE  609                       640    -31      380
  SINCE DEC 1   2499                      2492      7     2039
  SINCE JUL 1   3162                      3344   -182     2559

 COOLING
  YESTERDAY        0                         0      0        0
  MONTH TO DATE    6                         0      6        0
  SINCE DEC 1      6                         0      6        0
  SINCE JAN 1      6                         0      6        0
..................................................................


WIND (MPH)
  HIGHEST WIND SPEED    15   HIGHEST WIND DIRECTION    SE (120)
  HIGHEST GUST SPEED    18   HIGHEST GUST DIRECTION    SE (120)
  AVERAGE WIND SPEED     4.7


SKY COVER
  AVERAGE SKY COVER 0.8


WEATHER CONDITIONS
 THE FOLLOWING WEATHER WAS RECORDED YESTERDAY.
  RAIN
  LIGHT RAIN
  FOG
  FOG W/VISIBILITY <= 1/4 MILE


RELATIVE HUMIDITY (PERCENT)
 HIGHEST   100           100 AM
 LOWEST     80          1200 PM
 AVERAGE    90

..........................................................


THE WEST PLAINS MO CLIMATE NORMALS FOR TODAY
                         NORMAL    RECORD    YEAR
 MAXIMUM TEMPERATURE (F)   52        82      1996
 MINIMUM TEMPERATURE (F)   29        10      1964
                                             1989


SUNRISE AND SUNSET
FEBRUARY 24 2018......SUNRISE   645 AM CST   SUNSET   557 PM CST
FEBRUARY 25 2018......SUNRISE   644 AM CST   SUNSET   558 PM CST


-  INDICATES NEGATIVE NUMBERS.
R  INDICATES RECORD WAS SET OR TIED.
MM INDICATES DATA IS MISSING.
T  INDICATES TRACE AMOUNT.




$$
